[INFO] cloning repository https://github.com/Alexei-Kornienko/DiceGame
[INFO] running `Command { std: "git" "-c" "credential.helper=" "-c" "credential.helper=/workspace/cargo-home/bin/git-credential-null" "clone" "--bare" "https://github.com/Alexei-Kornienko/DiceGame" "/workspace/cache/git-repos/https%3A%2F%2Fgithub.com%2FAlexei-Kornienko%2FDiceGame", kill_on_drop: false }`
[INFO] [stderr] Cloning into bare repository '/workspace/cache/git-repos/https%3A%2F%2Fgithub.com%2FAlexei-Kornienko%2FDiceGame'...
[INFO] running `Command { std: "git" "rev-parse" "HEAD", kill_on_drop: false }`
[INFO] [stdout] 07c4bd51da3e1bd74dd3baacbbc64742dc9ef490
[INFO] testing Alexei-Kornienko/DiceGame against 1.54.0 for beta-1.55-1
[INFO] running `Command { std: "git" "clone" "/workspace/cache/git-repos/https%3A%2F%2Fgithub.com%2FAlexei-Kornienko%2FDiceGame" "/workspace/builds/worker-78/source", kill_on_drop: false }`
[INFO] [stderr] Cloning into '/workspace/builds/worker-78/source'...
[INFO] [stderr] done.
[INFO] validating manifest of git repo https://github.com/Alexei-Kornienko/DiceGame on toolchain 1.54.0
[INFO] running `Command { std: "/workspace/cargo-home/bin/cargo" "+1.54.0" "metadata" "--manifest-path" "Cargo.toml" "--no-deps", kill_on_drop: false }`
[INFO] started tweaking git repo https://github.com/Alexei-Kornienko/DiceGame
[INFO] finished tweaking git repo https://github.com/Alexei-Kornienko/DiceGame
[INFO] tweaked toml for git repo https://github.com/Alexei-Kornienko/DiceGame written to /workspace/builds/worker-78/source/Cargo.toml
[INFO] crate git repo https://github.com/Alexei-Kornienko/DiceGame already has a lockfile, it will not be regenerated
[INFO] running `Command { std: "/workspace/cargo-home/bin/cargo" "+1.54.0" "fetch" "--manifest-path" "Cargo.toml", kill_on_drop: false }`
[INFO] [stderr]     Blocking waiting for file lock on package cache
[INFO] running `Command { std: "docker" "create" "-v" "/var/lib/crater-agent-workspace/builds/worker-78/target:/opt/rustwide/target:rw,Z" "-v" "/var/lib/crater-agent-workspace/builds/worker-78/source:/opt/rustwide/workdir:ro,Z" "-v" "/var/lib/crater-agent-workspace/cargo-home:/opt/rustwide/cargo-home:ro,Z" "-v" "/var/lib/crater-agent-workspace/rustup-home:/opt/rustwide/rustup-home:ro,Z" "-e" "SOURCE_DIR=/opt/rustwide/workdir" "-e" "CARGO_TARGET_DIR=/opt/rustwide/target" "-e" "CARGO_HOME=/opt/rustwide/cargo-home" "-e" "RUSTUP_HOME=/opt/rustwide/rustup-home" "-w" "/opt/rustwide/workdir" "-m" "1610612736" "--user" "0:0" "--network" "none" "ghcr.io/rust-lang/crates-build-env/linux@sha256:34b6a614d2c27851fe6cbf88fbd1137609cefab8b10d0615aaeb6fd47975d74e" "/opt/rustwide/cargo-home/bin/cargo" "+1.54.0" "metadata" "--no-deps" "--format-version=1", kill_on_drop: false }`
[INFO] [stdout] 56efa7d8fd806ddeb1fed144f0485550d561ab149c6141b380bec9df7b9a6861
[INFO] running `Command { std: "docker" "start" "-a" "56efa7d8fd806ddeb1fed144f0485550d561ab149c6141b380bec9df7b9a6861", kill_on_drop: false }`
[INFO] running `Command { std: "docker" "inspect" "56efa7d8fd806ddeb1fed144f0485550d561ab149c6141b380bec9df7b9a6861", kill_on_drop: false }`
[INFO] running `Command { std: "docker" "rm" "-f" "56efa7d8fd806ddeb1fed144f0485550d561ab149c6141b380bec9df7b9a6861", kill_on_drop: false }`
[INFO] [stdout] 56efa7d8fd806ddeb1fed144f0485550d561ab149c6141b380bec9df7b9a6861
[INFO] running `Command { std: "docker" "create" "-v" "/var/lib/crater-agent-workspace/builds/worker-78/target:/opt/rustwide/target:rw,Z" "-v" "/var/lib/crater-agent-workspace/builds/worker-78/source:/opt/rustwide/workdir:ro,Z" "-v" "/var/lib/crater-agent-workspace/cargo-home:/opt/rustwide/cargo-home:ro,Z" "-v" "/var/lib/crater-agent-workspace/rustup-home:/opt/rustwide/rustup-home:ro,Z" "-e" "SOURCE_DIR=/opt/rustwide/workdir" "-e" "CARGO_TARGET_DIR=/opt/rustwide/target" "-e" "CARGO_INCREMENTAL=0" "-e" "RUST_BACKTRACE=full" "-e" "RUSTFLAGS=--cap-lints=warn" "-e" "CARGO_HOME=/opt/rustwide/cargo-home" "-e" "RUSTUP_HOME=/opt/rustwide/rustup-home" "-w" "/opt/rustwide/workdir" "-m" "1610612736" "--user" "0:0" "--network" "none" "ghcr.io/rust-lang/crates-build-env/linux@sha256:34b6a614d2c27851fe6cbf88fbd1137609cefab8b10d0615aaeb6fd47975d74e" "/opt/rustwide/cargo-home/bin/cargo" "+1.54.0" "build" "--frozen" "--message-format=json", kill_on_drop: false }`
[INFO] [stdout] 6fda47409483b268f6213949b19dc58df5b8fac4ce2c7a07c3200df60ed652da
[INFO] running `Command { std: "docker" "start" "-a" "6fda47409483b268f6213949b19dc58df5b8fac4ce2c7a07c3200df60ed652da", kill_on_drop: false }`
[INFO] [stderr]     Blocking waiting for file lock on package cache
[INFO] [stderr]    Compiling libc v0.2.65
[INFO] [stderr]    Compiling getrandom v0.1.13
[INFO] [stderr]    Compiling cfg-if v0.1.10
[INFO] [stderr]    Compiling ppv-lite86 v0.2.6
[INFO] [stderr]    Compiling regex-syntax v0.6.12
[INFO] [stderr]    Compiling lazy_static v1.4.0
[INFO] [stderr]    Compiling unicode-width v0.1.6
[INFO] [stderr]    Compiling remove_dir_all v0.5.2
[INFO] [stderr]    Compiling c2-chacha v0.2.3
[INFO] [stderr]    Compiling regex v1.3.1
[INFO] [stderr]    Compiling termios v0.3.1
[INFO] [stderr]    Compiling clicolors-control v1.0.1
[INFO] [stderr]    Compiling rand_core v0.5.1
[INFO] [stderr]    Compiling rand_chacha v0.2.1
[INFO] [stderr]    Compiling console v0.9.0
[INFO] [stderr]    Compiling rand v0.7.2
[INFO] [stderr]    Compiling tempfile v3.1.0
[INFO] [stderr]    Compiling dialoguer v0.4.0
[INFO] [stderr]    Compiling dice_game v0.1.0 (/opt/rustwide/workdir)
[INFO] [stdout] warning: unreachable statement
[INFO] [stdout]    --> src/lib.rs:138:9
[INFO] [stdout]     |
[INFO] [stdout] 137 |           panic!("Stop");
[INFO] [stdout]     |           --------------- any code following this expression is unreachable
[INFO] [stdout] 138 | /         while let None = self.winner {
[INFO] [stdout] 139 | |             self.current_turn = match self.current_turn {
[INFO] [stdout] 140 | |                 1 => {
[INFO] [stdout] 141 | |                     println!("{} move", self.player1);
[INFO] [stdout] ...   |
[INFO] [stdout] 160 | |             }
[INFO] [stdout] 161 | |         }
[INFO] [stdout]     | |_________^ unreachable statement
[INFO] [stdout]     |
[INFO] [stdout]     = note: `#[warn(unreachable_code)]` on by default
[INFO] [stdout] 
[INFO] [stdout] 
[INFO] [stdout] warning: 1 warning emitted
[INFO] [stdout] 
[INFO] [stdout] 
[INFO] [stderr]     Finished dev [unoptimized + debuginfo] target(s) in 12.46s
[INFO] running `Command { std: "docker" "inspect" "6fda47409483b268f6213949b19dc58df5b8fac4ce2c7a07c3200df60ed652da", kill_on_drop: false }`
[INFO] running `Command { std: "docker" "rm" "-f" "6fda47409483b268f6213949b19dc58df5b8fac4ce2c7a07c3200df60ed652da", kill_on_drop: false }`
[INFO] [stdout] 6fda47409483b268f6213949b19dc58df5b8fac4ce2c7a07c3200df60ed652da
[INFO] running `Command { std: "docker" "create" "-v" "/var/lib/crater-agent-workspace/builds/worker-78/target:/opt/rustwide/target:rw,Z" "-v" "/var/lib/crater-agent-workspace/builds/worker-78/source:/opt/rustwide/workdir:ro,Z" "-v" "/var/lib/crater-agent-workspace/cargo-home:/opt/rustwide/cargo-home:ro,Z" "-v" "/var/lib/crater-agent-workspace/rustup-home:/opt/rustwide/rustup-home:ro,Z" "-e" "SOURCE_DIR=/opt/rustwide/workdir" "-e" "CARGO_TARGET_DIR=/opt/rustwide/target" "-e" "CARGO_INCREMENTAL=0" "-e" "RUST_BACKTRACE=full" "-e" "RUSTFLAGS=--cap-lints=warn" "-e" "CARGO_HOME=/opt/rustwide/cargo-home" "-e" "RUSTUP_HOME=/opt/rustwide/rustup-home" "-w" "/opt/rustwide/workdir" "-m" "1610612736" "--user" "0:0" "--network" "none" "ghcr.io/rust-lang/crates-build-env/linux@sha256:34b6a614d2c27851fe6cbf88fbd1137609cefab8b10d0615aaeb6fd47975d74e" "/opt/rustwide/cargo-home/bin/cargo" "+1.54.0" "test" "--frozen" "--no-run" "--message-format=json", kill_on_drop: false }`
[INFO] [stdout] cbde967c3ace254e30c16c7735ae89fc45cbdb55fae9eed506651f2d860a2a88
[INFO] running `Command { std: "docker" "start" "-a" "cbde967c3ace254e30c16c7735ae89fc45cbdb55fae9eed506651f2d860a2a88", kill_on_drop: false }`
[INFO] [stderr]    Compiling dice_game v0.1.0 (/opt/rustwide/workdir)
[INFO] [stdout] warning: unreachable statement
[INFO] [stdout]    --> src/lib.rs:138:9
[INFO] [stdout]     |
[INFO] [stdout] 137 |           panic!("Stop");
[INFO] [stdout]     |           --------------- any code following this expression is unreachable
[INFO] [stdout] 138 | /         while let None = self.winner {
[INFO] [stdout] 139 | |             self.current_turn = match self.current_turn {
[INFO] [stdout] 140 | |                 1 => {
[INFO] [stdout] 141 | |                     println!("{} move", self.player1);
[INFO] [stdout] ...   |
[INFO] [stdout] 160 | |             }
[INFO] [stdout] 161 | |         }
[INFO] [stdout]     | |_________^ unreachable statement
[INFO] [stdout]     |
[INFO] [stdout]     = note: `#[warn(unreachable_code)]` on by default
[INFO] [stdout] 
[INFO] [stdout] 
[INFO] [stdout] warning: 1 warning emitted
[INFO] [stdout] 
[INFO] [stdout] 
[INFO] [stdout] warning: unreachable statement
[INFO] [stdout]    --> src/lib.rs:138:9
[INFO] [stdout]     |
[INFO] [stdout] 137 |           panic!("Stop");
[INFO] [stdout]     |           --------------- any code following this expression is unreachable
[INFO] [stdout] 138 | /         while let None = self.winner {
[INFO] [stdout] 139 | |             self.current_turn = match self.current_turn {
[INFO] [stdout] 140 | |                 1 => {
[INFO] [stdout] 141 | |                     println!("{} move", self.player1);
[INFO] [stdout] ...   |
[INFO] [stdout] 160 | |             }
[INFO] [stdout] 161 | |         }
[INFO] [stdout]     | |_________^ unreachable statement
[INFO] [stdout]     |
[INFO] [stdout]     = note: `#[warn(unreachable_code)]` on by default
[INFO] [stdout] 
[INFO] [stdout] 
[INFO] [stdout] warning: 1 warning emitted
[INFO] [stdout] 
[INFO] [stdout] 
[INFO] [stderr]     Finished test [unoptimized + debuginfo] target(s) in 0.72s
[INFO] running `Command { std: "docker" "inspect" "cbde967c3ace254e30c16c7735ae89fc45cbdb55fae9eed506651f2d860a2a88", kill_on_drop: false }`
[INFO] running `Command { std: "docker" "rm" "-f" "cbde967c3ace254e30c16c7735ae89fc45cbdb55fae9eed506651f2d860a2a88", kill_on_drop: false }`
[INFO] [stdout] cbde967c3ace254e30c16c7735ae89fc45cbdb55fae9eed506651f2d860a2a88
[INFO] running `Command { std: "docker" "create" "-v" "/var/lib/crater-agent-workspace/builds/worker-78/target:/opt/rustwide/target:rw,Z" "-v" "/var/lib/crater-agent-workspace/builds/worker-78/source:/opt/rustwide/workdir:ro,Z" "-v" "/var/lib/crater-agent-workspace/cargo-home:/opt/rustwide/cargo-home:ro,Z" "-v" "/var/lib/crater-agent-workspace/rustup-home:/opt/rustwide/rustup-home:ro,Z" "-e" "SOURCE_DIR=/opt/rustwide/workdir" "-e" "CARGO_TARGET_DIR=/opt/rustwide/target" "-e" "CARGO_INCREMENTAL=0" "-e" "RUST_BACKTRACE=full" "-e" "RUSTFLAGS=--cap-lints=warn" "-e" "CARGO_HOME=/opt/rustwide/cargo-home" "-e" "RUSTUP_HOME=/opt/rustwide/rustup-home" "-w" "/opt/rustwide/workdir" "-m" "1610612736" "--user" "0:0" "--network" "none" "ghcr.io/rust-lang/crates-build-env/linux@sha256:34b6a614d2c27851fe6cbf88fbd1137609cefab8b10d0615aaeb6fd47975d74e" "/opt/rustwide/cargo-home/bin/cargo" "+1.54.0" "test" "--frozen", kill_on_drop: false }`
[INFO] [stdout] 168099b844c7244e653ba018bb7dc316b60b0d5835715db11276b6afd93918ce
[INFO] running `Command { std: "docker" "start" "-a" "168099b844c7244e653ba018bb7dc316b60b0d5835715db11276b6afd93918ce", kill_on_drop: false }`
[INFO] [stderr] warning: unreachable statement
[INFO] [stderr]    --> src/lib.rs:138:9
[INFO] [stderr]     |
[INFO] [stderr] 137 |           panic!("Stop");
[INFO] [stderr]     |           --------------- any code following this expression is unreachable
[INFO] [stderr] 138 | /         while let None = self.winner {
[INFO] [stderr] 139 | |             self.current_turn = match self.current_turn {
[INFO] [stderr] 140 | |                 1 => {
[INFO] [stderr] 141 | |                     println!("{} move", self.player1);
[INFO] [stderr] ...   |
[INFO] [stderr] 160 | |             }
[INFO] [stderr] 161 | |         }
[INFO] [stderr]     | |_________^ unreachable statement
[INFO] [stderr]     |
[INFO] [stderr]     = note: `#[warn(unreachable_code)]` on by default
[INFO] [stderr] 
[INFO] [stderr] warning: 1 warning emitted
[INFO] [stderr] 
[INFO] [stderr] warning: unreachable statement
[INFO] [stderr]    --> src/lib.rs:138:9
[INFO] [stderr]     |
[INFO] [stderr] 137 |           panic!("Stop");
[INFO] [stderr]     |           --------------- any code following this expression is unreachable
[INFO] [stderr] 138 | /         while let None = self.winner {
[INFO] [stderr] 139 | |             self.current_turn = match self.current_turn {
[INFO] [stderr] 140 | |                 1 => {
[INFO] [stderr] 141 | |                     println!("{} move", self.player1);
[INFO] [stderr] ...   |
[INFO] [stderr] 160 | |             }
[INFO] [stderr] 161 | |         }
[INFO] [stderr]     | |_________^ unreachable statement
[INFO] [stderr]     |
[INFO] [stderr]     = note: `#[warn(unreachable_code)]` on by default
[INFO] [stderr] 
[INFO] [stderr] warning: 1 warning emitted
[INFO] [stderr] 
[INFO] [stderr]     Finished test [unoptimized + debuginfo] target(s) in 0.35s
[INFO] [stderr]      Running unittests (/opt/rustwide/target/debug/deps/dice_game-f940f977a72d6d0d)
[INFO] [stdout] 
[INFO] [stdout] running 2 tests
[INFO] [stdout] test tests::it_works ... ok
[INFO] [stderr] error: test failed, to rerun pass '--lib'
[INFO] [stdout] test tests::display_field ... FAILED
[INFO] [stdout] 
[INFO] [stdout] failures:
[INFO] [stdout] 
[INFO] [stdout] ---- tests::display_field stdout ----
[INFO] [stdout] thread 'tests::display_field' panicked at 'assertion failed: `(left == right)`
[INFO] [stdout]   left: `"####\n####\n####\n####\n"`,
[INFO] [stdout]  right: `"╔═════╗\n║  0 1 2 3 ║\n║0 □□□□║\n║1 □□□□║\n║2 □□□□║\n║3 □□□□║\n╚═════╝\n"`', src/lib.rs:195:9
[INFO] [stdout] stack backtrace:
[INFO] [stdout]    0:     0x563ac8867d60 - std::backtrace_rs::backtrace::libunwind::trace::h34055254b57d8e79
[INFO] [stdout]                                at /rustc/a178d0322ce20e33eac124758e837cbd80a6f633/library/std/src/../../backtrace/src/backtrace/libunwind.rs:90:5
[INFO] [stdout]    1:     0x563ac8867d60 - std::backtrace_rs::backtrace::trace_unsynchronized::h8f1e3fbd9afff6ec
[INFO] [stdout]                                at /rustc/a178d0322ce20e33eac124758e837cbd80a6f633/library/std/src/../../backtrace/src/backtrace/mod.rs:66:5
[INFO] [stdout]    2:     0x563ac8867d60 - std::sys_common::backtrace::_print_fmt::h3a99a796b770c360
[INFO] [stdout]                                at /rustc/a178d0322ce20e33eac124758e837cbd80a6f633/library/std/src/sys_common/backtrace.rs:67:5
[INFO] [stdout]    3:     0x563ac8867d60 - <std::sys_common::backtrace::_print::DisplayBacktrace as core::fmt::Display>::fmt::h32d1f94a80615d18
[INFO] [stdout]                                at /rustc/a178d0322ce20e33eac124758e837cbd80a6f633/library/std/src/sys_common/backtrace.rs:46:22
[INFO] [stdout]    4:     0x563ac888a55c - core::fmt::write::h306731c068f7162c
[INFO] [stdout]                                at /rustc/a178d0322ce20e33eac124758e837cbd80a6f633/library/core/src/fmt/mod.rs:1110:17
[INFO] [stdout]    5:     0x563ac8864c85 - std::io::Write::write_fmt::h87f19b0a2cd190bc
[INFO] [stdout]                                at /rustc/a178d0322ce20e33eac124758e837cbd80a6f633/library/std/src/io/mod.rs:1588:15
[INFO] [stdout]    6:     0x563ac8869ecb - std::sys_common::backtrace::_print::h5abaa2601a852287
[INFO] [stdout]                                at /rustc/a178d0322ce20e33eac124758e837cbd80a6f633/library/std/src/sys_common/backtrace.rs:49:5
[INFO] [stdout]    7:     0x563ac8869ecb - std::sys_common::backtrace::print::h8d81445442bb638f
[INFO] [stdout]                                at /rustc/a178d0322ce20e33eac124758e837cbd80a6f633/library/std/src/sys_common/backtrace.rs:36:9
[INFO] [stdout]    8:     0x563ac8869ecb - std::panicking::default_hook::{{closure}}::hcfe804496a9fa747
[INFO] [stdout]                                at /rustc/a178d0322ce20e33eac124758e837cbd80a6f633/library/std/src/panicking.rs:208:50
[INFO] [stdout]    9:     0x563ac88699dc - std::panicking::default_hook::hbea8e3ccf2ba8901
[INFO] [stdout]                                at /rustc/a178d0322ce20e33eac124758e837cbd80a6f633/library/std/src/panicking.rs:222:9
[INFO] [stdout]   10:     0x563ac886a594 - std::panicking::rust_panic_with_hook::h7ee9e1a2d0f8975a
[INFO] [stdout]                                at /rustc/a178d0322ce20e33eac124758e837cbd80a6f633/library/std/src/panicking.rs:622:17
[INFO] [stdout]   11:     0x563ac886a077 - std::panicking::begin_panic_handler::{{closure}}::h8ab3b4491718b2c7
[INFO] [stdout]                                at /rustc/a178d0322ce20e33eac124758e837cbd80a6f633/library/std/src/panicking.rs:519:13
[INFO] [stdout]   12:     0x563ac886825c - std::sys_common::backtrace::__rust_end_short_backtrace::hd489062ffa586a9f
[INFO] [stdout]                                at /rustc/a178d0322ce20e33eac124758e837cbd80a6f633/library/std/src/sys_common/backtrace.rs:141:18
[INFO] [stdout]   13:     0x563ac8869fd9 - rust_begin_unwind
[INFO] [stdout]                                at /rustc/a178d0322ce20e33eac124758e837cbd80a6f633/library/std/src/panicking.rs:515:5
[INFO] [stdout]   14:     0x563ac8811651 - core::panicking::panic_fmt::hca6330e3e14086b4
[INFO] [stdout]                                at /rustc/a178d0322ce20e33eac124758e837cbd80a6f633/library/core/src/panicking.rs:92:14
[INFO] [stdout]   15:     0x563ac8888e78 - core::panicking::assert_failed_inner::h33b45280069a80ed
[INFO] [stdout]   16:     0x563ac881362e - core::panicking::assert_failed::h513edae149aaa813
[INFO] [stdout]                                at /rustc/a178d0322ce20e33eac124758e837cbd80a6f633/library/core/src/panicking.rs:117:5
[INFO] [stdout]   17:     0x563ac8812110 - dice_game::tests::display_field::h021900af15dfa49b
[INFO] [stdout]                                at /opt/rustwide/workdir/src/lib.rs:195:9
[INFO] [stdout]   18:     0x563ac8811f3a - dice_game::tests::display_field::{{closure}}::h34e2dad2ae600c56
[INFO] [stdout]                                at /opt/rustwide/workdir/src/lib.rs:192:5
[INFO] [stdout]   19:     0x563ac88122ee - core::ops::function::FnOnce::call_once::h06b046fa2de11fa2
[INFO] [stdout]                                at /rustc/a178d0322ce20e33eac124758e837cbd80a6f633/library/core/src/ops/function.rs:227:5
[INFO] [stdout]   20:     0x563ac883b7c3 - core::ops::function::FnOnce::call_once::h152e7e439ff59e19
[INFO] [stdout]                                at /rustc/a178d0322ce20e33eac124758e837cbd80a6f633/library/core/src/ops/function.rs:227:5
[INFO] [stdout]   21:     0x563ac883b7c3 - test::__rust_begin_short_backtrace::h0908f3b1fdbb72ab
[INFO] [stdout]                                at /rustc/a178d0322ce20e33eac124758e837cbd80a6f633/library/test/src/lib.rs:577:5
[INFO] [stdout]   22:     0x563ac883a280 - <alloc::boxed::Box<F,A> as core::ops::function::FnOnce<Args>>::call_once::hf6d2a51e5587546c
[INFO] [stdout]                                at /rustc/a178d0322ce20e33eac124758e837cbd80a6f633/library/alloc/src/boxed.rs:1575:9
[INFO] [stdout]   23:     0x563ac883a280 - <std::panic::AssertUnwindSafe<F> as core::ops::function::FnOnce<()>>::call_once::h8af660f3a89ef593
[INFO] [stdout]                                at /rustc/a178d0322ce20e33eac124758e837cbd80a6f633/library/std/src/panic.rs:347:9
[INFO] [stdout]   24:     0x563ac883a280 - std::panicking::try::do_call::hd36aef60f84b6d36
[INFO] [stdout]                                at /rustc/a178d0322ce20e33eac124758e837cbd80a6f633/library/std/src/panicking.rs:401:40
[INFO] [stdout]   25:     0x563ac883a280 - std::panicking::try::h9932b4480e69817c
[INFO] [stdout]                                at /rustc/a178d0322ce20e33eac124758e837cbd80a6f633/library/std/src/panicking.rs:365:19
[INFO] [stdout]   26:     0x563ac883a280 - std::panic::catch_unwind::h6aa177099cfff5f8
[INFO] [stdout]                                at /rustc/a178d0322ce20e33eac124758e837cbd80a6f633/library/std/src/panic.rs:434:14
[INFO] [stdout]   27:     0x563ac883a280 - test::run_test_in_process::h5884d6f2d99e20c3
[INFO] [stdout]                                at /rustc/a178d0322ce20e33eac124758e837cbd80a6f633/library/test/src/lib.rs:600:18
[INFO] [stdout]   28:     0x563ac883a280 - test::run_test::run_test_inner::{{closure}}::h6fdc58c6d5f5b6e3
[INFO] [stdout]                                at /rustc/a178d0322ce20e33eac124758e837cbd80a6f633/library/test/src/lib.rs:492:39
[INFO] [stdout]   29:     0x563ac8813932 - test::run_test::run_test_inner::{{closure}}::h408365d67a78ade8
[INFO] [stdout]                                at /rustc/a178d0322ce20e33eac124758e837cbd80a6f633/library/test/src/lib.rs:519:37
[INFO] [stdout]   30:     0x563ac8813932 - std::sys_common::backtrace::__rust_begin_short_backtrace::hb560b77c4f701523
[INFO] [stdout]                                at /rustc/a178d0322ce20e33eac124758e837cbd80a6f633/library/std/src/sys_common/backtrace.rs:125:18
[INFO] [stdout]   31:     0x563ac88174e8 - std::thread::Builder::spawn_unchecked::{{closure}}::{{closure}}::hf2e7831dad93c597
[INFO] [stdout]                                at /rustc/a178d0322ce20e33eac124758e837cbd80a6f633/library/std/src/thread/mod.rs:481:17
[INFO] [stdout]   32:     0x563ac88174e8 - <std::panic::AssertUnwindSafe<F> as core::ops::function::FnOnce<()>>::call_once::hd2e08783d8be4d02
[INFO] [stdout]                                at /rustc/a178d0322ce20e33eac124758e837cbd80a6f633/library/std/src/panic.rs:347:9
[INFO] [stdout]   33:     0x563ac88174e8 - std::panicking::try::do_call::h062597b7acfd6b82
[INFO] [stdout]                                at /rustc/a178d0322ce20e33eac124758e837cbd80a6f633/library/std/src/panicking.rs:401:40
[INFO] [stdout]   34:     0x563ac88174e8 - std::panicking::try::h0d7b79db04c14552
[INFO] [stdout]                                at /rustc/a178d0322ce20e33eac124758e837cbd80a6f633/library/std/src/panicking.rs:365:19
[INFO] [stdout]   35:     0x563ac88174e8 - std::panic::catch_unwind::hb01a0b5e7c8cd43b
[INFO] [stdout]                                at /rustc/a178d0322ce20e33eac124758e837cbd80a6f633/library/std/src/panic.rs:434:14
[INFO] [stdout]   36:     0x563ac88174e8 - std::thread::Builder::spawn_unchecked::{{closure}}::h5bde48cc887e0d1e
[INFO] [stdout]                                at /rustc/a178d0322ce20e33eac124758e837cbd80a6f633/library/std/src/thread/mod.rs:480:30
[INFO] [stdout]   37:     0x563ac88174e8 - core::ops::function::FnOnce::call_once{{vtable.shim}}::h745ea30807a29e55
[INFO] [stdout]                                at /rustc/a178d0322ce20e33eac124758e837cbd80a6f633/library/core/src/ops/function.rs:227:5
[INFO] [stdout]   38:     0x563ac886f057 - <alloc::boxed::Box<F,A> as core::ops::function::FnOnce<Args>>::call_once::h7ece6cfefaff1005
[INFO] [stdout]                                at /rustc/a178d0322ce20e33eac124758e837cbd80a6f633/library/alloc/src/boxed.rs:1575:9
[INFO] [stdout]   39:     0x563ac886f057 - <alloc::boxed::Box<F,A> as core::ops::function::FnOnce<Args>>::call_once::hb8b48e55c21f193e
[INFO] [stdout]                                at /rustc/a178d0322ce20e33eac124758e837cbd80a6f633/library/alloc/src/boxed.rs:1575:9
[INFO] [stdout]   40:     0x563ac886f057 - std::sys::unix::thread::Thread::new::thread_start::h8c7c4450dba62914
[INFO] [stdout]                                at /rustc/a178d0322ce20e33eac124758e837cbd80a6f633/library/std/src/sys/unix/thread.rs:71:17
[INFO] [stdout]   41:     0x7f01ee2f8609 - start_thread
[INFO] [stdout]   42:     0x7f01ee44f293 - clone
[INFO] [stdout]   43:                0x0 - <unknown>
[INFO] [stdout] 
[INFO] [stdout] 
[INFO] [stdout] failures:
[INFO] [stdout]     tests::display_field
[INFO] [stdout] 
[INFO] [stdout] test result: FAILED. 1 passed; 1 failed; 0 ignored; 0 measured; 0 filtered out; finished in 0.08s
[INFO] [stdout] 
[INFO] running `Command { std: "docker" "inspect" "168099b844c7244e653ba018bb7dc316b60b0d5835715db11276b6afd93918ce", kill_on_drop: false }`
[INFO] running `Command { std: "docker" "rm" "-f" "168099b844c7244e653ba018bb7dc316b60b0d5835715db11276b6afd93918ce", kill_on_drop: false }`
[INFO] [stdout] 168099b844c7244e653ba018bb7dc316b60b0d5835715db11276b6afd93918ce
