[INFO] cloning repository https://github.com/AidoP/tendon
[INFO] running `Command { std: "git" "-c" "credential.helper=" "-c" "credential.helper=/workspace/cargo-home/bin/git-credential-null" "clone" "--bare" "https://github.com/AidoP/tendon" "/workspace/cache/git-repos/https%3A%2F%2Fgithub.com%2FAidoP%2Ftendon", kill_on_drop: false }`
[INFO] [stderr] Cloning into bare repository '/workspace/cache/git-repos/https%3A%2F%2Fgithub.com%2FAidoP%2Ftendon'...
[INFO] running `Command { std: "git" "rev-parse" "HEAD", kill_on_drop: false }`
[INFO] [stdout] 8c5a48e84717233cad8c61cb63a7ab19c2684d46
[INFO] testing AidoP/tendon against 1.54.0 for beta-1.55-1
[INFO] running `Command { std: "git" "clone" "/workspace/cache/git-repos/https%3A%2F%2Fgithub.com%2FAidoP%2Ftendon" "/workspace/builds/worker-9/source", kill_on_drop: false }`
[INFO] [stderr] Cloning into '/workspace/builds/worker-9/source'...
[INFO] [stderr] done.
[INFO] validating manifest of git repo https://github.com/AidoP/tendon on toolchain 1.54.0
[INFO] running `Command { std: "/workspace/cargo-home/bin/cargo" "+1.54.0" "metadata" "--manifest-path" "Cargo.toml" "--no-deps", kill_on_drop: false }`
[INFO] started tweaking git repo https://github.com/AidoP/tendon
[INFO] finished tweaking git repo https://github.com/AidoP/tendon
[INFO] tweaked toml for git repo https://github.com/AidoP/tendon written to /workspace/builds/worker-9/source/Cargo.toml
[INFO] crate git repo https://github.com/AidoP/tendon already has a lockfile, it will not be regenerated
[INFO] running `Command { std: "/workspace/cargo-home/bin/cargo" "+1.54.0" "fetch" "--manifest-path" "Cargo.toml", kill_on_drop: false }`
[INFO] [stderr]     Blocking waiting for file lock on package cache
[INFO] [stderr]     Blocking waiting for file lock on package cache
[INFO] running `Command { std: "docker" "create" "-v" "/var/lib/crater-agent-workspace/builds/worker-9/target:/opt/rustwide/target:rw,Z" "-v" "/var/lib/crater-agent-workspace/builds/worker-9/source:/opt/rustwide/workdir:ro,Z" "-v" "/var/lib/crater-agent-workspace/cargo-home:/opt/rustwide/cargo-home:ro,Z" "-v" "/var/lib/crater-agent-workspace/rustup-home:/opt/rustwide/rustup-home:ro,Z" "-e" "SOURCE_DIR=/opt/rustwide/workdir" "-e" "CARGO_TARGET_DIR=/opt/rustwide/target" "-e" "CARGO_HOME=/opt/rustwide/cargo-home" "-e" "RUSTUP_HOME=/opt/rustwide/rustup-home" "-w" "/opt/rustwide/workdir" "-m" "1610612736" "--user" "0:0" "--network" "none" "ghcr.io/rust-lang/crates-build-env/linux@sha256:34b6a614d2c27851fe6cbf88fbd1137609cefab8b10d0615aaeb6fd47975d74e" "/opt/rustwide/cargo-home/bin/cargo" "+1.54.0" "metadata" "--no-deps" "--format-version=1", kill_on_drop: false }`
[INFO] [stdout] facc3b9c71358a0a666810b6f4f06e0d08745fc62b076c07fc22e6c1a221df1b
[INFO] running `Command { std: "docker" "start" "-a" "facc3b9c71358a0a666810b6f4f06e0d08745fc62b076c07fc22e6c1a221df1b", kill_on_drop: false }`
[INFO] running `Command { std: "docker" "inspect" "facc3b9c71358a0a666810b6f4f06e0d08745fc62b076c07fc22e6c1a221df1b", kill_on_drop: false }`
[INFO] running `Command { std: "docker" "rm" "-f" "facc3b9c71358a0a666810b6f4f06e0d08745fc62b076c07fc22e6c1a221df1b", kill_on_drop: false }`
[INFO] [stdout] facc3b9c71358a0a666810b6f4f06e0d08745fc62b076c07fc22e6c1a221df1b
[INFO] running `Command { std: "docker" "create" "-v" "/var/lib/crater-agent-workspace/builds/worker-9/target:/opt/rustwide/target:rw,Z" "-v" "/var/lib/crater-agent-workspace/builds/worker-9/source:/opt/rustwide/workdir:ro,Z" "-v" "/var/lib/crater-agent-workspace/cargo-home:/opt/rustwide/cargo-home:ro,Z" "-v" "/var/lib/crater-agent-workspace/rustup-home:/opt/rustwide/rustup-home:ro,Z" "-e" "SOURCE_DIR=/opt/rustwide/workdir" "-e" "CARGO_TARGET_DIR=/opt/rustwide/target" "-e" "CARGO_INCREMENTAL=0" "-e" "RUST_BACKTRACE=full" "-e" "RUSTFLAGS=--cap-lints=warn" "-e" "CARGO_HOME=/opt/rustwide/cargo-home" "-e" "RUSTUP_HOME=/opt/rustwide/rustup-home" "-w" "/opt/rustwide/workdir" "-m" "1610612736" "--user" "0:0" "--network" "none" "ghcr.io/rust-lang/crates-build-env/linux@sha256:34b6a614d2c27851fe6cbf88fbd1137609cefab8b10d0615aaeb6fd47975d74e" "/opt/rustwide/cargo-home/bin/cargo" "+1.54.0" "build" "--frozen" "--message-format=json", kill_on_drop: false }`
[INFO] [stdout] a7e654926cbba7eaa2207ad96db039fae9983d45e4948feb12f3312fac861d6b
[INFO] running `Command { std: "docker" "start" "-a" "a7e654926cbba7eaa2207ad96db039fae9983d45e4948feb12f3312fac861d6b", kill_on_drop: false }`
[INFO] [stderr]    Compiling autocfg v1.0.1
[INFO] [stderr]    Compiling cfg-if v1.0.0
[INFO] [stderr]    Compiling const_fn v0.4.5
[INFO] [stderr]    Compiling lazy_static v1.4.0
[INFO] [stderr]    Compiling libc v0.2.82
[INFO] [stderr]    Compiling rayon-core v1.9.0
[INFO] [stderr]    Compiling scopeguard v1.1.0
[INFO] [stderr]    Compiling byteorder v1.4.2
[INFO] [stderr]    Compiling adler32 v1.2.0
[INFO] [stderr]    Compiling crc32fast v1.2.1
[INFO] [stderr]    Compiling either v1.6.1
[INFO] [stderr]    Compiling bitflags v1.2.1
[INFO] [stderr]    Compiling weezl v0.1.3
[INFO] [stderr]    Compiling adler v0.2.3
[INFO] [stderr]    Compiling color_quant v1.1.0
[INFO] [stderr]    Compiling cc v1.0.66
[INFO] [stderr]    Compiling scoped_threadpool v0.1.9
[INFO] [stderr]    Compiling bytemuck v1.5.0
[INFO] [stderr]    Compiling miniz_oxide v0.3.7
[INFO] [stderr]    Compiling deflate v0.8.6
[INFO] [stderr]    Compiling crossbeam-utils v0.8.1
[INFO] [stderr]    Compiling memoffset v0.6.1
[INFO] [stderr]    Compiling num-traits v0.2.14
[INFO] [stderr]    Compiling rayon v1.5.0
[INFO] [stderr]    Compiling num-integer v0.1.44
[INFO] [stderr]    Compiling miniz_oxide v0.4.3
[INFO] [stderr]    Compiling num-iter v0.1.42
[INFO] [stderr]    Compiling num-rational v0.3.2
[INFO] [stderr]    Compiling gif v0.11.1
[INFO] [stderr]    Compiling tendon v0.1.0 (/opt/rustwide/workdir)
[INFO] [stderr]    Compiling png v0.16.8
[INFO] [stderr]    Compiling num_cpus v1.13.0
[INFO] [stderr]    Compiling crossbeam-epoch v0.9.1
[INFO] [stderr]    Compiling crossbeam-channel v0.5.0
[INFO] [stderr]    Compiling crossbeam-deque v0.8.0
[INFO] [stderr]    Compiling jpeg-decoder v0.1.20
[INFO] [stderr]    Compiling tiff v0.6.1
[INFO] [stderr]    Compiling image v0.23.12
[INFO] [stdout] warning: unused imports: `Read`, `Write`, `fs::File`
[INFO] [stdout]  --> src/fb.rs:1:11
[INFO] [stdout]   |
[INFO] [stdout] 1 | use std::{fs::File, io::{Read, Write}, path::Path};
[INFO] [stdout]   |           ^^^^^^^^       ^^^^  ^^^^^
[INFO] [stdout]   |
[INFO] [stdout]   = note: `#[warn(unused_imports)]` on by default
[INFO] [stdout] 
[INFO] [stdout] 
[INFO] [stdout] warning: 1 warning emitted
[INFO] [stdout] 
[INFO] [stdout] 
[INFO] [stdout] warning: unused imports: `Read`, `Write`, `fs::File`
[INFO] [stdout]  --> src/fb.rs:1:11
[INFO] [stdout]   |
[INFO] [stdout] 1 | use std::{fs::File, io::{Read, Write}, path::Path};
[INFO] [stdout]   |           ^^^^^^^^       ^^^^  ^^^^^
[INFO] [stdout]   |
[INFO] [stdout]   = note: `#[warn(unused_imports)]` on by default
[INFO] [stdout] 
[INFO] [stdout] 
[INFO] [stdout] warning: unused import: `maths::*`
[INFO] [stdout]  --> src/main.rs:4:5
[INFO] [stdout]   |
[INFO] [stdout] 4 | use maths::*;
[INFO] [stdout]   |     ^^^^^^^^
[INFO] [stdout] 
[INFO] [stdout] 
[INFO] [stdout] warning: unused imports: `Sampler`, `Texture`
[INFO] [stdout]  --> src/main.rs:5:10
[INFO] [stdout]   |
[INFO] [stdout] 5 | use fb::{Sampler, Texture};
[INFO] [stdout]   |          ^^^^^^^  ^^^^^^^
[INFO] [stdout] 
[INFO] [stdout] 
[INFO] [stdout] warning: variable does not need to be mutable
[INFO] [stdout]  --> src/main.rs:8:9
[INFO] [stdout]   |
[INFO] [stdout] 8 |     let mut fb = fb::Framebuffer::new().unwrap();
[INFO] [stdout]   |         ----^^
[INFO] [stdout]   |         |
[INFO] [stdout]   |         help: remove this `mut`
[INFO] [stdout]   |
[INFO] [stdout]   = note: `#[warn(unused_mut)]` on by default
[INFO] [stdout] 
[INFO] [stdout] 
[INFO] [stdout] warning: associated function is never used: `set`
[INFO] [stdout]   --> src/fb.rs:60:12
[INFO] [stdout]    |
[INFO] [stdout] 60 |     pub fn set(&mut self, x: usize, y: usize, colour: Colour) {
[INFO] [stdout]    |            ^^^
[INFO] [stdout]    |
[INFO] [stdout]    = note: `#[warn(dead_code)]` on by default
[INFO] [stdout] 
[INFO] [stdout] 
[INFO] [stdout] warning: associated function is never used: `draw_tri`
[INFO] [stdout]   --> src/fb.rs:71:12
[INFO] [stdout]    |
[INFO] [stdout] 71 |     pub fn draw_tri<'a>(&mut self, tri: Tri, uvs: Tri, sampler: &Sampler<'a>) {
[INFO] [stdout]    |            ^^^^^^^^
[INFO] [stdout] 
[INFO] [stdout] 
[INFO] [stdout] warning: associated function is never used: `convert`
[INFO] [stdout]    --> src/fb.rs:142:12
[INFO] [stdout]     |
[INFO] [stdout] 142 |     pub fn convert(self, fb: &Framebuffer) -> u32 {
[INFO] [stdout]     |            ^^^^^^^
[INFO] [stdout] 
[INFO] [stdout] 
[INFO] [stdout] warning: struct is never constructed: `Sampler`
[INFO] [stdout]    --> src/fb.rs:157:12
[INFO] [stdout]     |
[INFO] [stdout] 157 | pub struct Sampler<'a> {
[INFO] [stdout]     |            ^^^^^^^
[INFO] [stdout] 
[INFO] [stdout] 
[INFO] [stdout] warning: associated function is never used: `sample`
[INFO] [stdout]    --> src/fb.rs:162:12
[INFO] [stdout]     |
[INFO] [stdout] 162 |     pub fn sample(&self, x: f64, y: f64) -> Colour {
[INFO] [stdout]     |            ^^^^^^
[INFO] [stdout] 
[INFO] [stdout] 
[INFO] [stdout] warning: struct is never constructed: `Texture`
[INFO] [stdout]    --> src/fb.rs:169:12
[INFO] [stdout]     |
[INFO] [stdout] 169 | pub struct Texture {
[INFO] [stdout]     |            ^^^^^^^
[INFO] [stdout] 
[INFO] [stdout] 
[INFO] [stdout] warning: associated function is never used: `load`
[INFO] [stdout]    --> src/fb.rs:175:12
[INFO] [stdout]     |
[INFO] [stdout] 175 |     pub fn load<P: AsRef<Path>>(path: P) -> image::ImageResult<Self> {
[INFO] [stdout]     |            ^^^^
[INFO] [stdout] 
[INFO] [stdout] 
[INFO] [stdout] warning: associated function is never used: `get`
[INFO] [stdout]    --> src/fb.rs:188:12
[INFO] [stdout]     |
[INFO] [stdout] 188 |     pub fn get(&self, x: usize, y: usize) -> Colour {
[INFO] [stdout]     |            ^^^
[INFO] [stdout] 
[INFO] [stdout] 
[INFO] [stdout] warning: associated function is never used: `interpolate`
[INFO] [stdout]  --> src/maths.rs:6:12
[INFO] [stdout]   |
[INFO] [stdout] 6 |     pub fn interpolate(&self, other: &Self, x: f64, y: f64) -> Vector2 {
[INFO] [stdout]   |            ^^^^^^^^^^^
[INFO] [stdout] 
[INFO] [stdout] 
[INFO] [stdout] warning: associated constant is never used: `ONE`
[INFO] [stdout]   --> src/maths.rs:44:5
[INFO] [stdout]    |
[INFO] [stdout] 44 |     pub const ONE: Self = Self { x: 1.0, y: 1.0 };
[INFO] [stdout]    |     ^^^^^^^^^^^^^^^^^^^^^^^^^^^^^^^^^^^^^^^^^^^^^^
[INFO] [stdout] 
[INFO] [stdout] 
[INFO] [stdout] warning: associated function is never used: `magnitude`
[INFO] [stdout]   --> src/maths.rs:52:12
[INFO] [stdout]    |
[INFO] [stdout] 52 |     pub fn magnitude(self) -> f64 {
[INFO] [stdout]    |            ^^^^^^^^^
[INFO] [stdout] 
[INFO] [stdout] 
[INFO] [stdout] warning: associated function is never used: `normal`
[INFO] [stdout]   --> src/maths.rs:62:12
[INFO] [stdout]    |
[INFO] [stdout] 62 |     pub fn normal(self) -> Self {
[INFO] [stdout]    |            ^^^^^^
[INFO] [stdout] 
[INFO] [stdout] 
[INFO] [stdout] warning: associated function is never used: `inverse_gradient`
[INFO] [stdout]   --> src/maths.rs:76:12
[INFO] [stdout]    |
[INFO] [stdout] 76 |     pub fn inverse_gradient(self) -> f64 {
[INFO] [stdout]    |            ^^^^^^^^^^^^^^^^
[INFO] [stdout] 
[INFO] [stdout] 
[INFO] [stdout] warning: associated function is never used: `dot`
[INFO] [stdout]   --> src/maths.rs:87:12
[INFO] [stdout]    |
[INFO] [stdout] 87 |     pub fn dot(self, other: Self) -> f64 {
[INFO] [stdout]    |            ^^^
[INFO] [stdout] 
[INFO] [stdout] 
[INFO] [stdout] warning: associated function is never used: `area_tri`
[INFO] [stdout]    --> src/maths.rs:106:12
[INFO] [stdout]     |
[INFO] [stdout] 106 |     pub fn area_tri(self, other: Self) -> f64 {
[INFO] [stdout]     |            ^^^^^^^^
[INFO] [stdout] 
[INFO] [stdout] 
[INFO] [stdout] warning: associated constant is never used: `ONE`
[INFO] [stdout]    --> src/maths.rs:216:5
[INFO] [stdout]     |
[INFO] [stdout] 216 |     pub const ONE: Self = Self { x: 1.0, y: 1.0, z: 1.0 };
[INFO] [stdout]     |     ^^^^^^^^^^^^^^^^^^^^^^^^^^^^^^^^^^^^^^^^^^^^^^^^^^^^^^
[INFO] [stdout] 
[INFO] [stdout] 
[INFO] [stdout] warning: associated function is never used: `magnitude`
[INFO] [stdout]    --> src/maths.rs:224:12
[INFO] [stdout]     |
[INFO] [stdout] 224 |     pub fn magnitude(self) -> f64 {
[INFO] [stdout]     |            ^^^^^^^^^
[INFO] [stdout] 
[INFO] [stdout] 
[INFO] [stdout] warning: associated function is never used: `normal`
[INFO] [stdout]    --> src/maths.rs:234:12
[INFO] [stdout]     |
[INFO] [stdout] 234 |     pub fn normal(self) -> Self {
[INFO] [stdout]     |            ^^^^^^
[INFO] [stdout] 
[INFO] [stdout] 
[INFO] [stdout] warning: associated function is never used: `dot`
[INFO] [stdout]    --> src/maths.rs:250:12
[INFO] [stdout]     |
[INFO] [stdout] 250 |     pub fn dot(self, other: Self) -> f64 {
[INFO] [stdout]     |            ^^^
[INFO] [stdout] 
[INFO] [stdout] 
[INFO] [stdout] warning: associated function is never used: `cross`
[INFO] [stdout]    --> src/maths.rs:262:12
[INFO] [stdout]     |
[INFO] [stdout] 262 |     pub fn cross(self, other: Self) -> Self {
[INFO] [stdout]     |            ^^^^^
[INFO] [stdout] 
[INFO] [stdout] 
[INFO] [stdout] warning: associated constant is never used: `ONE`
[INFO] [stdout]    --> src/maths.rs:388:5
[INFO] [stdout]     |
[INFO] [stdout] 388 |     pub const ONE: Self = Self { x: 1.0, y: 1.0, z: 1.0, w: 1.0 };
[INFO] [stdout]     |     ^^^^^^^^^^^^^^^^^^^^^^^^^^^^^^^^^^^^^^^^^^^^^^^^^^^^^^^^^^^^^^
[INFO] [stdout] 
[INFO] [stdout] 
[INFO] [stdout] warning: associated function is never used: `magnitude`
[INFO] [stdout]    --> src/maths.rs:396:12
[INFO] [stdout]     |
[INFO] [stdout] 396 |     pub fn magnitude(self) -> f64 {
[INFO] [stdout]     |            ^^^^^^^^^
[INFO] [stdout] 
[INFO] [stdout] 
[INFO] [stdout] warning: associated function is never used: `normal`
[INFO] [stdout]    --> src/maths.rs:406:12
[INFO] [stdout]     |
[INFO] [stdout] 406 |     pub fn normal(self) -> Self {
[INFO] [stdout]     |            ^^^^^^
[INFO] [stdout] 
[INFO] [stdout] 
[INFO] [stdout] warning: associated function is never used: `dot`
[INFO] [stdout]    --> src/maths.rs:423:12
[INFO] [stdout]     |
[INFO] [stdout] 423 |     pub fn dot(self, other: Self) -> f64 {
[INFO] [stdout]     |            ^^^
[INFO] [stdout] 
[INFO] [stdout] 
[INFO] [stdout] warning: associated function is never used: `copy`
[INFO] [stdout]    --> src/maths.rs:547:12
[INFO] [stdout]     |
[INFO] [stdout] 547 |     pub fn copy(&self) -> [[f64; 4]; 4] {
[INFO] [stdout]     |            ^^^^
[INFO] [stdout] 
[INFO] [stdout] 
[INFO] [stdout] warning: 29 warnings emitted
[INFO] [stdout] 
[INFO] [stdout] 
[INFO] [stderr]     Finished dev [unoptimized + debuginfo] target(s) in 27.59s
[INFO] running `Command { std: "docker" "inspect" "a7e654926cbba7eaa2207ad96db039fae9983d45e4948feb12f3312fac861d6b", kill_on_drop: false }`
[INFO] running `Command { std: "docker" "rm" "-f" "a7e654926cbba7eaa2207ad96db039fae9983d45e4948feb12f3312fac861d6b", kill_on_drop: false }`
[INFO] [stdout] a7e654926cbba7eaa2207ad96db039fae9983d45e4948feb12f3312fac861d6b
[INFO] running `Command { std: "docker" "create" "-v" "/var/lib/crater-agent-workspace/builds/worker-9/target:/opt/rustwide/target:rw,Z" "-v" "/var/lib/crater-agent-workspace/builds/worker-9/source:/opt/rustwide/workdir:ro,Z" "-v" "/var/lib/crater-agent-workspace/cargo-home:/opt/rustwide/cargo-home:ro,Z" "-v" "/var/lib/crater-agent-workspace/rustup-home:/opt/rustwide/rustup-home:ro,Z" "-e" "SOURCE_DIR=/opt/rustwide/workdir" "-e" "CARGO_TARGET_DIR=/opt/rustwide/target" "-e" "CARGO_INCREMENTAL=0" "-e" "RUST_BACKTRACE=full" "-e" "RUSTFLAGS=--cap-lints=warn" "-e" "CARGO_HOME=/opt/rustwide/cargo-home" "-e" "RUSTUP_HOME=/opt/rustwide/rustup-home" "-w" "/opt/rustwide/workdir" "-m" "1610612736" "--user" "0:0" "--network" "none" "ghcr.io/rust-lang/crates-build-env/linux@sha256:34b6a614d2c27851fe6cbf88fbd1137609cefab8b10d0615aaeb6fd47975d74e" "/opt/rustwide/cargo-home/bin/cargo" "+1.54.0" "test" "--frozen" "--no-run" "--message-format=json", kill_on_drop: false }`
[INFO] [stdout] fbd3716d318e47adf921dd67ffac4c4f1c533baf1ec75abc63bf2b8e2b8ed00e
[INFO] running `Command { std: "docker" "start" "-a" "fbd3716d318e47adf921dd67ffac4c4f1c533baf1ec75abc63bf2b8e2b8ed00e", kill_on_drop: false }`
[INFO] [stderr]     Blocking waiting for file lock on package cache
[INFO] [stdout] warning: unused imports: `Read`, `Write`, `fs::File`
[INFO] [stdout]  --> src/fb.rs:1:11
[INFO] [stdout]   |
[INFO] [stdout] 1 | use std::{fs::File, io::{Read, Write}, path::Path};
[INFO] [stdout]   |           ^^^^^^^^       ^^^^  ^^^^^
[INFO] [stdout]   |
[INFO] [stdout]   = note: `#[warn(unused_imports)]` on by default
[INFO] [stdout] 
[INFO] [stdout] 
[INFO] [stdout] warning: 1 warning emitted
[INFO] [stdout] 
[INFO] [stdout] 
[INFO] [stderr]    Compiling tendon v0.1.0 (/opt/rustwide/workdir)
[INFO] [stdout] warning: unused imports: `Read`, `Write`, `fs::File`
[INFO] [stdout]  --> src/fb.rs:1:11
[INFO] [stdout]   |
[INFO] [stdout] 1 | use std::{fs::File, io::{Read, Write}, path::Path};
[INFO] [stdout]   |           ^^^^^^^^       ^^^^  ^^^^^
[INFO] [stdout]   |
[INFO] [stdout]   = note: `#[warn(unused_imports)]` on by default
[INFO] [stdout] 
[INFO] [stdout] 
[INFO] [stdout] warning: unused imports: `Read`, `Write`, `fs::File`
[INFO] [stdout]  --> src/fb.rs:1:11
[INFO] [stdout]   |
[INFO] [stdout] 1 | use std::{fs::File, io::{Read, Write}, path::Path};
[INFO] [stdout]   |           ^^^^^^^^       ^^^^  ^^^^^
[INFO] [stdout]   |
[INFO] [stdout]   = note: `#[warn(unused_imports)]` on by default
[INFO] [stdout] 
[INFO] [stdout] 
[INFO] [stdout] warning: unused import: `maths::*`
[INFO] [stdout]  --> src/main.rs:4:5
[INFO] [stdout]   |
[INFO] [stdout] 4 | use maths::*;
[INFO] [stdout]   |     ^^^^^^^^
[INFO] [stdout] 
[INFO] [stdout] 
[INFO] [stdout] warning: unused imports: `Sampler`, `Texture`
[INFO] [stdout]  --> src/main.rs:5:10
[INFO] [stdout]   |
[INFO] [stdout] 5 | use fb::{Sampler, Texture};
[INFO] [stdout]   |          ^^^^^^^  ^^^^^^^
[INFO] [stdout] 
[INFO] [stdout] 
[INFO] [stdout] warning: variable does not need to be mutable
[INFO] [stdout]  --> src/main.rs:8:9
[INFO] [stdout]   |
[INFO] [stdout] 8 |     let mut fb = fb::Framebuffer::new().unwrap();
[INFO] [stdout]   |         ----^^
[INFO] [stdout]   |         |
[INFO] [stdout]   |         help: remove this `mut`
[INFO] [stdout]   |
[INFO] [stdout]   = note: `#[warn(unused_mut)]` on by default
[INFO] [stdout] 
[INFO] [stdout] 
[INFO] [stdout] warning: associated function is never used: `set`
[INFO] [stdout]   --> src/fb.rs:60:12
[INFO] [stdout]    |
[INFO] [stdout] 60 |     pub fn set(&mut self, x: usize, y: usize, colour: Colour) {
[INFO] [stdout]    |            ^^^
[INFO] [stdout]    |
[INFO] [stdout]    = note: `#[warn(dead_code)]` on by default
[INFO] [stdout] 
[INFO] [stdout] 
[INFO] [stdout] warning: associated function is never used: `draw_tri`
[INFO] [stdout]   --> src/fb.rs:71:12
[INFO] [stdout]    |
[INFO] [stdout] 71 |     pub fn draw_tri<'a>(&mut self, tri: Tri, uvs: Tri, sampler: &Sampler<'a>) {
[INFO] [stdout]    |            ^^^^^^^^
[INFO] [stdout] 
[INFO] [stdout] 
[INFO] [stdout] warning: associated function is never used: `convert`
[INFO] [stdout]    --> src/fb.rs:142:12
[INFO] [stdout]     |
[INFO] [stdout] 142 |     pub fn convert(self, fb: &Framebuffer) -> u32 {
[INFO] [stdout]     |            ^^^^^^^
[INFO] [stdout] 
[INFO] [stdout] 
[INFO] [stdout] warning: struct is never constructed: `Sampler`
[INFO] [stdout]    --> src/fb.rs:157:12
[INFO] [stdout]     |
[INFO] [stdout] 157 | pub struct Sampler<'a> {
[INFO] [stdout]     |            ^^^^^^^
[INFO] [stdout] 
[INFO] [stdout] 
[INFO] [stdout] warning: associated function is never used: `sample`
[INFO] [stdout]    --> src/fb.rs:162:12
[INFO] [stdout]     |
[INFO] [stdout] 162 |     pub fn sample(&self, x: f64, y: f64) -> Colour {
[INFO] [stdout]     |            ^^^^^^
[INFO] [stdout] 
[INFO] [stdout] 
[INFO] [stdout] warning: struct is never constructed: `Texture`
[INFO] [stdout]    --> src/fb.rs:169:12
[INFO] [stdout]     |
[INFO] [stdout] 169 | pub struct Texture {
[INFO] [stdout]     |            ^^^^^^^
[INFO] [stdout] 
[INFO] [stdout] 
[INFO] [stdout] warning: associated function is never used: `load`
[INFO] [stdout]    --> src/fb.rs:175:12
[INFO] [stdout]     |
[INFO] [stdout] 175 |     pub fn load<P: AsRef<Path>>(path: P) -> image::ImageResult<Self> {
[INFO] [stdout]     |            ^^^^
[INFO] [stdout] 
[INFO] [stdout] 
[INFO] [stdout] warning: associated function is never used: `get`
[INFO] [stdout]    --> src/fb.rs:188:12
[INFO] [stdout]     |
[INFO] [stdout] 188 |     pub fn get(&self, x: usize, y: usize) -> Colour {
[INFO] [stdout]     |            ^^^
[INFO] [stdout] 
[INFO] [stdout] 
[INFO] [stdout] warning: associated function is never used: `interpolate`
[INFO] [stdout]  --> src/maths.rs:6:12
[INFO] [stdout]   |
[INFO] [stdout] 6 |     pub fn interpolate(&self, other: &Self, x: f64, y: f64) -> Vector2 {
[INFO] [stdout]   |            ^^^^^^^^^^^
[INFO] [stdout] 
[INFO] [stdout] 
[INFO] [stdout] warning: associated constant is never used: `ONE`
[INFO] [stdout]   --> src/maths.rs:44:5
[INFO] [stdout]    |
[INFO] [stdout] 44 |     pub const ONE: Self = Self { x: 1.0, y: 1.0 };
[INFO] [stdout]    |     ^^^^^^^^^^^^^^^^^^^^^^^^^^^^^^^^^^^^^^^^^^^^^^
[INFO] [stdout] 
[INFO] [stdout] 
[INFO] [stdout] warning: associated function is never used: `magnitude`
[INFO] [stdout]   --> src/maths.rs:52:12
[INFO] [stdout]    |
[INFO] [stdout] 52 |     pub fn magnitude(self) -> f64 {
[INFO] [stdout]    |            ^^^^^^^^^
[INFO] [stdout] 
[INFO] [stdout] 
[INFO] [stdout] warning: associated function is never used: `normal`
[INFO] [stdout]   --> src/maths.rs:62:12
[INFO] [stdout]    |
[INFO] [stdout] 62 |     pub fn normal(self) -> Self {
[INFO] [stdout]    |            ^^^^^^
[INFO] [stdout] 
[INFO] [stdout] 
[INFO] [stdout] warning: associated function is never used: `inverse_gradient`
[INFO] [stdout]   --> src/maths.rs:76:12
[INFO] [stdout]    |
[INFO] [stdout] 76 |     pub fn inverse_gradient(self) -> f64 {
[INFO] [stdout]    |            ^^^^^^^^^^^^^^^^
[INFO] [stdout] 
[INFO] [stdout] 
[INFO] [stdout] warning: associated function is never used: `dot`
[INFO] [stdout]   --> src/maths.rs:87:12
[INFO] [stdout]    |
[INFO] [stdout] 87 |     pub fn dot(self, other: Self) -> f64 {
[INFO] [stdout]    |            ^^^
[INFO] [stdout] 
[INFO] [stdout] 
[INFO] [stdout] warning: associated function is never used: `area_tri`
[INFO] [stdout]    --> src/maths.rs:106:12
[INFO] [stdout]     |
[INFO] [stdout] 106 |     pub fn area_tri(self, other: Self) -> f64 {
[INFO] [stdout]     |            ^^^^^^^^
[INFO] [stdout] 
[INFO] [stdout] 
[INFO] [stdout] warning: associated constant is never used: `ONE`
[INFO] [stdout]    --> src/maths.rs:216:5
[INFO] [stdout]     |
[INFO] [stdout] 216 |     pub const ONE: Self = Self { x: 1.0, y: 1.0, z: 1.0 };
[INFO] [stdout]     |     ^^^^^^^^^^^^^^^^^^^^^^^^^^^^^^^^^^^^^^^^^^^^^^^^^^^^^^
[INFO] [stdout] 
[INFO] [stdout] 
[INFO] [stdout] warning: associated function is never used: `magnitude`
[INFO] [stdout]    --> src/maths.rs:224:12
[INFO] [stdout]     |
[INFO] [stdout] 224 |     pub fn magnitude(self) -> f64 {
[INFO] [stdout]     |            ^^^^^^^^^
[INFO] [stdout] 
[INFO] [stdout] 
[INFO] [stdout] warning: associated function is never used: `normal`
[INFO] [stdout]    --> src/maths.rs:234:12
[INFO] [stdout]     |
[INFO] [stdout] 234 |     pub fn normal(self) -> Self {
[INFO] [stdout]     |            ^^^^^^
[INFO] [stdout] 
[INFO] [stdout] 
[INFO] [stdout] warning: associated function is never used: `dot`
[INFO] [stdout]    --> src/maths.rs:250:12
[INFO] [stdout]     |
[INFO] [stdout] 250 |     pub fn dot(self, other: Self) -> f64 {
[INFO] [stdout]     |            ^^^
[INFO] [stdout] 
[INFO] [stdout] 
[INFO] [stdout] warning: associated function is never used: `cross`
[INFO] [stdout]    --> src/maths.rs:262:12
[INFO] [stdout]     |
[INFO] [stdout] 262 |     pub fn cross(self, other: Self) -> Self {
[INFO] [stdout]     |            ^^^^^
[INFO] [stdout] 
[INFO] [stdout] 
[INFO] [stdout] warning: associated constant is never used: `ONE`
[INFO] [stdout]    --> src/maths.rs:388:5
[INFO] [stdout]     |
[INFO] [stdout] 388 |     pub const ONE: Self = Self { x: 1.0, y: 1.0, z: 1.0, w: 1.0 };
[INFO] [stdout]     |     ^^^^^^^^^^^^^^^^^^^^^^^^^^^^^^^^^^^^^^^^^^^^^^^^^^^^^^^^^^^^^^
[INFO] [stdout] 
[INFO] [stdout] 
[INFO] [stdout] warning: associated function is never used: `magnitude`
[INFO] [stdout]    --> src/maths.rs:396:12
[INFO] [stdout]     |
[INFO] [stdout] 396 |     pub fn magnitude(self) -> f64 {
[INFO] [stdout]     |            ^^^^^^^^^
[INFO] [stdout] 
[INFO] [stdout] 
[INFO] [stdout] warning: associated function is never used: `normal`
[INFO] [stdout]    --> src/maths.rs:406:12
[INFO] [stdout]     |
[INFO] [stdout] 406 |     pub fn normal(self) -> Self {
[INFO] [stdout]     |            ^^^^^^
[INFO] [stdout] 
[INFO] [stdout] 
[INFO] [stdout] warning: associated function is never used: `dot`
[INFO] [stdout]    --> src/maths.rs:423:12
[INFO] [stdout]     |
[INFO] [stdout] 423 |     pub fn dot(self, other: Self) -> f64 {
[INFO] [stdout]     |            ^^^
[INFO] [stdout] 
[INFO] [stdout] 
[INFO] [stdout] warning: associated function is never used: `copy`
[INFO] [stdout]    --> src/maths.rs:547:12
[INFO] [stdout]     |
[INFO] [stdout] 547 |     pub fn copy(&self) -> [[f64; 4]; 4] {
[INFO] [stdout]     |            ^^^^
[INFO] [stdout] 
[INFO] [stdout] 
[INFO] [stdout] warning: 1 warning emitted
[INFO] [stdout] 
[INFO] [stdout] 
[INFO] [stdout] warning: 29 warnings emitted
[INFO] [stdout] 
[INFO] [stdout] 
[INFO] [stderr]     Finished test [unoptimized + debuginfo] target(s) in 3.44s
[INFO] running `Command { std: "docker" "inspect" "fbd3716d318e47adf921dd67ffac4c4f1c533baf1ec75abc63bf2b8e2b8ed00e", kill_on_drop: false }`
[INFO] running `Command { std: "docker" "rm" "-f" "fbd3716d318e47adf921dd67ffac4c4f1c533baf1ec75abc63bf2b8e2b8ed00e", kill_on_drop: false }`
[INFO] [stdout] fbd3716d318e47adf921dd67ffac4c4f1c533baf1ec75abc63bf2b8e2b8ed00e
[INFO] running `Command { std: "docker" "create" "-v" "/var/lib/crater-agent-workspace/builds/worker-9/target:/opt/rustwide/target:rw,Z" "-v" "/var/lib/crater-agent-workspace/builds/worker-9/source:/opt/rustwide/workdir:ro,Z" "-v" "/var/lib/crater-agent-workspace/cargo-home:/opt/rustwide/cargo-home:ro,Z" "-v" "/var/lib/crater-agent-workspace/rustup-home:/opt/rustwide/rustup-home:ro,Z" "-e" "SOURCE_DIR=/opt/rustwide/workdir" "-e" "CARGO_TARGET_DIR=/opt/rustwide/target" "-e" "CARGO_INCREMENTAL=0" "-e" "RUST_BACKTRACE=full" "-e" "RUSTFLAGS=--cap-lints=warn" "-e" "CARGO_HOME=/opt/rustwide/cargo-home" "-e" "RUSTUP_HOME=/opt/rustwide/rustup-home" "-w" "/opt/rustwide/workdir" "-m" "1610612736" "--user" "0:0" "--network" "none" "ghcr.io/rust-lang/crates-build-env/linux@sha256:34b6a614d2c27851fe6cbf88fbd1137609cefab8b10d0615aaeb6fd47975d74e" "/opt/rustwide/cargo-home/bin/cargo" "+1.54.0" "test" "--frozen", kill_on_drop: false }`
[INFO] [stdout] 5b6ef00f45e7de028afddc9999ae0e1686593b98563550aadf29d571a2b9139c
[INFO] running `Command { std: "docker" "start" "-a" "5b6ef00f45e7de028afddc9999ae0e1686593b98563550aadf29d571a2b9139c", kill_on_drop: false }`
[INFO] [stderr]     Blocking waiting for file lock on package cache
[INFO] [stderr] warning: unused imports: `Read`, `Write`, `fs::File`
[INFO] [stderr]  --> src/fb.rs:1:11
[INFO] [stderr]   |
[INFO] [stderr] 1 | use std::{fs::File, io::{Read, Write}, path::Path};
[INFO] [stderr]   |           ^^^^^^^^       ^^^^  ^^^^^
[INFO] [stderr]   |
[INFO] [stderr]   = note: `#[warn(unused_imports)]` on by default
[INFO] [stderr] 
[INFO] [stderr] warning: 1 warning emitted
[INFO] [stderr] 
[INFO] [stderr] warning: unused imports: `Read`, `Write`, `fs::File`
[INFO] [stderr]  --> src/fb.rs:1:11
[INFO] [stderr]   |
[INFO] [stderr] 1 | use std::{fs::File, io::{Read, Write}, path::Path};
[INFO] [stderr]   |           ^^^^^^^^       ^^^^  ^^^^^
[INFO] [stderr]   |
[INFO] [stderr]   = note: `#[warn(unused_imports)]` on by default
[INFO] [stderr] 
[INFO] [stderr] warning: 1 warning emitted
[INFO] [stderr] 
[INFO] [stderr] warning: unused imports: `Read`, `Write`, `fs::File`
[INFO] [stderr]  --> src/fb.rs:1:11
[INFO] [stderr]   |
[INFO] [stderr] 1 | use std::{fs::File, io::{Read, Write}, path::Path};
[INFO] [stderr]   |           ^^^^^^^^       ^^^^  ^^^^^
[INFO] [stderr]   |
[INFO] [stderr]   = note: `#[warn(unused_imports)]` on by default
[INFO] [stderr] 
[INFO] [stderr] warning: unused import: `maths::*`
[INFO] [stderr]  --> src/main.rs:4:5
[INFO] [stderr]   |
[INFO] [stderr] 4 | use maths::*;
[INFO] [stderr]   |     ^^^^^^^^
[INFO] [stderr] 
[INFO] [stderr] warning: unused imports: `Sampler`, `Texture`
[INFO] [stderr]  --> src/main.rs:5:10
[INFO] [stderr]   |
[INFO] [stderr] 5 | use fb::{Sampler, Texture};
[INFO] [stderr]   |          ^^^^^^^  ^^^^^^^
[INFO] [stderr] 
[INFO] [stderr] warning: variable does not need to be mutable
[INFO] [stderr]  --> src/main.rs:8:9
[INFO] [stderr]   |
[INFO] [stderr] 8 |     let mut fb = fb::Framebuffer::new().unwrap();
[INFO] [stderr]   |         ----^^
[INFO] [stderr]   |         |
[INFO] [stderr]   |         help: remove this `mut`
[INFO] [stderr]   |
[INFO] [stderr]   = note: `#[warn(unused_mut)]` on by default
[INFO] [stderr] 
[INFO] [stderr] warning: associated function is never used: `set`
[INFO] [stderr]   --> src/fb.rs:60:12
[INFO] [stderr]    |
[INFO] [stderr] 60 |     pub fn set(&mut self, x: usize, y: usize, colour: Colour) {
[INFO] [stderr]    |            ^^^
[INFO] [stderr]    |
[INFO] [stderr]    = note: `#[warn(dead_code)]` on by default
[INFO] [stderr] 
[INFO] [stderr] warning: associated function is never used: `draw_tri`
[INFO] [stderr]   --> src/fb.rs:71:12
[INFO] [stderr]    |
[INFO] [stderr] 71 |     pub fn draw_tri<'a>(&mut self, tri: Tri, uvs: Tri, sampler: &Sampler<'a>) {
[INFO] [stderr]    |            ^^^^^^^^
[INFO] [stderr] 
[INFO] [stderr] warning: associated function is never used: `convert`
[INFO] [stderr]    --> src/fb.rs:142:12
[INFO] [stderr]     |
[INFO] [stderr] 142 |     pub fn convert(self, fb: &Framebuffer) -> u32 {
[INFO] [stderr]     |            ^^^^^^^
[INFO] [stderr] 
[INFO] [stderr] warning: struct is never constructed: `Sampler`
[INFO] [stderr]    --> src/fb.rs:157:12
[INFO] [stderr]     |
[INFO] [stderr] 157 | pub struct Sampler<'a> {
[INFO] [stderr]     |            ^^^^^^^
[INFO] [stderr] 
[INFO] [stderr] warning: associated function is never used: `sample`
[INFO] [stderr]    --> src/fb.rs:162:12
[INFO] [stderr]     |
[INFO] [stderr] 162 |     pub fn sample(&self, x: f64, y: f64) -> Colour {
[INFO] [stderr]     |            ^^^^^^
[INFO] [stderr] 
[INFO] [stderr] warning: struct is never constructed: `Texture`
[INFO] [stderr]    --> src/fb.rs:169:12
[INFO] [stderr]     |
[INFO] [stderr] 169 | pub struct Texture {
[INFO] [stderr]     |            ^^^^^^^
[INFO] [stderr] 
[INFO] [stderr] warning: associated function is never used: `load`
[INFO] [stderr]    --> src/fb.rs:175:12
[INFO] [stderr]     |
[INFO] [stderr] 175 |     pub fn load<P: AsRef<Path>>(path: P) -> image::ImageResult<Self> {
[INFO] [stderr]     |            ^^^^
[INFO] [stderr] 
[INFO] [stderr] warning: associated function is never used: `get`
[INFO] [stderr]    --> src/fb.rs:188:12
[INFO] [stderr]     |
[INFO] [stderr] 188 |     pub fn get(&self, x: usize, y: usize) -> Colour {
[INFO] [stderr]     |            ^^^
[INFO] [stderr] 
[INFO] [stderr] warning: associated function is never used: `interpolate`
[INFO] [stderr]  --> src/maths.rs:6:12
[INFO] [stderr]   |
[INFO] [stderr] 6 |     pub fn interpolate(&self, other: &Self, x: f64, y: f64) -> Vector2 {
[INFO] [stderr]   |            ^^^^^^^^^^^
[INFO] [stderr] 
[INFO] [stderr] warning: associated constant is never used: `ONE`
[INFO] [stderr]   --> src/maths.rs:44:5
[INFO] [stderr]    |
[INFO] [stderr] 44 |     pub const ONE: Self = Self { x: 1.0, y: 1.0 };
[INFO] [stderr]    |     ^^^^^^^^^^^^^^^^^^^^^^^^^^^^^^^^^^^^^^^^^^^^^^
[INFO] [stderr] 
[INFO] [stderr] warning: associated function is never used: `magnitude`
[INFO] [stderr]   --> src/maths.rs:52:12
[INFO] [stderr]    |
[INFO] [stderr] 52 |     pub fn magnitude(self) -> f64 {
[INFO] [stderr]    |            ^^^^^^^^^
[INFO] [stderr] 
[INFO] [stderr] warning: associated function is never used: `normal`
[INFO] [stderr]   --> src/maths.rs:62:12
[INFO] [stderr]    |
[INFO] [stderr] 62 |     pub fn normal(self) -> Self {
[INFO] [stderr]    |            ^^^^^^
[INFO] [stderr] 
[INFO] [stderr] warning: associated function is never used: `inverse_gradient`
[INFO] [stderr]   --> src/maths.rs:76:12
[INFO] [stderr]    |
[INFO] [stderr] 76 |     pub fn inverse_gradient(self) -> f64 {
[INFO] [stderr]    |            ^^^^^^^^^^^^^^^^
[INFO] [stderr] 
[INFO] [stderr] warning: associated function is never used: `dot`
[INFO] [stderr]   --> src/maths.rs:87:12
[INFO] [stderr]    |
[INFO] [stderr] 87 |     pub fn dot(self, other: Self) -> f64 {
[INFO] [stderr]    |            ^^^
[INFO] [stderr] 
[INFO] [stderr] warning: associated function is never used: `area_tri`
[INFO] [stderr]    --> src/maths.rs:106:12
[INFO] [stderr]     |
[INFO] [stderr] 106 |     pub fn area_tri(self, other: Self) -> f64 {
[INFO] [stderr]     |            ^^^^^^^^
[INFO] [stderr] 
[INFO] [stderr] warning: associated constant is never used: `ONE`
[INFO] [stderr]    --> src/maths.rs:216:5
[INFO] [stderr]     |
[INFO] [stderr] 216 |     pub const ONE: Self = Self { x: 1.0, y: 1.0, z: 1.0 };
[INFO] [stderr]     |     ^^^^^^^^^^^^^^^^^^^^^^^^^^^^^^^^^^^^^^^^^^^^^^^^^^^^^^
[INFO] [stderr] 
[INFO] [stderr] warning: associated function is never used: `magnitude`
[INFO] [stderr]    --> src/maths.rs:224:12
[INFO] [stderr]     |
[INFO] [stderr] 224 |     pub fn magnitude(self) -> f64 {
[INFO] [stderr]     |            ^^^^^^^^^
[INFO] [stderr] 
[INFO] [stderr] warning: associated function is never used: `normal`
[INFO] [stderr]    --> src/maths.rs:234:12
[INFO] [stderr]     |
[INFO] [stderr] 234 |     pub fn normal(self) -> Self {
[INFO] [stderr]     |            ^^^^^^
[INFO] [stderr] 
[INFO] [stderr] warning: associated function is never used: `dot`
[INFO] [stderr]    --> src/maths.rs:250:12
[INFO] [stderr]     |
[INFO] [stderr] 250 |     pub fn dot(self, other: Self) -> f64 {
[INFO] [stderr]     |            ^^^
[INFO] [stderr] 
[INFO] [stderr] warning: associated function is never used: `cross`
[INFO] [stderr]    --> src/maths.rs:262:12
[INFO] [stderr]     |
[INFO] [stderr] 262 |     pub fn cross(self, other: Self) -> Self {
[INFO] [stderr]     |            ^^^^^
[INFO] [stderr] 
[INFO] [stderr] warning: associated constant is never used: `ONE`
[INFO] [stderr]    --> src/maths.rs:388:5
[INFO] [stderr]     |
[INFO] [stderr] 388 |     pub const ONE: Self = Self { x: 1.0, y: 1.0, z: 1.0, w: 1.0 };
[INFO] [stderr]     |     ^^^^^^^^^^^^^^^^^^^^^^^^^^^^^^^^^^^^^^^^^^^^^^^^^^^^^^^^^^^^^^
[INFO] [stderr] 
[INFO] [stderr] warning: associated function is never used: `magnitude`
[INFO] [stderr]    --> src/maths.rs:396:12
[INFO] [stderr]     |
[INFO] [stderr] 396 |     pub fn magnitude(self) -> f64 {
[INFO] [stderr]     |            ^^^^^^^^^
[INFO] [stderr] 
[INFO] [stderr] warning: associated function is never used: `normal`
[INFO] [stderr]    --> src/maths.rs:406:12
[INFO] [stderr]     |
[INFO] [stderr] 406 |     pub fn normal(self) -> Self {
[INFO] [stderr]     |            ^^^^^^
[INFO] [stderr] 
[INFO] [stderr] warning: associated function is never used: `dot`
[INFO] [stderr]    --> src/maths.rs:423:12
[INFO] [stderr]     |
[INFO] [stderr] 423 |     pub fn dot(self, other: Self) -> f64 {
[INFO] [stderr]     |            ^^^
[INFO] [stderr] 
[INFO] [stderr] warning: associated function is never used: `copy`
[INFO] [stderr]    --> src/maths.rs:547:12
[INFO] [stderr]     |
[INFO] [stderr] 547 |     pub fn copy(&self) -> [[f64; 4]; 4] {
[INFO] [stderr]     |            ^^^^
[INFO] [stderr] 
[INFO] [stderr] warning: 29 warnings emitted
[INFO] [stderr] 
[INFO] [stderr]     Finished test [unoptimized + debuginfo] target(s) in 0.14s
[INFO] [stderr]      Running unittests (/opt/rustwide/target/debug/deps/tendon-ce3c244998c93b35)
[INFO] [stdout] 
[INFO] [stdout] running 0 tests
[INFO] [stdout] 
[INFO] [stdout] test result: ok. 0 passed; 0 failed; 0 ignored; 0 measured; 0 filtered out; finished in 0.00s
[INFO] [stdout] 
[INFO] [stderr]      Running unittests (/opt/rustwide/target/debug/deps/tendon-5b2692efa0ac9d48)
[INFO] [stdout] 
[INFO] [stderr]    Doc-tests tendon
[INFO] [stdout] running 0 tests
[INFO] [stdout] 
[INFO] [stdout] test result: ok. 0 passed; 0 failed; 0 ignored; 0 measured; 0 filtered out; finished in 0.00s
[INFO] [stdout] 
[INFO] [stdout] 
[INFO] [stdout] running 18 tests
[INFO] [stdout] test src/fb.rs - fb::Framebuffer (line 13) - compile ... ok
[INFO] [stdout] test src/maths.rs - maths::Matrix4 (line 643) ... FAILED
[INFO] [stdout] test src/maths.rs - maths::Matrix4 (line 612) ... FAILED
[INFO] [stdout] test src/maths.rs - maths::Vector3::dot (line 243) ... FAILED
[INFO] [stdout] test src/maths.rs - maths::Vector3::normal (line 228) ... FAILED
[INFO] [stdout] test src/maths.rs - maths::Vector3::magnitude (line 218) ... FAILED
[INFO] [stdout] test src/maths.rs - maths::Vector2::dot (line 80) ... FAILED
[INFO] [stdout] test src/maths.rs - maths::Vector4 (line 376) ... ok
[INFO] [stdout] test src/maths.rs - maths::Vector2 (line 34) ... ok
[INFO] [stdout] test src/maths.rs - maths::Vector3 (line 205) ... ok
[INFO] [stdout] test src/maths.rs - maths::Vector3::cross (line 254) ... ok
[INFO] [stdout] test src/maths.rs - maths::Vector2::normal (line 56) ... ok
[INFO] [stdout] test src/maths.rs - maths::Vector2::inverse_gradient (line 70) ... ok
[INFO] [stdout] test src/maths.rs - maths::Vector2::magnitude (line 46) ... ok
[INFO] [stdout] test src/maths.rs - maths::Vector4::dot (line 416) ... ok
[INFO] [stdout] test src/maths.rs - maths::Vector4::normal (line 400) ... ok
[INFO] [stdout] test src/maths.rs - maths::Vector2::area_tri (line 92) ... ok
[INFO] [stdout] test src/maths.rs - maths::Vector4::magnitude (line 390) ... ok
[INFO] [stdout] 
[INFO] [stdout] failures:
[INFO] [stdout] 
[INFO] [stdout] ---- src/maths.rs - maths::Matrix4 (line 643) stdout ----
[INFO] [stdout] Couldn't compile the test.
[INFO] [stdout] ---- src/maths.rs - maths::Matrix4 (line 612) stdout ----
[INFO] [stdout] Couldn't compile the test.
[INFO] [stdout] ---- src/maths.rs - maths::Vector3::dot (line 243) stdout ----
[INFO] [stdout] Couldn't compile the test.
[INFO] [stdout] ---- src/maths.rs - maths::Vector3::normal (line 228) stdout ----
[INFO] [stdout] error: linking with `cc` failed: exit status: 1
[INFO] [stdout]   |
[INFO] [stdout]   = note: "cc" "-m64" "/tmp/rustdoctestlrUhrl/rust_out.rust_out.7rcbfp3g-cgu.0.rcgu.o" "/tmp/rustdoctestlrUhrl/rust_out.33dyzt1ekirinwy8.rcgu.o" "-Wl,--as-needed" "-L" "/opt/rustwide/target/debug/deps" "-L" "/opt/rustwide/target/debug/deps" "-L" "/opt/rustwide/target/debug/build/tendon-d9b1569be09f8754/out" "-L" "/opt/rustwide/rustup-home/toolchains/1.54.0-x86_64-unknown-linux-gnu/lib/rustlib/x86_64-unknown-linux-gnu/lib" "-Wl,-Bstatic" "/opt/rustwide/target/debug/deps/libtendon-8c76cd23ef4e44ac.rlib" "/opt/rustwide/target/debug/deps/libimage-0bf55247d82fdb03.rlib" "/opt/rustwide/target/debug/deps/libbytemuck-b58649ded918f5fe.rlib" "/opt/rustwide/target/debug/deps/libpng-c67d2914c1c01c21.rlib" "/opt/rustwide/target/debug/deps/libminiz_oxide-396e6b4aeac65559.rlib" "/opt/rustwide/target/debug/deps/libcrc32fast-e6a82e63ff40e00b.rlib" "/opt/rustwide/target/debug/deps/libdeflate-ff1234bf1c0f4570.rlib" "/opt/rustwide/target/debug/deps/libadler32-d2a950228df2f2e4.rlib" "/opt/rustwide/target/debug/deps/libbitflags-f89ae4b715176e2d.rlib" "/opt/rustwide/target/debug/deps/libnum_iter-6994e86e75032f20.rlib" "/opt/rustwide/target/debug/deps/libscoped_threadpool-b57ca677d8d780cf.rlib" "/opt/rustwide/target/debug/deps/libnum_rational-e3817cb1928efd59.rlib" "/opt/rustwide/target/debug/deps/libnum_integer-1b05607c52488d5f.rlib" "/opt/rustwide/target/debug/deps/libgif-198ad536dddd63f5.rlib" "/opt/rustwide/target/debug/deps/libcolor_quant-1591bc25e79c8848.rlib" "/opt/rustwide/target/debug/deps/libnum_traits-a2639720a0ec4c76.rlib" "/opt/rustwide/target/debug/deps/libtiff-ae9fcf53122421e4.rlib" "/opt/rustwide/target/debug/deps/libweezl-d4230ccf68df9d92.rlib" "/opt/rustwide/target/debug/deps/libminiz_oxide-c11adf897456cbba.rlib" "/opt/rustwide/target/debug/deps/libadler-bd67535c449a3717.rlib" "/opt/rustwide/target/debug/deps/libjpeg_decoder-1e9f8f3c8a4f1d25.rlib" "/opt/rustwide/target/debug/deps/librayon-7e5a60c858b94b1b.rlib" "/opt/rustwide/target/debug/deps/librayon_core-04782801a8e39929.rlib" "/opt/rustwide/target/debug/deps/libnum_cpus-a53f5067b6833c2c.rlib" "/opt/rustwide/target/debug/deps/liblibc-3f0cb30823ab6109.rlib" "/opt/rustwide/target/debug/deps/libcrossbeam_deque-1acac6bc20cd5a9e.rlib" "/opt/rustwide/target/debug/deps/libcrossbeam_epoch-2ac6cf2ea130a6e3.rlib" "/opt/rustwide/target/debug/deps/libmemoffset-143a1b8fc5a22334.rlib" "/opt/rustwide/target/debug/deps/libscopeguard-7a1710762e6687e9.rlib" "/opt/rustwide/target/debug/deps/libcrossbeam_channel-52be6dd468f330b9.rlib" "/opt/rustwide/target/debug/deps/libcrossbeam_utils-bd3ce1f3e006581d.rlib" "/opt/rustwide/target/debug/deps/liblazy_static-5c53d641eb010a81.rlib" "/opt/rustwide/target/debug/deps/libcfg_if-38c8a3e888ecb06a.rlib" "/opt/rustwide/target/debug/deps/libeither-f222f664e804cb85.rlib" "/opt/rustwide/target/debug/deps/libbyteorder-3a640e6d7cbe5c36.rlib" "-Wl,--start-group" "/opt/rustwide/rustup-home/toolchains/1.54.0-x86_64-unknown-linux-gnu/lib/rustlib/x86_64-unknown-linux-gnu/lib/libstd-2420485b9e5ef5e1.rlib" "/opt/rustwide/rustup-home/toolchains/1.54.0-x86_64-unknown-linux-gnu/lib/rustlib/x86_64-unknown-linux-gnu/lib/libpanic_unwind-785e3cb61c4b1960.rlib" "/opt/rustwide/rustup-home/toolchains/1.54.0-x86_64-unknown-linux-gnu/lib/rustlib/x86_64-unknown-linux-gnu/lib/libminiz_oxide-087191a88bdaa22d.rlib" "/opt/rustwide/rustup-home/toolchains/1.54.0-x86_64-unknown-linux-gnu/lib/rustlib/x86_64-unknown-linux-gnu/lib/libadler-9981842c02975178.rlib" "/opt/rustwide/rustup-home/toolchains/1.54.0-x86_64-unknown-linux-gnu/lib/rustlib/x86_64-unknown-linux-gnu/lib/libobject-6fb405869b015fde.rlib" "/opt/rustwide/rustup-home/toolchains/1.54.0-x86_64-unknown-linux-gnu/lib/rustlib/x86_64-unknown-linux-gnu/lib/libaddr2line-d05c5c3c56004b7b.rlib" "/opt/rustwide/rustup-home/toolchains/1.54.0-x86_64-unknown-linux-gnu/lib/rustlib/x86_64-unknown-linux-gnu/lib/libgimli-42d74d2097528b38.rlib" "/opt/rustwide/rustup-home/toolchains/1.54.0-x86_64-unknown-linux-gnu/lib/rustlib/x86_64-unknown-linux-gnu/lib/libstd_detect-fb36534c113d2209.rlib" "/opt/rustwide/rustup-home/toolchains/1.54.0-x86_64-unknown-linux-gnu/lib/rustlib/x86_64-unknown-linux-gnu/lib/librustc_demangle-b56b9042c12b6535.rlib" "/opt/rustwide/rustup-home/toolchains/1.54.0-x86_64-unknown-linux-gnu/lib/rustlib/x86_64-unknown-linux-gnu/lib/libhashbrown-491902d6cb3e76df.rlib" "/opt/rustwide/rustup-home/toolchains/1.54.0-x86_64-unknown-linux-gnu/lib/rustlib/x86_64-unknown-linux-gnu/lib/librustc_std_workspace_alloc-61834e0981b8c367.rlib" "/opt/rustwide/rustup-home/toolchains/1.54.0-x86_64-unknown-linux-gnu/lib/rustlib/x86_64-unknown-linux-gnu/lib/libunwind-f78aa99d613a55bc.rlib" "/opt/rustwide/rustup-home/toolchains/1.54.0-x86_64-unknown-linux-gnu/lib/rustlib/x86_64-unknown-linux-gnu/lib/libcfg_if-53ee54cd7fed2c57.rlib" "/opt/rustwide/rustup-home/toolchains/1.54.0-x86_64-unknown-linux-gnu/lib/rustlib/x86_64-unknown-linux-gnu/lib/liblibc-544ecdbd6cda3c58.rlib" "/opt/rustwide/rustup-home/toolchains/1.54.0-x86_64-unknown-linux-gnu/lib/rustlib/x86_64-unknown-linux-gnu/lib/liballoc-379cc252b6943a79.rlib" "/opt/rustwide/rustup-home/toolchains/1.54.0-x86_64-unknown-linux-gnu/lib/rustlib/x86_64-unknown-linux-gnu/lib/librustc_std_workspace_core-8063eea38dcc5e62.rlib" "/opt/rustwide/rustup-home/toolchains/1.54.0-x86_64-unknown-linux-gnu/lib/rustlib/x86_64-unknown-linux-gnu/lib/libcore-5b228734afae15ee.rlib" "-Wl,--end-group" "/opt/rustwide/rustup-home/toolchains/1.54.0-x86_64-unknown-linux-gnu/lib/rustlib/x86_64-unknown-linux-gnu/lib/libcompiler_builtins-d6c7a399d95d173f.rlib" "-Wl,-Bdynamic" "-lgcc_s" "-lutil" "-lrt" "-lpthread" "-lm" "-ldl" "-lc" "-Wl,--eh-frame-hdr" "-Wl,-znoexecstack" "-L" "/opt/rustwide/rustup-home/toolchains/1.54.0-x86_64-unknown-linux-gnu/lib/rustlib/x86_64-unknown-linux-gnu/lib" "-o" "/tmp/rustdoctestlrUhrl/rust_out" "-Wl,--gc-sections" "-pie" "-Wl,-zrelro" "-Wl,-znow" "-nodefaultlibs"
[INFO] [stdout]   = note: collect2: fatal error: ld terminated with signal 9 [Killed]
[INFO] [stdout]           compilation terminated.
[INFO] [stdout]           
[INFO] [stdout] 
[INFO] [stdout] error: aborting due to previous error
[INFO] [stdout] 
[INFO] [stdout] Couldn't compile the test.
[INFO] [stdout] ---- src/maths.rs - maths::Vector3::magnitude (line 218) stdout ----
[INFO] [stdout] error: linking with `cc` failed: exit status: 1
[INFO] [stdout]   |
[INFO] [stdout]   = note: "cc" "-m64" "/tmp/rustdoctesttW2rGU/rust_out.rust_out.7rcbfp3g-cgu.0.rcgu.o" "/tmp/rustdoctesttW2rGU/rust_out.33dyzt1ekirinwy8.rcgu.o" "-Wl,--as-needed" "-L" "/opt/rustwide/target/debug/deps" "-L" "/opt/rustwide/target/debug/deps" "-L" "/opt/rustwide/target/debug/build/tendon-d9b1569be09f8754/out" "-L" "/opt/rustwide/rustup-home/toolchains/1.54.0-x86_64-unknown-linux-gnu/lib/rustlib/x86_64-unknown-linux-gnu/lib" "-Wl,-Bstatic" "/opt/rustwide/target/debug/deps/libtendon-8c76cd23ef4e44ac.rlib" "/opt/rustwide/target/debug/deps/libimage-0bf55247d82fdb03.rlib" "/opt/rustwide/target/debug/deps/libbytemuck-b58649ded918f5fe.rlib" "/opt/rustwide/target/debug/deps/libpng-c67d2914c1c01c21.rlib" "/opt/rustwide/target/debug/deps/libminiz_oxide-396e6b4aeac65559.rlib" "/opt/rustwide/target/debug/deps/libcrc32fast-e6a82e63ff40e00b.rlib" "/opt/rustwide/target/debug/deps/libdeflate-ff1234bf1c0f4570.rlib" "/opt/rustwide/target/debug/deps/libadler32-d2a950228df2f2e4.rlib" "/opt/rustwide/target/debug/deps/libbitflags-f89ae4b715176e2d.rlib" "/opt/rustwide/target/debug/deps/libnum_iter-6994e86e75032f20.rlib" "/opt/rustwide/target/debug/deps/libscoped_threadpool-b57ca677d8d780cf.rlib" "/opt/rustwide/target/debug/deps/libnum_rational-e3817cb1928efd59.rlib" "/opt/rustwide/target/debug/deps/libnum_integer-1b05607c52488d5f.rlib" "/opt/rustwide/target/debug/deps/libgif-198ad536dddd63f5.rlib" "/opt/rustwide/target/debug/deps/libcolor_quant-1591bc25e79c8848.rlib" "/opt/rustwide/target/debug/deps/libnum_traits-a2639720a0ec4c76.rlib" "/opt/rustwide/target/debug/deps/libtiff-ae9fcf53122421e4.rlib" "/opt/rustwide/target/debug/deps/libweezl-d4230ccf68df9d92.rlib" "/opt/rustwide/target/debug/deps/libminiz_oxide-c11adf897456cbba.rlib" "/opt/rustwide/target/debug/deps/libadler-bd67535c449a3717.rlib" "/opt/rustwide/target/debug/deps/libjpeg_decoder-1e9f8f3c8a4f1d25.rlib" "/opt/rustwide/target/debug/deps/librayon-7e5a60c858b94b1b.rlib" "/opt/rustwide/target/debug/deps/librayon_core-04782801a8e39929.rlib" "/opt/rustwide/target/debug/deps/libnum_cpus-a53f5067b6833c2c.rlib" "/opt/rustwide/target/debug/deps/liblibc-3f0cb30823ab6109.rlib" "/opt/rustwide/target/debug/deps/libcrossbeam_deque-1acac6bc20cd5a9e.rlib" "/opt/rustwide/target/debug/deps/libcrossbeam_epoch-2ac6cf2ea130a6e3.rlib" "/opt/rustwide/target/debug/deps/libmemoffset-143a1b8fc5a22334.rlib" "/opt/rustwide/target/debug/deps/libscopeguard-7a1710762e6687e9.rlib" "/opt/rustwide/target/debug/deps/libcrossbeam_channel-52be6dd468f330b9.rlib" "/opt/rustwide/target/debug/deps/libcrossbeam_utils-bd3ce1f3e006581d.rlib" "/opt/rustwide/target/debug/deps/liblazy_static-5c53d641eb010a81.rlib" "/opt/rustwide/target/debug/deps/libcfg_if-38c8a3e888ecb06a.rlib" "/opt/rustwide/target/debug/deps/libeither-f222f664e804cb85.rlib" "/opt/rustwide/target/debug/deps/libbyteorder-3a640e6d7cbe5c36.rlib" "-Wl,--start-group" "/opt/rustwide/rustup-home/toolchains/1.54.0-x86_64-unknown-linux-gnu/lib/rustlib/x86_64-unknown-linux-gnu/lib/libstd-2420485b9e5ef5e1.rlib" "/opt/rustwide/rustup-home/toolchains/1.54.0-x86_64-unknown-linux-gnu/lib/rustlib/x86_64-unknown-linux-gnu/lib/libpanic_unwind-785e3cb61c4b1960.rlib" "/opt/rustwide/rustup-home/toolchains/1.54.0-x86_64-unknown-linux-gnu/lib/rustlib/x86_64-unknown-linux-gnu/lib/libminiz_oxide-087191a88bdaa22d.rlib" "/opt/rustwide/rustup-home/toolchains/1.54.0-x86_64-unknown-linux-gnu/lib/rustlib/x86_64-unknown-linux-gnu/lib/libadler-9981842c02975178.rlib" "/opt/rustwide/rustup-home/toolchains/1.54.0-x86_64-unknown-linux-gnu/lib/rustlib/x86_64-unknown-linux-gnu/lib/libobject-6fb405869b015fde.rlib" "/opt/rustwide/rustup-home/toolchains/1.54.0-x86_64-unknown-linux-gnu/lib/rustlib/x86_64-unknown-linux-gnu/lib/libaddr2line-d05c5c3c56004b7b.rlib" "/opt/rustwide/rustup-home/toolchains/1.54.0-x86_64-unknown-linux-gnu/lib/rustlib/x86_64-unknown-linux-gnu/lib/libgimli-42d74d2097528b38.rlib" "/opt/rustwide/rustup-home/toolchains/1.54.0-x86_64-unknown-linux-gnu/lib/rustlib/x86_64-unknown-linux-gnu/lib/libstd_detect-fb36534c113d2209.rlib" "/opt/rustwide/rustup-home/toolchains/1.54.0-x86_64-unknown-linux-gnu/lib/rustlib/x86_64-unknown-linux-gnu/lib/librustc_demangle-b56b9042c12b6535.rlib" "/opt/rustwide/rustup-home/toolchains/1.54.0-x86_64-unknown-linux-gnu/lib/rustlib/x86_64-unknown-linux-gnu/lib/libhashbrown-491902d6cb3e76df.rlib" "/opt/rustwide/rustup-home/toolchains/1.54.0-x86_64-unknown-linux-gnu/lib/rustlib/x86_64-unknown-linux-gnu/lib/librustc_std_workspace_alloc-61834e0981b8c367.rlib" "/opt/rustwide/rustup-home/toolchains/1.54.0-x86_64-unknown-linux-gnu/lib/rustlib/x86_64-unknown-linux-gnu/lib/libunwind-f78aa99d613a55bc.rlib" "/opt/rustwide/rustup-home/toolchains/1.54.0-x86_64-unknown-linux-gnu/lib/rustlib/x86_64-unknown-linux-gnu/lib/libcfg_if-53ee54cd7fed2c57.rlib" "/opt/rustwide/rustup-home/toolchains/1.54.0-x86_64-unknown-linux-gnu/lib/rustlib/x86_64-unknown-linux-gnu/lib/liblibc-544ecdbd6cda3c58.rlib" "/opt/rustwide/rustup-home/toolchains/1.54.0-x86_64-unknown-linux-gnu/lib/rustlib/x86_64-unknown-linux-gnu/lib/liballoc-379cc252b6943a79.rlib" "/opt/rustwide/rustup-home/toolchains/1.54.0-x86_64-unknown-linux-gnu/lib/rustlib/x86_64-unknown-linux-gnu/lib/librustc_std_workspace_core-8063eea38dcc5e62.rlib" "/opt/rustwide/rustup-home/toolchains/1.54.0-x86_64-unknown-linux-gnu/lib/rustlib/x86_64-unknown-linux-gnu/lib/libcore-5b228734afae15ee.rlib" "-Wl,--end-group" "/opt/rustwide/rustup-home/toolchains/1.54.0-x86_64-unknown-linux-gnu/lib/rustlib/x86_64-unknown-linux-gnu/lib/libcompiler_builtins-d6c7a399d95d173f.rlib" "-Wl,-Bdynamic" "-lgcc_s" "-lutil" "-lrt" "-lpthread" "-lm" "-ldl" "-lc" "-Wl,--eh-frame-hdr" "-Wl,-znoexecstack" "-L" "/opt/rustwide/rustup-home/toolchains/1.54.0-x86_64-unknown-linux-gnu/lib/rustlib/x86_64-unknown-linux-gnu/lib" "-o" "/tmp/rustdoctesttW2rGU/rust_out" "-Wl,--gc-sections" "-pie" "-Wl,-zrelro" "-Wl,-znow" "-nodefaultlibs"
[INFO] [stdout]   = note: collect2: fatal error: ld terminated with signal 9 [Killed]
[INFO] [stdout]           compilation terminated.
[INFO] [stdout]           
[INFO] [stdout] 
[INFO] [stdout] error: aborting due to previous error
[INFO] [stdout] 
[INFO] [stdout] Couldn't compile the test.
[INFO] [stdout] ---- src/maths.rs - maths::Vector2::dot (line 80) stdout ----
[INFO] [stdout] error: linking with `cc` failed: exit status: 1
[INFO] [stdout]   |
[INFO] [stdout]   = note: "cc" "-m64" "/tmp/rustdoctestuN8ZGp/rust_out.rust_out.7rcbfp3g-cgu.0.rcgu.o" "/tmp/rustdoctestuN8ZGp/rust_out.33dyzt1ekirinwy8.rcgu.o" "-Wl,--as-needed" "-L" "/opt/rustwide/target/debug/deps" "-L" "/opt/rustwide/target/debug/deps" "-L" "/opt/rustwide/target/debug/build/tendon-d9b1569be09f8754/out" "-L" "/opt/rustwide/rustup-home/toolchains/1.54.0-x86_64-unknown-linux-gnu/lib/rustlib/x86_64-unknown-linux-gnu/lib" "-Wl,-Bstatic" "/opt/rustwide/target/debug/deps/libtendon-8c76cd23ef4e44ac.rlib" "/opt/rustwide/target/debug/deps/libimage-0bf55247d82fdb03.rlib" "/opt/rustwide/target/debug/deps/libbytemuck-b58649ded918f5fe.rlib" "/opt/rustwide/target/debug/deps/libpng-c67d2914c1c01c21.rlib" "/opt/rustwide/target/debug/deps/libminiz_oxide-396e6b4aeac65559.rlib" "/opt/rustwide/target/debug/deps/libcrc32fast-e6a82e63ff40e00b.rlib" "/opt/rustwide/target/debug/deps/libdeflate-ff1234bf1c0f4570.rlib" "/opt/rustwide/target/debug/deps/libadler32-d2a950228df2f2e4.rlib" "/opt/rustwide/target/debug/deps/libbitflags-f89ae4b715176e2d.rlib" "/opt/rustwide/target/debug/deps/libnum_iter-6994e86e75032f20.rlib" "/opt/rustwide/target/debug/deps/libscoped_threadpool-b57ca677d8d780cf.rlib" "/opt/rustwide/target/debug/deps/libnum_rational-e3817cb1928efd59.rlib" "/opt/rustwide/target/debug/deps/libnum_integer-1b05607c52488d5f.rlib" "/opt/rustwide/target/debug/deps/libgif-198ad536dddd63f5.rlib" "/opt/rustwide/target/debug/deps/libcolor_quant-1591bc25e79c8848.rlib" "/opt/rustwide/target/debug/deps/libnum_traits-a2639720a0ec4c76.rlib" "/opt/rustwide/target/debug/deps/libtiff-ae9fcf53122421e4.rlib" "/opt/rustwide/target/debug/deps/libweezl-d4230ccf68df9d92.rlib" "/opt/rustwide/target/debug/deps/libminiz_oxide-c11adf897456cbba.rlib" "/opt/rustwide/target/debug/deps/libadler-bd67535c449a3717.rlib" "/opt/rustwide/target/debug/deps/libjpeg_decoder-1e9f8f3c8a4f1d25.rlib" "/opt/rustwide/target/debug/deps/librayon-7e5a60c858b94b1b.rlib" "/opt/rustwide/target/debug/deps/librayon_core-04782801a8e39929.rlib" "/opt/rustwide/target/debug/deps/libnum_cpus-a53f5067b6833c2c.rlib" "/opt/rustwide/target/debug/deps/liblibc-3f0cb30823ab6109.rlib" "/opt/rustwide/target/debug/deps/libcrossbeam_deque-1acac6bc20cd5a9e.rlib" "/opt/rustwide/target/debug/deps/libcrossbeam_epoch-2ac6cf2ea130a6e3.rlib" "/opt/rustwide/target/debug/deps/libmemoffset-143a1b8fc5a22334.rlib" "/opt/rustwide/target/debug/deps/libscopeguard-7a1710762e6687e9.rlib" "/opt/rustwide/target/debug/deps/libcrossbeam_channel-52be6dd468f330b9.rlib" "/opt/rustwide/target/debug/deps/libcrossbeam_utils-bd3ce1f3e006581d.rlib" "/opt/rustwide/target/debug/deps/liblazy_static-5c53d641eb010a81.rlib" "/opt/rustwide/target/debug/deps/libcfg_if-38c8a3e888ecb06a.rlib" "/opt/rustwide/target/debug/deps/libeither-f222f664e804cb85.rlib" "/opt/rustwide/target/debug/deps/libbyteorder-3a640e6d7cbe5c36.rlib" "-Wl,--start-group" "/opt/rustwide/rustup-home/toolchains/1.54.0-x86_64-unknown-linux-gnu/lib/rustlib/x86_64-unknown-linux-gnu/lib/libstd-2420485b9e5ef5e1.rlib" "/opt/rustwide/rustup-home/toolchains/1.54.0-x86_64-unknown-linux-gnu/lib/rustlib/x86_64-unknown-linux-gnu/lib/libpanic_unwind-785e3cb61c4b1960.rlib" "/opt/rustwide/rustup-home/toolchains/1.54.0-x86_64-unknown-linux-gnu/lib/rustlib/x86_64-unknown-linux-gnu/lib/libminiz_oxide-087191a88bdaa22d.rlib" "/opt/rustwide/rustup-home/toolchains/1.54.0-x86_64-unknown-linux-gnu/lib/rustlib/x86_64-unknown-linux-gnu/lib/libadler-9981842c02975178.rlib" "/opt/rustwide/rustup-home/toolchains/1.54.0-x86_64-unknown-linux-gnu/lib/rustlib/x86_64-unknown-linux-gnu/lib/libobject-6fb405869b015fde.rlib" "/opt/rustwide/rustup-home/toolchains/1.54.0-x86_64-unknown-linux-gnu/lib/rustlib/x86_64-unknown-linux-gnu/lib/libaddr2line-d05c5c3c56004b7b.rlib" "/opt/rustwide/rustup-home/toolchains/1.54.0-x86_64-unknown-linux-gnu/lib/rustlib/x86_64-unknown-linux-gnu/lib/libgimli-42d74d2097528b38.rlib" "/opt/rustwide/rustup-home/toolchains/1.54.0-x86_64-unknown-linux-gnu/lib/rustlib/x86_64-unknown-linux-gnu/lib/libstd_detect-fb36534c113d2209.rlib" "/opt/rustwide/rustup-home/toolchains/1.54.0-x86_64-unknown-linux-gnu/lib/rustlib/x86_64-unknown-linux-gnu/lib/librustc_demangle-b56b9042c12b6535.rlib" "/opt/rustwide/rustup-home/toolchains/1.54.0-x86_64-unknown-linux-gnu/lib/rustlib/x86_64-unknown-linux-gnu/lib/libhashbrown-491902d6cb3e76df.rlib" "/opt/rustwide/rustup-home/toolchains/1.54.0-x86_64-unknown-linux-gnu/lib/rustlib/x86_64-unknown-linux-gnu/lib/librustc_std_workspace_alloc-61834e0981b8c367.rlib" "/opt/rustwide/rustup-home/toolchains/1.54.0-x86_64-unknown-linux-gnu/lib/rustlib/x86_64-unknown-linux-gnu/lib/libunwind-f78aa99d613a55bc.rlib" "/opt/rustwide/rustup-home/toolchains/1.54.0-x86_64-unknown-linux-gnu/lib/rustlib/x86_64-unknown-linux-gnu/lib/libcfg_if-53ee54cd7fed2c57.rlib" "/opt/rustwide/rustup-home/toolchains/1.54.0-x86_64-unknown-linux-gnu/lib/rustlib/x86_64-unknown-linux-gnu/lib/liblibc-544ecdbd6cda3c58.rlib" "/opt/rustwide/rustup-home/toolchains/1.54.0-x86_64-unknown-linux-gnu/lib/rustlib/x86_64-unknown-linux-gnu/lib/liballoc-379cc252b6943a79.rlib" "/opt/rustwide/rustup-home/toolchains/1.54.0-x86_64-unknown-linux-gnu/lib/rustlib/x86_64-unknown-linux-gnu/lib/librustc_std_workspace_core-8063eea38dcc5e62.rlib" "/opt/rustwide/rustup-home/toolchains/1.54.0-x86_64-unknown-linux-gnu/lib/rustlib/x86_64-unknown-linux-gnu/lib/libcore-5b228734afae15ee.rlib" "-Wl,--end-group" "/opt/rustwide/rustup-home/toolchains/1.54.0-x86_64-unknown-linux-gnu/lib/rustlib/x86_64-unknown-linux-gnu/lib/libcompiler_builtins-d6c7a399d95d173f.rlib" "-Wl,-Bdynamic" "-lgcc_s" "-lutil" "-lrt" "-lpthread" "-lm" "-ldl" "-lc" "-Wl,--eh-frame-hdr" "-Wl,-znoexecstack" "-L" "/opt/rustwide/rustup-home/toolchains/1.54.0-x86_64-unknown-linux-gnu/lib/rustlib/x86_64-unknown-linux-gnu/lib" "-o" "/tmp/rustdoctestuN8ZGp/rust_out" "-Wl,--gc-sections" "-pie" "-Wl,-zrelro" "-Wl,-znow" "-nodefaultlibs"
[INFO] [stdout]   = note: collect2: fatal error: ld terminated with signal 9 [Killed]
[INFO] [stdout]           compilation terminated.
[INFO] [stdout]           
[INFO] [stdout] 
[INFO] [stdout] error: aborting due to previous error
[INFO] [stdout] 
[INFO] [stdout] Couldn't compile the test.
[INFO] [stdout] 
[INFO] [stdout] failures:
[INFO] [stdout]     src/maths.rs - maths::Matrix4 (line 612)
[INFO] [stdout]     src/maths.rs - maths::Matrix4 (line 643)
[INFO] [stdout]     src/maths.rs - maths::Vector2::dot (line 80)
[INFO] [stdout]     src/maths.rs - maths::Vector3::dot (line 243)
[INFO] [stdout]     src/maths.rs - maths::Vector3::magnitude (line 218)
[INFO] [stdout]     src/maths.rs - maths::Vector3::normal (line 228)
[INFO] [stdout] 
[INFO] [stdout] test result: FAILED. 12 passed; 6 failed; 0 ignored; 0 measured; 0 filtered out; finished in 3.08s
[INFO] [stdout] 
[INFO] [stderr] error: test failed, to rerun pass '--doc'
[INFO] running `Command { std: "docker" "inspect" "5b6ef00f45e7de028afddc9999ae0e1686593b98563550aadf29d571a2b9139c", kill_on_drop: false }`
[INFO] running `Command { std: "docker" "rm" "-f" "5b6ef00f45e7de028afddc9999ae0e1686593b98563550aadf29d571a2b9139c", kill_on_drop: false }`
[INFO] [stdout] 5b6ef00f45e7de028afddc9999ae0e1686593b98563550aadf29d571a2b9139c
