[INFO] cloning repository https://github.com/AbdulRhmanAlfaifi/lnk_parser
[INFO] running `Command { std: "git" "-c" "credential.helper=" "-c" "credential.helper=/workspace/cargo-home/bin/git-credential-null" "clone" "--bare" "https://github.com/AbdulRhmanAlfaifi/lnk_parser" "/workspace/cache/git-repos/https%3A%2F%2Fgithub.com%2FAbdulRhmanAlfaifi%2Flnk_parser", kill_on_drop: false }`
[INFO] [stderr] Cloning into bare repository '/workspace/cache/git-repos/https%3A%2F%2Fgithub.com%2FAbdulRhmanAlfaifi%2Flnk_parser'...
[INFO] running `Command { std: "git" "rev-parse" "HEAD", kill_on_drop: false }`
[INFO] [stdout] ceabbf17d6df7711105421b4e207f3dcefd9b144
[INFO] testing AbdulRhmanAlfaifi/lnk_parser against 1.54.0 for beta-1.55-1
[INFO] running `Command { std: "git" "clone" "/workspace/cache/git-repos/https%3A%2F%2Fgithub.com%2FAbdulRhmanAlfaifi%2Flnk_parser" "/workspace/builds/worker-96/source", kill_on_drop: false }`
[INFO] [stderr] Cloning into '/workspace/builds/worker-96/source'...
[INFO] [stderr] done.
[INFO] validating manifest of git repo https://github.com/AbdulRhmanAlfaifi/lnk_parser on toolchain 1.54.0
[INFO] running `Command { std: "/workspace/cargo-home/bin/cargo" "+1.54.0" "metadata" "--manifest-path" "Cargo.toml" "--no-deps", kill_on_drop: false }`
[INFO] started tweaking git repo https://github.com/AbdulRhmanAlfaifi/lnk_parser
[INFO] finished tweaking git repo https://github.com/AbdulRhmanAlfaifi/lnk_parser
[INFO] tweaked toml for git repo https://github.com/AbdulRhmanAlfaifi/lnk_parser written to /workspace/builds/worker-96/source/Cargo.toml
[INFO] crate git repo https://github.com/AbdulRhmanAlfaifi/lnk_parser already has a lockfile, it will not be regenerated
[INFO] running `Command { std: "/workspace/cargo-home/bin/cargo" "+1.54.0" "fetch" "--manifest-path" "Cargo.toml", kill_on_drop: false }`
[INFO] [stderr]     Blocking waiting for file lock on package cache
[INFO] [stderr]     Blocking waiting for file lock on package cache
[INFO] running `Command { std: "docker" "create" "-v" "/var/lib/crater-agent-workspace/builds/worker-96/target:/opt/rustwide/target:rw,Z" "-v" "/var/lib/crater-agent-workspace/builds/worker-96/source:/opt/rustwide/workdir:ro,Z" "-v" "/var/lib/crater-agent-workspace/cargo-home:/opt/rustwide/cargo-home:ro,Z" "-v" "/var/lib/crater-agent-workspace/rustup-home:/opt/rustwide/rustup-home:ro,Z" "-e" "SOURCE_DIR=/opt/rustwide/workdir" "-e" "CARGO_TARGET_DIR=/opt/rustwide/target" "-e" "CARGO_HOME=/opt/rustwide/cargo-home" "-e" "RUSTUP_HOME=/opt/rustwide/rustup-home" "-w" "/opt/rustwide/workdir" "-m" "1610612736" "--user" "0:0" "--network" "none" "ghcr.io/rust-lang/crates-build-env/linux@sha256:34b6a614d2c27851fe6cbf88fbd1137609cefab8b10d0615aaeb6fd47975d74e" "/opt/rustwide/cargo-home/bin/cargo" "+1.54.0" "metadata" "--no-deps" "--format-version=1", kill_on_drop: false }`
[INFO] [stdout] 6d7e815170afe53bf5a7ca0b586a773d89aba3ccde5f1095a3142f5322410833
[INFO] running `Command { std: "docker" "start" "-a" "6d7e815170afe53bf5a7ca0b586a773d89aba3ccde5f1095a3142f5322410833", kill_on_drop: false }`
[INFO] running `Command { std: "docker" "inspect" "6d7e815170afe53bf5a7ca0b586a773d89aba3ccde5f1095a3142f5322410833", kill_on_drop: false }`
[INFO] running `Command { std: "docker" "rm" "-f" "6d7e815170afe53bf5a7ca0b586a773d89aba3ccde5f1095a3142f5322410833", kill_on_drop: false }`
[INFO] [stdout] 6d7e815170afe53bf5a7ca0b586a773d89aba3ccde5f1095a3142f5322410833
[INFO] running `Command { std: "docker" "create" "-v" "/var/lib/crater-agent-workspace/builds/worker-96/target:/opt/rustwide/target:rw,Z" "-v" "/var/lib/crater-agent-workspace/builds/worker-96/source:/opt/rustwide/workdir:ro,Z" "-v" "/var/lib/crater-agent-workspace/cargo-home:/opt/rustwide/cargo-home:ro,Z" "-v" "/var/lib/crater-agent-workspace/rustup-home:/opt/rustwide/rustup-home:ro,Z" "-e" "SOURCE_DIR=/opt/rustwide/workdir" "-e" "CARGO_TARGET_DIR=/opt/rustwide/target" "-e" "CARGO_INCREMENTAL=0" "-e" "RUST_BACKTRACE=full" "-e" "RUSTFLAGS=--cap-lints=warn" "-e" "CARGO_HOME=/opt/rustwide/cargo-home" "-e" "RUSTUP_HOME=/opt/rustwide/rustup-home" "-w" "/opt/rustwide/workdir" "-m" "1610612736" "--user" "0:0" "--network" "none" "ghcr.io/rust-lang/crates-build-env/linux@sha256:34b6a614d2c27851fe6cbf88fbd1137609cefab8b10d0615aaeb6fd47975d74e" "/opt/rustwide/cargo-home/bin/cargo" "+1.54.0" "build" "--frozen" "--message-format=json", kill_on_drop: false }`
[INFO] [stdout] 669a9702f4123d6125a3f1797af1b70ef56393b697787939d432c7d5a420bea9
[INFO] running `Command { std: "docker" "start" "-a" "669a9702f4123d6125a3f1797af1b70ef56393b697787939d432c7d5a420bea9", kill_on_drop: false }`
[INFO] [stderr]     Blocking waiting for file lock on package cache
[INFO] [stderr]    Compiling proc-macro2 v1.0.24
[INFO] [stderr]    Compiling autocfg v1.0.1
[INFO] [stderr]    Compiling libc v0.2.80
[INFO] [stderr]    Compiling syn v1.0.60
[INFO] [stderr]    Compiling serde_derive v1.0.123
[INFO] [stderr]    Compiling serde v1.0.123
[INFO] [stderr]    Compiling serde_json v1.0.61
[INFO] [stderr]    Compiling unicode-width v0.1.8
[INFO] [stderr]    Compiling ansi_term v0.11.0
[INFO] [stderr]    Compiling byteorder v1.4.2
[INFO] [stderr]    Compiling strsim v0.8.0
[INFO] [stderr]    Compiling vec_map v0.8.2
[INFO] [stderr]    Compiling glob v0.3.0
[INFO] [stderr]    Compiling bitreader v0.3.3
[INFO] [stderr]    Compiling textwrap v0.11.0
[INFO] [stderr]    Compiling num-traits v0.2.14
[INFO] [stderr]    Compiling num-integer v0.1.44
[INFO] [stderr]    Compiling quote v1.0.7
[INFO] [stderr]    Compiling time v0.1.44
[INFO] [stderr]    Compiling atty v0.2.14
[INFO] [stderr]    Compiling clap v2.33.3
[INFO] [stderr]    Compiling chrono v0.4.19
[INFO] [stderr]    Compiling winparsingtools v1.1.0
[INFO] [stderr]    Compiling lnk_parser v0.1.0 (/opt/rustwide/workdir)
[INFO] [stderr]     Finished dev [unoptimized + debuginfo] target(s) in 1m 41s
[INFO] running `Command { std: "docker" "inspect" "669a9702f4123d6125a3f1797af1b70ef56393b697787939d432c7d5a420bea9", kill_on_drop: false }`
[INFO] running `Command { std: "docker" "rm" "-f" "669a9702f4123d6125a3f1797af1b70ef56393b697787939d432c7d5a420bea9", kill_on_drop: false }`
[INFO] [stdout] 669a9702f4123d6125a3f1797af1b70ef56393b697787939d432c7d5a420bea9
[INFO] running `Command { std: "docker" "create" "-v" "/var/lib/crater-agent-workspace/builds/worker-96/target:/opt/rustwide/target:rw,Z" "-v" "/var/lib/crater-agent-workspace/builds/worker-96/source:/opt/rustwide/workdir:ro,Z" "-v" "/var/lib/crater-agent-workspace/cargo-home:/opt/rustwide/cargo-home:ro,Z" "-v" "/var/lib/crater-agent-workspace/rustup-home:/opt/rustwide/rustup-home:ro,Z" "-e" "SOURCE_DIR=/opt/rustwide/workdir" "-e" "CARGO_TARGET_DIR=/opt/rustwide/target" "-e" "CARGO_INCREMENTAL=0" "-e" "RUST_BACKTRACE=full" "-e" "RUSTFLAGS=--cap-lints=warn" "-e" "CARGO_HOME=/opt/rustwide/cargo-home" "-e" "RUSTUP_HOME=/opt/rustwide/rustup-home" "-w" "/opt/rustwide/workdir" "-m" "1610612736" "--user" "0:0" "--network" "none" "ghcr.io/rust-lang/crates-build-env/linux@sha256:34b6a614d2c27851fe6cbf88fbd1137609cefab8b10d0615aaeb6fd47975d74e" "/opt/rustwide/cargo-home/bin/cargo" "+1.54.0" "test" "--frozen" "--no-run" "--message-format=json", kill_on_drop: false }`
[INFO] [stdout] 6896c994088288e947dc7eeaf03862a5433572a5f2676e61d9d9571a0b66258e
[INFO] running `Command { std: "docker" "start" "-a" "6896c994088288e947dc7eeaf03862a5433572a5f2676e61d9d9571a0b66258e", kill_on_drop: false }`
[INFO] [stderr]    Compiling lnk_parser v0.1.0 (/opt/rustwide/workdir)
[INFO] [stderr]     Finished test [unoptimized + debuginfo] target(s) in 0.91s
[INFO] running `Command { std: "docker" "inspect" "6896c994088288e947dc7eeaf03862a5433572a5f2676e61d9d9571a0b66258e", kill_on_drop: false }`
[INFO] running `Command { std: "docker" "rm" "-f" "6896c994088288e947dc7eeaf03862a5433572a5f2676e61d9d9571a0b66258e", kill_on_drop: false }`
[INFO] [stdout] 6896c994088288e947dc7eeaf03862a5433572a5f2676e61d9d9571a0b66258e
[INFO] running `Command { std: "docker" "create" "-v" "/var/lib/crater-agent-workspace/builds/worker-96/target:/opt/rustwide/target:rw,Z" "-v" "/var/lib/crater-agent-workspace/builds/worker-96/source:/opt/rustwide/workdir:ro,Z" "-v" "/var/lib/crater-agent-workspace/cargo-home:/opt/rustwide/cargo-home:ro,Z" "-v" "/var/lib/crater-agent-workspace/rustup-home:/opt/rustwide/rustup-home:ro,Z" "-e" "SOURCE_DIR=/opt/rustwide/workdir" "-e" "CARGO_TARGET_DIR=/opt/rustwide/target" "-e" "CARGO_INCREMENTAL=0" "-e" "RUST_BACKTRACE=full" "-e" "RUSTFLAGS=--cap-lints=warn" "-e" "CARGO_HOME=/opt/rustwide/cargo-home" "-e" "RUSTUP_HOME=/opt/rustwide/rustup-home" "-w" "/opt/rustwide/workdir" "-m" "1610612736" "--user" "0:0" "--network" "none" "ghcr.io/rust-lang/crates-build-env/linux@sha256:34b6a614d2c27851fe6cbf88fbd1137609cefab8b10d0615aaeb6fd47975d74e" "/opt/rustwide/cargo-home/bin/cargo" "+1.54.0" "test" "--frozen", kill_on_drop: false }`
[INFO] [stdout] 4c48bef1477ba8dbd2ded7cae640e5e9b2143aac92818bd4dbea7b439a22733b
[INFO] running `Command { std: "docker" "start" "-a" "4c48bef1477ba8dbd2ded7cae640e5e9b2143aac92818bd4dbea7b439a22733b", kill_on_drop: false }`
[INFO] [stderr]     Finished test [unoptimized + debuginfo] target(s) in 0.10s
[INFO] [stderr]      Running unittests (/opt/rustwide/target/debug/deps/lnk_parser-b4c27527a6a3351c)
[INFO] [stdout] 
[INFO] [stdout] running 0 tests
[INFO] [stdout] 
[INFO] [stdout] test result: ok. 0 passed; 0 failed; 0 ignored; 0 measured; 0 filtered out; finished in 0.00s
[INFO] [stdout] 
[INFO] [stderr]      Running unittests (/opt/rustwide/target/debug/deps/lnk_parser-e07a8f446609082f)
[INFO] [stdout] 
[INFO] [stderr]      Running tests/lnk_parser_tests.rs (/opt/rustwide/target/debug/deps/lnk_parser_tests-6d5ca4dab1e21e3d)
[INFO] [stdout] running 0 tests
[INFO] [stdout] 
[INFO] [stdout] test result: ok. 0 passed; 0 failed; 0 ignored; 0 measured; 0 filtered out; finished in 0.00s
[INFO] [stdout] 
[INFO] [stdout] 
[INFO] [stdout] running 3 tests
[INFO] [stdout] test test_win7 ... ok
[INFO] [stdout] test test_win10 ... ok
[INFO] [stderr]    Doc-tests lnk_parser
[INFO] [stdout] test test_ws12r2 ... ok
[INFO] [stdout] 
[INFO] [stdout] test result: ok. 3 passed; 0 failed; 0 ignored; 0 measured; 0 filtered out; finished in 0.01s
[INFO] [stdout] 
[INFO] [stdout] 
[INFO] [stdout] running 2 tests
[INFO] [stdout] test src/lib.rs - LNKParser::from_path (line 95) ... FAILED
[INFO] [stdout] test src/lib.rs - LNKParser::from_reader (line 114) ... FAILED
[INFO] [stdout] 
[INFO] [stdout] failures:
[INFO] [stdout] 
[INFO] [stdout] ---- src/lib.rs - LNKParser::from_path (line 95) stdout ----
[INFO] [stdout] error[E0433]: failed to resolve: use of undeclared type `LNKParser`
[INFO] [stdout]  --> src/lib.rs:97:20
[INFO] [stdout]   |
[INFO] [stdout] 3 |     let lnk_file = LNKParser::from_path("sample.lnk");
[INFO] [stdout]   |                    ^^^^^^^^^ not found in this scope
[INFO] [stdout]   |
[INFO] [stdout] help: consider importing this struct
[INFO] [stdout]   |
[INFO] [stdout] 2 | use lnk_parser::LNKParser;
[INFO] [stdout]   |
[INFO] [stdout] 
[INFO] [stdout] error: aborting due to previous error
[INFO] [stdout] 
[INFO] [stdout] For more information about this error, try `rustc --explain E0433`.
[INFO] [stdout] Couldn't compile the test.
[INFO] [stdout] ---- src/lib.rs - LNKParser::from_reader (line 114) stdout ----
[INFO] [stdout] error[E0433]: failed to resolve: use of undeclared type `LNKParser`
[INFO] [stdout]  --> src/lib.rs:121:20
[INFO] [stdout]   |
[INFO] [stdout] 8 |     let lnk_file = LNKParser::from_reader(file);
[INFO] [stdout]   |                    ^^^^^^^^^ not found in this scope
[INFO] [stdout]   |
[INFO] [stdout] help: consider importing this struct
[INFO] [stdout]   |
[INFO] [stdout] 2 | use lnk_parser::LNKParser;
[INFO] [stdout]   |
[INFO] [stdout] 
[INFO] [stdout] error: aborting due to previous error
[INFO] [stdout] 
[INFO] [stdout] For more information about this error, try `rustc --explain E0433`.
[INFO] [stdout] Couldn't compile the test.
[INFO] [stdout] 
[INFO] [stdout] failures:
[INFO] [stdout]     src/lib.rs - LNKParser::from_path (line 95)
[INFO] [stdout]     src/lib.rs - LNKParser::from_reader (line 114)
[INFO] [stdout] 
[INFO] [stdout] test result: FAILED. 0 passed; 2 failed; 0 ignored; 0 measured; 0 filtered out; finished in 0.38s
[INFO] [stdout] 
[INFO] [stderr] error: test failed, to rerun pass '--doc'
[INFO] running `Command { std: "docker" "inspect" "4c48bef1477ba8dbd2ded7cae640e5e9b2143aac92818bd4dbea7b439a22733b", kill_on_drop: false }`
[INFO] running `Command { std: "docker" "rm" "-f" "4c48bef1477ba8dbd2ded7cae640e5e9b2143aac92818bd4dbea7b439a22733b", kill_on_drop: false }`
[INFO] [stdout] 4c48bef1477ba8dbd2ded7cae640e5e9b2143aac92818bd4dbea7b439a22733b
