[INFO] cloning repository https://github.com/AQRPM/AQRPM
[INFO] running `Command { std: "git" "-c" "credential.helper=" "-c" "credential.helper=/workspace/cargo-home/bin/git-credential-null" "clone" "--bare" "https://github.com/AQRPM/AQRPM" "/workspace/cache/git-repos/https%3A%2F%2Fgithub.com%2FAQRPM%2FAQRPM", kill_on_drop: false }`
[INFO] [stderr] Cloning into bare repository '/workspace/cache/git-repos/https%3A%2F%2Fgithub.com%2FAQRPM%2FAQRPM'...
[INFO] running `Command { std: "git" "rev-parse" "HEAD", kill_on_drop: false }`
[INFO] [stdout] 9986c2d2fd6a94c07fc85693609f55ae6064d46e
[INFO] testing AQRPM/AQRPM against beta-2021-08-01 for beta-1.55-1
[INFO] running `Command { std: "git" "clone" "/workspace/cache/git-repos/https%3A%2F%2Fgithub.com%2FAQRPM%2FAQRPM" "/workspace/builds/worker-16/source", kill_on_drop: false }`
[INFO] [stderr] Cloning into '/workspace/builds/worker-16/source'...
[INFO] [stderr] done.
[INFO] validating manifest of git repo https://github.com/AQRPM/AQRPM on toolchain beta-2021-08-01
[INFO] running `Command { std: "/workspace/cargo-home/bin/cargo" "+beta-2021-08-01" "metadata" "--manifest-path" "Cargo.toml" "--no-deps", kill_on_drop: false }`
[INFO] started tweaking git repo https://github.com/AQRPM/AQRPM
[INFO] finished tweaking git repo https://github.com/AQRPM/AQRPM
[INFO] tweaked toml for git repo https://github.com/AQRPM/AQRPM written to /workspace/builds/worker-16/source/Cargo.toml
[INFO] crate git repo https://github.com/AQRPM/AQRPM already has a lockfile, it will not be regenerated
[INFO] running `Command { std: "/workspace/cargo-home/bin/cargo" "+beta-2021-08-01" "fetch" "--manifest-path" "Cargo.toml", kill_on_drop: false }`
[INFO] [stderr]     Blocking waiting for file lock on package cache
[INFO] [stderr]     Blocking waiting for file lock on package cache
[INFO] [stderr]  Downloading crates ...
[INFO] [stderr]   Downloaded gdk-pixbuf-sys v0.5.0
[INFO] [stderr]   Downloaded gio-sys v0.5.0
[INFO] [stderr]   Downloaded gdk-sys v0.5.0
[INFO] [stderr]   Downloaded glib v0.4.0
[INFO] [stderr]   Downloaded synstructure v0.6.1
[INFO] [stderr]   Downloaded failure_derive v0.1.1
[INFO] [stderr]   Downloaded cairo-rs v0.3.0
[INFO] [stderr]   Downloaded num-traits v0.1.41
[INFO] [stderr]   Downloaded glib-sys v0.5.0
[INFO] [stderr]   Downloaded pango-sys v0.5.0
[INFO] [stderr]   Downloaded byteorder v1.2.1
[INFO] [stderr]   Downloaded pango v0.3.0
[INFO] [stderr]   Downloaded gobject-sys v0.5.0
[INFO] [stderr]   Downloaded atk-sys v0.5.0
[INFO] [stderr]   Downloaded cairo-sys-rs v0.5.0
[INFO] [stderr]   Downloaded failure v0.1.1
[INFO] [stderr]   Downloaded cc v1.0.3
[INFO] [stderr]   Downloaded c_vec v1.2.1
[INFO] [stderr]   Downloaded gio v0.3.0
[INFO] [stderr]   Downloaded bitflags v1.0.1
[INFO] [stderr]   Downloaded gdk v0.7.0
[INFO] [stderr]   Downloaded libsodium-sys v0.0.16
[INFO] [stderr]   Downloaded serde_derive v1.0.27
[INFO] [stderr]   Downloaded serde v1.0.27
[INFO] [stderr]   Downloaded gtk-sys v0.5.0
[INFO] [stderr]   Downloaded serde_derive_internals v0.19.0
[INFO] [stderr]   Downloaded backtrace-sys v0.1.16
[INFO] [stderr]   Downloaded gtk v0.3.0
[INFO] [stderr]   Downloaded libc v0.2.34
[INFO] [stderr]   Downloaded gdk-pixbuf v0.3.0
[INFO] [stderr]   Downloaded sodiumoxide v0.0.16
[INFO] [stderr]   Downloaded backtrace v0.3.4
[INFO] [stderr]   Downloaded rmp v0.8.7
[INFO] running `Command { std: "docker" "create" "-v" "/var/lib/crater-agent-workspace/builds/worker-16/target:/opt/rustwide/target:rw,Z" "-v" "/var/lib/crater-agent-workspace/builds/worker-16/source:/opt/rustwide/workdir:ro,Z" "-v" "/var/lib/crater-agent-workspace/cargo-home:/opt/rustwide/cargo-home:ro,Z" "-v" "/var/lib/crater-agent-workspace/rustup-home:/opt/rustwide/rustup-home:ro,Z" "-e" "SOURCE_DIR=/opt/rustwide/workdir" "-e" "CARGO_TARGET_DIR=/opt/rustwide/target" "-e" "CARGO_HOME=/opt/rustwide/cargo-home" "-e" "RUSTUP_HOME=/opt/rustwide/rustup-home" "-w" "/opt/rustwide/workdir" "-m" "1610612736" "--user" "0:0" "--network" "none" "ghcr.io/rust-lang/crates-build-env/linux@sha256:34b6a614d2c27851fe6cbf88fbd1137609cefab8b10d0615aaeb6fd47975d74e" "/opt/rustwide/cargo-home/bin/cargo" "+beta-2021-08-01" "metadata" "--no-deps" "--format-version=1", kill_on_drop: false }`
[INFO] [stdout] 322f80dfa3e5e7b704e08ce7f00598d3d4169d7052f54f2330763f44a5399b43
[INFO] running `Command { std: "docker" "start" "-a" "322f80dfa3e5e7b704e08ce7f00598d3d4169d7052f54f2330763f44a5399b43", kill_on_drop: false }`
[INFO] running `Command { std: "docker" "inspect" "322f80dfa3e5e7b704e08ce7f00598d3d4169d7052f54f2330763f44a5399b43", kill_on_drop: false }`
[INFO] running `Command { std: "docker" "rm" "-f" "322f80dfa3e5e7b704e08ce7f00598d3d4169d7052f54f2330763f44a5399b43", kill_on_drop: false }`
[INFO] [stdout] 322f80dfa3e5e7b704e08ce7f00598d3d4169d7052f54f2330763f44a5399b43
[INFO] running `Command { std: "docker" "create" "-v" "/var/lib/crater-agent-workspace/builds/worker-16/target:/opt/rustwide/target:rw,Z" "-v" "/var/lib/crater-agent-workspace/builds/worker-16/source:/opt/rustwide/workdir:ro,Z" "-v" "/var/lib/crater-agent-workspace/cargo-home:/opt/rustwide/cargo-home:ro,Z" "-v" "/var/lib/crater-agent-workspace/rustup-home:/opt/rustwide/rustup-home:ro,Z" "-e" "SOURCE_DIR=/opt/rustwide/workdir" "-e" "CARGO_TARGET_DIR=/opt/rustwide/target" "-e" "CARGO_INCREMENTAL=0" "-e" "RUST_BACKTRACE=full" "-e" "RUSTFLAGS=--cap-lints=warn" "-e" "CARGO_HOME=/opt/rustwide/cargo-home" "-e" "RUSTUP_HOME=/opt/rustwide/rustup-home" "-w" "/opt/rustwide/workdir" "-m" "1610612736" "--user" "0:0" "--network" "none" "ghcr.io/rust-lang/crates-build-env/linux@sha256:34b6a614d2c27851fe6cbf88fbd1137609cefab8b10d0615aaeb6fd47975d74e" "/opt/rustwide/cargo-home/bin/cargo" "+beta-2021-08-01" "build" "--frozen" "--message-format=json", kill_on_drop: false }`
[INFO] [stdout] 92c10b3f17543a244392de572fff938e999c82065509be3860d2863477119a14
[INFO] running `Command { std: "docker" "start" "-a" "92c10b3f17543a244392de572fff938e999c82065509be3860d2863477119a14", kill_on_drop: false }`
[INFO] [stderr]     Blocking waiting for file lock on package cache
[INFO] [stderr]    Compiling pkg-config v0.3.9
[INFO] [stderr]    Compiling libc v0.2.34
[INFO] [stderr]    Compiling bitflags v1.0.1
[INFO] [stderr]    Compiling unicode-xid v0.0.4
[INFO] [stderr]    Compiling lazy_static v0.2.11
[INFO] [stderr]    Compiling quote v0.3.15
[INFO] [stderr]    Compiling cc v1.0.3
[INFO] [stderr]    Compiling gio v0.3.0
[INFO] [stderr]    Compiling gdk-pixbuf v0.3.0
[INFO] [stderr]    Compiling cairo-rs v0.3.0
[INFO] [stderr]    Compiling c_vec v1.2.1
[INFO] [stderr]    Compiling gdk v0.7.0
[INFO] [stderr]    Compiling num-traits v0.1.41
[INFO] [stderr]    Compiling serde v1.0.27
[INFO] [stderr]    Compiling gtk v0.3.0
[INFO] [stderr]    Compiling byteorder v1.2.1
[INFO] [stderr]    Compiling cfg-if v0.1.2
[INFO] [stderr]    Compiling rustc-demangle v0.1.5
[INFO] [stderr]    Compiling synom v0.11.3
[INFO] [stderr]    Compiling rmp v0.8.7
[INFO] [stderr]    Compiling glib-sys v0.5.0
[INFO] [stderr]    Compiling gobject-sys v0.5.0
[INFO] [stderr]    Compiling gio-sys v0.5.0
[INFO] [stderr]    Compiling cairo-sys-rs v0.5.0
[INFO] [stderr]    Compiling gdk-pixbuf-sys v0.5.0
[INFO] [stderr]    Compiling pango-sys v0.5.0
[INFO] [stderr]    Compiling gdk-sys v0.5.0
[INFO] [stderr]    Compiling atk-sys v0.5.0
[INFO] [stderr]    Compiling gtk-sys v0.5.0
[INFO] [stderr]    Compiling libsodium-sys v0.0.16
[INFO] [stderr]    Compiling syn v0.11.11
[INFO] [stderr]    Compiling backtrace-sys v0.1.16
[INFO] [stderr]    Compiling synstructure v0.6.1
[INFO] [stderr]    Compiling serde_derive_internals v0.19.0
[INFO] [stderr]    Compiling failure_derive v0.1.1
[INFO] [stderr]    Compiling glib v0.4.0
[INFO] [stderr]    Compiling serde_derive v1.0.27
[INFO] [stderr]    Compiling rmp-serde v0.13.7
[INFO] [stderr]    Compiling sodiumoxide v0.0.16
[INFO] [stderr]    Compiling pango v0.3.0
[INFO] [stderr]    Compiling backtrace v0.3.4
[INFO] [stderr]    Compiling failure v0.1.1
[INFO] [stderr]    Compiling aqrpm v0.1.0 (/opt/rustwide/workdir)
[INFO] [stdout] warning: unused imports: `Align`, `Box as GtkBox`, `Button`, `ButtonsType`, `Label`, `MenuItem`, `Menu`, `MessageDialog`, `RadioButton`
[INFO] [stdout]   --> src/main.rs:5:5
[INFO] [stdout]    |
[INFO] [stdout] 5  |     Align,
[INFO] [stdout]    |     ^^^^^
[INFO] [stdout] 6  |     Box as GtkBox,
[INFO] [stdout]    |     ^^^^^^^^^^^^^
[INFO] [stdout] 7  |     Button,
[INFO] [stdout]    |     ^^^^^^
[INFO] [stdout] 8  |     ButtonsType,
[INFO] [stdout]    |     ^^^^^^^^^^^
[INFO] [stdout] ...
[INFO] [stdout] 11 |     Label,
[INFO] [stdout]    |     ^^^^^
[INFO] [stdout] 12 |     Menu,
[INFO] [stdout]    |     ^^^^
[INFO] [stdout] 13 |     MenuItem,
[INFO] [stdout]    |     ^^^^^^^^
[INFO] [stdout] 14 |     MessageDialog,
[INFO] [stdout]    |     ^^^^^^^^^^^^^
[INFO] [stdout] 15 |     RadioButton,
[INFO] [stdout]    |     ^^^^^^^^^^^
[INFO] [stdout]    |
[INFO] [stdout]    = note: `#[warn(unused_imports)]` on by default
[INFO] [stdout] 
[INFO] [stdout] 
[INFO] [stdout] warning: 1 warning emitted
[INFO] [stdout] 
[INFO] [stdout] 
[INFO] [stderr]     Finished dev [unoptimized + debuginfo] target(s) in 1m 01s
[INFO] running `Command { std: "docker" "inspect" "92c10b3f17543a244392de572fff938e999c82065509be3860d2863477119a14", kill_on_drop: false }`
[INFO] running `Command { std: "docker" "rm" "-f" "92c10b3f17543a244392de572fff938e999c82065509be3860d2863477119a14", kill_on_drop: false }`
[INFO] [stdout] 92c10b3f17543a244392de572fff938e999c82065509be3860d2863477119a14
[INFO] running `Command { std: "docker" "create" "-v" "/var/lib/crater-agent-workspace/builds/worker-16/target:/opt/rustwide/target:rw,Z" "-v" "/var/lib/crater-agent-workspace/builds/worker-16/source:/opt/rustwide/workdir:ro,Z" "-v" "/var/lib/crater-agent-workspace/cargo-home:/opt/rustwide/cargo-home:ro,Z" "-v" "/var/lib/crater-agent-workspace/rustup-home:/opt/rustwide/rustup-home:ro,Z" "-e" "SOURCE_DIR=/opt/rustwide/workdir" "-e" "CARGO_TARGET_DIR=/opt/rustwide/target" "-e" "CARGO_INCREMENTAL=0" "-e" "RUST_BACKTRACE=full" "-e" "RUSTFLAGS=--cap-lints=warn" "-e" "CARGO_HOME=/opt/rustwide/cargo-home" "-e" "RUSTUP_HOME=/opt/rustwide/rustup-home" "-w" "/opt/rustwide/workdir" "-m" "1610612736" "--user" "0:0" "--network" "none" "ghcr.io/rust-lang/crates-build-env/linux@sha256:34b6a614d2c27851fe6cbf88fbd1137609cefab8b10d0615aaeb6fd47975d74e" "/opt/rustwide/cargo-home/bin/cargo" "+beta-2021-08-01" "test" "--frozen" "--no-run" "--message-format=json", kill_on_drop: false }`
[INFO] [stdout] cf5caa15fc82ef2ffc561629fc7840ca8b9c076dfc913f723f6785199e4b55b0
[INFO] running `Command { std: "docker" "start" "-a" "cf5caa15fc82ef2ffc561629fc7840ca8b9c076dfc913f723f6785199e4b55b0", kill_on_drop: false }`
[INFO] [stderr]     Blocking waiting for file lock on package cache
[INFO] [stderr]    Compiling aqrpm v0.1.0 (/opt/rustwide/workdir)
[INFO] [stdout] warning: unused imports: `Align`, `Box as GtkBox`, `Button`, `ButtonsType`, `Label`, `MenuItem`, `Menu`, `MessageDialog`, `RadioButton`
[INFO] [stdout]   --> src/main.rs:5:5
[INFO] [stdout]    |
[INFO] [stdout] 5  |     Align,
[INFO] [stdout]    |     ^^^^^
[INFO] [stdout] 6  |     Box as GtkBox,
[INFO] [stdout]    |     ^^^^^^^^^^^^^
[INFO] [stdout] 7  |     Button,
[INFO] [stdout]    |     ^^^^^^
[INFO] [stdout] 8  |     ButtonsType,
[INFO] [stdout]    |     ^^^^^^^^^^^
[INFO] [stdout] ...
[INFO] [stdout] 11 |     Label,
[INFO] [stdout]    |     ^^^^^
[INFO] [stdout] 12 |     Menu,
[INFO] [stdout]    |     ^^^^
[INFO] [stdout] 13 |     MenuItem,
[INFO] [stdout]    |     ^^^^^^^^
[INFO] [stdout] 14 |     MessageDialog,
[INFO] [stdout]    |     ^^^^^^^^^^^^^
[INFO] [stdout] 15 |     RadioButton,
[INFO] [stdout]    |     ^^^^^^^^^^^
[INFO] [stdout]    |
[INFO] [stdout]    = note: `#[warn(unused_imports)]` on by default
[INFO] [stdout] 
[INFO] [stdout] 
[INFO] [stdout] warning: 1 warning emitted
[INFO] [stdout] 
[INFO] [stdout] 
[INFO] [stderr]     Finished test [unoptimized + debuginfo] target(s) in 4.36s
[INFO] running `Command { std: "docker" "inspect" "cf5caa15fc82ef2ffc561629fc7840ca8b9c076dfc913f723f6785199e4b55b0", kill_on_drop: false }`
[INFO] running `Command { std: "docker" "rm" "-f" "cf5caa15fc82ef2ffc561629fc7840ca8b9c076dfc913f723f6785199e4b55b0", kill_on_drop: false }`
[INFO] [stdout] cf5caa15fc82ef2ffc561629fc7840ca8b9c076dfc913f723f6785199e4b55b0
[INFO] running `Command { std: "docker" "create" "-v" "/var/lib/crater-agent-workspace/builds/worker-16/target:/opt/rustwide/target:rw,Z" "-v" "/var/lib/crater-agent-workspace/builds/worker-16/source:/opt/rustwide/workdir:ro,Z" "-v" "/var/lib/crater-agent-workspace/cargo-home:/opt/rustwide/cargo-home:ro,Z" "-v" "/var/lib/crater-agent-workspace/rustup-home:/opt/rustwide/rustup-home:ro,Z" "-e" "SOURCE_DIR=/opt/rustwide/workdir" "-e" "CARGO_TARGET_DIR=/opt/rustwide/target" "-e" "CARGO_INCREMENTAL=0" "-e" "RUST_BACKTRACE=full" "-e" "RUSTFLAGS=--cap-lints=warn" "-e" "CARGO_HOME=/opt/rustwide/cargo-home" "-e" "RUSTUP_HOME=/opt/rustwide/rustup-home" "-w" "/opt/rustwide/workdir" "-m" "1610612736" "--user" "0:0" "--network" "none" "ghcr.io/rust-lang/crates-build-env/linux@sha256:34b6a614d2c27851fe6cbf88fbd1137609cefab8b10d0615aaeb6fd47975d74e" "/opt/rustwide/cargo-home/bin/cargo" "+beta-2021-08-01" "test" "--frozen", kill_on_drop: false }`
[INFO] [stdout] 284fce69fc1cb5023e30af61b731cb47346e581f6c5ccb24f36b2336429ee845
[INFO] running `Command { std: "docker" "start" "-a" "284fce69fc1cb5023e30af61b731cb47346e581f6c5ccb24f36b2336429ee845", kill_on_drop: false }`
[INFO] [stderr] warning: unused imports: `Align`, `Box as GtkBox`, `Button`, `ButtonsType`, `Label`, `MenuItem`, `Menu`, `MessageDialog`, `RadioButton`
[INFO] [stderr]   --> src/main.rs:5:5
[INFO] [stderr]    |
[INFO] [stderr] 5  |     Align,
[INFO] [stderr]    |     ^^^^^
[INFO] [stderr] 6  |     Box as GtkBox,
[INFO] [stderr]    |     ^^^^^^^^^^^^^
[INFO] [stderr] 7  |     Button,
[INFO] [stderr]    |     ^^^^^^
[INFO] [stderr] 8  |     ButtonsType,
[INFO] [stderr]    |     ^^^^^^^^^^^
[INFO] [stderr] ...
[INFO] [stderr] 11 |     Label,
[INFO] [stderr]    |     ^^^^^
[INFO] [stderr] 12 |     Menu,
[INFO] [stderr]    |     ^^^^
[INFO] [stderr] 13 |     MenuItem,
[INFO] [stderr]    |     ^^^^^^^^
[INFO] [stderr] 14 |     MessageDialog,
[INFO] [stderr]    |     ^^^^^^^^^^^^^
[INFO] [stderr] 15 |     RadioButton,
[INFO] [stderr]    |     ^^^^^^^^^^^
[INFO] [stderr]    |
[INFO] [stderr]    = note: `#[warn(unused_imports)]` on by default
[INFO] [stderr] 
[INFO] [stderr] warning: `aqrpm` (bin "aqrpm" test) generated 1 warning
[INFO] [stderr]     Finished test [unoptimized + debuginfo] target(s) in 0.22s
[INFO] [stderr]      Running unittests (/opt/rustwide/target/debug/deps/aqrpm-d7c5e56aa237aac5)
[INFO] [stdout] 
[INFO] [stdout] running 1 test
[INFO] [stdout] test test ... FAILED
[INFO] [stderr] error: test failed, to rerun pass '--lib'
[INFO] [stdout] 
[INFO] [stdout] failures:
[INFO] [stdout] 
[INFO] [stdout] ---- test stdout ----
[INFO] [stdout] 
[INFO] [stdout] thread 'test' panicked at 'called `Result::unwrap()` on an `Err` value: Os { code: 30, kind: ReadOnlyFilesystem, message: "Read-only file system" }
[INFO] [stdout] 
[INFO] [stdout] stack backtrace:
[INFO] [stdout]    0:     0x562cf90a17dd - backtrace::backtrace::libunwind::trace::hb9d11e6e26c3cad0
[INFO] [stdout]                         at /opt/rustwide/cargo-home/registry/src/github.com-1ecc6299db9ec823/backtrace-0.3.4/src/backtrace/libunwind.rs:53
[INFO] [stdout]                          - backtrace::backtrace::trace::h32f2dd27d008cd37
[INFO] [stdout]                         at /opt/rustwide/cargo-home/registry/src/github.com-1ecc6299db9ec823/backtrace-0.3.4/src/backtrace/mod.rs:42
[INFO] [stdout]    1:     0x562cf90a676f - backtrace::capture::Backtrace::new_unresolved::h8b4e05fc1c419a74
[INFO] [stdout]                         at /opt/rustwide/cargo-home/registry/src/github.com-1ecc6299db9ec823/backtrace-0.3.4/src/capture.rs:88
[INFO] [stdout]    2:     0x562cf909e74c - failure::backtrace::internal::InternalBacktrace::new::h1064f19d4502ef7d
[INFO] [stdout]                         at /opt/rustwide/cargo-home/registry/src/github.com-1ecc6299db9ec823/failure-0.1.1/src/backtrace/internal.rs:44
[INFO] [stdout]    3:     0x562cf909dc36 - failure::backtrace::Backtrace::new::h8e7ab5be975c0201
[INFO] [stdout]                         at /opt/rustwide/cargo-home/registry/src/github.com-1ecc6299db9ec823/failure-0.1.1/src/backtrace/mod.rs:98
[INFO] [stdout]    4:     0x562cf9046a8a - <failure::error::Error as core::convert::From<F>>::from::h1aa1ab5636c3c715
[INFO] [stdout]                         at /opt/rustwide/cargo-home/registry/src/github.com-1ecc6299db9ec823/failure-0.1.1/src/error.rs:34
[INFO] [stdout]    5:     0x562cf904af7a - <core::result::Result<T,F> as core::ops::try_trait::FromResidual<core::result::Result<core::convert::Infallible,E>>>::from_residual::h9a282cac690c7249
[INFO] [stdout]                         at /rustc/53fd98ca776cb875bc9e5514f56b52eb74f9e7a9/library/core/src/result.rs:1897
[INFO] [stdout]    6:     0x562cf9051574 - aqrpm::Vault::write::h5a0f2c7cdb5685be
[INFO] [stdout]                         at src/lib.rs:72
[INFO] [stdout]    7:     0x562cf9055c18 - aqrpm::test::h1cc86df6c623af5a
[INFO] [stdout]                         at src/lib.rs:154
[INFO] [stdout]    8:     0x562cf9055a29 - aqrpm::test::{{closure}}::haa63da5ff44b9e5b
[INFO] [stdout]                         at src/lib.rs:140
[INFO] [stdout]    9:     0x562cf904724d - core::ops::function::FnOnce::call_once::h6ef0250245df3423
[INFO] [stdout]                         at /rustc/53fd98ca776cb875bc9e5514f56b52eb74f9e7a9/library/core/src/ops/function.rs:227
[INFO] [stdout]   10:     0x562cf908fc02 - core::ops::function::FnOnce::call_once::hbb52c4519d3137b0
[INFO] [stdout]                         at /rustc/53fd98ca776cb875bc9e5514f56b52eb74f9e7a9/library/core/src/ops/function.rs:227
[INFO] [stdout]                          - test::__rust_begin_short_backtrace::h86fe3a2a5a5121af
[INFO] [stdout]                         at library/test/src/lib.rs:578
[INFO] [stdout]   11:     0x562cf908e6b7 - <alloc::boxed::Box<F,A> as core::ops::function::FnOnce<Args>>::call_once::hfd956bc3d57399be
[INFO] [stdout]                         at /rustc/53fd98ca776cb875bc9e5514f56b52eb74f9e7a9/library/alloc/src/boxed.rs:1572
[INFO] [stdout]                          - <std::panic::AssertUnwindSafe<F> as core::ops::function::FnOnce<()>>::call_once::h40dc93e0ddb5938a
[INFO] [stdout]                         at /rustc/53fd98ca776cb875bc9e5514f56b52eb74f9e7a9/library/std/src/panic.rs:347
[INFO] [stdout]                          - std::panicking::try::do_call::h90d07750cb47c562
[INFO] [stdout]                         at /rustc/53fd98ca776cb875bc9e5514f56b52eb74f9e7a9/library/std/src/panicking.rs:401
[INFO] [stdout]                          - std::panicking::try::h063c84733ad2a629
[INFO] [stdout]                         at /rustc/53fd98ca776cb875bc9e5514f56b52eb74f9e7a9/library/std/src/panicking.rs:365
[INFO] [stdout]                          - std::panic::catch_unwind::h0c464836a84e7c08
[INFO] [stdout]                         at /rustc/53fd98ca776cb875bc9e5514f56b52eb74f9e7a9/library/std/src/panic.rs:434
[INFO] [stdout]                          - test::run_test_in_process::h5cb06ef620b157fc
[INFO] [stdout]                         at library/test/src/lib.rs:601
[INFO] [stdout]                          - test::run_test::run_test_inner::{{closure}}::h76f677f4b93f9828
[INFO] [stdout]                         at library/test/src/lib.rs:493
[INFO] [stdout]   12:     0x562cf905ce4c - test::run_test::run_test_inner::{{closure}}::h366d01fe04f4d67a
[INFO] [stdout]                         at library/test/src/lib.rs:520
[INFO] [stdout]                          - std::sys_common::backtrace::__rust_begin_short_backtrace::h7dfa0de4eb395af2
[INFO] [stdout]                         at /rustc/53fd98ca776cb875bc9e5514f56b52eb74f9e7a9/library/std/src/sys_common/backtrace.rs:125
[INFO] [stdout]   13:     0x562cf9061617 - std::thread::Builder::spawn_unchecked::{{closure}}::{{closure}}::hf0a74bb58798037f
[INFO] [stdout]                         at /rustc/53fd98ca776cb875bc9e5514f56b52eb74f9e7a9/library/std/src/thread/mod.rs:476
[INFO] [stdout]                          - <std::panic::AssertUnwindSafe<F> as core::ops::function::FnOnce<()>>::call_once::hb024e854818586ac
[INFO] [stdout]                         at /rustc/53fd98ca776cb875bc9e5514f56b52eb74f9e7a9/library/std/src/panic.rs:347
[INFO] [stdout]                          - std::panicking::try::do_call::hb2dd9f1d0d48e41d
[INFO] [stdout]                         at /rustc/53fd98ca776cb875bc9e5514f56b52eb74f9e7a9/library/std/src/panicking.rs:401
[INFO] [stdout]                          - std::panicking::try::h4717ae7bac8b2bf3
[INFO] [stdout]                         at /rustc/53fd98ca776cb875bc9e5514f56b52eb74f9e7a9/library/std/src/panicking.rs:365
[INFO] [stdout]                          - std::panic::catch_unwind::h0dc8a061326ce8d8
[INFO] [stdout]                         at /rustc/53fd98ca776cb875bc9e5514f56b52eb74f9e7a9/library/std/src/panic.rs:434
[INFO] [stdout]                          - std::thread::Builder::spawn_unchecked::{{closure}}::haa369e2d6fd00aa1
[INFO] [stdout]                         at /rustc/53fd98ca776cb875bc9e5514f56b52eb74f9e7a9/library/std/src/thread/mod.rs:475
[INFO] [stdout]                          - core::ops::function::FnOnce::call_once{{vtable.shim}}::h36dcf3de8b056f17
[INFO] [stdout]                         at /rustc/53fd98ca776cb875bc9e5514f56b52eb74f9e7a9/library/core/src/ops/function.rs:227
[INFO] [stdout]   14:     0x562cf90d7ae6 - <alloc::boxed::Box<F,A> as core::ops::function::FnOnce<Args>>::call_once::h65c29e4642be2358
[INFO] [stdout]                         at /rustc/53fd98ca776cb875bc9e5514f56b52eb74f9e7a9/library/alloc/src/boxed.rs:1572
[INFO] [stdout]                          - <alloc::boxed::Box<F,A> as core::ops::function::FnOnce<Args>>::call_once::hd0f8f7fbbd9fffbf
[INFO] [stdout]                         at /rustc/53fd98ca776cb875bc9e5514f56b52eb74f9e7a9/library/alloc/src/boxed.rs:1572
[INFO] [stdout]                          - std::sys::unix::thread::Thread::new::thread_start::h2fd22fee3ca77b65
[INFO] [stdout]                         at library/std/src/sys/unix/thread.rs:74
[INFO] [stdout]   15:     0x7fed605d3608 - start_thread
[INFO] [stdout]   16:     0x7fed603a3292 - __clone
[INFO] [stdout]   17:                0x0 - <unknown>', src/lib.rs:154:23
[INFO] [stdout] stack backtrace:
[INFO] [stdout]    0:     0x562cf90d0730 - std::backtrace_rs::backtrace::libunwind::trace::hff4d1766e93f64f1
[INFO] [stdout]                                at /rustc/53fd98ca776cb875bc9e5514f56b52eb74f9e7a9/library/std/src/../../backtrace/src/backtrace/libunwind.rs:90:5
[INFO] [stdout]    1:     0x562cf90d0730 - std::backtrace_rs::backtrace::trace_unsynchronized::h56bbc8eb78770bcb
[INFO] [stdout]                                at /rustc/53fd98ca776cb875bc9e5514f56b52eb74f9e7a9/library/std/src/../../backtrace/src/backtrace/mod.rs:66:5
[INFO] [stdout]    2:     0x562cf90d0730 - std::sys_common::backtrace::_print_fmt::h5c8e75464faca780
[INFO] [stdout]                                at /rustc/53fd98ca776cb875bc9e5514f56b52eb74f9e7a9/library/std/src/sys_common/backtrace.rs:67:5
[INFO] [stdout]    3:     0x562cf90d0730 - <std::sys_common::backtrace::_print::DisplayBacktrace as core::fmt::Display>::fmt::h48b88277def8b362
[INFO] [stdout]                                at /rustc/53fd98ca776cb875bc9e5514f56b52eb74f9e7a9/library/std/src/sys_common/backtrace.rs:46:22
[INFO] [stdout]    4:     0x562cf90f2efc - core::fmt::write::h3381b3176fe2b3d3
[INFO] [stdout]                                at /rustc/53fd98ca776cb875bc9e5514f56b52eb74f9e7a9/library/core/src/fmt/mod.rs:1115:17
[INFO] [stdout]    5:     0x562cf90cd5f5 - std::io::Write::write_fmt::h5f34a676f60246b5
[INFO] [stdout]                                at /rustc/53fd98ca776cb875bc9e5514f56b52eb74f9e7a9/library/std/src/io/mod.rs:1665:15
[INFO] [stdout]    6:     0x562cf90d28ab - std::sys_common::backtrace::_print::ha537687d6c17dd0d
[INFO] [stdout]                                at /rustc/53fd98ca776cb875bc9e5514f56b52eb74f9e7a9/library/std/src/sys_common/backtrace.rs:49:5
[INFO] [stdout]    7:     0x562cf90d28ab - std::sys_common::backtrace::print::h61376ae57d131d72
[INFO] [stdout]                                at /rustc/53fd98ca776cb875bc9e5514f56b52eb74f9e7a9/library/std/src/sys_common/backtrace.rs:36:9
[INFO] [stdout]    8:     0x562cf90d28ab - std::panicking::default_hook::{{closure}}::h0f7208c0b9644a54
[INFO] [stdout]                                at /rustc/53fd98ca776cb875bc9e5514f56b52eb74f9e7a9/library/std/src/panicking.rs:208:50
[INFO] [stdout]    9:     0x562cf90d23bc - std::panicking::default_hook::hdac7fc06578c14ce
[INFO] [stdout]                                at /rustc/53fd98ca776cb875bc9e5514f56b52eb74f9e7a9/library/std/src/panicking.rs:222:9
[INFO] [stdout]   10:     0x562cf90d2f74 - std::panicking::rust_panic_with_hook::h72b21c283da3d1ef
[INFO] [stdout]                                at /rustc/53fd98ca776cb875bc9e5514f56b52eb74f9e7a9/library/std/src/panicking.rs:622:17
[INFO] [stdout]   11:     0x562cf90d2a57 - std::panicking::begin_panic_handler::{{closure}}::he5778f1729cff84a
[INFO] [stdout]                                at /rustc/53fd98ca776cb875bc9e5514f56b52eb74f9e7a9/library/std/src/panicking.rs:519:13
[INFO] [stdout]   12:     0x562cf90d0c0c - std::sys_common::backtrace::__rust_end_short_backtrace::h2d11ca8b453b4b1d
[INFO] [stdout]                                at /rustc/53fd98ca776cb875bc9e5514f56b52eb74f9e7a9/library/std/src/sys_common/backtrace.rs:141:18
[INFO] [stdout]   13:     0x562cf90d29b9 - rust_begin_unwind
[INFO] [stdout]                                at /rustc/53fd98ca776cb875bc9e5514f56b52eb74f9e7a9/library/std/src/panicking.rs:515:5
[INFO] [stdout]   14:     0x562cf901e471 - core::panicking::panic_fmt::hf9de31d4acbce4db
[INFO] [stdout]                                at /rustc/53fd98ca776cb875bc9e5514f56b52eb74f9e7a9/library/core/src/panicking.rs:92:14
[INFO] [stdout]   15:     0x562cf901e563 - core::result::unwrap_failed::ha0c84e81219e5878
[INFO] [stdout]                                at /rustc/53fd98ca776cb875bc9e5514f56b52eb74f9e7a9/library/core/src/result.rs:1599:5
[INFO] [stdout]   16:     0x562cf904c319 - core::result::Result<T,E>::unwrap::hf2b0c4679aede669
[INFO] [stdout]                                at /rustc/53fd98ca776cb875bc9e5514f56b52eb74f9e7a9/library/core/src/result.rs:1281:23
[INFO] [stdout]   17:     0x562cf9055c41 - aqrpm::test::h1cc86df6c623af5a
[INFO] [stdout]                                at /opt/rustwide/workdir/src/lib.rs:154:5
[INFO] [stdout]   18:     0x562cf9055a2a - aqrpm::test::{{closure}}::haa63da5ff44b9e5b
[INFO] [stdout]                                at /opt/rustwide/workdir/src/lib.rs:140:1
[INFO] [stdout]   19:     0x562cf904724e - core::ops::function::FnOnce::call_once::h6ef0250245df3423
[INFO] [stdout]                                at /rustc/53fd98ca776cb875bc9e5514f56b52eb74f9e7a9/library/core/src/ops/function.rs:227:5
[INFO] [stdout]   20:     0x562cf908fc03 - core::ops::function::FnOnce::call_once::hbb52c4519d3137b0
[INFO] [stdout]                                at /rustc/53fd98ca776cb875bc9e5514f56b52eb74f9e7a9/library/core/src/ops/function.rs:227:5
[INFO] [stdout]   21:     0x562cf908fc03 - test::__rust_begin_short_backtrace::h86fe3a2a5a5121af
[INFO] [stdout]                                at /rustc/53fd98ca776cb875bc9e5514f56b52eb74f9e7a9/library/test/src/lib.rs:578:5
[INFO] [stdout]   22:     0x562cf908e6b8 - <alloc::boxed::Box<F,A> as core::ops::function::FnOnce<Args>>::call_once::hfd956bc3d57399be
[INFO] [stdout]                                at /rustc/53fd98ca776cb875bc9e5514f56b52eb74f9e7a9/library/alloc/src/boxed.rs:1572:9
[INFO] [stdout]   23:     0x562cf908e6b8 - <std::panic::AssertUnwindSafe<F> as core::ops::function::FnOnce<()>>::call_once::h40dc93e0ddb5938a
[INFO] [stdout]                                at /rustc/53fd98ca776cb875bc9e5514f56b52eb74f9e7a9/library/std/src/panic.rs:347:9
[INFO] [stdout]   24:     0x562cf908e6b8 - std::panicking::try::do_call::h90d07750cb47c562
[INFO] [stdout]                                at /rustc/53fd98ca776cb875bc9e5514f56b52eb74f9e7a9/library/std/src/panicking.rs:401:40
[INFO] [stdout]   25:     0x562cf908e6b8 - std::panicking::try::h063c84733ad2a629
[INFO] [stdout]                                at /rustc/53fd98ca776cb875bc9e5514f56b52eb74f9e7a9/library/std/src/panicking.rs:365:19
[INFO] [stdout]   26:     0x562cf908e6b8 - std::panic::catch_unwind::h0c464836a84e7c08
[INFO] [stdout]                                at /rustc/53fd98ca776cb875bc9e5514f56b52eb74f9e7a9/library/std/src/panic.rs:434:14
[INFO] [stdout]   27:     0x562cf908e6b8 - test::run_test_in_process::h5cb06ef620b157fc
[INFO] [stdout]                                at /rustc/53fd98ca776cb875bc9e5514f56b52eb74f9e7a9/library/test/src/lib.rs:601:18
[INFO] [stdout]   28:     0x562cf908e6b8 - test::run_test::run_test_inner::{{closure}}::h76f677f4b93f9828
[INFO] [stdout]                                at /rustc/53fd98ca776cb875bc9e5514f56b52eb74f9e7a9/library/test/src/lib.rs:493:39
[INFO] [stdout]   29:     0x562cf905ce4d - test::run_test::run_test_inner::{{closure}}::h366d01fe04f4d67a
[INFO] [stdout]                                at /rustc/53fd98ca776cb875bc9e5514f56b52eb74f9e7a9/library/test/src/lib.rs:520:37
[INFO] [stdout]   30:     0x562cf905ce4d - std::sys_common::backtrace::__rust_begin_short_backtrace::h7dfa0de4eb395af2
[INFO] [stdout]                                at /rustc/53fd98ca776cb875bc9e5514f56b52eb74f9e7a9/library/std/src/sys_common/backtrace.rs:125:18
[INFO] [stdout]   31:     0x562cf9061618 - std::thread::Builder::spawn_unchecked::{{closure}}::{{closure}}::hf0a74bb58798037f
[INFO] [stdout]                                at /rustc/53fd98ca776cb875bc9e5514f56b52eb74f9e7a9/library/std/src/thread/mod.rs:476:17
[INFO] [stdout]   32:     0x562cf9061618 - <std::panic::AssertUnwindSafe<F> as core::ops::function::FnOnce<()>>::call_once::hb024e854818586ac
[INFO] [stdout]                                at /rustc/53fd98ca776cb875bc9e5514f56b52eb74f9e7a9/library/std/src/panic.rs:347:9
[INFO] [stdout]   33:     0x562cf9061618 - std::panicking::try::do_call::hb2dd9f1d0d48e41d
[INFO] [stdout]                                at /rustc/53fd98ca776cb875bc9e5514f56b52eb74f9e7a9/library/std/src/panicking.rs:401:40
[INFO] [stdout]   34:     0x562cf9061618 - std::panicking::try::h4717ae7bac8b2bf3
[INFO] [stdout]                                at /rustc/53fd98ca776cb875bc9e5514f56b52eb74f9e7a9/library/std/src/panicking.rs:365:19
[INFO] [stdout]   35:     0x562cf9061618 - std::panic::catch_unwind::h0dc8a061326ce8d8
[INFO] [stdout]                                at /rustc/53fd98ca776cb875bc9e5514f56b52eb74f9e7a9/library/std/src/panic.rs:434:14
[INFO] [stdout]   36:     0x562cf9061618 - std::thread::Builder::spawn_unchecked::{{closure}}::haa369e2d6fd00aa1
[INFO] [stdout]                                at /rustc/53fd98ca776cb875bc9e5514f56b52eb74f9e7a9/library/std/src/thread/mod.rs:475:30
[INFO] [stdout]   37:     0x562cf9061618 - core::ops::function::FnOnce::call_once{{vtable.shim}}::h36dcf3de8b056f17
[INFO] [stdout]                                at /rustc/53fd98ca776cb875bc9e5514f56b52eb74f9e7a9/library/core/src/ops/function.rs:227:5
[INFO] [stdout]   38:     0x562cf90d7ae7 - <alloc::boxed::Box<F,A> as core::ops::function::FnOnce<Args>>::call_once::h65c29e4642be2358
[INFO] [stdout]                                at /rustc/53fd98ca776cb875bc9e5514f56b52eb74f9e7a9/library/alloc/src/boxed.rs:1572:9
[INFO] [stdout]   39:     0x562cf90d7ae7 - <alloc::boxed::Box<F,A> as core::ops::function::FnOnce<Args>>::call_once::hd0f8f7fbbd9fffbf
[INFO] [stdout]                                at /rustc/53fd98ca776cb875bc9e5514f56b52eb74f9e7a9/library/alloc/src/boxed.rs:1572:9
[INFO] [stdout]   40:     0x562cf90d7ae7 - std::sys::unix::thread::Thread::new::thread_start::h2fd22fee3ca77b65
[INFO] [stdout]                                at /rustc/53fd98ca776cb875bc9e5514f56b52eb74f9e7a9/library/std/src/sys/unix/thread.rs:74:17
[INFO] [stdout]   41:     0x7fed605d3609 - start_thread
[INFO] [stdout]   42:     0x7fed603a3293 - clone
[INFO] [stdout]   43:                0x0 - <unknown>
[INFO] [stdout] 
[INFO] [stdout] 
[INFO] [stdout] failures:
[INFO] [stdout]     test
[INFO] [stdout] 
[INFO] [stdout] test result: FAILED. 0 passed; 1 failed; 0 ignored; 0 measured; 0 filtered out; finished in 0.26s
[INFO] [stdout] 
[INFO] running `Command { std: "docker" "inspect" "284fce69fc1cb5023e30af61b731cb47346e581f6c5ccb24f36b2336429ee845", kill_on_drop: false }`
[INFO] running `Command { std: "docker" "rm" "-f" "284fce69fc1cb5023e30af61b731cb47346e581f6c5ccb24f36b2336429ee845", kill_on_drop: false }`
[INFO] [stdout] 284fce69fc1cb5023e30af61b731cb47346e581f6c5ccb24f36b2336429ee845
