[INFO] cloning repository https://github.com/ACollectionOfAtoms/rtlive-cli
[INFO] running `Command { std: "git" "-c" "credential.helper=" "-c" "credential.helper=/workspace/cargo-home/bin/git-credential-null" "clone" "--bare" "https://github.com/ACollectionOfAtoms/rtlive-cli" "/workspace/cache/git-repos/https%3A%2F%2Fgithub.com%2FACollectionOfAtoms%2Frtlive-cli", kill_on_drop: false }`
[INFO] [stderr] Cloning into bare repository '/workspace/cache/git-repos/https%3A%2F%2Fgithub.com%2FACollectionOfAtoms%2Frtlive-cli'...
[INFO] running `Command { std: "git" "rev-parse" "HEAD", kill_on_drop: false }`
[INFO] [stdout] 0dbae677e6fa59fa29ca7afef050f93b25a660b9
[INFO] testing ACollectionOfAtoms/rtlive-cli against 1.54.0 for beta-1.55-1
[INFO] running `Command { std: "git" "clone" "/workspace/cache/git-repos/https%3A%2F%2Fgithub.com%2FACollectionOfAtoms%2Frtlive-cli" "/workspace/builds/worker-7/source", kill_on_drop: false }`
[INFO] [stderr] Cloning into '/workspace/builds/worker-7/source'...
[INFO] [stderr] done.
[INFO] validating manifest of git repo https://github.com/ACollectionOfAtoms/rtlive-cli on toolchain 1.54.0
[INFO] running `Command { std: "/workspace/cargo-home/bin/cargo" "+1.54.0" "metadata" "--manifest-path" "Cargo.toml" "--no-deps", kill_on_drop: false }`
[INFO] started tweaking git repo https://github.com/ACollectionOfAtoms/rtlive-cli
[INFO] finished tweaking git repo https://github.com/ACollectionOfAtoms/rtlive-cli
[INFO] tweaked toml for git repo https://github.com/ACollectionOfAtoms/rtlive-cli written to /workspace/builds/worker-7/source/Cargo.toml
[INFO] crate git repo https://github.com/ACollectionOfAtoms/rtlive-cli already has a lockfile, it will not be regenerated
[INFO] running `Command { std: "/workspace/cargo-home/bin/cargo" "+1.54.0" "fetch" "--manifest-path" "Cargo.toml", kill_on_drop: false }`
[INFO] [stderr]     Blocking waiting for file lock on package cache
[INFO] [stderr]     Blocking waiting for file lock on package cache
[INFO] [stderr]  Downloading crates ...
[INFO] [stderr]   Downloaded tracing v0.1.16
[INFO] [stderr]   Downloaded tracing-core v0.1.11
[INFO] [stderr]   Downloaded pin-project-internal v0.4.22
[INFO] [stderr]   Downloaded pin-project v0.4.22
[INFO] [stderr]   Downloaded reqwest v0.10.6
[INFO] [stderr]   Downloaded syn v1.0.34
[INFO] running `Command { std: "docker" "create" "-v" "/var/lib/crater-agent-workspace/builds/worker-7/target:/opt/rustwide/target:rw,Z" "-v" "/var/lib/crater-agent-workspace/builds/worker-7/source:/opt/rustwide/workdir:ro,Z" "-v" "/var/lib/crater-agent-workspace/cargo-home:/opt/rustwide/cargo-home:ro,Z" "-v" "/var/lib/crater-agent-workspace/rustup-home:/opt/rustwide/rustup-home:ro,Z" "-e" "SOURCE_DIR=/opt/rustwide/workdir" "-e" "CARGO_TARGET_DIR=/opt/rustwide/target" "-e" "CARGO_HOME=/opt/rustwide/cargo-home" "-e" "RUSTUP_HOME=/opt/rustwide/rustup-home" "-w" "/opt/rustwide/workdir" "-m" "1610612736" "--user" "0:0" "--network" "none" "ghcr.io/rust-lang/crates-build-env/linux@sha256:34b6a614d2c27851fe6cbf88fbd1137609cefab8b10d0615aaeb6fd47975d74e" "/opt/rustwide/cargo-home/bin/cargo" "+1.54.0" "metadata" "--no-deps" "--format-version=1", kill_on_drop: false }`
[INFO] [stdout] 5d251837245bee2702c453a50ba3b290f92de12e098e3c9760fb7b8e00d599ff
[INFO] running `Command { std: "docker" "start" "-a" "5d251837245bee2702c453a50ba3b290f92de12e098e3c9760fb7b8e00d599ff", kill_on_drop: false }`
[INFO] running `Command { std: "docker" "inspect" "5d251837245bee2702c453a50ba3b290f92de12e098e3c9760fb7b8e00d599ff", kill_on_drop: false }`
[INFO] running `Command { std: "docker" "rm" "-f" "5d251837245bee2702c453a50ba3b290f92de12e098e3c9760fb7b8e00d599ff", kill_on_drop: false }`
[INFO] [stdout] 5d251837245bee2702c453a50ba3b290f92de12e098e3c9760fb7b8e00d599ff
[INFO] running `Command { std: "docker" "create" "-v" "/var/lib/crater-agent-workspace/builds/worker-7/target:/opt/rustwide/target:rw,Z" "-v" "/var/lib/crater-agent-workspace/builds/worker-7/source:/opt/rustwide/workdir:ro,Z" "-v" "/var/lib/crater-agent-workspace/cargo-home:/opt/rustwide/cargo-home:ro,Z" "-v" "/var/lib/crater-agent-workspace/rustup-home:/opt/rustwide/rustup-home:ro,Z" "-e" "SOURCE_DIR=/opt/rustwide/workdir" "-e" "CARGO_TARGET_DIR=/opt/rustwide/target" "-e" "CARGO_INCREMENTAL=0" "-e" "RUST_BACKTRACE=full" "-e" "RUSTFLAGS=--cap-lints=warn" "-e" "CARGO_HOME=/opt/rustwide/cargo-home" "-e" "RUSTUP_HOME=/opt/rustwide/rustup-home" "-w" "/opt/rustwide/workdir" "-m" "1610612736" "--user" "0:0" "--network" "none" "ghcr.io/rust-lang/crates-build-env/linux@sha256:34b6a614d2c27851fe6cbf88fbd1137609cefab8b10d0615aaeb6fd47975d74e" "/opt/rustwide/cargo-home/bin/cargo" "+1.54.0" "build" "--frozen" "--message-format=json", kill_on_drop: false }`
[INFO] [stdout] e43c88d35b354998449f1233817d511c0194ddecd42a158a39639cbe1ec43e4a
[INFO] running `Command { std: "docker" "start" "-a" "e43c88d35b354998449f1233817d511c0194ddecd42a158a39639cbe1ec43e4a", kill_on_drop: false }`
[INFO] [stderr]    Compiling proc-macro2 v1.0.18
[INFO] [stderr]    Compiling unicode-xid v0.2.1
[INFO] [stderr]    Compiling libc v0.2.72
[INFO] [stderr]    Compiling syn v1.0.34
[INFO] [stderr]    Compiling autocfg v1.0.0
[INFO] [stderr]    Compiling cfg-if v0.1.10
[INFO] [stderr]    Compiling log v0.4.11
[INFO] [stderr]    Compiling lazy_static v1.4.0
[INFO] [stderr]    Compiling memchr v2.3.3
[INFO] [stderr]    Compiling pkg-config v0.3.18
[INFO] [stderr]    Compiling cc v1.0.58
[INFO] [stderr]    Compiling itoa v0.4.6
[INFO] [stderr]    Compiling fnv v1.0.7
[INFO] [stderr]    Compiling futures-core v0.3.5
[INFO] [stderr]    Compiling bytes v0.5.6
[INFO] [stderr]    Compiling slab v0.4.2
[INFO] [stderr]    Compiling serde_derive v1.0.114
[INFO] [stderr]    Compiling arc-swap v0.4.7
[INFO] [stderr]    Compiling pin-project-internal v0.4.22
[INFO] [stderr]    Compiling serde v1.0.114
[INFO] [stderr]    Compiling bitflags v1.2.1
[INFO] [stderr]    Compiling version_check v0.9.2
[INFO] [stderr]    Compiling pin-project-lite v0.1.7
[INFO] [stderr]    Compiling foreign-types-shared v0.1.1
[INFO] [stderr]    Compiling openssl v0.10.30
[INFO] [stderr]    Compiling native-tls v0.2.4
[INFO] [stderr]    Compiling futures-task v0.3.5
[INFO] [stderr]    Compiling futures-sink v0.3.5
[INFO] [stderr]    Compiling matches v0.1.8
[INFO] [stderr]    Compiling tinyvec v0.3.3
[INFO] [stderr]    Compiling ryu v1.0.5
[INFO] [stderr]    Compiling byteorder v1.3.4
[INFO] [stderr]    Compiling pin-utils v0.1.0
[INFO] [stderr]    Compiling httparse v1.3.4
[INFO] [stderr]    Compiling openssl-probe v0.1.2
[INFO] [stderr]    Compiling try-lock v0.2.3
[INFO] [stderr]    Compiling serde_json v1.0.56
[INFO] [stderr]    Compiling percent-encoding v2.1.0
[INFO] [stderr]    Compiling tower-service v0.3.0
[INFO] [stderr]    Compiling encoding_rs v0.8.23
[INFO] [stderr]    Compiling mime v0.3.16
[INFO] [stderr]    Compiling dtoa v0.4.6
[INFO] [stderr]    Compiling base64 v0.12.3
[INFO] [stderr]    Compiling unicode-normalization v0.1.13
[INFO] [stderr]    Compiling tracing-core v0.1.11
[INFO] [stderr]    Compiling unicode-bidi v0.3.4
[INFO] [stderr]    Compiling want v0.3.0
[INFO] [stderr]    Compiling foreign-types v0.3.2
[INFO] [stderr]    Compiling http v0.2.1
[INFO] [stderr]    Compiling futures-channel v0.3.5
[INFO] [stderr]    Compiling regex-automata v0.1.9
[INFO] [stderr]    Compiling tracing v0.1.16
[INFO] [stderr]    Compiling csv-core v0.1.10
[INFO] [stderr]    Compiling quote v1.0.7
[INFO] [stderr]    Compiling unicase v2.6.0
[INFO] [stderr]    Compiling hashbrown v0.8.1
[INFO] [stderr]    Compiling indexmap v1.5.0
[INFO] [stderr]    Compiling iovec v0.1.4
[INFO] [stderr]    Compiling net2 v0.2.34
[INFO] [stderr]    Compiling num_cpus v1.13.0
[INFO] [stderr]    Compiling signal-hook-registry v1.2.0
[INFO] [stderr]    Compiling time v0.1.43
[INFO] [stderr]    Compiling socket2 v0.3.12
[INFO] [stderr]    Compiling openssl-sys v0.9.58
[INFO] [stderr]    Compiling mio v0.6.22
[INFO] [stderr]    Compiling idna v0.2.0
[INFO] [stderr]    Compiling mio-uds v0.6.8
[INFO] [stderr]    Compiling url v2.1.1
[INFO] [stderr]    Compiling mime_guess v2.0.3
[INFO] [stderr]    Compiling http-body v0.3.1
[INFO] [stderr]    Compiling tokio-macros v0.2.5
[INFO] [stderr]    Compiling tokio v0.2.21
[INFO] [stderr]    Compiling pin-project v0.4.22
[INFO] [stderr]    Compiling futures-util v0.3.5
[INFO] [stderr]    Compiling tokio-util v0.3.1
[INFO] [stderr]    Compiling tokio-tls v0.3.1
[INFO] [stderr]    Compiling h2 v0.2.6
[INFO] [stderr]    Compiling serde_urlencoded v0.6.1
[INFO] [stderr]    Compiling bstr v0.2.13
[INFO] [stderr]    Compiling csv v1.1.3
[INFO] [stderr]    Compiling hyper v0.13.7
[INFO] [stderr]    Compiling hyper-tls v0.4.3
[INFO] [stderr]    Compiling reqwest v0.10.6
[INFO] [stderr]    Compiling rtlive v0.1.0 (/opt/rustwide/workdir)
[INFO] [stderr]     Finished dev [unoptimized + debuginfo] target(s) in 51.92s
[INFO] running `Command { std: "docker" "inspect" "e43c88d35b354998449f1233817d511c0194ddecd42a158a39639cbe1ec43e4a", kill_on_drop: false }`
[INFO] running `Command { std: "docker" "rm" "-f" "e43c88d35b354998449f1233817d511c0194ddecd42a158a39639cbe1ec43e4a", kill_on_drop: false }`
[INFO] [stdout] e43c88d35b354998449f1233817d511c0194ddecd42a158a39639cbe1ec43e4a
[INFO] running `Command { std: "docker" "create" "-v" "/var/lib/crater-agent-workspace/builds/worker-7/target:/opt/rustwide/target:rw,Z" "-v" "/var/lib/crater-agent-workspace/builds/worker-7/source:/opt/rustwide/workdir:ro,Z" "-v" "/var/lib/crater-agent-workspace/cargo-home:/opt/rustwide/cargo-home:ro,Z" "-v" "/var/lib/crater-agent-workspace/rustup-home:/opt/rustwide/rustup-home:ro,Z" "-e" "SOURCE_DIR=/opt/rustwide/workdir" "-e" "CARGO_TARGET_DIR=/opt/rustwide/target" "-e" "CARGO_INCREMENTAL=0" "-e" "RUST_BACKTRACE=full" "-e" "RUSTFLAGS=--cap-lints=warn" "-e" "CARGO_HOME=/opt/rustwide/cargo-home" "-e" "RUSTUP_HOME=/opt/rustwide/rustup-home" "-w" "/opt/rustwide/workdir" "-m" "1610612736" "--user" "0:0" "--network" "none" "ghcr.io/rust-lang/crates-build-env/linux@sha256:34b6a614d2c27851fe6cbf88fbd1137609cefab8b10d0615aaeb6fd47975d74e" "/opt/rustwide/cargo-home/bin/cargo" "+1.54.0" "test" "--frozen" "--no-run" "--message-format=json", kill_on_drop: false }`
[INFO] [stdout] 84aa21806144c4f827edb2b073679f41be01cae35f4cba4b4945b4716e0fb2ef
[INFO] running `Command { std: "docker" "start" "-a" "84aa21806144c4f827edb2b073679f41be01cae35f4cba4b4945b4716e0fb2ef", kill_on_drop: false }`
[INFO] [stderr]     Blocking waiting for file lock on package cache
[INFO] [stderr]    Compiling rtlive v0.1.0 (/opt/rustwide/workdir)
[INFO] [stderr]     Finished test [unoptimized + debuginfo] target(s) in 5.74s
[INFO] running `Command { std: "docker" "inspect" "84aa21806144c4f827edb2b073679f41be01cae35f4cba4b4945b4716e0fb2ef", kill_on_drop: false }`
[INFO] running `Command { std: "docker" "rm" "-f" "84aa21806144c4f827edb2b073679f41be01cae35f4cba4b4945b4716e0fb2ef", kill_on_drop: false }`
[INFO] [stdout] 84aa21806144c4f827edb2b073679f41be01cae35f4cba4b4945b4716e0fb2ef
[INFO] running `Command { std: "docker" "create" "-v" "/var/lib/crater-agent-workspace/builds/worker-7/target:/opt/rustwide/target:rw,Z" "-v" "/var/lib/crater-agent-workspace/builds/worker-7/source:/opt/rustwide/workdir:ro,Z" "-v" "/var/lib/crater-agent-workspace/cargo-home:/opt/rustwide/cargo-home:ro,Z" "-v" "/var/lib/crater-agent-workspace/rustup-home:/opt/rustwide/rustup-home:ro,Z" "-e" "SOURCE_DIR=/opt/rustwide/workdir" "-e" "CARGO_TARGET_DIR=/opt/rustwide/target" "-e" "CARGO_INCREMENTAL=0" "-e" "RUST_BACKTRACE=full" "-e" "RUSTFLAGS=--cap-lints=warn" "-e" "CARGO_HOME=/opt/rustwide/cargo-home" "-e" "RUSTUP_HOME=/opt/rustwide/rustup-home" "-w" "/opt/rustwide/workdir" "-m" "1610612736" "--user" "0:0" "--network" "none" "ghcr.io/rust-lang/crates-build-env/linux@sha256:34b6a614d2c27851fe6cbf88fbd1137609cefab8b10d0615aaeb6fd47975d74e" "/opt/rustwide/cargo-home/bin/cargo" "+1.54.0" "test" "--frozen", kill_on_drop: false }`
[INFO] [stdout] 3853d4b3ca55fecf966752e2cb3512fd8a8997c6b5853571e77b9476e1320481
[INFO] running `Command { std: "docker" "start" "-a" "3853d4b3ca55fecf966752e2cb3512fd8a8997c6b5853571e77b9476e1320481", kill_on_drop: false }`
[INFO] [stderr]     Finished test [unoptimized + debuginfo] target(s) in 0.09s
[INFO] [stderr]      Running unittests (/opt/rustwide/target/debug/deps/rtlive-a0b0f0afd993f5a7)
[INFO] [stdout] 
[INFO] [stdout] running 2 tests
[INFO] [stdout] test tests::gets_latest_record_for_state ... ok
[INFO] [stdout] test tests::pretty_summary_is_pretty ... FAILED
[INFO] [stdout] 
[INFO] [stdout] failures:
[INFO] [stdout] 
[INFO] [stdout] ---- tests::pretty_summary_is_pretty stdout ----
[INFO] [stdout] thread 'tests::pretty_summary_is_pretty' panicked at 'assertion failed: `(left == right)`
[INFO] [stdout]   left: `"Region: ME\nRt: 1.37\nInfection Count: 52.73\nNew Cases: Unknown\nNew Deaths: Unknown\nDate: 2020-03-02"`,
[INFO] [stdout]  right: `"Region: ME\nRt (mean): 1.37\nInfection Count: 52.73\nNew Cases: Unknown\nNew Deaths: Unknown\nDate: 2020-03-02"`', src/lib.rs:114:5
[INFO] [stdout] stack backtrace:
[INFO] [stdout]    0:     0x560cdc20aac0 - std::backtrace_rs::backtrace::libunwind::trace::h34055254b57d8e79
[INFO] [stdout]                                at /rustc/a178d0322ce20e33eac124758e837cbd80a6f633/library/std/src/../../backtrace/src/backtrace/libunwind.rs:90:5
[INFO] [stdout]    1:     0x560cdc20aac0 - std::backtrace_rs::backtrace::trace_unsynchronized::h8f1e3fbd9afff6ec
[INFO] [stdout]                                at /rustc/a178d0322ce20e33eac124758e837cbd80a6f633/library/std/src/../../backtrace/src/backtrace/mod.rs:66:5
[INFO] [stdout]    2:     0x560cdc20aac0 - std::sys_common::backtrace::_print_fmt::h3a99a796b770c360
[INFO] [stdout]                                at /rustc/a178d0322ce20e33eac124758e837cbd80a6f633/library/std/src/sys_common/backtrace.rs:67:5
[INFO] [stdout]    3:     0x560cdc20aac0 - <std::sys_common::backtrace::_print::DisplayBacktrace as core::fmt::Display>::fmt::h32d1f94a80615d18
[INFO] [stdout]                                at /rustc/a178d0322ce20e33eac124758e837cbd80a6f633/library/std/src/sys_common/backtrace.rs:46:22
[INFO] [stdout]    4:     0x560cdc22e43c - core::fmt::write::h306731c068f7162c
[INFO] [stdout]                                at /rustc/a178d0322ce20e33eac124758e837cbd80a6f633/library/core/src/fmt/mod.rs:1110:17
[INFO] [stdout]    5:     0x560cdc2079e5 - std::io::Write::write_fmt::h87f19b0a2cd190bc
[INFO] [stdout]                                at /rustc/a178d0322ce20e33eac124758e837cbd80a6f633/library/std/src/io/mod.rs:1588:15
[INFO] [stdout]    6:     0x560cdc20cc2b - std::sys_common::backtrace::_print::h5abaa2601a852287
[INFO] [stdout]                                at /rustc/a178d0322ce20e33eac124758e837cbd80a6f633/library/std/src/sys_common/backtrace.rs:49:5
[INFO] [stdout]    7:     0x560cdc20cc2b - std::sys_common::backtrace::print::h8d81445442bb638f
[INFO] [stdout]                                at /rustc/a178d0322ce20e33eac124758e837cbd80a6f633/library/std/src/sys_common/backtrace.rs:36:9
[INFO] [stdout]    8:     0x560cdc20cc2b - std::panicking::default_hook::{{closure}}::hcfe804496a9fa747
[INFO] [stdout]                                at /rustc/a178d0322ce20e33eac124758e837cbd80a6f633/library/std/src/panicking.rs:208:50
[INFO] [stdout]    9:     0x560cdc20c73c - std::panicking::default_hook::hbea8e3ccf2ba8901
[INFO] [stdout]                                at /rustc/a178d0322ce20e33eac124758e837cbd80a6f633/library/std/src/panicking.rs:222:9
[INFO] [stdout]   10:     0x560cdc20d2f4 - std::panicking::rust_panic_with_hook::h7ee9e1a2d0f8975a
[INFO] [stdout]                                at /rustc/a178d0322ce20e33eac124758e837cbd80a6f633/library/std/src/panicking.rs:622:17
[INFO] [stdout]   11:     0x560cdc20cdd7 - std::panicking::begin_panic_handler::{{closure}}::h8ab3b4491718b2c7
[INFO] [stdout]                                at /rustc/a178d0322ce20e33eac124758e837cbd80a6f633/library/std/src/panicking.rs:519:13
[INFO] [stdout]   12:     0x560cdc20afbc - std::sys_common::backtrace::__rust_end_short_backtrace::hd489062ffa586a9f
[INFO] [stdout]                                at /rustc/a178d0322ce20e33eac124758e837cbd80a6f633/library/std/src/sys_common/backtrace.rs:141:18
[INFO] [stdout]   13:     0x560cdc20cd39 - rust_begin_unwind
[INFO] [stdout]                                at /rustc/a178d0322ce20e33eac124758e837cbd80a6f633/library/std/src/panicking.rs:515:5
[INFO] [stdout]   14:     0x560cdc179651 - core::panicking::panic_fmt::hca6330e3e14086b4
[INFO] [stdout]                                at /rustc/a178d0322ce20e33eac124758e837cbd80a6f633/library/core/src/panicking.rs:92:14
[INFO] [stdout]   15:     0x560cdc22cd58 - core::panicking::assert_failed_inner::h33b45280069a80ed
[INFO] [stdout]   16:     0x560cdc18444e - core::panicking::assert_failed::hcf0218f913c0fbb1
[INFO] [stdout]                                at /rustc/a178d0322ce20e33eac124758e837cbd80a6f633/library/core/src/panicking.rs:117:5
[INFO] [stdout]   17:     0x560cdc18a186 - rtlive::tests::pretty_summary_is_pretty::h9d97414eaa325184
[INFO] [stdout]                                at /opt/rustwide/workdir/src/lib.rs:114:5
[INFO] [stdout]   18:     0x560cdc189f8a - rtlive::tests::pretty_summary_is_pretty::{{closure}}::hac331fe031168923
[INFO] [stdout]                                at /opt/rustwide/workdir/src/lib.rs:108:3
[INFO] [stdout]   19:     0x560cdc1848ee - core::ops::function::FnOnce::call_once::hac768af9026e0bfb
[INFO] [stdout]                                at /rustc/a178d0322ce20e33eac124758e837cbd80a6f633/library/core/src/ops/function.rs:227:5
[INFO] [stdout]   20:     0x560cdc1d1423 - core::ops::function::FnOnce::call_once::h152e7e439ff59e19
[INFO] [stdout]                                at /rustc/a178d0322ce20e33eac124758e837cbd80a6f633/library/core/src/ops/function.rs:227:5
[INFO] [stdout]   21:     0x560cdc1d1423 - test::__rust_begin_short_backtrace::h0908f3b1fdbb72ab
[INFO] [stdout]                                at /rustc/a178d0322ce20e33eac124758e837cbd80a6f633/library/test/src/lib.rs:577:5
[INFO] [stdout]   22:     0x560cdc1cfee0 - <alloc::boxed::Box<F,A> as core::ops::function::FnOnce<Args>>::call_once::hf6d2a51e5587546c
[INFO] [stdout]                                at /rustc/a178d0322ce20e33eac124758e837cbd80a6f633/library/alloc/src/boxed.rs:1575:9
[INFO] [stdout]   23:     0x560cdc1cfee0 - <std::panic::AssertUnwindSafe<F> as core::ops::function::FnOnce<()>>::call_once::h8af660f3a89ef593
[INFO] [stdout]                                at /rustc/a178d0322ce20e33eac124758e837cbd80a6f633/library/std/src/panic.rs:347:9
[INFO] [stdout]   24:     0x560cdc1cfee0 - std::panicking::try::do_call::hd36aef60f84b6d36
[INFO] [stdout]                                at /rustc/a178d0322ce20e33eac124758e837cbd80a6f633/library/std/src/panicking.rs:401:40
[INFO] [stdout]   25:     0x560cdc1cfee0 - std::panicking::try::h9932b4480e69817c
[INFO] [stdout]                                at /rustc/a178d0322ce20e33eac124758e837cbd80a6f633/library/std/src/panicking.rs:365:19
[INFO] [stdout]   26:     0x560cdc1cfee0 - std::panic::catch_unwind::h6aa177099cfff5f8
[INFO] [stdout]                                at /rustc/a178d0322ce20e33eac124758e837cbd80a6f633/library/std/src/panic.rs:434:14
[INFO] [stdout]   27:     0x560cdc1cfee0 - test::run_test_in_process::h5884d6f2d99e20c3
[INFO] [stdout]                                at /rustc/a178d0322ce20e33eac124758e837cbd80a6f633/library/test/src/lib.rs:600:18
[INFO] [stdout]   28:     0x560cdc1cfee0 - test::run_test::run_test_inner::{{closure}}::h6fdc58c6d5f5b6e3
[INFO] [stdout]                                at /rustc/a178d0322ce20e33eac124758e837cbd80a6f633/library/test/src/lib.rs:492:39
[INFO] [stdout]   29:     0x560cdc1a9592 - test::run_test::run_test_inner::{{closure}}::h408365d67a78ade8
[INFO] [stdout]                                at /rustc/a178d0322ce20e33eac124758e837cbd80a6f633/library/test/src/lib.rs:519:37
[INFO] [stdout]   30:     0x560cdc1a9592 - std::sys_common::backtrace::__rust_begin_short_backtrace::hb560b77c4f701523
[INFO] [stdout]                                at /rustc/a178d0322ce20e33eac124758e837cbd80a6f633/library/std/src/sys_common/backtrace.rs:125:18
[INFO] [stdout]   31:     0x560cdc1ad148 - std::thread::Builder::spawn_unchecked::{{closure}}::{{closure}}::hf2e7831dad93c597
[INFO] [stdout]                                at /rustc/a178d0322ce20e33eac124758e837cbd80a6f633/library/std/src/thread/mod.rs:481:17
[INFO] [stdout]   32:     0x560cdc1ad148 - <std::panic::AssertUnwindSafe<F> as core::ops::function::FnOnce<()>>::call_once::hd2e08783d8be4d02
[INFO] [stdout]                                at /rustc/a178d0322ce20e33eac124758e837cbd80a6f633/library/std/src/panic.rs:347:9
[INFO] [stdout]   33:     0x560cdc1ad148 - std::panicking::try::do_call::h062597b7acfd6b82
[INFO] [stdout]                                at /rustc/a178d0322ce20e33eac124758e837cbd80a6f633/library/std/src/panicking.rs:401:40
[INFO] [stdout]   34:     0x560cdc1ad148 - std::panicking::try::h0d7b79db04c14552
[INFO] [stdout]                                at /rustc/a178d0322ce20e33eac124758e837cbd80a6f633/library/std/src/panicking.rs:365:19
[INFO] [stdout]   35:     0x560cdc1ad148 - std::panic::catch_unwind::hb01a0b5e7c8cd43b
[INFO] [stdout]                                at /rustc/a178d0322ce20e33eac124758e837cbd80a6f633/library/std/src/panic.rs:434:14
[INFO] [stdout]   36:     0x560cdc1ad148 - std::thread::Builder::spawn_unchecked::{{closure}}::h5bde48cc887e0d1e
[INFO] [stdout]                                at /rustc/a178d0322ce20e33eac124758e837cbd80a6f633/library/std/src/thread/mod.rs:480:30
[INFO] [stdout]   37:     0x560cdc1ad148 - core::ops::function::FnOnce::call_once{{vtable.shim}}::h745ea30807a29e55
[INFO] [stdout]                                at /rustc/a178d0322ce20e33eac124758e837cbd80a6f633/library/core/src/ops/function.rs:227:5
[INFO] [stdout]   38:     0x560cdc211db7 - <alloc::boxed::Box<F,A> as core::ops::function::FnOnce<Args>>::call_once::h7ece6cfefaff1005
[INFO] [stdout]                                at /rustc/a178d0322ce20e33eac124758e837cbd80a6f633/library/alloc/src/boxed.rs:1575:9
[INFO] [stdout]   39:     0x560cdc211db7 - <alloc::boxed::Box<F,A> as core::ops::function::FnOnce<Args>>::call_once::hb8b48e55c21f193e
[INFO] [stdout]                                at /rustc/a178d0322ce20e33eac124758e837cbd80a6f633/library/alloc/src/boxed.rs:1575:9
[INFO] [stdout]   40:     0x560cdc211db7 - std::sys::unix::thread::Thread::new::thread_start::h8c7c4450dba62914
[INFO] [stdout]                                at /rustc/a178d0322ce20e33eac124758e837cbd80a6f633/library/std/src/sys/unix/thread.rs:71:17
[INFO] [stdout]   41:     0x7f5c62c1d609 - start_thread
[INFO] [stdout]   42:     0x7f5c629f3293 - clone
[INFO] [stdout]   43:                0x0 - <unknown>
[INFO] [stdout] 
[INFO] [stdout] 
[INFO] [stdout] failures:
[INFO] [stdout]     tests::pretty_summary_is_pretty
[INFO] [stdout] 
[INFO] [stdout] test result: FAILED. 1 passed; 1 failed; 0 ignored; 0 measured; 0 filtered out; finished in 0.03s
[INFO] [stdout] 
[INFO] [stderr] error: test failed, to rerun pass '--lib'
[INFO] running `Command { std: "docker" "inspect" "3853d4b3ca55fecf966752e2cb3512fd8a8997c6b5853571e77b9476e1320481", kill_on_drop: false }`
[INFO] running `Command { std: "docker" "rm" "-f" "3853d4b3ca55fecf966752e2cb3512fd8a8997c6b5853571e77b9476e1320481", kill_on_drop: false }`
[INFO] [stdout] 3853d4b3ca55fecf966752e2cb3512fd8a8997c6b5853571e77b9476e1320481
