[INFO] cloning repository https://github.com/5c077m4n/native-ts
[INFO] running `Command { std: "git" "-c" "credential.helper=" "-c" "credential.helper=/workspace/cargo-home/bin/git-credential-null" "clone" "--bare" "https://github.com/5c077m4n/native-ts" "/workspace/cache/git-repos/https%3A%2F%2Fgithub.com%2F5c077m4n%2Fnative-ts", kill_on_drop: false }`
[INFO] [stderr] Cloning into bare repository '/workspace/cache/git-repos/https%3A%2F%2Fgithub.com%2F5c077m4n%2Fnative-ts'...
[INFO] running `Command { std: "git" "rev-parse" "HEAD", kill_on_drop: false }`
[INFO] [stdout] efd611b66e2db076a305af8e391ff59b10e11ef5
[INFO] testing 5c077m4n/native-ts against beta-2021-08-01 for beta-1.55-1
[INFO] running `Command { std: "git" "clone" "/workspace/cache/git-repos/https%3A%2F%2Fgithub.com%2F5c077m4n%2Fnative-ts" "/workspace/builds/worker-117/source", kill_on_drop: false }`
[INFO] [stderr] Cloning into '/workspace/builds/worker-117/source'...
[INFO] [stderr] done.
[INFO] validating manifest of git repo https://github.com/5c077m4n/native-ts on toolchain beta-2021-08-01
[INFO] running `Command { std: "/workspace/cargo-home/bin/cargo" "+beta-2021-08-01" "metadata" "--manifest-path" "Cargo.toml" "--no-deps", kill_on_drop: false }`
[INFO] started tweaking git repo https://github.com/5c077m4n/native-ts
[INFO] finished tweaking git repo https://github.com/5c077m4n/native-ts
[INFO] tweaked toml for git repo https://github.com/5c077m4n/native-ts written to /workspace/builds/worker-117/source/Cargo.toml
[INFO] crate git repo https://github.com/5c077m4n/native-ts already has a lockfile, it will not be regenerated
[INFO] running `Command { std: "/workspace/cargo-home/bin/cargo" "+beta-2021-08-01" "fetch" "--manifest-path" "Cargo.toml", kill_on_drop: false }`
[INFO] [stderr]     Blocking waiting for file lock on package cache
[INFO] [stderr]     Blocking waiting for file lock on package cache
[INFO] [stderr]  Downloading crates ...
[INFO] [stderr]   Downloaded openssl-sys v0.9.57
[INFO] [stderr]   Downloaded beef v0.4.4
[INFO] [stderr]   Downloaded logos v0.11.4
[INFO] [stderr]   Downloaded paw-raw v1.0.0
[INFO] [stderr]   Downloaded paw v1.0.0
[INFO] [stderr]   Downloaded logos-derive v0.11.5
[INFO] [stderr]   Downloaded miow v0.3.4
[INFO] [stderr]   Downloaded fsio v0.1.2
[INFO] [stderr]   Downloaded paw-attributes v1.0.2
[INFO] [stderr]   Downloaded rusty-hook v0.11.1
[INFO] [stderr]   Downloaded envmnt v0.8.2
[INFO] [stderr]   Downloaded ci_info v0.10.1
[INFO] running `Command { std: "docker" "create" "-v" "/var/lib/crater-agent-workspace/builds/worker-117/target:/opt/rustwide/target:rw,Z" "-v" "/var/lib/crater-agent-workspace/builds/worker-117/source:/opt/rustwide/workdir:ro,Z" "-v" "/var/lib/crater-agent-workspace/cargo-home:/opt/rustwide/cargo-home:ro,Z" "-v" "/var/lib/crater-agent-workspace/rustup-home:/opt/rustwide/rustup-home:ro,Z" "-e" "SOURCE_DIR=/opt/rustwide/workdir" "-e" "CARGO_TARGET_DIR=/opt/rustwide/target" "-e" "CARGO_HOME=/opt/rustwide/cargo-home" "-e" "RUSTUP_HOME=/opt/rustwide/rustup-home" "-w" "/opt/rustwide/workdir" "-m" "1610612736" "--user" "0:0" "--network" "none" "ghcr.io/rust-lang/crates-build-env/linux@sha256:34b6a614d2c27851fe6cbf88fbd1137609cefab8b10d0615aaeb6fd47975d74e" "/opt/rustwide/cargo-home/bin/cargo" "+beta-2021-08-01" "metadata" "--no-deps" "--format-version=1", kill_on_drop: false }`
[INFO] [stdout] 5dfb4b3edf972dca5be81230b57b7b544e83e76e0257a34511cc80ccd4c99aaa
[INFO] running `Command { std: "docker" "start" "-a" "5dfb4b3edf972dca5be81230b57b7b544e83e76e0257a34511cc80ccd4c99aaa", kill_on_drop: false }`
[INFO] running `Command { std: "docker" "inspect" "5dfb4b3edf972dca5be81230b57b7b544e83e76e0257a34511cc80ccd4c99aaa", kill_on_drop: false }`
[INFO] running `Command { std: "docker" "rm" "-f" "5dfb4b3edf972dca5be81230b57b7b544e83e76e0257a34511cc80ccd4c99aaa", kill_on_drop: false }`
[INFO] [stdout] 5dfb4b3edf972dca5be81230b57b7b544e83e76e0257a34511cc80ccd4c99aaa
[INFO] running `Command { std: "docker" "create" "-v" "/var/lib/crater-agent-workspace/builds/worker-117/target:/opt/rustwide/target:rw,Z" "-v" "/var/lib/crater-agent-workspace/builds/worker-117/source:/opt/rustwide/workdir:ro,Z" "-v" "/var/lib/crater-agent-workspace/cargo-home:/opt/rustwide/cargo-home:ro,Z" "-v" "/var/lib/crater-agent-workspace/rustup-home:/opt/rustwide/rustup-home:ro,Z" "-e" "SOURCE_DIR=/opt/rustwide/workdir" "-e" "CARGO_TARGET_DIR=/opt/rustwide/target" "-e" "CARGO_INCREMENTAL=0" "-e" "RUST_BACKTRACE=full" "-e" "RUSTFLAGS=--cap-lints=warn" "-e" "CARGO_HOME=/opt/rustwide/cargo-home" "-e" "RUSTUP_HOME=/opt/rustwide/rustup-home" "-w" "/opt/rustwide/workdir" "-m" "1610612736" "--user" "0:0" "--network" "none" "ghcr.io/rust-lang/crates-build-env/linux@sha256:34b6a614d2c27851fe6cbf88fbd1137609cefab8b10d0615aaeb6fd47975d74e" "/opt/rustwide/cargo-home/bin/cargo" "+beta-2021-08-01" "build" "--frozen" "--message-format=json", kill_on_drop: false }`
[INFO] [stdout] 457f8ff0cfb30060faea46856ee27bd364f62e5f9b8dfaf9695bbed666864ddd
[INFO] running `Command { std: "docker" "start" "-a" "457f8ff0cfb30060faea46856ee27bd364f62e5f9b8dfaf9695bbed666864ddd", kill_on_drop: false }`
[INFO] [stderr]    Compiling proc-macro2 v1.0.17
[INFO] [stderr]    Compiling unicode-xid v0.2.0
[INFO] [stderr]    Compiling syn v1.0.27
[INFO] [stderr]    Compiling libc v0.2.71
[INFO] [stderr]    Compiling cfg-if v0.1.10
[INFO] [stderr]    Compiling log v0.4.8
[INFO] [stderr]    Compiling version_check v0.9.2
[INFO] [stderr]    Compiling autocfg v1.0.0
[INFO] [stderr]    Compiling fnv v1.0.7
[INFO] [stderr]    Compiling futures-core v0.3.5
[INFO] [stderr]    Compiling memchr v2.3.3
[INFO] [stderr]    Compiling slab v0.4.2
[INFO] [stderr]    Compiling bytes v0.5.4
[INFO] [stderr]    Compiling arc-swap v0.4.6
[INFO] [stderr]    Compiling pkg-config v0.3.17
[INFO] [stderr]    Compiling cc v1.0.54
[INFO] [stderr]    Compiling bitflags v1.2.1
[INFO] [stderr]    Compiling pin-project-lite v0.1.5
[INFO] [stderr]    Compiling itoa v0.4.5
[INFO] [stderr]    Compiling foreign-types-shared v0.1.1
[INFO] [stderr]    Compiling openssl v0.10.29
[INFO] [stderr]    Compiling beef v0.4.4
[INFO] [stderr]    Compiling smallvec v1.4.0
[INFO] [stderr]    Compiling utf8-ranges v1.0.4
[INFO] [stderr]    Compiling native-tls v0.2.4
[INFO] [stderr]    Compiling pin-utils v0.1.0
[INFO] [stderr]    Compiling futures-sink v0.3.5
[INFO] [stderr]    Compiling futures-task v0.3.5
[INFO] [stderr]    Compiling regex-syntax v0.6.17
[INFO] [stderr]    Compiling httparse v1.3.4
[INFO] [stderr]    Compiling matches v0.1.8
[INFO] [stderr]    Compiling openssl-probe v0.1.2
[INFO] [stderr]    Compiling try-lock v0.2.2
[INFO] [stderr]    Compiling serde v1.0.110
[INFO] [stderr]    Compiling unicode-width v0.1.7
[INFO] [stderr]    Compiling encoding_rs v0.8.23
[INFO] [stderr]    Compiling tower-service v0.3.0
[INFO] [stderr]    Compiling percent-encoding v2.1.0
[INFO] [stderr]    Compiling unicode-segmentation v1.6.0
[INFO] [stderr]    Compiling mime v0.3.16
[INFO] [stderr]    Compiling dtoa v0.4.5
[INFO] [stderr]    Compiling vec_map v0.8.2
[INFO] [stderr]    Compiling strsim v0.8.0
[INFO] [stderr]    Compiling ansi_term v0.11.0
[INFO] [stderr]    Compiling paw-raw v1.0.0
[INFO] [stderr]    Compiling base64 v0.11.0
[INFO] [stderr]    Compiling foreign-types v0.3.2
[INFO] [stderr]    Compiling futures-channel v0.3.5
[INFO] [stderr]    Compiling unicode-normalization v0.1.12
[INFO] [stderr]    Compiling unicode-bidi v0.3.4
[INFO] [stderr]    Compiling textwrap v0.11.0
[INFO] [stderr]    Compiling http v0.2.1
[INFO] [stderr]    Compiling unicase v2.6.0
[INFO] [stderr]    Compiling proc-macro-error-attr v1.0.2
[INFO] [stderr]    Compiling proc-macro-error v1.0.2
[INFO] [stderr]    Compiling heck v0.3.1
[INFO] [stderr]    Compiling openssl-sys v0.9.57
[INFO] [stderr]    Compiling indexmap v1.3.2
[INFO] [stderr]    Compiling want v0.3.0
[INFO] [stderr]    Compiling idna v0.2.0
[INFO] [stderr]    Compiling quote v1.0.6
[INFO] [stderr]    Compiling http-body v0.3.1
[INFO] [stderr]    Compiling url v2.1.1
[INFO] [stderr]    Compiling iovec v0.1.4
[INFO] [stderr]    Compiling net2 v0.2.34
[INFO] [stderr]    Compiling signal-hook-registry v1.2.0
[INFO] [stderr]    Compiling num_cpus v1.13.0
[INFO] [stderr]    Compiling time v0.1.43
[INFO] [stderr]    Compiling atty v0.2.14
[INFO] [stderr]    Compiling clap v2.33.1
[INFO] [stderr]    Compiling mio v0.6.22
[INFO] [stderr]    Compiling mime_guess v2.0.3
[INFO] [stderr]    Compiling mio-uds v0.6.8
[INFO] [stderr]    Compiling syn-mid v0.5.0
[INFO] [stderr]    Compiling serde_urlencoded v0.6.1
[INFO] [stderr]    Compiling tokio-macros v0.2.5
[INFO] [stderr]    Compiling pin-project-internal v0.4.17
[INFO] [stderr]    Compiling logos-derive v0.11.5
[INFO] [stderr]    Compiling paw-attributes v1.0.2
[INFO] [stderr]    Compiling paw v1.0.0
[INFO] [stderr]    Compiling tokio v0.2.21
[INFO] [stderr]    Compiling structopt-derive v0.4.7
[INFO] [stderr]    Compiling pin-project v0.4.17
[INFO] [stderr]    Compiling futures-util v0.3.5
[INFO] [stderr]    Compiling tokio-util v0.3.1
[INFO] [stderr]    Compiling tokio-tls v0.3.1
[INFO] [stderr]    Compiling logos v0.11.4
[INFO] [stderr]    Compiling structopt v0.3.14
[INFO] [stderr]    Compiling lexer v0.0.1 (/opt/rustwide/workdir/crates/lexer)
[INFO] [stderr]    Compiling h2 v0.2.5
[INFO] [stderr]    Compiling ast v0.0.1 (/opt/rustwide/workdir/crates/ast)
[INFO] [stderr]    Compiling parser v0.1.0 (/opt/rustwide/workdir/crates/parser)
[INFO] [stderr]    Compiling hyper v0.13.5
[INFO] [stderr]    Compiling hyper-tls v0.4.1
[INFO] [stderr]    Compiling reqwest v0.10.4
[INFO] [stderr]    Compiling nts v0.0.1 (/opt/rustwide/workdir)
[INFO] [stderr]     Finished dev [unoptimized + debuginfo] target(s) in 50.15s
[INFO] running `Command { std: "docker" "inspect" "457f8ff0cfb30060faea46856ee27bd364f62e5f9b8dfaf9695bbed666864ddd", kill_on_drop: false }`
[INFO] running `Command { std: "docker" "rm" "-f" "457f8ff0cfb30060faea46856ee27bd364f62e5f9b8dfaf9695bbed666864ddd", kill_on_drop: false }`
[INFO] [stdout] 457f8ff0cfb30060faea46856ee27bd364f62e5f9b8dfaf9695bbed666864ddd
[INFO] running `Command { std: "docker" "create" "-v" "/var/lib/crater-agent-workspace/builds/worker-117/target:/opt/rustwide/target:rw,Z" "-v" "/var/lib/crater-agent-workspace/builds/worker-117/source:/opt/rustwide/workdir:ro,Z" "-v" "/var/lib/crater-agent-workspace/cargo-home:/opt/rustwide/cargo-home:ro,Z" "-v" "/var/lib/crater-agent-workspace/rustup-home:/opt/rustwide/rustup-home:ro,Z" "-e" "SOURCE_DIR=/opt/rustwide/workdir" "-e" "CARGO_TARGET_DIR=/opt/rustwide/target" "-e" "CARGO_INCREMENTAL=0" "-e" "RUST_BACKTRACE=full" "-e" "RUSTFLAGS=--cap-lints=warn" "-e" "CARGO_HOME=/opt/rustwide/cargo-home" "-e" "RUSTUP_HOME=/opt/rustwide/rustup-home" "-w" "/opt/rustwide/workdir" "-m" "1610612736" "--user" "0:0" "--network" "none" "ghcr.io/rust-lang/crates-build-env/linux@sha256:34b6a614d2c27851fe6cbf88fbd1137609cefab8b10d0615aaeb6fd47975d74e" "/opt/rustwide/cargo-home/bin/cargo" "+beta-2021-08-01" "test" "--frozen" "--no-run" "--message-format=json", kill_on_drop: false }`
[INFO] [stdout] 4fbfe29e97ce7741069adc1fd051187ba58899f648eff95262b4262168f24b3a
[INFO] running `Command { std: "docker" "start" "-a" "4fbfe29e97ce7741069adc1fd051187ba58899f648eff95262b4262168f24b3a", kill_on_drop: false }`
[INFO] [stderr]    Compiling fsio v0.1.2
[INFO] [stderr]    Compiling nias v0.5.0
[INFO] [stderr]    Compiling getopts v0.2.21
[INFO] [stderr]    Compiling toml v0.5.6
[INFO] [stderr]    Compiling envmnt v0.8.2
[INFO] [stderr]    Compiling ci_info v0.10.1
[INFO] [stderr]    Compiling rusty-hook v0.11.1
[INFO] [stderr]    Compiling nts v0.0.1 (/opt/rustwide/workdir)
[INFO] [stderr]     Finished test [unoptimized + debuginfo] target(s) in 10.50s
[INFO] running `Command { std: "docker" "inspect" "4fbfe29e97ce7741069adc1fd051187ba58899f648eff95262b4262168f24b3a", kill_on_drop: false }`
[INFO] running `Command { std: "docker" "rm" "-f" "4fbfe29e97ce7741069adc1fd051187ba58899f648eff95262b4262168f24b3a", kill_on_drop: false }`
[INFO] [stdout] 4fbfe29e97ce7741069adc1fd051187ba58899f648eff95262b4262168f24b3a
[INFO] running `Command { std: "docker" "create" "-v" "/var/lib/crater-agent-workspace/builds/worker-117/target:/opt/rustwide/target:rw,Z" "-v" "/var/lib/crater-agent-workspace/builds/worker-117/source:/opt/rustwide/workdir:ro,Z" "-v" "/var/lib/crater-agent-workspace/cargo-home:/opt/rustwide/cargo-home:ro,Z" "-v" "/var/lib/crater-agent-workspace/rustup-home:/opt/rustwide/rustup-home:ro,Z" "-e" "SOURCE_DIR=/opt/rustwide/workdir" "-e" "CARGO_TARGET_DIR=/opt/rustwide/target" "-e" "CARGO_INCREMENTAL=0" "-e" "RUST_BACKTRACE=full" "-e" "RUSTFLAGS=--cap-lints=warn" "-e" "CARGO_HOME=/opt/rustwide/cargo-home" "-e" "RUSTUP_HOME=/opt/rustwide/rustup-home" "-w" "/opt/rustwide/workdir" "-m" "1610612736" "--user" "0:0" "--network" "none" "ghcr.io/rust-lang/crates-build-env/linux@sha256:34b6a614d2c27851fe6cbf88fbd1137609cefab8b10d0615aaeb6fd47975d74e" "/opt/rustwide/cargo-home/bin/cargo" "+beta-2021-08-01" "test" "--frozen", kill_on_drop: false }`
[INFO] [stdout] 4a2e6a68279abefbee2611c29b16ff7f99892289a14f7efb7855e7337779c1a4
[INFO] running `Command { std: "docker" "start" "-a" "4a2e6a68279abefbee2611c29b16ff7f99892289a14f7efb7855e7337779c1a4", kill_on_drop: false }`
[INFO] [stderr]     Blocking waiting for file lock on package cache
[INFO] [stderr]     Finished test [unoptimized + debuginfo] target(s) in 0.42s
[INFO] [stderr]      Running unittests (/opt/rustwide/target/debug/deps/nts-8cfbe77fd1314149)
[INFO] [stdout] 
[INFO] [stdout] running 3 tests
[INFO] [stdout] test lib::remote_script::remote_script_tests::incorrect_remote_file_type - should panic ... ok
[INFO] [stdout] test lib::remote_script::remote_script_tests::local_file - should panic ... ok
[INFO] [stdout] test lib::remote_script::remote_script_tests::should_work ... FAILED
[INFO] [stdout] 
[INFO] [stdout] failures:
[INFO] [stdout] 
[INFO] [stdout] ---- lib::remote_script::remote_script_tests::should_work stdout ----
[INFO] [stdout] thread 'lib::remote_script::remote_script_tests::should_work' panicked at 'called `Result::unwrap()` on an `Err` value: reqwest::Error { kind: Request, url: "https://raw.githubusercontent.com/5c077m4n/http-responder/master/src/index.ts", source: hyper::Error(Connect, ConnectError("dns error", Custom { kind: Uncategorized, error: "failed to lookup address information: Temporary failure in name resolution" })) }', src/lib/remote_script.rs:8:44
[INFO] [stdout] stack backtrace:
[INFO] [stdout]    0:     0x564d86185800 - std::backtrace_rs::backtrace::libunwind::trace::hff4d1766e93f64f1
[INFO] [stdout]                                at /rustc/53fd98ca776cb875bc9e5514f56b52eb74f9e7a9/library/std/src/../../backtrace/src/backtrace/libunwind.rs:90:5
[INFO] [stdout]    1:     0x564d86185800 - std::backtrace_rs::backtrace::trace_unsynchronized::h56bbc8eb78770bcb
[INFO] [stdout]                                at /rustc/53fd98ca776cb875bc9e5514f56b52eb74f9e7a9/library/std/src/../../backtrace/src/backtrace/mod.rs:66:5
[INFO] [stdout]    2:     0x564d86185800 - std::sys_common::backtrace::_print_fmt::h5c8e75464faca780
[INFO] [stdout]                                at /rustc/53fd98ca776cb875bc9e5514f56b52eb74f9e7a9/library/std/src/sys_common/backtrace.rs:67:5
[INFO] [stdout]    3:     0x564d86185800 - <std::sys_common::backtrace::_print::DisplayBacktrace as core::fmt::Display>::fmt::h48b88277def8b362
[INFO] [stdout]                                at /rustc/53fd98ca776cb875bc9e5514f56b52eb74f9e7a9/library/std/src/sys_common/backtrace.rs:46:22
[INFO] [stdout]    4:     0x564d861a8b6c - core::fmt::write::h3381b3176fe2b3d3
[INFO] [stdout]                                at /rustc/53fd98ca776cb875bc9e5514f56b52eb74f9e7a9/library/core/src/fmt/mod.rs:1115:17
[INFO] [stdout]    5:     0x564d8617f375 - std::io::Write::write_fmt::h5f34a676f60246b5
[INFO] [stdout]                                at /rustc/53fd98ca776cb875bc9e5514f56b52eb74f9e7a9/library/std/src/io/mod.rs:1665:15
[INFO] [stdout]    6:     0x564d861879eb - std::sys_common::backtrace::_print::ha537687d6c17dd0d
[INFO] [stdout]                                at /rustc/53fd98ca776cb875bc9e5514f56b52eb74f9e7a9/library/std/src/sys_common/backtrace.rs:49:5
[INFO] [stdout]    7:     0x564d861879eb - std::sys_common::backtrace::print::h61376ae57d131d72
[INFO] [stdout]                                at /rustc/53fd98ca776cb875bc9e5514f56b52eb74f9e7a9/library/std/src/sys_common/backtrace.rs:36:9
[INFO] [stdout]    8:     0x564d861879eb - std::panicking::default_hook::{{closure}}::h0f7208c0b9644a54
[INFO] [stdout]                                at /rustc/53fd98ca776cb875bc9e5514f56b52eb74f9e7a9/library/std/src/panicking.rs:208:50
[INFO] [stdout]    9:     0x564d861874fc - std::panicking::default_hook::hdac7fc06578c14ce
[INFO] [stdout]                                at /rustc/53fd98ca776cb875bc9e5514f56b52eb74f9e7a9/library/std/src/panicking.rs:222:9
[INFO] [stdout]   10:     0x564d861880b4 - std::panicking::rust_panic_with_hook::h72b21c283da3d1ef
[INFO] [stdout]                                at /rustc/53fd98ca776cb875bc9e5514f56b52eb74f9e7a9/library/std/src/panicking.rs:622:17
[INFO] [stdout]   11:     0x564d86187b97 - std::panicking::begin_panic_handler::{{closure}}::he5778f1729cff84a
[INFO] [stdout]                                at /rustc/53fd98ca776cb875bc9e5514f56b52eb74f9e7a9/library/std/src/panicking.rs:519:13
[INFO] [stdout]   12:     0x564d86185cdc - std::sys_common::backtrace::__rust_end_short_backtrace::h2d11ca8b453b4b1d
[INFO] [stdout]                                at /rustc/53fd98ca776cb875bc9e5514f56b52eb74f9e7a9/library/std/src/sys_common/backtrace.rs:141:18
[INFO] [stdout]   13:     0x564d86187af9 - rust_begin_unwind
[INFO] [stdout]                                at /rustc/53fd98ca776cb875bc9e5514f56b52eb74f9e7a9/library/std/src/panicking.rs:515:5
[INFO] [stdout]   14:     0x564d85d6ca91 - core::panicking::panic_fmt::hf9de31d4acbce4db
[INFO] [stdout]                                at /rustc/53fd98ca776cb875bc9e5514f56b52eb74f9e7a9/library/core/src/panicking.rs:92:14
[INFO] [stdout]   15:     0x564d85d6cb83 - core::result::unwrap_failed::ha0c84e81219e5878
[INFO] [stdout]                                at /rustc/53fd98ca776cb875bc9e5514f56b52eb74f9e7a9/library/core/src/result.rs:1599:5
[INFO] [stdout]   16:     0x564d85d73ebb - core::result::Result<T,E>::unwrap::he96423bbcddebb49
[INFO] [stdout]                                at /rustc/53fd98ca776cb875bc9e5514f56b52eb74f9e7a9/library/core/src/result.rs:1281:23
[INFO] [stdout]   17:     0x564d85d758e5 - nts::lib::remote_script::get_remote_script::{{closure}}::h073e53409e2e4e90
[INFO] [stdout]                                at /opt/rustwide/workdir/src/lib/remote_script.rs:8:17
[INFO] [stdout]   18:     0x564d85d77af1 - <core::future::from_generator::GenFuture<T> as core::future::future::Future>::poll::h9baf61f662130164
[INFO] [stdout]                                at /rustc/53fd98ca776cb875bc9e5514f56b52eb74f9e7a9/library/core/src/future/mod.rs:80:19
[INFO] [stdout]   19:     0x564d85d7c1c3 - nts::lib::remote_script::remote_script_tests::should_work::{{closure}}::he4d3a44d76241c22
[INFO] [stdout]                                at /opt/rustwide/workdir/src/lib/remote_script.rs:41:16
[INFO] [stdout]   20:     0x564d85d77e2b - <core::future::from_generator::GenFuture<T> as core::future::future::Future>::poll::hdbc6feb00abcf3b7
[INFO] [stdout]                                at /rustc/53fd98ca776cb875bc9e5514f56b52eb74f9e7a9/library/core/src/future/mod.rs:80:19
[INFO] [stdout]   21:     0x564d85d70e40 - tokio::runtime::basic_scheduler::BasicScheduler<P>::block_on::{{closure}}::{{closure}}::hdb2aef54a18f8f28
[INFO] [stdout]                                at /opt/rustwide/cargo-home/registry/src/github.com-1ecc6299db9ec823/tokio-0.2.21/src/runtime/basic_scheduler.rs:131:58
[INFO] [stdout]   22:     0x564d85d7486c - tokio::coop::with_budget::{{closure}}::haed4cc9da01b3b14
[INFO] [stdout]                                at /opt/rustwide/cargo-home/registry/src/github.com-1ecc6299db9ec823/tokio-0.2.21/src/coop.rs:127:9
[INFO] [stdout]   23:     0x564d85d6e661 - std::thread::local::LocalKey<T>::try_with::h573578544c251724
[INFO] [stdout]                                at /rustc/53fd98ca776cb875bc9e5514f56b52eb74f9e7a9/library/std/src/thread/local.rs:399:16
[INFO] [stdout]   24:     0x564d85d6d8ad - std::thread::local::LocalKey<T>::with::hafc826b3150766fe
[INFO] [stdout]                                at /rustc/53fd98ca776cb875bc9e5514f56b52eb74f9e7a9/library/std/src/thread/local.rs:375:9
[INFO] [stdout]   25:     0x564d85d6f537 - tokio::coop::with_budget::h614d69f6368edbd9
[INFO] [stdout]                                at /opt/rustwide/cargo-home/registry/src/github.com-1ecc6299db9ec823/tokio-0.2.21/src/coop.rs:120:5
[INFO] [stdout]   26:     0x564d85d6f537 - tokio::coop::budget::hef10bd862a9d8717
[INFO] [stdout]                                at /opt/rustwide/cargo-home/registry/src/github.com-1ecc6299db9ec823/tokio-0.2.21/src/coop.rs:96:5
[INFO] [stdout]   27:     0x564d85d6f537 - tokio::runtime::basic_scheduler::BasicScheduler<P>::block_on::{{closure}}::h071e4842b34c92f2
[INFO] [stdout]                                at /opt/rustwide/cargo-home/registry/src/github.com-1ecc6299db9ec823/tokio-0.2.21/src/runtime/basic_scheduler.rs:131:35
[INFO] [stdout]   28:     0x564d85d719ff - tokio::runtime::basic_scheduler::enter::{{closure}}::h3e377d2a6693a003
[INFO] [stdout]                                at /opt/rustwide/cargo-home/registry/src/github.com-1ecc6299db9ec823/tokio-0.2.21/src/runtime/basic_scheduler.rs:213:29
[INFO] [stdout]   29:     0x564d85d7de1e - tokio::macros::scoped_tls::ScopedKey<T>::set::h57d74d7d84422950
[INFO] [stdout]                                at /opt/rustwide/cargo-home/registry/src/github.com-1ecc6299db9ec823/tokio-0.2.21/src/macros/scoped_tls.rs:63:9
[INFO] [stdout]   30:     0x564d85d7194e - tokio::runtime::basic_scheduler::enter::h89f8949eb6bac130
[INFO] [stdout]                                at /opt/rustwide/cargo-home/registry/src/github.com-1ecc6299db9ec823/tokio-0.2.21/src/runtime/basic_scheduler.rs:213:5
[INFO] [stdout]   31:     0x564d85d6f222 - tokio::runtime::basic_scheduler::BasicScheduler<P>::block_on::hd0b86671a3cb39d0
[INFO] [stdout]                                at /opt/rustwide/cargo-home/registry/src/github.com-1ecc6299db9ec823/tokio-0.2.21/src/runtime/basic_scheduler.rs:123:9
[INFO] [stdout]   32:     0x564d85d73652 - tokio::runtime::Runtime::block_on::{{closure}}::h02d0fb272f649046
[INFO] [stdout]                                at /opt/rustwide/cargo-home/registry/src/github.com-1ecc6299db9ec823/tokio-0.2.21/src/runtime/mod.rs:444:34
[INFO] [stdout]   33:     0x564d85d7936d - tokio::runtime::context::enter::h12a3f43324294cd6
[INFO] [stdout]                                at /opt/rustwide/cargo-home/registry/src/github.com-1ecc6299db9ec823/tokio-0.2.21/src/runtime/context.rs:72:5
[INFO] [stdout]   34:     0x564d85d7514a - tokio::runtime::handle::Handle::enter::h8fc5f388c857df67
[INFO] [stdout]                                at /opt/rustwide/cargo-home/registry/src/github.com-1ecc6299db9ec823/tokio-0.2.21/src/runtime/handle.rs:76:9
[INFO] [stdout]   35:     0x564d85d734bf - tokio::runtime::Runtime::block_on::h69b0ad2531ae9f93
[INFO] [stdout]                                at /opt/rustwide/cargo-home/registry/src/github.com-1ecc6299db9ec823/tokio-0.2.21/src/runtime/mod.rs:441:9
[INFO] [stdout]   36:     0x564d85d7bfd5 - nts::lib::remote_script::remote_script_tests::should_work::hb715856bcab6514d
[INFO] [stdout]                                at /opt/rustwide/workdir/src/lib/remote_script.rs:39:2
[INFO] [stdout]   37:     0x564d85d7beea - nts::lib::remote_script::remote_script_tests::should_work::{{closure}}::h57a50cb8f244065b
[INFO] [stdout]                                at /opt/rustwide/workdir/src/lib/remote_script.rs:39:2
[INFO] [stdout]   38:     0x564d85d7814e - core::ops::function::FnOnce::call_once::hdd23547e6147cb6c
[INFO] [stdout]                                at /rustc/53fd98ca776cb875bc9e5514f56b52eb74f9e7a9/library/core/src/ops/function.rs:227:5
[INFO] [stdout]   39:     0x564d8606a5d3 - core::ops::function::FnOnce::call_once::hbb52c4519d3137b0
[INFO] [stdout]                                at /rustc/53fd98ca776cb875bc9e5514f56b52eb74f9e7a9/library/core/src/ops/function.rs:227:5
[INFO] [stdout]   40:     0x564d8606a5d3 - test::__rust_begin_short_backtrace::h86fe3a2a5a5121af
[INFO] [stdout]                                at /rustc/53fd98ca776cb875bc9e5514f56b52eb74f9e7a9/library/test/src/lib.rs:578:5
[INFO] [stdout]   41:     0x564d86069088 - <alloc::boxed::Box<F,A> as core::ops::function::FnOnce<Args>>::call_once::hfd956bc3d57399be
[INFO] [stdout]                                at /rustc/53fd98ca776cb875bc9e5514f56b52eb74f9e7a9/library/alloc/src/boxed.rs:1572:9
[INFO] [stdout]   42:     0x564d86069088 - <std::panic::AssertUnwindSafe<F> as core::ops::function::FnOnce<()>>::call_once::h40dc93e0ddb5938a
[INFO] [stdout]                                at /rustc/53fd98ca776cb875bc9e5514f56b52eb74f9e7a9/library/std/src/panic.rs:347:9
[INFO] [stdout]   43:     0x564d86069088 - std::panicking::try::do_call::h90d07750cb47c562
[INFO] [stdout]                                at /rustc/53fd98ca776cb875bc9e5514f56b52eb74f9e7a9/library/std/src/panicking.rs:401:40
[INFO] [stdout]   44:     0x564d86069088 - std::panicking::try::h063c84733ad2a629
[INFO] [stdout]                                at /rustc/53fd98ca776cb875bc9e5514f56b52eb74f9e7a9/library/std/src/panicking.rs:365:19
[INFO] [stdout]   45:     0x564d86069088 - std::panic::catch_unwind::h0c464836a84e7c08
[INFO] [stdout]                                at /rustc/53fd98ca776cb875bc9e5514f56b52eb74f9e7a9/library/std/src/panic.rs:434:14
[INFO] [stdout]   46:     0x564d86069088 - test::run_test_in_process::h5cb06ef620b157fc
[INFO] [stdout]                                at /rustc/53fd98ca776cb875bc9e5514f56b52eb74f9e7a9/library/test/src/lib.rs:601:18
[INFO] [stdout]   47:     0x564d86069088 - test::run_test::run_test_inner::{{closure}}::h76f677f4b93f9828
[INFO] [stdout]                                at /rustc/53fd98ca776cb875bc9e5514f56b52eb74f9e7a9/library/test/src/lib.rs:493:39
[INFO] [stdout]   48:     0x564d8603781d - test::run_test::run_test_inner::{{closure}}::h366d01fe04f4d67a
[INFO] [stdout]                                at /rustc/53fd98ca776cb875bc9e5514f56b52eb74f9e7a9/library/test/src/lib.rs:520:37
[INFO] [stdout]   49:     0x564d8603781d - std::sys_common::backtrace::__rust_begin_short_backtrace::h7dfa0de4eb395af2
[INFO] [stdout]                                at /rustc/53fd98ca776cb875bc9e5514f56b52eb74f9e7a9/library/std/src/sys_common/backtrace.rs:125:18
[INFO] [stdout]   50:     0x564d8603bfe8 - std::thread::Builder::spawn_unchecked::{{closure}}::{{closure}}::hf0a74bb58798037f
[INFO] [stdout]                                at /rustc/53fd98ca776cb875bc9e5514f56b52eb74f9e7a9/library/std/src/thread/mod.rs:476:17
[INFO] [stdout]   51:     0x564d8603bfe8 - <std::panic::AssertUnwindSafe<F> as core::ops::function::FnOnce<()>>::call_once::hb024e854818586ac
[INFO] [stdout]                                at /rustc/53fd98ca776cb875bc9e5514f56b52eb74f9e7a9/library/std/src/panic.rs:347:9
[INFO] [stdout]   52:     0x564d8603bfe8 - std::panicking::try::do_call::hb2dd9f1d0d48e41d
[INFO] [stdout]                                at /rustc/53fd98ca776cb875bc9e5514f56b52eb74f9e7a9/library/std/src/panicking.rs:401:40
[INFO] [stdout]   53:     0x564d8603bfe8 - std::panicking::try::h4717ae7bac8b2bf3
[INFO] [stdout]                                at /rustc/53fd98ca776cb875bc9e5514f56b52eb74f9e7a9/library/std/src/panicking.rs:365:19
[INFO] [stdout]   54:     0x564d8603bfe8 - std::panic::catch_unwind::h0dc8a061326ce8d8
[INFO] [stdout]                                at /rustc/53fd98ca776cb875bc9e5514f56b52eb74f9e7a9/library/std/src/panic.rs:434:14
[INFO] [stdout]   55:     0x564d8603bfe8 - std::thread::Builder::spawn_unchecked::{{closure}}::haa369e2d6fd00aa1
[INFO] [stdout]                                at /rustc/53fd98ca776cb875bc9e5514f56b52eb74f9e7a9/library/std/src/thread/mod.rs:475:30
[INFO] [stdout]   56:     0x564d8603bfe8 - core::ops::function::FnOnce::call_once{{vtable.shim}}::h36dcf3de8b056f17
[INFO] [stdout]                                at /rustc/53fd98ca776cb875bc9e5514f56b52eb74f9e7a9/library/core/src/ops/function.rs:227:5
[INFO] [stdout]   57:     0x564d8618d4b7 - <alloc::boxed::Box<F,A> as core::ops::function::FnOnce<Args>>::call_once::h65c29e4642be2358
[INFO] [stdout]                                at /rustc/53fd98ca776cb875bc9e5514f56b52eb74f9e7a9/library/alloc/src/boxed.rs:1572:9
[INFO] [stdout]   58:     0x564d8618d4b7 - <alloc::boxed::Box<F,A> as core::ops::function::FnOnce<Args>>::call_once::hd0f8f7fbbd9fffbf
[INFO] [stdout]                                at /rustc/53fd98ca776cb875bc9e5514f56b52eb74f9e7a9/library/alloc/src/boxed.rs:1572:9
[INFO] [stdout]   59:     0x564d8618d4b7 - std::sys::unix::thread::Thread::new::thread_start::h2fd22fee3ca77b65
[INFO] [stdout]                                at /rustc/53fd98ca776cb875bc9e5514f56b52eb74f9e7a9/library/std/src/sys/unix/thread.rs:74:17
[INFO] [stdout]   60:     0x7f988b4fa609 - start_thread
[INFO] [stdout]   61:     0x7f988b2d0293 - clone
[INFO] [stdout]   62:                0x0 - <unknown>
[INFO] [stdout] 
[INFO] [stdout] 
[INFO] [stdout] failures:
[INFO] [stdout]     lib::remote_script::remote_script_tests::should_work
[INFO] [stdout] 
[INFO] [stdout] test result: FAILED. 2 passed; 1 failed; 0 ignored; 0 measured; 0 filtered out; finished in 0.04s
[INFO] [stdout] 
[INFO] [stderr] error: test failed, to rerun pass '--bin nts'
[INFO] running `Command { std: "docker" "inspect" "4a2e6a68279abefbee2611c29b16ff7f99892289a14f7efb7855e7337779c1a4", kill_on_drop: false }`
[INFO] running `Command { std: "docker" "rm" "-f" "4a2e6a68279abefbee2611c29b16ff7f99892289a14f7efb7855e7337779c1a4", kill_on_drop: false }`
[INFO] [stdout] 4a2e6a68279abefbee2611c29b16ff7f99892289a14f7efb7855e7337779c1a4
