[INFO] cloning repository https://github.com/109149/init_project
[INFO] running `Command { std: "git" "-c" "credential.helper=" "-c" "credential.helper=/workspace/cargo-home/bin/git-credential-null" "clone" "--bare" "https://github.com/109149/init_project" "/workspace/cache/git-repos/https%3A%2F%2Fgithub.com%2F109149%2Finit_project", kill_on_drop: false }`
[INFO] [stderr] Cloning into bare repository '/workspace/cache/git-repos/https%3A%2F%2Fgithub.com%2F109149%2Finit_project'...
[INFO] running `Command { std: "git" "rev-parse" "HEAD", kill_on_drop: false }`
[INFO] [stdout] 6f6f3d2ae445dfafeca186fba1b2fe50c5e0dac5
[INFO] testing 109149/init_project against 1.54.0 for beta-1.55-1
[INFO] running `Command { std: "git" "clone" "/workspace/cache/git-repos/https%3A%2F%2Fgithub.com%2F109149%2Finit_project" "/workspace/builds/worker-83/source", kill_on_drop: false }`
[INFO] [stderr] Cloning into '/workspace/builds/worker-83/source'...
[INFO] [stderr] done.
[INFO] validating manifest of git repo https://github.com/109149/init_project on toolchain 1.54.0
[INFO] running `Command { std: "/workspace/cargo-home/bin/cargo" "+1.54.0" "metadata" "--manifest-path" "Cargo.toml" "--no-deps", kill_on_drop: false }`
[INFO] started tweaking git repo https://github.com/109149/init_project
[INFO] finished tweaking git repo https://github.com/109149/init_project
[INFO] tweaked toml for git repo https://github.com/109149/init_project written to /workspace/builds/worker-83/source/Cargo.toml
[INFO] crate git repo https://github.com/109149/init_project already has a lockfile, it will not be regenerated
[INFO] running `Command { std: "/workspace/cargo-home/bin/cargo" "+1.54.0" "fetch" "--manifest-path" "Cargo.toml", kill_on_drop: false }`
[INFO] [stderr]     Blocking waiting for file lock on package cache
[INFO] [stderr]     Blocking waiting for file lock on package cache
[INFO] running `Command { std: "docker" "create" "-v" "/var/lib/crater-agent-workspace/builds/worker-83/target:/opt/rustwide/target:rw,Z" "-v" "/var/lib/crater-agent-workspace/builds/worker-83/source:/opt/rustwide/workdir:ro,Z" "-v" "/var/lib/crater-agent-workspace/cargo-home:/opt/rustwide/cargo-home:ro,Z" "-v" "/var/lib/crater-agent-workspace/rustup-home:/opt/rustwide/rustup-home:ro,Z" "-e" "SOURCE_DIR=/opt/rustwide/workdir" "-e" "CARGO_TARGET_DIR=/opt/rustwide/target" "-e" "CARGO_HOME=/opt/rustwide/cargo-home" "-e" "RUSTUP_HOME=/opt/rustwide/rustup-home" "-w" "/opt/rustwide/workdir" "-m" "1610612736" "--user" "0:0" "--network" "none" "ghcr.io/rust-lang/crates-build-env/linux@sha256:34b6a614d2c27851fe6cbf88fbd1137609cefab8b10d0615aaeb6fd47975d74e" "/opt/rustwide/cargo-home/bin/cargo" "+1.54.0" "metadata" "--no-deps" "--format-version=1", kill_on_drop: false }`
[INFO] [stdout] c126a77ff466b5017228170b7e4dfcc5d140d2f7b336075bb64a8d92f16a7fc2
[INFO] running `Command { std: "docker" "start" "-a" "c126a77ff466b5017228170b7e4dfcc5d140d2f7b336075bb64a8d92f16a7fc2", kill_on_drop: false }`
[INFO] running `Command { std: "docker" "inspect" "c126a77ff466b5017228170b7e4dfcc5d140d2f7b336075bb64a8d92f16a7fc2", kill_on_drop: false }`
[INFO] running `Command { std: "docker" "rm" "-f" "c126a77ff466b5017228170b7e4dfcc5d140d2f7b336075bb64a8d92f16a7fc2", kill_on_drop: false }`
[INFO] [stdout] c126a77ff466b5017228170b7e4dfcc5d140d2f7b336075bb64a8d92f16a7fc2
[INFO] running `Command { std: "docker" "create" "-v" "/var/lib/crater-agent-workspace/builds/worker-83/target:/opt/rustwide/target:rw,Z" "-v" "/var/lib/crater-agent-workspace/builds/worker-83/source:/opt/rustwide/workdir:ro,Z" "-v" "/var/lib/crater-agent-workspace/cargo-home:/opt/rustwide/cargo-home:ro,Z" "-v" "/var/lib/crater-agent-workspace/rustup-home:/opt/rustwide/rustup-home:ro,Z" "-e" "SOURCE_DIR=/opt/rustwide/workdir" "-e" "CARGO_TARGET_DIR=/opt/rustwide/target" "-e" "CARGO_INCREMENTAL=0" "-e" "RUST_BACKTRACE=full" "-e" "RUSTFLAGS=--cap-lints=warn" "-e" "CARGO_HOME=/opt/rustwide/cargo-home" "-e" "RUSTUP_HOME=/opt/rustwide/rustup-home" "-w" "/opt/rustwide/workdir" "-m" "1610612736" "--user" "0:0" "--network" "none" "ghcr.io/rust-lang/crates-build-env/linux@sha256:34b6a614d2c27851fe6cbf88fbd1137609cefab8b10d0615aaeb6fd47975d74e" "/opt/rustwide/cargo-home/bin/cargo" "+1.54.0" "build" "--frozen" "--message-format=json", kill_on_drop: false }`
[INFO] [stdout] 43ce865412d69a1d2337650cdf1031bebf1ff65041e8258ea0d3580aa23e8201
[INFO] running `Command { std: "docker" "start" "-a" "43ce865412d69a1d2337650cdf1031bebf1ff65041e8258ea0d3580aa23e8201", kill_on_drop: false }`
[INFO] [stderr]     Blocking waiting for file lock on package cache
[INFO] [stderr]    Compiling libc v0.2.80
[INFO] [stderr]    Compiling memchr v2.3.4
[INFO] [stderr]    Compiling log v0.4.11
[INFO] [stderr]    Compiling unicode-width v0.1.8
[INFO] [stderr]    Compiling regex-syntax v0.6.21
[INFO] [stderr]    Compiling humantime v2.0.1
[INFO] [stderr]    Compiling textwrap v0.11.0
[INFO] [stderr]    Compiling aho-corasick v0.7.15
[INFO] [stderr]    Compiling atty v0.2.14
[INFO] [stderr]    Compiling clap v2.33.3
[INFO] [stderr]    Compiling regex v1.4.2
[INFO] [stderr]    Compiling env_logger v0.8.1
[INFO] [stderr]    Compiling init_project v0.1.5 (/opt/rustwide/workdir)
[INFO] [stderr]     Finished dev [unoptimized + debuginfo] target(s) in 11.41s
[INFO] running `Command { std: "docker" "inspect" "43ce865412d69a1d2337650cdf1031bebf1ff65041e8258ea0d3580aa23e8201", kill_on_drop: false }`
[INFO] running `Command { std: "docker" "rm" "-f" "43ce865412d69a1d2337650cdf1031bebf1ff65041e8258ea0d3580aa23e8201", kill_on_drop: false }`
[INFO] [stdout] 43ce865412d69a1d2337650cdf1031bebf1ff65041e8258ea0d3580aa23e8201
[INFO] running `Command { std: "docker" "create" "-v" "/var/lib/crater-agent-workspace/builds/worker-83/target:/opt/rustwide/target:rw,Z" "-v" "/var/lib/crater-agent-workspace/builds/worker-83/source:/opt/rustwide/workdir:ro,Z" "-v" "/var/lib/crater-agent-workspace/cargo-home:/opt/rustwide/cargo-home:ro,Z" "-v" "/var/lib/crater-agent-workspace/rustup-home:/opt/rustwide/rustup-home:ro,Z" "-e" "SOURCE_DIR=/opt/rustwide/workdir" "-e" "CARGO_TARGET_DIR=/opt/rustwide/target" "-e" "CARGO_INCREMENTAL=0" "-e" "RUST_BACKTRACE=full" "-e" "RUSTFLAGS=--cap-lints=warn" "-e" "CARGO_HOME=/opt/rustwide/cargo-home" "-e" "RUSTUP_HOME=/opt/rustwide/rustup-home" "-w" "/opt/rustwide/workdir" "-m" "1610612736" "--user" "0:0" "--network" "none" "ghcr.io/rust-lang/crates-build-env/linux@sha256:34b6a614d2c27851fe6cbf88fbd1137609cefab8b10d0615aaeb6fd47975d74e" "/opt/rustwide/cargo-home/bin/cargo" "+1.54.0" "test" "--frozen" "--no-run" "--message-format=json", kill_on_drop: false }`
[INFO] [stdout] 4a1e02afc9c0ed501930d792d4b37d87000cb0fdffdc00b5fe869619d819781c
[INFO] running `Command { std: "docker" "start" "-a" "4a1e02afc9c0ed501930d792d4b37d87000cb0fdffdc00b5fe869619d819781c", kill_on_drop: false }`
[INFO] [stderr]     Blocking waiting for file lock on package cache
[INFO] [stderr]    Compiling init_project v0.1.5 (/opt/rustwide/workdir)
[INFO] [stderr]     Finished test [unoptimized + debuginfo] target(s) in 1.12s
[INFO] running `Command { std: "docker" "inspect" "4a1e02afc9c0ed501930d792d4b37d87000cb0fdffdc00b5fe869619d819781c", kill_on_drop: false }`
[INFO] running `Command { std: "docker" "rm" "-f" "4a1e02afc9c0ed501930d792d4b37d87000cb0fdffdc00b5fe869619d819781c", kill_on_drop: false }`
[INFO] [stdout] 4a1e02afc9c0ed501930d792d4b37d87000cb0fdffdc00b5fe869619d819781c
[INFO] running `Command { std: "docker" "create" "-v" "/var/lib/crater-agent-workspace/builds/worker-83/target:/opt/rustwide/target:rw,Z" "-v" "/var/lib/crater-agent-workspace/builds/worker-83/source:/opt/rustwide/workdir:ro,Z" "-v" "/var/lib/crater-agent-workspace/cargo-home:/opt/rustwide/cargo-home:ro,Z" "-v" "/var/lib/crater-agent-workspace/rustup-home:/opt/rustwide/rustup-home:ro,Z" "-e" "SOURCE_DIR=/opt/rustwide/workdir" "-e" "CARGO_TARGET_DIR=/opt/rustwide/target" "-e" "CARGO_INCREMENTAL=0" "-e" "RUST_BACKTRACE=full" "-e" "RUSTFLAGS=--cap-lints=warn" "-e" "CARGO_HOME=/opt/rustwide/cargo-home" "-e" "RUSTUP_HOME=/opt/rustwide/rustup-home" "-w" "/opt/rustwide/workdir" "-m" "1610612736" "--user" "0:0" "--network" "none" "ghcr.io/rust-lang/crates-build-env/linux@sha256:34b6a614d2c27851fe6cbf88fbd1137609cefab8b10d0615aaeb6fd47975d74e" "/opt/rustwide/cargo-home/bin/cargo" "+1.54.0" "test" "--frozen", kill_on_drop: false }`
[INFO] [stdout] e2c648c7909d0b9445f6315b2fa5495ca08bf4d9204ea5aa038071d0bf406802
[INFO] running `Command { std: "docker" "start" "-a" "e2c648c7909d0b9445f6315b2fa5495ca08bf4d9204ea5aa038071d0bf406802", kill_on_drop: false }`
[INFO] [stderr]     Blocking waiting for file lock on package cache
[INFO] [stderr]     Finished test [unoptimized + debuginfo] target(s) in 32.33s
[INFO] [stderr]      Running unittests (/opt/rustwide/target/debug/deps/init_project-713dd16b7281d024)
[INFO] [stdout] 
[INFO] [stdout] running 0 tests
[INFO] [stdout] 
[INFO] [stdout] test result: ok. 0 passed; 0 failed; 0 ignored; 0 measured; 0 filtered out; finished in 0.00s
[INFO] [stdout] 
[INFO] [stderr]      Running unittests (/opt/rustwide/target/debug/deps/init_project-30f9b5882e1fdc53)
[INFO] [stdout] 
[INFO] [stdout] running 0 tests
[INFO] [stdout] 
[INFO] [stdout] test result: ok. 0 passed; 0 failed; 0 ignored; 0 measured; 0 filtered out; finished in 0.00s
[INFO] [stdout] 
[INFO] [stderr]    Doc-tests init_project
[INFO] [stdout] 
[INFO] [stdout] running 4 tests
[INFO] [stdout] test src/suggestions.rs - suggestions::Project::new (line 39) ... FAILED
[INFO] [stdout] test src/suggestions.rs - suggestions::Project::choose (line 131) ... FAILED
[INFO] [stdout] test src/suggestions.rs - suggestions::Project::display (line 97) ... FAILED
[INFO] [stdout] test src/suggestions.rs - suggestions::Project::generate_project (line 169) ... FAILED
[INFO] [stdout] 
[INFO] [stdout] failures:
[INFO] [stdout] 
[INFO] [stdout] ---- src/suggestions.rs - suggestions::Project::new (line 39) stdout ----
[INFO] [stdout] error[E0433]: failed to resolve: use of undeclared type `Project`
[INFO] [stdout]  --> src/suggestions.rs:41:15
[INFO] [stdout]   |
[INFO] [stdout] 3 | let project = Project::new();
[INFO] [stdout]   |               ^^^^^^^ not found in this scope
[INFO] [stdout]   |
[INFO] [stdout] help: consider importing this struct
[INFO] [stdout]   |
[INFO] [stdout] 2 | use init_project::suggestions::Project;
[INFO] [stdout]   |
[INFO] [stdout] 
[INFO] [stdout] error: aborting due to previous error
[INFO] [stdout] 
[INFO] [stdout] For more information about this error, try `rustc --explain E0433`.
[INFO] [stdout] Couldn't compile the test.
[INFO] [stdout] ---- src/suggestions.rs - suggestions::Project::choose (line 131) stdout ----
[INFO] [stdout] error[E0433]: failed to resolve: use of undeclared type `Project`
[INFO] [stdout]  --> src/suggestions.rs:133:15
[INFO] [stdout]   |
[INFO] [stdout] 3 | let project = Project::new();
[INFO] [stdout]   |               ^^^^^^^ not found in this scope
[INFO] [stdout]   |
[INFO] [stdout] help: consider importing this struct
[INFO] [stdout]   |
[INFO] [stdout] 2 | use init_project::suggestions::Project;
[INFO] [stdout]   |
[INFO] [stdout] 
[INFO] [stdout] error: aborting due to previous error
[INFO] [stdout] 
[INFO] [stdout] For more information about this error, try `rustc --explain E0433`.
[INFO] [stdout] Couldn't compile the test.
[INFO] [stdout] ---- src/suggestions.rs - suggestions::Project::display (line 97) stdout ----
[INFO] [stdout] error[E0433]: failed to resolve: use of undeclared type `Project`
[INFO] [stdout]  --> src/suggestions.rs:99:15
[INFO] [stdout]   |
[INFO] [stdout] 3 | let project = Project::new();
[INFO] [stdout]   |               ^^^^^^^ not found in this scope
[INFO] [stdout]   |
[INFO] [stdout] help: consider importing this struct
[INFO] [stdout]   |
[INFO] [stdout] 2 | use init_project::suggestions::Project;
[INFO] [stdout]   |
[INFO] [stdout] 
[INFO] [stdout] error: aborting due to previous error
[INFO] [stdout] 
[INFO] [stdout] For more information about this error, try `rustc --explain E0433`.
[INFO] [stdout] Couldn't compile the test.
[INFO] [stdout] ---- src/suggestions.rs - suggestions::Project::generate_project (line 169) stdout ----
[INFO] [stdout] error[E0433]: failed to resolve: use of undeclared type `Project`
[INFO] [stdout]  --> src/suggestions.rs:171:15
[INFO] [stdout]   |
[INFO] [stdout] 3 | let project = Project::new();
[INFO] [stdout]   |               ^^^^^^^ not found in this scope
[INFO] [stdout]   |
[INFO] [stdout] help: consider importing this struct
[INFO] [stdout]   |
[INFO] [stdout] 2 | use init_project::suggestions::Project;
[INFO] [stdout]   |
[INFO] [stdout] 
[INFO] [stdout] error: aborting due to previous error
[INFO] [stdout] 
[INFO] [stdout] For more information about this error, try `rustc --explain E0433`.
[INFO] [stdout] Couldn't compile the test.
[INFO] [stdout] 
[INFO] [stdout] failures:
[INFO] [stdout]     src/suggestions.rs - suggestions::Project::choose (line 131)
[INFO] [stdout]     src/suggestions.rs - suggestions::Project::display (line 97)
[INFO] [stdout]     src/suggestions.rs - suggestions::Project::generate_project (line 169)
[INFO] [stdout]     src/suggestions.rs - suggestions::Project::new (line 39)
[INFO] [stdout] 
[INFO] [stdout] test result: FAILED. 0 passed; 4 failed; 0 ignored; 0 measured; 0 filtered out; finished in 0.31s
[INFO] [stdout] 
[INFO] [stderr] error: test failed, to rerun pass '--doc'
[INFO] running `Command { std: "docker" "inspect" "e2c648c7909d0b9445f6315b2fa5495ca08bf4d9204ea5aa038071d0bf406802", kill_on_drop: false }`
[INFO] running `Command { std: "docker" "rm" "-f" "e2c648c7909d0b9445f6315b2fa5495ca08bf4d9204ea5aa038071d0bf406802", kill_on_drop: false }`
[INFO] [stdout] e2c648c7909d0b9445f6315b2fa5495ca08bf4d9204ea5aa038071d0bf406802
