[INFO] cloning repository https://github.com/0x7D2B/hex-magic
[INFO] running `Command { std: "git" "-c" "credential.helper=" "-c" "credential.helper=/workspace/cargo-home/bin/git-credential-null" "clone" "--bare" "https://github.com/0x7D2B/hex-magic" "/workspace/cache/git-repos/https%3A%2F%2Fgithub.com%2F0x7D2B%2Fhex-magic", kill_on_drop: false }`
[INFO] [stderr] Cloning into bare repository '/workspace/cache/git-repos/https%3A%2F%2Fgithub.com%2F0x7D2B%2Fhex-magic'...
[INFO] running `Command { std: "git" "rev-parse" "HEAD", kill_on_drop: false }`
[INFO] [stdout] a66f3c9e1bdd5eee79c1d119d3632b95fe33dad8
[INFO] testing 0x7D2B/hex-magic against beta-2021-08-01 for beta-1.55-1
[INFO] running `Command { std: "git" "clone" "/workspace/cache/git-repos/https%3A%2F%2Fgithub.com%2F0x7D2B%2Fhex-magic" "/workspace/builds/worker-6/source", kill_on_drop: false }`
[INFO] [stderr] Cloning into '/workspace/builds/worker-6/source'...
[INFO] [stderr] done.
[INFO] validating manifest of git repo https://github.com/0x7D2B/hex-magic on toolchain beta-2021-08-01
[INFO] running `Command { std: "/workspace/cargo-home/bin/cargo" "+beta-2021-08-01" "metadata" "--manifest-path" "Cargo.toml" "--no-deps", kill_on_drop: false }`
[INFO] started tweaking git repo https://github.com/0x7D2B/hex-magic
[INFO] finished tweaking git repo https://github.com/0x7D2B/hex-magic
[INFO] tweaked toml for git repo https://github.com/0x7D2B/hex-magic written to /workspace/builds/worker-6/source/Cargo.toml
[INFO] crate git repo https://github.com/0x7D2B/hex-magic already has a lockfile, it will not be regenerated
[INFO] running `Command { std: "/workspace/cargo-home/bin/cargo" "+beta-2021-08-01" "fetch" "--manifest-path" "Cargo.toml", kill_on_drop: false }`
[INFO] [stderr]     Blocking waiting for file lock on package cache
[INFO] [stderr]     Blocking waiting for file lock on package cache
[INFO] running `Command { std: "docker" "create" "-v" "/var/lib/crater-agent-workspace/builds/worker-6/target:/opt/rustwide/target:rw,Z" "-v" "/var/lib/crater-agent-workspace/builds/worker-6/source:/opt/rustwide/workdir:ro,Z" "-v" "/var/lib/crater-agent-workspace/cargo-home:/opt/rustwide/cargo-home:ro,Z" "-v" "/var/lib/crater-agent-workspace/rustup-home:/opt/rustwide/rustup-home:ro,Z" "-e" "SOURCE_DIR=/opt/rustwide/workdir" "-e" "CARGO_TARGET_DIR=/opt/rustwide/target" "-e" "CARGO_HOME=/opt/rustwide/cargo-home" "-e" "RUSTUP_HOME=/opt/rustwide/rustup-home" "-w" "/opt/rustwide/workdir" "-m" "1610612736" "--user" "0:0" "--network" "none" "ghcr.io/rust-lang/crates-build-env/linux@sha256:34b6a614d2c27851fe6cbf88fbd1137609cefab8b10d0615aaeb6fd47975d74e" "/opt/rustwide/cargo-home/bin/cargo" "+beta-2021-08-01" "metadata" "--no-deps" "--format-version=1", kill_on_drop: false }`
[INFO] [stdout] a7d3f8b6ad11ead73ea9c0001842020cb6f645d57fbf23980e4ce3de2babd13a
[INFO] [stderr] WARNING: Your kernel does not support swap limit capabilities or the cgroup is not mounted. Memory limited without swap.
[INFO] running `Command { std: "docker" "start" "-a" "a7d3f8b6ad11ead73ea9c0001842020cb6f645d57fbf23980e4ce3de2babd13a", kill_on_drop: false }`
[INFO] running `Command { std: "docker" "inspect" "a7d3f8b6ad11ead73ea9c0001842020cb6f645d57fbf23980e4ce3de2babd13a", kill_on_drop: false }`
[INFO] running `Command { std: "docker" "rm" "-f" "a7d3f8b6ad11ead73ea9c0001842020cb6f645d57fbf23980e4ce3de2babd13a", kill_on_drop: false }`
[INFO] [stdout] a7d3f8b6ad11ead73ea9c0001842020cb6f645d57fbf23980e4ce3de2babd13a
[INFO] running `Command { std: "docker" "create" "-v" "/var/lib/crater-agent-workspace/builds/worker-6/target:/opt/rustwide/target:rw,Z" "-v" "/var/lib/crater-agent-workspace/builds/worker-6/source:/opt/rustwide/workdir:ro,Z" "-v" "/var/lib/crater-agent-workspace/cargo-home:/opt/rustwide/cargo-home:ro,Z" "-v" "/var/lib/crater-agent-workspace/rustup-home:/opt/rustwide/rustup-home:ro,Z" "-e" "SOURCE_DIR=/opt/rustwide/workdir" "-e" "CARGO_TARGET_DIR=/opt/rustwide/target" "-e" "CARGO_INCREMENTAL=0" "-e" "RUST_BACKTRACE=full" "-e" "RUSTFLAGS=--cap-lints=warn" "-e" "CARGO_HOME=/opt/rustwide/cargo-home" "-e" "RUSTUP_HOME=/opt/rustwide/rustup-home" "-w" "/opt/rustwide/workdir" "-m" "1610612736" "--user" "0:0" "--network" "none" "ghcr.io/rust-lang/crates-build-env/linux@sha256:34b6a614d2c27851fe6cbf88fbd1137609cefab8b10d0615aaeb6fd47975d74e" "/opt/rustwide/cargo-home/bin/cargo" "+beta-2021-08-01" "build" "--frozen" "--message-format=json", kill_on_drop: false }`
[INFO] [stdout] 6acb5637e45ba82fb9bc69ab50ff2b7b5dbbfc15d8e00ee87c8a297d8a1f968b
[INFO] [stderr] WARNING: Your kernel does not support swap limit capabilities or the cgroup is not mounted. Memory limited without swap.
[INFO] running `Command { std: "docker" "start" "-a" "6acb5637e45ba82fb9bc69ab50ff2b7b5dbbfc15d8e00ee87c8a297d8a1f968b", kill_on_drop: false }`
[INFO] [stderr]     Blocking waiting for file lock on package cache
[INFO] [stderr]    Compiling syn v1.0.67
[INFO] [stderr]    Compiling hex-magic v0.0.2 (/opt/rustwide/workdir)
[INFO] [stderr]     Finished dev [unoptimized + debuginfo] target(s) in 19.36s
[INFO] running `Command { std: "docker" "inspect" "6acb5637e45ba82fb9bc69ab50ff2b7b5dbbfc15d8e00ee87c8a297d8a1f968b", kill_on_drop: false }`
[INFO] running `Command { std: "docker" "rm" "-f" "6acb5637e45ba82fb9bc69ab50ff2b7b5dbbfc15d8e00ee87c8a297d8a1f968b", kill_on_drop: false }`
[INFO] [stdout] 6acb5637e45ba82fb9bc69ab50ff2b7b5dbbfc15d8e00ee87c8a297d8a1f968b
[INFO] running `Command { std: "docker" "create" "-v" "/var/lib/crater-agent-workspace/builds/worker-6/target:/opt/rustwide/target:rw,Z" "-v" "/var/lib/crater-agent-workspace/builds/worker-6/source:/opt/rustwide/workdir:ro,Z" "-v" "/var/lib/crater-agent-workspace/cargo-home:/opt/rustwide/cargo-home:ro,Z" "-v" "/var/lib/crater-agent-workspace/rustup-home:/opt/rustwide/rustup-home:ro,Z" "-e" "SOURCE_DIR=/opt/rustwide/workdir" "-e" "CARGO_TARGET_DIR=/opt/rustwide/target" "-e" "CARGO_INCREMENTAL=0" "-e" "RUST_BACKTRACE=full" "-e" "RUSTFLAGS=--cap-lints=warn" "-e" "CARGO_HOME=/opt/rustwide/cargo-home" "-e" "RUSTUP_HOME=/opt/rustwide/rustup-home" "-w" "/opt/rustwide/workdir" "-m" "1610612736" "--user" "0:0" "--network" "none" "ghcr.io/rust-lang/crates-build-env/linux@sha256:34b6a614d2c27851fe6cbf88fbd1137609cefab8b10d0615aaeb6fd47975d74e" "/opt/rustwide/cargo-home/bin/cargo" "+beta-2021-08-01" "test" "--frozen" "--no-run" "--message-format=json", kill_on_drop: false }`
[INFO] [stderr] WARNING: Your kernel does not support swap limit capabilities or the cgroup is not mounted. Memory limited without swap.
[INFO] [stdout] 1edc8d6d53bc58787ca381276758461dac1fef3f6f323954246c1af0de24480b
[INFO] running `Command { std: "docker" "start" "-a" "1edc8d6d53bc58787ca381276758461dac1fef3f6f323954246c1af0de24480b", kill_on_drop: false }`
[INFO] [stderr]    Compiling hex-magic v0.0.2 (/opt/rustwide/workdir)
[INFO] [stderr]     Finished test [unoptimized + debuginfo] target(s) in 1.08s
[INFO] running `Command { std: "docker" "inspect" "1edc8d6d53bc58787ca381276758461dac1fef3f6f323954246c1af0de24480b", kill_on_drop: false }`
[INFO] running `Command { std: "docker" "rm" "-f" "1edc8d6d53bc58787ca381276758461dac1fef3f6f323954246c1af0de24480b", kill_on_drop: false }`
[INFO] [stdout] 1edc8d6d53bc58787ca381276758461dac1fef3f6f323954246c1af0de24480b
[INFO] running `Command { std: "docker" "create" "-v" "/var/lib/crater-agent-workspace/builds/worker-6/target:/opt/rustwide/target:rw,Z" "-v" "/var/lib/crater-agent-workspace/builds/worker-6/source:/opt/rustwide/workdir:ro,Z" "-v" "/var/lib/crater-agent-workspace/cargo-home:/opt/rustwide/cargo-home:ro,Z" "-v" "/var/lib/crater-agent-workspace/rustup-home:/opt/rustwide/rustup-home:ro,Z" "-e" "SOURCE_DIR=/opt/rustwide/workdir" "-e" "CARGO_TARGET_DIR=/opt/rustwide/target" "-e" "CARGO_INCREMENTAL=0" "-e" "RUST_BACKTRACE=full" "-e" "RUSTFLAGS=--cap-lints=warn" "-e" "CARGO_HOME=/opt/rustwide/cargo-home" "-e" "RUSTUP_HOME=/opt/rustwide/rustup-home" "-w" "/opt/rustwide/workdir" "-m" "1610612736" "--user" "0:0" "--network" "none" "ghcr.io/rust-lang/crates-build-env/linux@sha256:34b6a614d2c27851fe6cbf88fbd1137609cefab8b10d0615aaeb6fd47975d74e" "/opt/rustwide/cargo-home/bin/cargo" "+beta-2021-08-01" "test" "--frozen", kill_on_drop: false }`
[INFO] [stderr] WARNING: Your kernel does not support swap limit capabilities or the cgroup is not mounted. Memory limited without swap.
[INFO] [stdout] 09998b4388c882408d93e125a315e80fa3ca7b544642e5a264b1928947c30c8f
[INFO] running `Command { std: "docker" "start" "-a" "09998b4388c882408d93e125a315e80fa3ca7b544642e5a264b1928947c30c8f", kill_on_drop: false }`
[INFO] [stderr]     Finished test [unoptimized + debuginfo] target(s) in 0.04s
[INFO] [stderr]      Running unittests (/opt/rustwide/target/debug/deps/hex_magic-6030807ef556b4df)
[INFO] [stdout] 
[INFO] [stdout] running 0 tests
[INFO] [stdout] 
[INFO] [stdout] test result: ok. 0 passed; 0 failed; 0 ignored; 0 measured; 0 filtered out; finished in 0.00s
[INFO] [stdout] 
[INFO] [stderr]    Doc-tests hex-magic
[INFO] [stdout] 
[INFO] [stdout] running 6 tests
[INFO] [stdout] test src/lib.rs - parse_struct (line 94) ... FAILED
[INFO] [stdout] test src/lib.rs - (line 7) ... FAILED
[INFO] [stdout] test src/lib.rs - parse_struct (line 170) ... FAILED
[INFO] [stdout] test src/lib.rs - (line 16) ... ok
[INFO] [stdout] test src/lib.rs - hex (line 66) ... ok
[INFO] [stdout] test src/lib.rs - parse_struct (line 136) ... ok
[INFO] [stdout] 
[INFO] [stdout] failures:
[INFO] [stdout] 
[INFO] [stdout] ---- src/lib.rs - parse_struct (line 94) stdout ----
[INFO] [stdout] error: cannot find macro `parse_struct` in this scope
[INFO] [stdout]  --> src/lib.rs:95:1
[INFO] [stdout]   |
[INFO] [stdout] 3 | parse_struct!(READER => STRUCT {
[INFO] [stdout]   | ^^^^^^^^^^^^
[INFO] [stdout]   |
[INFO] [stdout]   = note: consider importing this macro:
[INFO] [stdout]           hex_magic::parse_struct
[INFO] [stdout] 
[INFO] [stdout] error: aborting due to previous error
[INFO] [stdout] 
[INFO] [stdout] Couldn't compile the test.
[INFO] [stdout] ---- src/lib.rs - (line 7) stdout ----
[INFO] [stdout] error: cannot find macro `hex` in this scope
[INFO] [stdout]  --> src/lib.rs:8:12
[INFO] [stdout]   |
[INFO] [stdout] 3 | assert_eq!(hex!("01020304"), [1, 2, 3, 4]);
[INFO] [stdout]   |            ^^^
[INFO] [stdout]   |
[INFO] [stdout]   = note: consider importing this macro:
[INFO] [stdout]           hex_magic::hex
[INFO] [stdout] 
[INFO] [stdout] error: aborting due to previous error
[INFO] [stdout] 
[INFO] [stdout] Couldn't compile the test.
[INFO] [stdout] ---- src/lib.rs - parse_struct (line 170) stdout ----
[INFO] [stdout] error[E0425]: cannot find value `bytes` in this scope
[INFO] [stdout]  --> src/lib.rs:174:23
[INFO] [stdout]   |
[INFO] [stdout] 6 |     let mut _READER = bytes.as_ref();
[INFO] [stdout]   |                       ^^^^^ not found in this scope
[INFO] [stdout] 
[INFO] [stdout] error[E0422]: cannot find struct, variant or union type `Data` in this scope
[INFO] [stdout]   --> src/lib.rs:254:8
[INFO] [stdout]    |
[INFO] [stdout] 86 |     Ok(Data { a: _a, b: _b }) // `_` fields are not included in the resulting struct
[INFO] [stdout]    |        ^^^^ not found in this scope
[INFO] [stdout] 
[INFO] [stdout] error[E0308]: mismatched types
[INFO] [stdout]   --> src/lib.rs:171:1
[INFO] [stdout]    |
[INFO] [stdout] 3  | / (|| {
[INFO] [stdout] 4  | |     use std::convert::TryInto;
[INFO] [stdout] 5  | |     #[allow(non_snake_case)]
[INFO] [stdout] 6  | |     let mut _READER = bytes.as_ref();
[INFO] [stdout] ...  |
[INFO] [stdout] 86 | |     Ok(Data { a: _a, b: _b }) // `_` fields are not included in the resulting struct
[INFO] [stdout] 87 | | })()
[INFO] [stdout]    | |____^ expected `()`, found enum `Result`
[INFO] [stdout]    |
[INFO] [stdout]    = note: expected unit type `()`
[INFO] [stdout]                    found enum `Result<_, std::io::Error>`
[INFO] [stdout] help: consider using a semicolon here
[INFO] [stdout]    |
[INFO] [stdout] 87 | })();
[INFO] [stdout]    |     ^
[INFO] [stdout] help: try adding a return type
[INFO] [stdout]    |
[INFO] [stdout] 2  | fn main() { #[allow(non_snake_case)] fn _doctest_main_src_lib_rs_170_0() -> Result<_, std::io::Error> {
[INFO] [stdout]    |                                                                          ^^^^^^^^^^^^^^^^^^^^^^^^^^^^
[INFO] [stdout] 
[INFO] [stdout] error: aborting due to 3 previous errors
[INFO] [stdout] 
[INFO] [stdout] Some errors have detailed explanations: E0308, E0422, E0425.
[INFO] [stdout] For more information about an error, try `rustc --explain E0308`.
[INFO] [stdout] Couldn't compile the test.
[INFO] [stdout] 
[INFO] [stdout] failures:
[INFO] [stdout]     src/lib.rs - (line 7)
[INFO] [stdout]     src/lib.rs - parse_struct (line 170)
[INFO] [stdout]     src/lib.rs - parse_struct (line 94)
[INFO] [stdout] 
[INFO] [stdout] test result: FAILED. 3 passed; 3 failed; 0 ignored; 0 measured; 0 filtered out; finished in 2.64s
[INFO] [stdout] 
[INFO] [stderr] error: test failed, to rerun pass '--doc'
[INFO] running `Command { std: "docker" "inspect" "09998b4388c882408d93e125a315e80fa3ca7b544642e5a264b1928947c30c8f", kill_on_drop: false }`
[INFO] running `Command { std: "docker" "rm" "-f" "09998b4388c882408d93e125a315e80fa3ca7b544642e5a264b1928947c30c8f", kill_on_drop: false }`
[INFO] [stdout] 09998b4388c882408d93e125a315e80fa3ca7b544642e5a264b1928947c30c8f
