[INFO] fetching crate vade 0.0.8...
[INFO] testing vade-0.0.8 against beta-2021-08-01 for beta-1.55-1
[INFO] extracting crate vade 0.0.8 into /workspace/builds/worker-56/source
[INFO] validating manifest of crates.io crate vade 0.0.8 on toolchain beta-2021-08-01
[INFO] running `Command { std: "/workspace/cargo-home/bin/cargo" "+beta-2021-08-01" "metadata" "--manifest-path" "Cargo.toml" "--no-deps", kill_on_drop: false }`
[INFO] started tweaking crates.io crate vade 0.0.8
[INFO] finished tweaking crates.io crate vade 0.0.8
[INFO] tweaked toml for crates.io crate vade 0.0.8 written to /workspace/builds/worker-56/source/Cargo.toml
[INFO] running `Command { std: "/workspace/cargo-home/bin/cargo" "+beta-2021-08-01" "generate-lockfile" "--manifest-path" "Cargo.toml" "-Zno-index-update", kill_on_drop: false }`
[INFO] running `Command { std: "/workspace/cargo-home/bin/cargo" "+beta-2021-08-01" "fetch" "--manifest-path" "Cargo.toml", kill_on_drop: false }`
[INFO] [stderr] warning: only one of `license` or `license-file` is necessary
[INFO] [stderr]     Blocking waiting for file lock on package cache
[INFO] [stderr]     Blocking waiting for file lock on package cache
[INFO] running `Command { std: "docker" "create" "-v" "/var/lib/crater-agent-workspace/builds/worker-56/target:/opt/rustwide/target:rw,Z" "-v" "/var/lib/crater-agent-workspace/builds/worker-56/source:/opt/rustwide/workdir:ro,Z" "-v" "/var/lib/crater-agent-workspace/cargo-home:/opt/rustwide/cargo-home:ro,Z" "-v" "/var/lib/crater-agent-workspace/rustup-home:/opt/rustwide/rustup-home:ro,Z" "-e" "SOURCE_DIR=/opt/rustwide/workdir" "-e" "CARGO_TARGET_DIR=/opt/rustwide/target" "-e" "CARGO_HOME=/opt/rustwide/cargo-home" "-e" "RUSTUP_HOME=/opt/rustwide/rustup-home" "-w" "/opt/rustwide/workdir" "-m" "1610612736" "--user" "0:0" "--network" "none" "ghcr.io/rust-lang/crates-build-env/linux@sha256:34b6a614d2c27851fe6cbf88fbd1137609cefab8b10d0615aaeb6fd47975d74e" "/opt/rustwide/cargo-home/bin/cargo" "+beta-2021-08-01" "metadata" "--no-deps" "--format-version=1", kill_on_drop: false }`
[INFO] [stdout] f7e4d2749799594f3022790712125db1cd6757797721355a8083922197754f68
[INFO] running `Command { std: "docker" "start" "-a" "f7e4d2749799594f3022790712125db1cd6757797721355a8083922197754f68", kill_on_drop: false }`
[INFO] running `Command { std: "docker" "inspect" "f7e4d2749799594f3022790712125db1cd6757797721355a8083922197754f68", kill_on_drop: false }`
[INFO] running `Command { std: "docker" "rm" "-f" "f7e4d2749799594f3022790712125db1cd6757797721355a8083922197754f68", kill_on_drop: false }`
[INFO] [stdout] f7e4d2749799594f3022790712125db1cd6757797721355a8083922197754f68
[INFO] running `Command { std: "docker" "create" "-v" "/var/lib/crater-agent-workspace/builds/worker-56/target:/opt/rustwide/target:rw,Z" "-v" "/var/lib/crater-agent-workspace/builds/worker-56/source:/opt/rustwide/workdir:ro,Z" "-v" "/var/lib/crater-agent-workspace/cargo-home:/opt/rustwide/cargo-home:ro,Z" "-v" "/var/lib/crater-agent-workspace/rustup-home:/opt/rustwide/rustup-home:ro,Z" "-e" "SOURCE_DIR=/opt/rustwide/workdir" "-e" "CARGO_TARGET_DIR=/opt/rustwide/target" "-e" "CARGO_INCREMENTAL=0" "-e" "RUST_BACKTRACE=full" "-e" "RUSTFLAGS=--cap-lints=warn" "-e" "CARGO_HOME=/opt/rustwide/cargo-home" "-e" "RUSTUP_HOME=/opt/rustwide/rustup-home" "-w" "/opt/rustwide/workdir" "-m" "1610612736" "--user" "0:0" "--network" "none" "ghcr.io/rust-lang/crates-build-env/linux@sha256:34b6a614d2c27851fe6cbf88fbd1137609cefab8b10d0615aaeb6fd47975d74e" "/opt/rustwide/cargo-home/bin/cargo" "+beta-2021-08-01" "build" "--frozen" "--message-format=json", kill_on_drop: false }`
[INFO] [stdout] de8091093a3b50ff55d2558844de2e4f212292e92a24c5bbe6bdc22e477cf631
[INFO] running `Command { std: "docker" "start" "-a" "de8091093a3b50ff55d2558844de2e4f212292e92a24c5bbe6bdc22e477cf631", kill_on_drop: false }`
[INFO] [stderr] warning: only one of `license` or `license-file` is necessary
[INFO] [stderr]    Compiling proc-macro2 v1.0.28
[INFO] [stderr]    Compiling memchr v2.4.0
[INFO] [stderr]    Compiling unicode-xid v0.2.2
[INFO] [stderr]    Compiling syn v1.0.74
[INFO] [stderr]    Compiling futures-core v0.3.16
[INFO] [stderr]    Compiling futures-channel v0.3.16
[INFO] [stderr]    Compiling futures-task v0.3.16
[INFO] [stderr]    Compiling futures-sink v0.3.16
[INFO] [stderr]    Compiling libc v0.2.98
[INFO] [stderr]    Compiling futures-io v0.3.16
[INFO] [stderr]    Compiling slab v0.4.4
[INFO] [stderr]    Compiling pin-project-lite v0.2.7
[INFO] [stderr]    Compiling quick-error v1.2.3
[INFO] [stderr]    Compiling async-trait v0.1.51
[INFO] [stderr]    Compiling regex-syntax v0.6.25
[INFO] [stderr]    Compiling termcolor v1.1.2
[INFO] [stderr]    Compiling futures-macro v0.3.16
[INFO] [stderr]    Compiling futures-util v0.3.16
[INFO] [stderr]    Compiling humantime v1.3.0
[INFO] [stderr]    Compiling aho-corasick v0.7.18
[INFO] [stderr]    Compiling atty v0.2.14
[INFO] [stderr]    Compiling quote v1.0.9
[INFO] [stderr]    Compiling regex v1.5.4
[INFO] [stderr]    Compiling env_logger v0.7.1
[INFO] [stderr]    Compiling futures-executor v0.3.16
[INFO] [stderr]    Compiling futures v0.3.16
[INFO] [stderr]    Compiling vade v0.0.8 (/opt/rustwide/workdir)
[INFO] [stderr]     Finished dev [unoptimized + debuginfo] target(s) in 19.00s
[INFO] running `Command { std: "docker" "inspect" "de8091093a3b50ff55d2558844de2e4f212292e92a24c5bbe6bdc22e477cf631", kill_on_drop: false }`
[INFO] running `Command { std: "docker" "rm" "-f" "de8091093a3b50ff55d2558844de2e4f212292e92a24c5bbe6bdc22e477cf631", kill_on_drop: false }`
[INFO] [stdout] de8091093a3b50ff55d2558844de2e4f212292e92a24c5bbe6bdc22e477cf631
[INFO] running `Command { std: "docker" "create" "-v" "/var/lib/crater-agent-workspace/builds/worker-56/target:/opt/rustwide/target:rw,Z" "-v" "/var/lib/crater-agent-workspace/builds/worker-56/source:/opt/rustwide/workdir:ro,Z" "-v" "/var/lib/crater-agent-workspace/cargo-home:/opt/rustwide/cargo-home:ro,Z" "-v" "/var/lib/crater-agent-workspace/rustup-home:/opt/rustwide/rustup-home:ro,Z" "-e" "SOURCE_DIR=/opt/rustwide/workdir" "-e" "CARGO_TARGET_DIR=/opt/rustwide/target" "-e" "CARGO_INCREMENTAL=0" "-e" "RUST_BACKTRACE=full" "-e" "RUSTFLAGS=--cap-lints=warn" "-e" "CARGO_HOME=/opt/rustwide/cargo-home" "-e" "RUSTUP_HOME=/opt/rustwide/rustup-home" "-w" "/opt/rustwide/workdir" "-m" "1610612736" "--user" "0:0" "--network" "none" "ghcr.io/rust-lang/crates-build-env/linux@sha256:34b6a614d2c27851fe6cbf88fbd1137609cefab8b10d0615aaeb6fd47975d74e" "/opt/rustwide/cargo-home/bin/cargo" "+beta-2021-08-01" "test" "--frozen" "--no-run" "--message-format=json", kill_on_drop: false }`
[INFO] [stdout] 2ce0401e2d56d80b2afbfd8bd53189551b7d31fd09a756f50e65c3ee8fc3b18f
[INFO] running `Command { std: "docker" "start" "-a" "2ce0401e2d56d80b2afbfd8bd53189551b7d31fd09a756f50e65c3ee8fc3b18f", kill_on_drop: false }`
[INFO] [stderr] warning: only one of `license` or `license-file` is necessary
[INFO] [stderr]     Blocking waiting for file lock on package cache
[INFO] [stderr]    Compiling bytes v0.5.6
[INFO] [stderr]    Compiling pin-project-lite v0.1.12
[INFO] [stderr]    Compiling num_cpus v1.13.0
[INFO] [stderr]    Compiling tokio-macros v0.2.6
[INFO] [stderr]    Compiling tokio v0.2.25
[INFO] [stderr]    Compiling vade v0.0.8 (/opt/rustwide/workdir)
[INFO] [stdout] warning: panic message is not a string literal
[INFO] [stdout]   --> tests/vade_plugin.rs:82:26
[INFO] [stdout]    |
[INFO] [stdout] 82 |         Err(e) => panic!(format!("{}", e)),
[INFO] [stdout]    |                          ^^^^^^^^^^^^^^^^
[INFO] [stdout]    |
[INFO] [stdout]    = note: `#[warn(non_fmt_panics)]` on by default
[INFO] [stdout]    = note: this usage of panic!() is deprecated; it will be a hard error in Rust 2021
[INFO] [stdout]    = note: for more information, see <https://doc.rust-lang.org/nightly/edition-guide/rust-2021/panic-macro-consistency.html>
[INFO] [stdout]    = note: the panic!() macro supports formatting, so there's no need for the format!() macro here
[INFO] [stdout] help: remove the `format!(..)` macro call
[INFO] [stdout]    |
[INFO] [stdout] 82 |         Err(e) => panic!("{}", e),
[INFO] [stdout]    |                         --     --
[INFO] [stdout] 
[INFO] [stdout] 
[INFO] [stdout] warning: panic message is not a string literal
[INFO] [stdout]   --> tests/vade_plugin.rs:93:26
[INFO] [stdout]    |
[INFO] [stdout] 93 |         Err(e) => panic!(format!("{}", e)),
[INFO] [stdout]    |                          ^^^^^^^^^^^^^^^^
[INFO] [stdout]    |
[INFO] [stdout]    = note: this usage of panic!() is deprecated; it will be a hard error in Rust 2021
[INFO] [stdout]    = note: for more information, see <https://doc.rust-lang.org/nightly/edition-guide/rust-2021/panic-macro-consistency.html>
[INFO] [stdout]    = note: the panic!() macro supports formatting, so there's no need for the format!() macro here
[INFO] [stdout] help: remove the `format!(..)` macro call
[INFO] [stdout]    |
[INFO] [stdout] 93 |         Err(e) => panic!("{}", e),
[INFO] [stdout]    |                         --     --
[INFO] [stdout] 
[INFO] [stdout] 
[INFO] [stdout] warning: panic message is not a string literal
[INFO] [stdout]    --> tests/vade_plugin.rs:111:26
[INFO] [stdout]     |
[INFO] [stdout] 111 |         Err(e) => panic!(format!("{}", e)),
[INFO] [stdout]     |                          ^^^^^^^^^^^^^^^^
[INFO] [stdout]     |
[INFO] [stdout]     = note: this usage of panic!() is deprecated; it will be a hard error in Rust 2021
[INFO] [stdout]     = note: for more information, see <https://doc.rust-lang.org/nightly/edition-guide/rust-2021/panic-macro-consistency.html>
[INFO] [stdout]     = note: the panic!() macro supports formatting, so there's no need for the format!() macro here
[INFO] [stdout] help: remove the `format!(..)` macro call
[INFO] [stdout]     |
[INFO] [stdout] 111 |         Err(e) => panic!("{}", e),
[INFO] [stdout]     |                         --     --
[INFO] [stdout] 
[INFO] [stdout] 
[INFO] [stdout] warning: 3 warnings emitted
[INFO] [stdout] 
[INFO] [stdout] 
[INFO] [stderr]     Finished test [unoptimized + debuginfo] target(s) in 7.55s
[INFO] running `Command { std: "docker" "inspect" "2ce0401e2d56d80b2afbfd8bd53189551b7d31fd09a756f50e65c3ee8fc3b18f", kill_on_drop: false }`
[INFO] running `Command { std: "docker" "rm" "-f" "2ce0401e2d56d80b2afbfd8bd53189551b7d31fd09a756f50e65c3ee8fc3b18f", kill_on_drop: false }`
[INFO] [stdout] 2ce0401e2d56d80b2afbfd8bd53189551b7d31fd09a756f50e65c3ee8fc3b18f
[INFO] running `Command { std: "docker" "create" "-v" "/var/lib/crater-agent-workspace/builds/worker-56/target:/opt/rustwide/target:rw,Z" "-v" "/var/lib/crater-agent-workspace/builds/worker-56/source:/opt/rustwide/workdir:ro,Z" "-v" "/var/lib/crater-agent-workspace/cargo-home:/opt/rustwide/cargo-home:ro,Z" "-v" "/var/lib/crater-agent-workspace/rustup-home:/opt/rustwide/rustup-home:ro,Z" "-e" "SOURCE_DIR=/opt/rustwide/workdir" "-e" "CARGO_TARGET_DIR=/opt/rustwide/target" "-e" "CARGO_INCREMENTAL=0" "-e" "RUST_BACKTRACE=full" "-e" "RUSTFLAGS=--cap-lints=warn" "-e" "CARGO_HOME=/opt/rustwide/cargo-home" "-e" "RUSTUP_HOME=/opt/rustwide/rustup-home" "-w" "/opt/rustwide/workdir" "-m" "1610612736" "--user" "0:0" "--network" "none" "ghcr.io/rust-lang/crates-build-env/linux@sha256:34b6a614d2c27851fe6cbf88fbd1137609cefab8b10d0615aaeb6fd47975d74e" "/opt/rustwide/cargo-home/bin/cargo" "+beta-2021-08-01" "test" "--frozen", kill_on_drop: false }`
[INFO] [stdout] c9ecfe057299a4baf36d71b64f8937c356accef2025e0122bb4b5e9cbbc9d9b6
[INFO] running `Command { std: "docker" "start" "-a" "c9ecfe057299a4baf36d71b64f8937c356accef2025e0122bb4b5e9cbbc9d9b6", kill_on_drop: false }`
[INFO] [stderr] warning: only one of `license` or `license-file` is necessary
[INFO] [stderr] warning: panic message is not a string literal
[INFO] [stderr]   --> tests/vade_plugin.rs:82:26
[INFO] [stderr]    |
[INFO] [stderr] 82 |         Err(e) => panic!(format!("{}", e)),
[INFO] [stderr]    |                          ^^^^^^^^^^^^^^^^
[INFO] [stderr]    |
[INFO] [stderr]    = note: `#[warn(non_fmt_panics)]` on by default
[INFO] [stderr]    = note: this usage of panic!() is deprecated; it will be a hard error in Rust 2021
[INFO] [stderr]    = note: for more information, see <https://doc.rust-lang.org/nightly/edition-guide/rust-2021/panic-macro-consistency.html>
[INFO] [stderr]    = note: the panic!() macro supports formatting, so there's no need for the format!() macro here
[INFO] [stderr] help: remove the `format!(..)` macro call
[INFO] [stderr]    |
[INFO] [stderr] 82 |         Err(e) => panic!("{}", e),
[INFO] [stderr]    |                         --     --
[INFO] [stderr] 
[INFO] [stderr] warning: panic message is not a string literal
[INFO] [stderr]   --> tests/vade_plugin.rs:93:26
[INFO] [stderr]    |
[INFO] [stderr] 93 |         Err(e) => panic!(format!("{}", e)),
[INFO] [stderr]    |                          ^^^^^^^^^^^^^^^^
[INFO] [stderr]    |
[INFO] [stderr]    = note: this usage of panic!() is deprecated; it will be a hard error in Rust 2021
[INFO] [stderr]    = note: for more information, see <https://doc.rust-lang.org/nightly/edition-guide/rust-2021/panic-macro-consistency.html>
[INFO] [stderr]    = note: the panic!() macro supports formatting, so there's no need for the format!() macro here
[INFO] [stderr] help: remove the `format!(..)` macro call
[INFO] [stderr]    |
[INFO] [stderr] 93 |         Err(e) => panic!("{}", e),
[INFO] [stderr]    |                         --     --
[INFO] [stderr] 
[INFO] [stderr] warning: panic message is not a string literal
[INFO] [stderr]    --> tests/vade_plugin.rs:111:26
[INFO] [stderr]     |
[INFO] [stderr] 111 |         Err(e) => panic!(format!("{}", e)),
[INFO] [stderr]     |                          ^^^^^^^^^^^^^^^^
[INFO] [stderr]     |
[INFO] [stderr]     = note: this usage of panic!() is deprecated; it will be a hard error in Rust 2021
[INFO] [stderr]     = note: for more information, see <https://doc.rust-lang.org/nightly/edition-guide/rust-2021/panic-macro-consistency.html>
[INFO] [stderr]     = note: the panic!() macro supports formatting, so there's no need for the format!() macro here
[INFO] [stderr] help: remove the `format!(..)` macro call
[INFO] [stderr]     |
[INFO] [stderr] 111 |         Err(e) => panic!("{}", e),
[INFO] [stderr]     |                         --     --
[INFO] [stderr] 
[INFO] [stderr] warning: `vade` (test "vade_plugin") generated 3 warnings
[INFO] [stderr]     Finished test [unoptimized + debuginfo] target(s) in 0.08s
[INFO] [stderr]      Running unittests (/opt/rustwide/target/debug/deps/vade-98123e97fd76bfb8)
[INFO] [stderr]      Running tests/library.rs (/opt/rustwide/target/debug/deps/library-fc05562baa67927a)
[INFO] [stdout] 
[INFO] [stdout] running 0 tests
[INFO] [stdout] 
[INFO] [stdout] test result: ok. 0 passed; 0 failed; 0 ignored; 0 measured; 0 filtered out; finished in 0.00s
[INFO] [stdout] 
[INFO] [stdout] 
[INFO] [stdout] running 1 test
[INFO] [stdout] test library_can_be_created ... ok
[INFO] [stdout] 
[INFO] [stdout] test result: ok. 1 passed; 0 failed; 0 ignored; 0 measured; 0 filtered out; finished in 0.00s
[INFO] [stdout] 
[INFO] [stdout] 
[INFO] [stdout] running 3 tests
[INFO] [stdout] test vade_plugin_plugin_can_call_fallback_for_not_implemented ... ok
[INFO] [stderr]      Running tests/vade_plugin.rs (/opt/rustwide/target/debug/deps/vade_plugin-5f2e89dc04441a93)
[INFO] [stdout] test vade_plugin_vade_can_call_functions_implemented_in_plugin ... ok
[INFO] [stdout] test vade_plugin_plugin_can_call_functions_implemented_in_plugin ... ok
[INFO] [stdout] 
[INFO] [stdout] test result: ok. 3 passed; 0 failed; 0 ignored; 0 measured; 0 filtered out; finished in 0.01s
[INFO] [stdout] 
[INFO] [stderr]    Doc-tests vade
[INFO] [stdout] 
[INFO] [stdout] running 35 tests
[INFO] [stdout] test src/vade_plugin.rs - vade_plugin::VadePlugin::vc_zkp_create_credential_definition (line 298) ... FAILED
[INFO] [stdout] test src/vade_plugin.rs - vade_plugin::VadePlugin (line 114) ... FAILED
[INFO] [stdout] test src/vade_plugin.rs - vade_plugin::VadePlugin::did_create (line 161) ... FAILED
[INFO] [stdout] test src/vade.rs - vade::Vade::vc_zkp_revoke_credential (line 652) ... FAILED
[INFO] [stdout] test src/lib.rs - (line 52) ... FAILED
[INFO] [stdout] test src/vade.rs - vade::Vade::did_resolve (line 114) ... FAILED
[INFO] [stdout] test src/vade.rs - vade::Vade::register_plugin (line 186) ... FAILED
[INFO] [stdout] test src/vade.rs - vade::Vade::vc_zkp_create_revocation_registry_definition (line 418) ... FAILED
[INFO] [stdout] test src/vade_plugin.rs - vade_plugin::VadePlugin::vc_zkp_create_revocation_registry_definition (line 437) ... FAILED
[INFO] [stdout] test src/vade.rs - vade::Vade::vc_zkp_request_proof (line 613) ... FAILED
[INFO] [stdout] test src/vade.rs - vade::Vade::vc_zkp_request_credential (line 575) ... FAILED
[INFO] [stdout] test src/vade_plugin.rs - vade_plugin::VadePlugin::vc_zkp_request_credential (line 576) ... FAILED
[INFO] [stdout] test src/vade.rs - vade::Vade::vc_zkp_create_credential_schema (line 378) ... FAILED
[INFO] [stdout] test src/vade_plugin.rs - vade_plugin::VadePlugin::vc_zkp_create_credential_proposal (line 366) ... FAILED
[INFO] [stdout] test src/vade.rs - vade::Vade::vc_zkp_present_proof (line 537) ... FAILED
[INFO] [stdout] test src/vade.rs - vade::Vade::did_create (line 78) ... FAILED
[INFO] [stdout] test src/vade_plugin.rs - vade_plugin::VadePlugin::vc_zkp_issue_credential (line 507) ... FAILED
[INFO] [stdout] test src/vade_plugin.rs - vade_plugin::VadePlugin::vc_zkp_request_proof (line 610) ... FAILED
[INFO] [stdout] test src/vade_plugin.rs - vade_plugin::VadePlugin::run_custom_function (line 261) ... FAILED
[INFO] [stdout] test src/vade_plugin.rs - vade_plugin::VadePlugin::vc_zkp_update_revocation_registry (line 472) ... FAILED
[INFO] [stdout] test src/vade.rs - vade::Vade::run_custom_function (line 221) ... FAILED
[INFO] [stdout] test src/vade.rs - vade::Vade::vc_zkp_verify_proof (line 690) ... FAILED
[INFO] [stdout] test src/vade_plugin.rs - vade_plugin::VadePlugin::vc_zkp_verify_proof (line 679) ... FAILED
[INFO] [stdout] test src/vade_plugin.rs - vade_plugin::VadePlugin::vc_zkp_create_credential_schema (line 401) ... FAILED
[INFO] [stdout] test src/vade.rs - vade::Vade::vc_zkp_create_credential_offer (line 300) ... ok
[INFO] [stdout] test src/vade_plugin.rs - vade_plugin::VadePlugin::vc_zkp_present_proof (line 542) ... FAILED
[INFO] [stdout] test src/vade_plugin.rs - vade_plugin::VadePlugin::did_update (line 225) ... FAILED
[INFO] [stdout] test src/vade_plugin.rs - vade_plugin::VadePlugin::did_resolve (line 193) ... ok
[INFO] [stdout] test src/vade.rs - vade::Vade::vc_zkp_update_revocation_registry (line 459) ... ok
[INFO] [stdout] test src/vade_plugin.rs - vade_plugin::VadePlugin::vc_zkp_create_credential_offer (line 332) ... ok
[INFO] [stdout] test src/vade_plugin.rs - vade_plugin::VadePlugin::vc_zkp_revoke_credential (line 645) ... ok
[INFO] [stdout] test src/vade.rs - vade::Vade::vc_zkp_create_credential_proposal (line 339) ... ok
[INFO] [stdout] test src/vade.rs - vade::Vade::vc_zkp_create_credential_definition (line 262) ... ok
[INFO] [stdout] test src/vade.rs - vade::Vade::did_update (line 150) ... ok
[INFO] [stdout] test src/vade.rs - vade::Vade::vc_zkp_issue_credential (line 498) ... ok
[INFO] [stdout] 
[INFO] [stdout] failures:
[INFO] [stdout] 
[INFO] [stdout] ---- src/vade_plugin.rs - vade_plugin::VadePlugin::vc_zkp_create_credential_definition (line 298) stdout ----
[INFO] [stdout] Couldn't compile the test.
[INFO] [stdout] ---- src/vade_plugin.rs - vade_plugin::VadePlugin (line 114) stdout ----
[INFO] [stdout] Couldn't compile the test.
[INFO] [stdout] ---- src/vade_plugin.rs - vade_plugin::VadePlugin::did_create (line 161) stdout ----
[INFO] [stdout] Couldn't compile the test.
[INFO] [stdout] ---- src/vade.rs - vade::Vade::vc_zkp_revoke_credential (line 652) stdout ----
[INFO] [stdout] Couldn't compile the test.
[INFO] [stdout] ---- src/lib.rs - (line 52) stdout ----
[INFO] [stdout] warning: panic message is not a string literal
[INFO] [stdout]   --> src/lib.rs:70:26
[INFO] [stdout]    |
[INFO] [stdout] 21 |         Err(e) => panic!(format!("could not create did; {}", e)),
[INFO] [stdout]    |                          ^^^^^^^^^^^^^^^^^^^^^^^^^^^^^^^^^^^^^^
[INFO] [stdout]    |
[INFO] [stdout]    = note: `#[warn(non_fmt_panics)]` on by default
[INFO] [stdout]    = note: this usage of panic!() is deprecated; it will be a hard error in Rust 2021
[INFO] [stdout]    = note: for more information, see <https://doc.rust-lang.org/nightly/edition-guide/rust-2021/panic-macro-consistency.html>
[INFO] [stdout]    = note: the panic!() macro supports formatting, so there's no need for the format!() macro here
[INFO] [stdout] help: remove the `format!(..)` macro call
[INFO] [stdout]    |
[INFO] [stdout] 21 |         Err(e) => panic!("could not create did; {}", e),
[INFO] [stdout]    |                         --                           --
[INFO] [stdout] 
[INFO] [stdout] Couldn't compile the test.
[INFO] [stdout] ---- src/vade.rs - vade::Vade::did_resolve (line 114) stdout ----
[INFO] [stdout] Couldn't compile the test.
[INFO] [stdout] ---- src/vade.rs - vade::Vade::register_plugin (line 186) stdout ----
[INFO] [stdout] Couldn't compile the test.
[INFO] [stdout] ---- src/vade.rs - vade::Vade::vc_zkp_create_revocation_registry_definition (line 418) stdout ----
[INFO] [stdout] Couldn't compile the test.
[INFO] [stdout] ---- src/vade_plugin.rs - vade_plugin::VadePlugin::vc_zkp_create_revocation_registry_definition (line 437) stdout ----
[INFO] [stdout] Couldn't compile the test.
[INFO] [stdout] ---- src/vade.rs - vade::Vade::vc_zkp_request_proof (line 613) stdout ----
[INFO] [stdout] Couldn't compile the test.
[INFO] [stdout] ---- src/vade.rs - vade::Vade::vc_zkp_request_credential (line 575) stdout ----
[INFO] [stdout] Couldn't compile the test.
[INFO] [stdout] ---- src/vade_plugin.rs - vade_plugin::VadePlugin::vc_zkp_request_credential (line 576) stdout ----
[INFO] [stdout] Couldn't compile the test.
[INFO] [stdout] ---- src/vade.rs - vade::Vade::vc_zkp_create_credential_schema (line 378) stdout ----
[INFO] [stdout] Couldn't compile the test.
[INFO] [stdout] ---- src/vade_plugin.rs - vade_plugin::VadePlugin::vc_zkp_create_credential_proposal (line 366) stdout ----
[INFO] [stdout] Couldn't compile the test.
[INFO] [stdout] ---- src/vade.rs - vade::Vade::vc_zkp_present_proof (line 537) stdout ----
[INFO] [stdout] Couldn't compile the test.
[INFO] [stdout] ---- src/vade.rs - vade::Vade::did_create (line 78) stdout ----
[INFO] [stdout] Couldn't compile the test.
[INFO] [stdout] ---- src/vade_plugin.rs - vade_plugin::VadePlugin::vc_zkp_issue_credential (line 507) stdout ----
[INFO] [stdout] Couldn't compile the test.
[INFO] [stdout] ---- src/vade_plugin.rs - vade_plugin::VadePlugin::vc_zkp_request_proof (line 610) stdout ----
[INFO] [stdout] Couldn't compile the test.
[INFO] [stdout] ---- src/vade_plugin.rs - vade_plugin::VadePlugin::run_custom_function (line 261) stdout ----
[INFO] [stdout] Couldn't compile the test.
[INFO] [stdout] ---- src/vade_plugin.rs - vade_plugin::VadePlugin::vc_zkp_update_revocation_registry (line 472) stdout ----
[INFO] [stdout] Couldn't compile the test.
[INFO] [stdout] ---- src/vade.rs - vade::Vade::run_custom_function (line 221) stdout ----
[INFO] [stdout] Couldn't compile the test.
[INFO] [stdout] ---- src/vade.rs - vade::Vade::vc_zkp_verify_proof (line 690) stdout ----
[INFO] [stdout] Couldn't compile the test.
[INFO] [stdout] ---- src/vade_plugin.rs - vade_plugin::VadePlugin::vc_zkp_verify_proof (line 679) stdout ----
[INFO] [stdout] Couldn't compile the test.
[INFO] [stdout] ---- src/vade_plugin.rs - vade_plugin::VadePlugin::vc_zkp_create_credential_schema (line 401) stdout ----
[INFO] [stdout] Couldn't compile the test.
[INFO] [stdout] ---- src/vade_plugin.rs - vade_plugin::VadePlugin::vc_zkp_present_proof (line 542) stdout ----
[INFO] [stdout] Couldn't compile the test.
[INFO] [stdout] ---- src/vade_plugin.rs - vade_plugin::VadePlugin::did_update (line 225) stdout ----
[INFO] [stdout] Couldn't compile the test.
[INFO] [stdout] 
[INFO] [stdout] failures:
[INFO] [stdout]     src/lib.rs - (line 52)
[INFO] [stdout]     src/vade.rs - vade::Vade::did_create (line 78)
[INFO] [stdout]     src/vade.rs - vade::Vade::did_resolve (line 114)
[INFO] [stdout]     src/vade.rs - vade::Vade::register_plugin (line 186)
[INFO] [stdout]     src/vade.rs - vade::Vade::run_custom_function (line 221)
[INFO] [stdout]     src/vade.rs - vade::Vade::vc_zkp_create_credential_schema (line 378)
[INFO] [stdout]     src/vade.rs - vade::Vade::vc_zkp_create_revocation_registry_definition (line 418)
[INFO] [stdout]     src/vade.rs - vade::Vade::vc_zkp_present_proof (line 537)
[INFO] [stdout]     src/vade.rs - vade::Vade::vc_zkp_request_credential (line 575)
[INFO] [stdout]     src/vade.rs - vade::Vade::vc_zkp_request_proof (line 613)
[INFO] [stdout]     src/vade.rs - vade::Vade::vc_zkp_revoke_credential (line 652)
[INFO] [stdout]     src/vade.rs - vade::Vade::vc_zkp_verify_proof (line 690)
[INFO] [stdout]     src/vade_plugin.rs - vade_plugin::VadePlugin (line 114)
[INFO] [stdout]     src/vade_plugin.rs - vade_plugin::VadePlugin::did_create (line 161)
[INFO] [stdout]     src/vade_plugin.rs - vade_plugin::VadePlugin::did_update (line 225)
[INFO] [stdout]     src/vade_plugin.rs - vade_plugin::VadePlugin::run_custom_function (line 261)
[INFO] [stdout]     src/vade_plugin.rs - vade_plugin::VadePlugin::vc_zkp_create_credential_definition (line 298)
[INFO] [stdout]     src/vade_plugin.rs - vade_plugin::VadePlugin::vc_zkp_create_credential_proposal (line 366)
[INFO] [stdout]     src/vade_plugin.rs - vade_plugin::VadePlugin::vc_zkp_create_credential_schema (line 401)
[INFO] [stdout]     src/vade_plugin.rs - vade_plugin::VadePlugin::vc_zkp_create_revocation_registry_definition (line 437)
[INFO] [stdout]     src/vade_plugin.rs - vade_plugin::VadePlugin::vc_zkp_issue_credential (line 507)
[INFO] [stdout]     src/vade_plugin.rs - vade_plugin::VadePlugin::vc_zkp_present_proof (line 542)
[INFO] [stdout]     src/vade_plugin.rs - vade_plugin::VadePlugin::vc_zkp_request_credential (line 576)
[INFO] [stdout]     src/vade_plugin.rs - vade_plugin::VadePlugin::vc_zkp_request_proof (line 610)
[INFO] [stdout]     src/vade_plugin.rs - vade_plugin::VadePlugin::vc_zkp_update_revocation_registry (line 472)
[INFO] [stdout]     src/vade_plugin.rs - vade_plugin::VadePlugin::vc_zkp_verify_proof (line 679)
[INFO] [stdout] 
[INFO] [stdout] test result: FAILED. 9 passed; 26 failed; 0 ignored; 0 measured; 0 filtered out; finished in 1.84s
[INFO] [stdout] 
[INFO] [stderr] error: test failed, to rerun pass '--doc'
[INFO] running `Command { std: "docker" "inspect" "c9ecfe057299a4baf36d71b64f8937c356accef2025e0122bb4b5e9cbbc9d9b6", kill_on_drop: false }`
[INFO] running `Command { std: "docker" "rm" "-f" "c9ecfe057299a4baf36d71b64f8937c356accef2025e0122bb4b5e9cbbc9d9b6", kill_on_drop: false }`
[INFO] [stdout] c9ecfe057299a4baf36d71b64f8937c356accef2025e0122bb4b5e9cbbc9d9b6
