[INFO] fetching crate typeables 1.3.0...
[INFO] testing typeables-1.3.0 against beta-2021-08-01 for beta-1.55-1
[INFO] extracting crate typeables 1.3.0 into /workspace/builds/worker-55/source
[INFO] validating manifest of crates.io crate typeables 1.3.0 on toolchain beta-2021-08-01
[INFO] running `Command { std: "/workspace/cargo-home/bin/cargo" "+beta-2021-08-01" "metadata" "--manifest-path" "Cargo.toml" "--no-deps", kill_on_drop: false }`
[INFO] started tweaking crates.io crate typeables 1.3.0
[INFO] finished tweaking crates.io crate typeables 1.3.0
[INFO] tweaked toml for crates.io crate typeables 1.3.0 written to /workspace/builds/worker-55/source/Cargo.toml
[INFO] running `Command { std: "/workspace/cargo-home/bin/cargo" "+beta-2021-08-01" "generate-lockfile" "--manifest-path" "Cargo.toml" "-Zno-index-update", kill_on_drop: false }`
[INFO] running `Command { std: "/workspace/cargo-home/bin/cargo" "+beta-2021-08-01" "fetch" "--manifest-path" "Cargo.toml", kill_on_drop: false }`
[INFO] running `Command { std: "docker" "create" "-v" "/var/lib/crater-agent-workspace/builds/worker-55/target:/opt/rustwide/target:rw,Z" "-v" "/var/lib/crater-agent-workspace/builds/worker-55/source:/opt/rustwide/workdir:ro,Z" "-v" "/var/lib/crater-agent-workspace/cargo-home:/opt/rustwide/cargo-home:ro,Z" "-v" "/var/lib/crater-agent-workspace/rustup-home:/opt/rustwide/rustup-home:ro,Z" "-e" "SOURCE_DIR=/opt/rustwide/workdir" "-e" "CARGO_TARGET_DIR=/opt/rustwide/target" "-e" "CARGO_HOME=/opt/rustwide/cargo-home" "-e" "RUSTUP_HOME=/opt/rustwide/rustup-home" "-w" "/opt/rustwide/workdir" "-m" "1610612736" "--user" "0:0" "--network" "none" "ghcr.io/rust-lang/crates-build-env/linux@sha256:34b6a614d2c27851fe6cbf88fbd1137609cefab8b10d0615aaeb6fd47975d74e" "/opt/rustwide/cargo-home/bin/cargo" "+beta-2021-08-01" "metadata" "--no-deps" "--format-version=1", kill_on_drop: false }`
[INFO] [stdout] a1c14d4f8651be8324eb3c908115568d737381da25d2faa34d7ea0d02c8ca6cf
[INFO] running `Command { std: "docker" "start" "-a" "a1c14d4f8651be8324eb3c908115568d737381da25d2faa34d7ea0d02c8ca6cf", kill_on_drop: false }`
[INFO] running `Command { std: "docker" "inspect" "a1c14d4f8651be8324eb3c908115568d737381da25d2faa34d7ea0d02c8ca6cf", kill_on_drop: false }`
[INFO] running `Command { std: "docker" "rm" "-f" "a1c14d4f8651be8324eb3c908115568d737381da25d2faa34d7ea0d02c8ca6cf", kill_on_drop: false }`
[INFO] [stdout] a1c14d4f8651be8324eb3c908115568d737381da25d2faa34d7ea0d02c8ca6cf
[INFO] running `Command { std: "docker" "create" "-v" "/var/lib/crater-agent-workspace/builds/worker-55/target:/opt/rustwide/target:rw,Z" "-v" "/var/lib/crater-agent-workspace/builds/worker-55/source:/opt/rustwide/workdir:ro,Z" "-v" "/var/lib/crater-agent-workspace/cargo-home:/opt/rustwide/cargo-home:ro,Z" "-v" "/var/lib/crater-agent-workspace/rustup-home:/opt/rustwide/rustup-home:ro,Z" "-e" "SOURCE_DIR=/opt/rustwide/workdir" "-e" "CARGO_TARGET_DIR=/opt/rustwide/target" "-e" "CARGO_INCREMENTAL=0" "-e" "RUST_BACKTRACE=full" "-e" "RUSTFLAGS=--cap-lints=warn" "-e" "CARGO_HOME=/opt/rustwide/cargo-home" "-e" "RUSTUP_HOME=/opt/rustwide/rustup-home" "-w" "/opt/rustwide/workdir" "-m" "1610612736" "--user" "0:0" "--network" "none" "ghcr.io/rust-lang/crates-build-env/linux@sha256:34b6a614d2c27851fe6cbf88fbd1137609cefab8b10d0615aaeb6fd47975d74e" "/opt/rustwide/cargo-home/bin/cargo" "+beta-2021-08-01" "build" "--frozen" "--message-format=json", kill_on_drop: false }`
[INFO] [stdout] 27526b26e65390291813ebe2c00deff02858415486f55ca35d8015cf1d0d1f22
[INFO] running `Command { std: "docker" "start" "-a" "27526b26e65390291813ebe2c00deff02858415486f55ca35d8015cf1d0d1f22", kill_on_drop: false }`
[INFO] [stderr]     Blocking waiting for file lock on package cache
[INFO] [stderr]    Compiling typeables v1.3.0 (/opt/rustwide/workdir)
[INFO] [stderr]     Finished dev [unoptimized + debuginfo] target(s) in 0.77s
[INFO] running `Command { std: "docker" "inspect" "27526b26e65390291813ebe2c00deff02858415486f55ca35d8015cf1d0d1f22", kill_on_drop: false }`
[INFO] running `Command { std: "docker" "rm" "-f" "27526b26e65390291813ebe2c00deff02858415486f55ca35d8015cf1d0d1f22", kill_on_drop: false }`
[INFO] [stdout] 27526b26e65390291813ebe2c00deff02858415486f55ca35d8015cf1d0d1f22
[INFO] running `Command { std: "docker" "create" "-v" "/var/lib/crater-agent-workspace/builds/worker-55/target:/opt/rustwide/target:rw,Z" "-v" "/var/lib/crater-agent-workspace/builds/worker-55/source:/opt/rustwide/workdir:ro,Z" "-v" "/var/lib/crater-agent-workspace/cargo-home:/opt/rustwide/cargo-home:ro,Z" "-v" "/var/lib/crater-agent-workspace/rustup-home:/opt/rustwide/rustup-home:ro,Z" "-e" "SOURCE_DIR=/opt/rustwide/workdir" "-e" "CARGO_TARGET_DIR=/opt/rustwide/target" "-e" "CARGO_INCREMENTAL=0" "-e" "RUST_BACKTRACE=full" "-e" "RUSTFLAGS=--cap-lints=warn" "-e" "CARGO_HOME=/opt/rustwide/cargo-home" "-e" "RUSTUP_HOME=/opt/rustwide/rustup-home" "-w" "/opt/rustwide/workdir" "-m" "1610612736" "--user" "0:0" "--network" "none" "ghcr.io/rust-lang/crates-build-env/linux@sha256:34b6a614d2c27851fe6cbf88fbd1137609cefab8b10d0615aaeb6fd47975d74e" "/opt/rustwide/cargo-home/bin/cargo" "+beta-2021-08-01" "test" "--frozen" "--no-run" "--message-format=json", kill_on_drop: false }`
[INFO] [stdout] 36c318f8f13b9b17ae2a790e6029050e1b4b07c44e9ded3b275952e1677d5dad
[INFO] running `Command { std: "docker" "start" "-a" "36c318f8f13b9b17ae2a790e6029050e1b4b07c44e9ded3b275952e1677d5dad", kill_on_drop: false }`
[INFO] [stderr]     Blocking waiting for file lock on package cache
[INFO] [stderr]    Compiling typeables v1.3.0 (/opt/rustwide/workdir)
[INFO] [stderr]     Finished test [unoptimized + debuginfo] target(s) in 0.62s
[INFO] running `Command { std: "docker" "inspect" "36c318f8f13b9b17ae2a790e6029050e1b4b07c44e9ded3b275952e1677d5dad", kill_on_drop: false }`
[INFO] running `Command { std: "docker" "rm" "-f" "36c318f8f13b9b17ae2a790e6029050e1b4b07c44e9ded3b275952e1677d5dad", kill_on_drop: false }`
[INFO] [stdout] 36c318f8f13b9b17ae2a790e6029050e1b4b07c44e9ded3b275952e1677d5dad
[INFO] running `Command { std: "docker" "create" "-v" "/var/lib/crater-agent-workspace/builds/worker-55/target:/opt/rustwide/target:rw,Z" "-v" "/var/lib/crater-agent-workspace/builds/worker-55/source:/opt/rustwide/workdir:ro,Z" "-v" "/var/lib/crater-agent-workspace/cargo-home:/opt/rustwide/cargo-home:ro,Z" "-v" "/var/lib/crater-agent-workspace/rustup-home:/opt/rustwide/rustup-home:ro,Z" "-e" "SOURCE_DIR=/opt/rustwide/workdir" "-e" "CARGO_TARGET_DIR=/opt/rustwide/target" "-e" "CARGO_INCREMENTAL=0" "-e" "RUST_BACKTRACE=full" "-e" "RUSTFLAGS=--cap-lints=warn" "-e" "CARGO_HOME=/opt/rustwide/cargo-home" "-e" "RUSTUP_HOME=/opt/rustwide/rustup-home" "-w" "/opt/rustwide/workdir" "-m" "1610612736" "--user" "0:0" "--network" "none" "ghcr.io/rust-lang/crates-build-env/linux@sha256:34b6a614d2c27851fe6cbf88fbd1137609cefab8b10d0615aaeb6fd47975d74e" "/opt/rustwide/cargo-home/bin/cargo" "+beta-2021-08-01" "test" "--frozen", kill_on_drop: false }`
[INFO] [stdout] 6a2da316cb69db520d6dc52b7e25cd794422f4c20e851d871371c6b72af99eb0
[INFO] running `Command { std: "docker" "start" "-a" "6a2da316cb69db520d6dc52b7e25cd794422f4c20e851d871371c6b72af99eb0", kill_on_drop: false }`
[INFO] [stderr]     Finished test [unoptimized + debuginfo] target(s) in 0.06s
[INFO] [stderr]      Running unittests (/opt/rustwide/target/debug/deps/typeables-6159a0f31bc85a56)
[INFO] [stdout] 
[INFO] [stderr]    Doc-tests typeables
[INFO] [stdout] running 0 tests
[INFO] [stdout] 
[INFO] [stdout] test result: ok. 0 passed; 0 failed; 0 ignored; 0 measured; 0 filtered out; finished in 0.00s
[INFO] [stdout] 
[INFO] [stdout] 
[INFO] [stdout] running 62 tests
[INFO] [stdout] test src/media_type.rs - media_type::MediaTypeTreeString (line 158) ... FAILED
[INFO] [stdout] test src/locale.rs - locale::LocaleScriptCodeString (line 172) ... FAILED
[INFO] [stdout] test src/media_type.rs - media_type::MediaTypeSuffixString (line 98) ... FAILED
[INFO] [stdout] test src/locale.rs - locale::LocaleRegionCodeString (line 147) ... FAILED
[INFO] [stderr] error: test failed, to rerun pass '--doc'
[INFO] [stderr] 
[INFO] [stderr] Caused by:
[INFO] [stderr]   process didn't exit successfully: `rustdoc --edition=2018 --crate-type lib --crate-name typeables --test /opt/rustwide/workdir/src/lib.rs -L dependency=/opt/rustwide/target/debug/deps -L dependency=/opt/rustwide/target/debug/deps --extern typeables=/opt/rustwide/target/debug/deps/libtypeables-de62e9c0de22c4bd.rlib -C embed-bitcode=no --error-format human` (signal: 9, SIGKILL: kill)
[INFO] running `Command { std: "docker" "inspect" "6a2da316cb69db520d6dc52b7e25cd794422f4c20e851d871371c6b72af99eb0", kill_on_drop: false }`
[INFO] running `Command { std: "docker" "rm" "-f" "6a2da316cb69db520d6dc52b7e25cd794422f4c20e851d871371c6b72af99eb0", kill_on_drop: false }`
[INFO] [stdout] 6a2da316cb69db520d6dc52b7e25cd794422f4c20e851d871371c6b72af99eb0
