[INFO] fetching crate twelve_bit 0.1.1...
[INFO] testing twelve_bit-0.1.1 against beta-2021-08-01 for beta-1.55-1
[INFO] extracting crate twelve_bit 0.1.1 into /workspace/builds/worker-39/source
[INFO] validating manifest of crates.io crate twelve_bit 0.1.1 on toolchain beta-2021-08-01
[INFO] running `Command { std: "/workspace/cargo-home/bin/cargo" "+beta-2021-08-01" "metadata" "--manifest-path" "Cargo.toml" "--no-deps", kill_on_drop: false }`
[INFO] started tweaking crates.io crate twelve_bit 0.1.1
[INFO] finished tweaking crates.io crate twelve_bit 0.1.1
[INFO] tweaked toml for crates.io crate twelve_bit 0.1.1 written to /workspace/builds/worker-39/source/Cargo.toml
[INFO] running `Command { std: "/workspace/cargo-home/bin/cargo" "+beta-2021-08-01" "generate-lockfile" "--manifest-path" "Cargo.toml" "-Zno-index-update", kill_on_drop: false }`
[INFO] running `Command { std: "/workspace/cargo-home/bin/cargo" "+beta-2021-08-01" "fetch" "--manifest-path" "Cargo.toml", kill_on_drop: false }`
[INFO] running `Command { std: "docker" "create" "-v" "/var/lib/crater-agent-workspace/builds/worker-39/target:/opt/rustwide/target:rw,Z" "-v" "/var/lib/crater-agent-workspace/builds/worker-39/source:/opt/rustwide/workdir:ro,Z" "-v" "/var/lib/crater-agent-workspace/cargo-home:/opt/rustwide/cargo-home:ro,Z" "-v" "/var/lib/crater-agent-workspace/rustup-home:/opt/rustwide/rustup-home:ro,Z" "-e" "SOURCE_DIR=/opt/rustwide/workdir" "-e" "CARGO_TARGET_DIR=/opt/rustwide/target" "-e" "CARGO_HOME=/opt/rustwide/cargo-home" "-e" "RUSTUP_HOME=/opt/rustwide/rustup-home" "-w" "/opt/rustwide/workdir" "-m" "1610612736" "--user" "0:0" "--network" "none" "ghcr.io/rust-lang/crates-build-env/linux@sha256:34b6a614d2c27851fe6cbf88fbd1137609cefab8b10d0615aaeb6fd47975d74e" "/opt/rustwide/cargo-home/bin/cargo" "+beta-2021-08-01" "metadata" "--no-deps" "--format-version=1", kill_on_drop: false }`
[INFO] [stdout] cfd234164e70effdb132929462748663413e0f3d12e9bdd0c6da9e362a01c2d3
[INFO] running `Command { std: "docker" "start" "-a" "cfd234164e70effdb132929462748663413e0f3d12e9bdd0c6da9e362a01c2d3", kill_on_drop: false }`
[INFO] running `Command { std: "docker" "inspect" "cfd234164e70effdb132929462748663413e0f3d12e9bdd0c6da9e362a01c2d3", kill_on_drop: false }`
[INFO] running `Command { std: "docker" "rm" "-f" "cfd234164e70effdb132929462748663413e0f3d12e9bdd0c6da9e362a01c2d3", kill_on_drop: false }`
[INFO] [stdout] cfd234164e70effdb132929462748663413e0f3d12e9bdd0c6da9e362a01c2d3
[INFO] running `Command { std: "docker" "create" "-v" "/var/lib/crater-agent-workspace/builds/worker-39/target:/opt/rustwide/target:rw,Z" "-v" "/var/lib/crater-agent-workspace/builds/worker-39/source:/opt/rustwide/workdir:ro,Z" "-v" "/var/lib/crater-agent-workspace/cargo-home:/opt/rustwide/cargo-home:ro,Z" "-v" "/var/lib/crater-agent-workspace/rustup-home:/opt/rustwide/rustup-home:ro,Z" "-e" "SOURCE_DIR=/opt/rustwide/workdir" "-e" "CARGO_TARGET_DIR=/opt/rustwide/target" "-e" "CARGO_INCREMENTAL=0" "-e" "RUST_BACKTRACE=full" "-e" "RUSTFLAGS=--cap-lints=warn" "-e" "CARGO_HOME=/opt/rustwide/cargo-home" "-e" "RUSTUP_HOME=/opt/rustwide/rustup-home" "-w" "/opt/rustwide/workdir" "-m" "1610612736" "--user" "0:0" "--network" "none" "ghcr.io/rust-lang/crates-build-env/linux@sha256:34b6a614d2c27851fe6cbf88fbd1137609cefab8b10d0615aaeb6fd47975d74e" "/opt/rustwide/cargo-home/bin/cargo" "+beta-2021-08-01" "build" "--frozen" "--message-format=json", kill_on_drop: false }`
[INFO] [stdout] aad50b7f3b5d7ff5fc11901bc6cfc77bf8591518951e121309f8c0424f1fdd2a
[INFO] running `Command { std: "docker" "start" "-a" "aad50b7f3b5d7ff5fc11901bc6cfc77bf8591518951e121309f8c0424f1fdd2a", kill_on_drop: false }`
[INFO] [stderr]    Compiling twelve_bit v0.1.1 (/opt/rustwide/workdir)
[INFO] [stdout] warning: `...` range patterns are deprecated
[INFO] [stdout]    --> src/u12.rs:154:17
[INFO] [stdout]     |
[INFO] [stdout] 154 |       result @ 0...4095 => Some(U12(result)),
[INFO] [stdout]     |                 ^^^ help: use `..=` for an inclusive range
[INFO] [stdout]     |
[INFO] [stdout]     = note: `#[warn(ellipsis_inclusive_range_patterns)]` on by default
[INFO] [stdout]     = warning: this is accepted in the current edition (Rust 2015) but is a hard error in Rust 2021!
[INFO] [stdout]     = note: for more information, see issue #80165 <https://github.com/rust-lang/rust/issues/80165>
[INFO] [stdout] 
[INFO] [stdout] 
[INFO] [stdout] warning: `...` range patterns are deprecated
[INFO] [stdout]    --> src/u12.rs:173:17
[INFO] [stdout]     |
[INFO] [stdout] 173 |       result @ 0...4095 => U12(result),
[INFO] [stdout]     |                 ^^^ help: use `..=` for an inclusive range
[INFO] [stdout]     |
[INFO] [stdout]     = warning: this is accepted in the current edition (Rust 2015) but is a hard error in Rust 2021!
[INFO] [stdout]     = note: for more information, see issue #80165 <https://github.com/rust-lang/rust/issues/80165>
[INFO] [stdout] 
[INFO] [stdout] 
[INFO] [stdout] warning: 2 warnings emitted
[INFO] [stdout] 
[INFO] [stdout] 
[INFO] [stderr]     Finished dev [unoptimized + debuginfo] target(s) in 1.00s
[INFO] running `Command { std: "docker" "inspect" "aad50b7f3b5d7ff5fc11901bc6cfc77bf8591518951e121309f8c0424f1fdd2a", kill_on_drop: false }`
[INFO] running `Command { std: "docker" "rm" "-f" "aad50b7f3b5d7ff5fc11901bc6cfc77bf8591518951e121309f8c0424f1fdd2a", kill_on_drop: false }`
[INFO] [stdout] aad50b7f3b5d7ff5fc11901bc6cfc77bf8591518951e121309f8c0424f1fdd2a
[INFO] running `Command { std: "docker" "create" "-v" "/var/lib/crater-agent-workspace/builds/worker-39/target:/opt/rustwide/target:rw,Z" "-v" "/var/lib/crater-agent-workspace/builds/worker-39/source:/opt/rustwide/workdir:ro,Z" "-v" "/var/lib/crater-agent-workspace/cargo-home:/opt/rustwide/cargo-home:ro,Z" "-v" "/var/lib/crater-agent-workspace/rustup-home:/opt/rustwide/rustup-home:ro,Z" "-e" "SOURCE_DIR=/opt/rustwide/workdir" "-e" "CARGO_TARGET_DIR=/opt/rustwide/target" "-e" "CARGO_INCREMENTAL=0" "-e" "RUST_BACKTRACE=full" "-e" "RUSTFLAGS=--cap-lints=warn" "-e" "CARGO_HOME=/opt/rustwide/cargo-home" "-e" "RUSTUP_HOME=/opt/rustwide/rustup-home" "-w" "/opt/rustwide/workdir" "-m" "1610612736" "--user" "0:0" "--network" "none" "ghcr.io/rust-lang/crates-build-env/linux@sha256:34b6a614d2c27851fe6cbf88fbd1137609cefab8b10d0615aaeb6fd47975d74e" "/opt/rustwide/cargo-home/bin/cargo" "+beta-2021-08-01" "test" "--frozen" "--no-run" "--message-format=json", kill_on_drop: false }`
[INFO] [stdout] 74bb667907d8100ed4baba8c0fd366aa8bd7931a784ff069c85c7256fed10451
[INFO] running `Command { std: "docker" "start" "-a" "74bb667907d8100ed4baba8c0fd366aa8bd7931a784ff069c85c7256fed10451", kill_on_drop: false }`
[INFO] [stdout] warning: `...` range patterns are deprecated
[INFO] [stdout]    --> src/u12.rs:154:17
[INFO] [stdout]     |
[INFO] [stdout] 154 |       result @ 0...4095 => Some(U12(result)),
[INFO] [stdout]     |                 ^^^ help: use `..=` for an inclusive range
[INFO] [stdout]     |
[INFO] [stdout]     = note: `#[warn(ellipsis_inclusive_range_patterns)]` on by default
[INFO] [stdout]     = warning: this is accepted in the current edition (Rust 2015) but is a hard error in Rust 2021!
[INFO] [stdout]     = note: for more information, see issue #80165 <https://github.com/rust-lang/rust/issues/80165>
[INFO] [stdout] 
[INFO] [stdout] 
[INFO] [stdout] warning: `...` range patterns are deprecated
[INFO] [stdout]    --> src/u12.rs:173:17
[INFO] [stdout]     |
[INFO] [stdout] 173 |       result @ 0...4095 => U12(result),
[INFO] [stdout]     |                 ^^^ help: use `..=` for an inclusive range
[INFO] [stdout]     |
[INFO] [stdout]     = warning: this is accepted in the current edition (Rust 2015) but is a hard error in Rust 2021!
[INFO] [stdout]     = note: for more information, see issue #80165 <https://github.com/rust-lang/rust/issues/80165>
[INFO] [stdout] 
[INFO] [stdout] 
[INFO] [stderr]    Compiling twelve_bit v0.1.1 (/opt/rustwide/workdir)
[INFO] [stdout] warning: 2 warnings emitted
[INFO] [stdout] 
[INFO] [stdout] 
[INFO] [stdout] warning: `...` range patterns are deprecated
[INFO] [stdout]    --> src/u12.rs:154:17
[INFO] [stdout]     |
[INFO] [stdout] 154 |       result @ 0...4095 => Some(U12(result)),
[INFO] [stdout]     |                 ^^^ help: use `..=` for an inclusive range
[INFO] [stdout]     |
[INFO] [stdout]     = note: `#[warn(ellipsis_inclusive_range_patterns)]` on by default
[INFO] [stdout]     = warning: this is accepted in the current edition (Rust 2015) but is a hard error in Rust 2021!
[INFO] [stdout]     = note: for more information, see issue #80165 <https://github.com/rust-lang/rust/issues/80165>
[INFO] [stdout] 
[INFO] [stdout] 
[INFO] [stdout] warning: `...` range patterns are deprecated
[INFO] [stdout]    --> src/u12.rs:173:17
[INFO] [stdout]     |
[INFO] [stdout] 173 |       result @ 0...4095 => U12(result),
[INFO] [stdout]     |                 ^^^ help: use `..=` for an inclusive range
[INFO] [stdout]     |
[INFO] [stdout]     = warning: this is accepted in the current edition (Rust 2015) but is a hard error in Rust 2021!
[INFO] [stdout]     = note: for more information, see issue #80165 <https://github.com/rust-lang/rust/issues/80165>
[INFO] [stdout] 
[INFO] [stdout] 
[INFO] [stdout] warning: 2 warnings emitted
[INFO] [stdout] 
[INFO] [stdout] 
[INFO] [stderr]     Finished test [unoptimized + debuginfo] target(s) in 0.91s
[INFO] running `Command { std: "docker" "inspect" "74bb667907d8100ed4baba8c0fd366aa8bd7931a784ff069c85c7256fed10451", kill_on_drop: false }`
[INFO] running `Command { std: "docker" "rm" "-f" "74bb667907d8100ed4baba8c0fd366aa8bd7931a784ff069c85c7256fed10451", kill_on_drop: false }`
[INFO] [stdout] 74bb667907d8100ed4baba8c0fd366aa8bd7931a784ff069c85c7256fed10451
[INFO] running `Command { std: "docker" "create" "-v" "/var/lib/crater-agent-workspace/builds/worker-39/target:/opt/rustwide/target:rw,Z" "-v" "/var/lib/crater-agent-workspace/builds/worker-39/source:/opt/rustwide/workdir:ro,Z" "-v" "/var/lib/crater-agent-workspace/cargo-home:/opt/rustwide/cargo-home:ro,Z" "-v" "/var/lib/crater-agent-workspace/rustup-home:/opt/rustwide/rustup-home:ro,Z" "-e" "SOURCE_DIR=/opt/rustwide/workdir" "-e" "CARGO_TARGET_DIR=/opt/rustwide/target" "-e" "CARGO_INCREMENTAL=0" "-e" "RUST_BACKTRACE=full" "-e" "RUSTFLAGS=--cap-lints=warn" "-e" "CARGO_HOME=/opt/rustwide/cargo-home" "-e" "RUSTUP_HOME=/opt/rustwide/rustup-home" "-w" "/opt/rustwide/workdir" "-m" "1610612736" "--user" "0:0" "--network" "none" "ghcr.io/rust-lang/crates-build-env/linux@sha256:34b6a614d2c27851fe6cbf88fbd1137609cefab8b10d0615aaeb6fd47975d74e" "/opt/rustwide/cargo-home/bin/cargo" "+beta-2021-08-01" "test" "--frozen", kill_on_drop: false }`
[INFO] [stdout] 699db46345ba73f62afff083ab253707db4b06018839e22ae502be923b856cba
[INFO] running `Command { std: "docker" "start" "-a" "699db46345ba73f62afff083ab253707db4b06018839e22ae502be923b856cba", kill_on_drop: false }`
[INFO] [stderr] warning: `...` range patterns are deprecated
[INFO] [stderr]    --> src/u12.rs:154:17
[INFO] [stderr]     |
[INFO] [stderr] 154 |       result @ 0...4095 => Some(U12(result)),
[INFO] [stderr]     |                 ^^^ help: use `..=` for an inclusive range
[INFO] [stderr]     |
[INFO] [stderr]     = note: `#[warn(ellipsis_inclusive_range_patterns)]` on by default
[INFO] [stderr]     = warning: this is accepted in the current edition (Rust 2015) but is a hard error in Rust 2021!
[INFO] [stderr]     = note: for more information, see issue #80165 <https://github.com/rust-lang/rust/issues/80165>
[INFO] [stderr] 
[INFO] [stderr] warning: `...` range patterns are deprecated
[INFO] [stderr]    --> src/u12.rs:173:17
[INFO] [stderr]     |
[INFO] [stderr] 173 |       result @ 0...4095 => U12(result),
[INFO] [stderr]     |                 ^^^ help: use `..=` for an inclusive range
[INFO] [stderr]     |
[INFO] [stderr]     = warning: this is accepted in the current edition (Rust 2015) but is a hard error in Rust 2021!
[INFO] [stderr]     = note: for more information, see issue #80165 <https://github.com/rust-lang/rust/issues/80165>
[INFO] [stderr] 
[INFO] [stderr] warning: `twelve_bit` (lib) generated 2 warnings
[INFO] [stderr] warning: `twelve_bit` (lib test) generated 2 warnings (2 duplicates)
[INFO] [stderr]     Finished test [unoptimized + debuginfo] target(s) in 0.02s
[INFO] [stderr]      Running unittests (/opt/rustwide/target/debug/deps/twelve_bit-32a8e6a5bc5f2568)
[INFO] [stdout] 
[INFO] [stdout] running 0 tests
[INFO] [stdout] 
[INFO] [stdout] test result: ok. 0 passed; 0 failed; 0 ignored; 0 measured; 0 filtered out; finished in 0.00s
[INFO] [stdout] 
[INFO] [stderr]      Running tests/test_u12_arithmetic.rs (/opt/rustwide/target/debug/deps/test_u12_arithmetic-85be05c2470e10cb)
[INFO] [stdout] 
[INFO] [stdout] running 33 tests
[INFO] [stdout] test test_add_operator ... ok
[INFO] [stdout] test test_checked_add ... ok
[INFO] [stdout] test test_checked_div ... ok
[INFO] [stdout] test test_checked_mul ... ok
[INFO] [stdout] test test_checked_neg ... ok
[INFO] [stdout] test test_checked_rem ... ok
[INFO] [stdout] test test_checked_sub ... ok
[INFO] [stdout] test test_div_operator ... ok
[INFO] [stdout] test test_mul_operator ... ok
[INFO] [stdout] test test_overflowing_add ... ok
[INFO] [stdout] test test_overflowing_div ... ok
[INFO] [stdout] test test_overflowing_mul ... ok
[INFO] [stdout] test test_overflowing_neg ... ok
[INFO] [stdout] test test_overflowing_sub ... ok
[INFO] [stdout] test test_rem_operator ... ok
[INFO] [stdout] test test_saturating_add ... ok
[INFO] [stdout] test test_saturating_mul ... ok
[INFO] [stdout] test test_saturating_sub ... ok
[INFO] [stdout] test test_sub_operator ... ok
[INFO] [stdout] test test_wrapping_add ... ok
[INFO] [stdout] test test_wrapping_div ... ok
[INFO] [stdout] test test_wrapping_mul ... ok
[INFO] [stdout] test test_wrapping_neg ... ok
[INFO] [stdout] test test_wrapping_rem ... ok
[INFO] [stdout] test test_wrapping_sub ... ok
[INFO] [stdout] test test_add_operator_overflow - should panic ... ok
[INFO] [stdout] test test_div_operator_divide_by_zero - should panic ... ok
[INFO] [stdout] test test_mul_operator_overflow - should panic ... ok
[INFO] [stdout] test test_overflowing_div_overflow - should panic ... ok
[INFO] [stdout] test test_rem_operator_divide_by_zero - should panic ... ok
[INFO] [stdout] test test_sub_operator_underflow - should panic ... ok
[INFO] [stdout] test test_wrapping_div_overflow - should panic ... ok
[INFO] [stdout] test test_wrapping_rem_divide_by_zero - should panic ... ok
[INFO] [stdout] 
[INFO] [stdout] test result: ok. 33 passed; 0 failed; 0 ignored; 0 measured; 0 filtered out; finished in 0.04s
[INFO] [stdout] 
[INFO] [stderr]      Running tests/test_u12_conversions.rs (/opt/rustwide/target/debug/deps/test_u12_conversions-35ecbe315cf2da19)
[INFO] [stdout] 
[INFO] [stdout] running 14 tests
[INFO] [stdout] test test_default ... ok
[INFO] [stdout] test test_convenience_macro_accepts_valid_data ... ok
[INFO] [stdout] test test_failable_into_u8 ... ok
[INFO] [stdout] test test_failable_into_with_u16 ... ok
[INFO] [stdout] test test_failable_into_with_u32 ... ok
[INFO] [stdout] test test_failable_into_with_u64 ... ok
[INFO] [stdout] test test_failable_into_with_usize ... ok
[INFO] [stdout] test test_from_u8 ... ok
[INFO] [stdout] test test_into_larger_types ... ok
[INFO] [stdout] test test_convenience_macro_panics_on_large_value - should panic ... ok
[INFO] [stdout] test test_unchecked_into_with_u16 - should panic ... ok
[INFO] [stdout] test test_unchecked_into_with_u32 - should panic ... ok
[INFO] [stdout] test test_unchecked_into_with_u64 - should panic ... ok
[INFO] [stdout] test test_unchecked_into_with_usize - should panic ... ok
[INFO] [stdout] 
[INFO] [stdout] test result: ok. 14 passed; 0 failed; 0 ignored; 0 measured; 0 filtered out; finished in 0.05s
[INFO] [stdout] 
[INFO] [stderr]      Running tests/test_u12_logic.rs (/opt/rustwide/target/debug/deps/test_u12_logic-c01fbd441572d45d)
[INFO] [stdout] 
[INFO] [stdout] running 14 tests
[INFO] [stdout] test test_and_operator ... ok
[INFO] [stdout] test test_checked_shl ... ok
[INFO] [stdout] test test_checked_shr ... ok
[INFO] [stdout] test test_not ... ok
[INFO] [stdout] test test_or_operator ... ok
[INFO] [stdout] test test_overflowing_shl ... ok
[INFO] [stdout] test test_overflowing_shr ... ok
[INFO] [stdout] test test_shl_operator ... ok
[INFO] [stdout] test test_shr_operator ... ok
[INFO] [stdout] test test_wrapping_shl ... ok
[INFO] [stdout] test test_wrapping_shr ... ok
[INFO] [stdout] test test_xor_operator ... ok
[INFO] [stdout] test test_shl_operator_panics_on_wrapping - should panic ... ok
[INFO] [stdout] test test_shr_operator_panics_on_wrapping - should panic ... ok
[INFO] [stdout] 
[INFO] [stdout] test result: ok. 14 passed; 0 failed; 0 ignored; 0 measured; 0 filtered out; finished in 0.04s
[INFO] [stdout] 
[INFO] [stderr]    Doc-tests twelve_bit
[INFO] [stderr] warning: `...` range patterns are deprecated
[INFO] [stderr]    --> /opt/rustwide/workdir/src/u12.rs:154:17
[INFO] [stderr]     |
[INFO] [stderr] 154 |       result @ 0...4095 => Some(U12(result)),
[INFO] [stderr]     |                 ^^^ help: use `..=` for an inclusive range
[INFO] [stderr]     |
[INFO] [stderr]     = note: `#[warn(ellipsis_inclusive_range_patterns)]` on by default
[INFO] [stderr]     = warning: this is accepted in the current edition (Rust 2015) but is a hard error in Rust 2021!
[INFO] [stderr]     = note: for more information, see issue #80165 <https://github.com/rust-lang/rust/issues/80165>
[INFO] [stderr] 
[INFO] [stderr] warning: `...` range patterns are deprecated
[INFO] [stderr]    --> /opt/rustwide/workdir/src/u12.rs:173:17
[INFO] [stderr]     |
[INFO] [stderr] 173 |       result @ 0...4095 => U12(result),
[INFO] [stderr]     |                 ^^^ help: use `..=` for an inclusive range
[INFO] [stderr]     |
[INFO] [stderr]     = warning: this is accepted in the current edition (Rust 2015) but is a hard error in Rust 2021!
[INFO] [stderr]     = note: for more information, see issue #80165 <https://github.com/rust-lang/rust/issues/80165>
[INFO] [stderr] 
[INFO] [stderr] warning: 2 warnings emitted
[INFO] [stderr] 
[INFO] [stdout] 
[INFO] [stdout] running 35 tests
[INFO] [stdout] test src/u12.rs - u12::U12::wrapping_shr (line 645) ... FAILED
[INFO] [stdout] test src/u12.rs - u12::U12::checked_div (line 373) ... ok
[INFO] [stdout] test src/u12.rs - u12::U12::checked_rem (line 489) ... ok
[INFO] [stdout] test src/u12.rs - u12::U12::overflowing_rem (line 534) ... FAILED
[INFO] [stdout] test src/u12.rs - u12::U12::wrapping_mul (line 332) ... ok
[INFO] [stdout] test src/u12.rs - u12::U12::overflowing_shl (line 600) ... ok
[INFO] [stdout] test src/u12.rs - u12::U12::leading_zeros (line 106) ... ok
[INFO] [stdout] test src/u12.rs - u12::U12::overflowing_sub (line 273) ... ok
[INFO] [stdout] test src/u12.rs - u12 (line 29) ... ok
[INFO] [stdout] test src/u12.rs - u12::U12::count_ones (line 72) ... ok
[INFO] [stdout] test src/u12.rs - u12::U12::checked_mul (line 292) ... ok
[INFO] [stdout] test src/u12.rs - u12::U12::checked_shl (line 553) ... ok
[INFO] [stdout] test src/u12.rs - u12::U12::wrapping_shl (line 578) ... ok
[INFO] [stdout] test src/u12.rs - u12::U12::checked_bitxor (line 720) ... ok
[INFO] [stdout] test src/u12.rs - u12::U12::saturating_add (line 165) ... ok
[INFO] [stdout] test src/u12.rs - u12::U12::count_zeros (line 89) ... ok
[INFO] [stdout] test src/u12.rs - u12::U12::overflowing_div (line 412) ... ok
[INFO] [stdout] test src/u12.rs - u12::U12::trailing_zeros (line 124) ... ok
[INFO] [stdout] test src/u12.rs - u12::U12::overflowing_add (line 202) ... ok
[INFO] [stdout] test src/u12.rs - u12::U12::saturating_sub (line 239) ... ok
[INFO] [stdout] test src/u12.rs - u12::U12::overflowing_shr (line 667) ... ok
[INFO] [stdout] test src/u12.rs - u12::U12::checked_bitand (line 686) ... ok
[INFO] [stdout] test src/u12.rs - u12::U12::wrapping_sub (line 255) ... ok
[INFO] [stdout] test src/u12.rs - u12::U12::overflowing_neg (line 469) ... ok
[INFO] [stdout] test src/u12.rs - u12::U12::checked_bitor (line 703) ... ok
[INFO] [stdout] test src/u12.rs - u12::U12::checked_neg (line 432) ... ok
[INFO] [stdout] test src/u12.rs - u12::U12::checked_sub (line 221) ... ok
[INFO] [stdout] test src/u12.rs - u12::U12::wrapping_div (line 394) ... ok
[INFO] [stdout] test src/u12.rs - u12::U12::wrapping_add (line 184) ... ok
[INFO] [stdout] test src/u12.rs - u12::U12::wrapping_rem (line 512) ... ok
[INFO] [stdout] test src/u12.rs - u12::U12::overflowing_mul (line 350) ... ok
[INFO] [stdout] test src/u12.rs - u12::U12::checked_shr (line 620) ... ok
[INFO] [stdout] test src/u12.rs - u12::U12::wrapping_neg (line 451) ... ok
[INFO] [stdout] test src/u12.rs - u12::U12::saturating_mul (line 312) ... ok
[INFO] [stdout] test src/u12.rs - u12::U12::checked_add (line 144) ... ok
[INFO] [stdout] 
[INFO] [stdout] failures:
[INFO] [stdout] 
[INFO] [stdout] ---- src/u12.rs - u12::U12::wrapping_shr (line 645) stdout ----
[INFO] [stdout] Couldn't compile the test.
[INFO] [stdout] ---- src/u12.rs - u12::U12::overflowing_rem (line 534) stdout ----
[INFO] [stdout] Couldn't compile the test.
[INFO] [stdout] 
[INFO] [stdout] failures:
[INFO] [stdout]     src/u12.rs - u12::U12::overflowing_rem (line 534)
[INFO] [stdout]     src/u12.rs - u12::U12::wrapping_shr (line 645)
[INFO] [stdout] 
[INFO] [stdout] test result: FAILED. 33 passed; 2 failed; 0 ignored; 0 measured; 0 filtered out; finished in 3.26s
[INFO] [stdout] 
[INFO] [stderr] error: test failed, to rerun pass '--doc'
[INFO] running `Command { std: "docker" "inspect" "699db46345ba73f62afff083ab253707db4b06018839e22ae502be923b856cba", kill_on_drop: false }`
[INFO] running `Command { std: "docker" "rm" "-f" "699db46345ba73f62afff083ab253707db4b06018839e22ae502be923b856cba", kill_on_drop: false }`
[INFO] [stdout] 699db46345ba73f62afff083ab253707db4b06018839e22ae502be923b856cba
