[INFO] fetching crate spectacles-rest 0.1.2...
[INFO] testing spectacles-rest-0.1.2 against 1.54.0 for beta-1.55-1
[INFO] extracting crate spectacles-rest 0.1.2 into /workspace/builds/worker-18/source
[INFO] validating manifest of crates.io crate spectacles-rest 0.1.2 on toolchain 1.54.0
[INFO] running `Command { std: "/workspace/cargo-home/bin/cargo" "+1.54.0" "metadata" "--manifest-path" "Cargo.toml" "--no-deps", kill_on_drop: false }`
[INFO] started tweaking crates.io crate spectacles-rest 0.1.2
[INFO] finished tweaking crates.io crate spectacles-rest 0.1.2
[INFO] tweaked toml for crates.io crate spectacles-rest 0.1.2 written to /workspace/builds/worker-18/source/Cargo.toml
[INFO] running `Command { std: "/workspace/cargo-home/bin/cargo" "+1.54.0" "generate-lockfile" "--manifest-path" "Cargo.toml" "-Zno-index-update", kill_on_drop: false }`
[INFO] running `Command { std: "/workspace/cargo-home/bin/cargo" "+1.54.0" "fetch" "--manifest-path" "Cargo.toml", kill_on_drop: false }`
[INFO] [stderr]     Blocking waiting for file lock on package cache
[INFO] running `Command { std: "docker" "create" "-v" "/var/lib/crater-agent-workspace/builds/worker-18/target:/opt/rustwide/target:rw,Z" "-v" "/var/lib/crater-agent-workspace/builds/worker-18/source:/opt/rustwide/workdir:ro,Z" "-v" "/var/lib/crater-agent-workspace/cargo-home:/opt/rustwide/cargo-home:ro,Z" "-v" "/var/lib/crater-agent-workspace/rustup-home:/opt/rustwide/rustup-home:ro,Z" "-e" "SOURCE_DIR=/opt/rustwide/workdir" "-e" "CARGO_TARGET_DIR=/opt/rustwide/target" "-e" "CARGO_HOME=/opt/rustwide/cargo-home" "-e" "RUSTUP_HOME=/opt/rustwide/rustup-home" "-w" "/opt/rustwide/workdir" "-m" "1610612736" "--user" "0:0" "--network" "none" "ghcr.io/rust-lang/crates-build-env/linux@sha256:34b6a614d2c27851fe6cbf88fbd1137609cefab8b10d0615aaeb6fd47975d74e" "/opt/rustwide/cargo-home/bin/cargo" "+1.54.0" "metadata" "--no-deps" "--format-version=1", kill_on_drop: false }`
[INFO] [stdout] 6247891d9e6275cc9c1c453a5961a95b0277ffe1fab0c945f15ee593b2e32443
[INFO] running `Command { std: "docker" "start" "-a" "6247891d9e6275cc9c1c453a5961a95b0277ffe1fab0c945f15ee593b2e32443", kill_on_drop: false }`
[INFO] running `Command { std: "docker" "inspect" "6247891d9e6275cc9c1c453a5961a95b0277ffe1fab0c945f15ee593b2e32443", kill_on_drop: false }`
[INFO] running `Command { std: "docker" "rm" "-f" "6247891d9e6275cc9c1c453a5961a95b0277ffe1fab0c945f15ee593b2e32443", kill_on_drop: false }`
[INFO] [stdout] 6247891d9e6275cc9c1c453a5961a95b0277ffe1fab0c945f15ee593b2e32443
[INFO] running `Command { std: "docker" "create" "-v" "/var/lib/crater-agent-workspace/builds/worker-18/target:/opt/rustwide/target:rw,Z" "-v" "/var/lib/crater-agent-workspace/builds/worker-18/source:/opt/rustwide/workdir:ro,Z" "-v" "/var/lib/crater-agent-workspace/cargo-home:/opt/rustwide/cargo-home:ro,Z" "-v" "/var/lib/crater-agent-workspace/rustup-home:/opt/rustwide/rustup-home:ro,Z" "-e" "SOURCE_DIR=/opt/rustwide/workdir" "-e" "CARGO_TARGET_DIR=/opt/rustwide/target" "-e" "CARGO_INCREMENTAL=0" "-e" "RUST_BACKTRACE=full" "-e" "RUSTFLAGS=--cap-lints=warn" "-e" "CARGO_HOME=/opt/rustwide/cargo-home" "-e" "RUSTUP_HOME=/opt/rustwide/rustup-home" "-w" "/opt/rustwide/workdir" "-m" "1610612736" "--user" "0:0" "--network" "none" "ghcr.io/rust-lang/crates-build-env/linux@sha256:34b6a614d2c27851fe6cbf88fbd1137609cefab8b10d0615aaeb6fd47975d74e" "/opt/rustwide/cargo-home/bin/cargo" "+1.54.0" "build" "--frozen" "--message-format=json", kill_on_drop: false }`
[INFO] [stdout] bae6e895f47c9a3af5e93cf35a3356e86da49ea3d2c38ea50bdb031b10b80bc0
[INFO] running `Command { std: "docker" "start" "-a" "bae6e895f47c9a3af5e93cf35a3356e86da49ea3d2c38ea50bdb031b10b80bc0", kill_on_drop: false }`
[INFO] [stderr]     Blocking waiting for file lock on package cache
[INFO] [stderr]     Blocking waiting for file lock on package cache
[INFO] [stderr]     Blocking waiting for file lock on package cache
[INFO] [stderr]    Compiling futures v0.1.31
[INFO] [stderr]    Compiling either v1.6.1
[INFO] [stderr]    Compiling slab v0.4.4
[INFO] [stderr]    Compiling syn v1.0.74
[INFO] [stderr]    Compiling fnv v1.0.7
[INFO] [stderr]    Compiling tinyvec_macros v0.1.0
[INFO] [stderr]    Compiling matches v0.1.8
[INFO] [stderr]    Compiling itoa v0.4.7
[INFO] [stderr]    Compiling pkg-config v0.3.19
[INFO] [stderr]    Compiling version_check v0.9.3
[INFO] [stderr]    Compiling ryu v1.0.5
[INFO] [stderr]    Compiling adler v1.0.2
[INFO] [stderr]    Compiling serde_json v1.0.66
[INFO] [stderr]    Compiling gimli v0.25.0
[INFO] [stderr]    Compiling failure_derive v0.1.8
[INFO] [stderr]    Compiling percent-encoding v1.0.1
[INFO] [stderr]    Compiling hashbrown v0.11.2
[INFO] [stderr]    Compiling httparse v1.4.1
[INFO] [stderr]    Compiling foreign-types-shared v0.1.1
[INFO] [stderr]    Compiling percent-encoding v2.1.0
[INFO] [stderr]    Compiling openssl v0.10.35
[INFO] [stderr]    Compiling rustc-demangle v0.1.20
[INFO] [stderr]    Compiling try-lock v0.2.3
[INFO] [stderr]    Compiling native-tls v0.2.7
[INFO] [stderr]    Compiling once_cell v1.8.0
[INFO] [stderr]    Compiling crc32fast v1.2.1
[INFO] [stderr]    Compiling encoding_rs v0.8.28
[INFO] [stderr]    Compiling openssl-probe v0.1.4
[INFO] [stderr]    Compiling mime v0.3.16
[INFO] [stderr]    Compiling termcolor v1.1.2
[INFO] [stderr]    Compiling hashbrown v0.2.2
[INFO] [stderr]    Compiling miniz_oxide v0.4.4
[INFO] [stderr]    Compiling indexmap v1.7.0
[INFO] [stderr]    Compiling num-traits v0.2.14
[INFO] [stderr]    Compiling lock_api v0.3.4
[INFO] [stderr]    Compiling backtrace v0.3.61
[INFO] [stderr]    Compiling try_from v0.3.2
[INFO] [stderr]    Compiling base64 v0.10.1
[INFO] [stderr]    Compiling iovec v0.1.4
[INFO] [stderr]    Compiling num_cpus v1.13.0
[INFO] [stderr]    Compiling parking_lot_core v0.6.2
[INFO] [stderr]    Compiling net2 v0.2.37
[INFO] [stderr]    Compiling parking_lot v0.9.0
[INFO] [stderr]    Compiling time v0.1.44
[INFO] [stderr]    Compiling object v0.26.0
[INFO] [stderr]    Compiling hyper v0.12.36
[INFO] [stderr]    Compiling atty v0.2.14
[INFO] [stderr]    Compiling parking_lot_core v0.4.0
[INFO] [stderr]    Compiling uuid v0.7.4
[INFO] [stderr]    Compiling unicode-bidi v0.3.5
[INFO] [stderr]    Compiling tinyvec v1.3.1
[INFO] [stderr]    Compiling foreign-types v0.3.2
[INFO] [stderr]    Compiling form_urlencoded v1.0.1
[INFO] [stderr]    Compiling bytes v0.4.12
[INFO] [stderr]    Compiling env_logger v0.6.2
[INFO] [stderr]    Compiling mio v0.6.23
[INFO] [stderr]    Compiling openssl-sys v0.9.65
[INFO] [stderr]    Compiling parking_lot v0.7.1
[INFO] [stderr]    Compiling http v0.1.21
[INFO] [stderr]    Compiling string v0.2.1
[INFO] [stderr]    Compiling unicase v2.6.0
[INFO] [stderr]    Compiling tokio-executor v0.1.10
[INFO] [stderr]    Compiling tokio-io v0.1.13
[INFO] [stderr]    Compiling tokio-sync v0.1.8
[INFO] [stderr]    Compiling tokio-buf v0.1.1
[INFO] [stderr]    Compiling want v0.2.0
[INFO] [stderr]    Compiling futures-cpupool v0.1.8
[INFO] [stderr]    Compiling unicode-normalization v0.1.19
[INFO] [stderr]    Compiling mio-uds v0.6.8
[INFO] [stderr]    Compiling tokio-threadpool v0.1.18
[INFO] [stderr]    Compiling tokio-current-thread v0.1.7
[INFO] [stderr]    Compiling tokio-timer v0.2.13
[INFO] [stderr]    Compiling tokio-reactor v0.1.12
[INFO] [stderr]    Compiling tokio-codec v0.1.2
[INFO] [stderr]    Compiling flate2 v1.0.20
[INFO] [stderr]    Compiling num-integer v0.1.44
[INFO] [stderr]    Compiling tokio-fs v0.1.7
[INFO] [stderr]    Compiling tokio-tcp v0.1.4
[INFO] [stderr]    Compiling tokio-uds v0.2.7
[INFO] [stderr]    Compiling tokio-udp v0.1.6
[INFO] [stderr]    Compiling idna v0.1.5
[INFO] [stderr]    Compiling idna v0.2.3
[INFO] [stderr]    Compiling tokio v0.1.22
[INFO] [stderr]    Compiling mime_guess v2.0.3
[INFO] [stderr]    Compiling url v1.7.2
[INFO] [stderr]    Compiling synstructure v0.12.5
[INFO] [stderr]    Compiling h2 v0.1.26
[INFO] [stderr]    Compiling http-body v0.1.0
[INFO] [stderr]    Compiling addr2line v0.16.0
[INFO] [stderr]    Compiling url v2.2.2
[INFO] [stderr]    Compiling cookie v0.12.0
[INFO] [stderr]    Compiling publicsuffix v1.5.6
[INFO] [stderr]    Compiling serde_derive v1.0.127
[INFO] [stderr]    Compiling serde_repr v0.1.7
[INFO] [stderr]    Compiling failure v0.1.8
[INFO] [stderr]    Compiling hyper-tls v0.3.2
[INFO] [stderr]    Compiling serde v1.0.127
[INFO] [stderr]    Compiling chrono v0.4.19
[INFO] [stderr]    Compiling serde_urlencoded v0.5.5
[INFO] [stderr]    Compiling cookie_store v0.7.0
[INFO] [stderr]    Compiling spectacles-model v0.2.0
[INFO] [stderr]    Compiling reqwest v0.9.24
[INFO] [stderr]    Compiling spectacles-rest v0.1.2 (/opt/rustwide/workdir)
[INFO] [stdout] warning: warn(rust_2018_idioms) is ignored unless specified at crate level
[INFO] [stdout]   --> src/lib.rs:72:8
[INFO] [stdout]    |
[INFO] [stdout] 72 | #[warn(rust_2018_idioms)]
[INFO] [stdout]    |        ^^^^^^^^^^^^^^^^
[INFO] [stdout]    |
[INFO] [stdout]    = note: `#[warn(unused_attributes)]` on by default
[INFO] [stdout] 
[INFO] [stdout] 
[INFO] [stdout] warning: warn(rust_2018_idioms) is ignored unless specified at crate level
[INFO] [stdout]   --> src/lib.rs:72:8
[INFO] [stdout]    |
[INFO] [stdout] 72 | #[warn(rust_2018_idioms)]
[INFO] [stdout]    |        ^^^^^^^^^^^^^^^^
[INFO] [stdout] 
[INFO] [stdout] 
[INFO] [stdout] warning: trait objects without an explicit `dyn` are deprecated
[INFO] [stdout]   --> src/ratelimit.rs:61:52
[INFO] [stdout]    |
[INFO] [stdout] 61 |     pub fn enqueue(&mut self, path: String) -> Box<Future<Item=(), Error=Error> + Send> {
[INFO] [stdout]    |                                                    ^^^^^^^^^^^^^^^^^^^^^^^^^^^^^^^^^^^ help: use `dyn`: `dyn Future<Item=(), Error=Error> + Send`
[INFO] [stdout]    |
[INFO] [stdout]    = note: `#[warn(bare_trait_objects)]` on by default
[INFO] [stdout]    = warning: this was previously accepted by the compiler but is being phased out; it will become a hard error in the 2021 edition!
[INFO] [stdout]    = note: for more information, see issue #80165 <https://github.com/rust-lang/rust/issues/80165>
[INFO] [stdout] 
[INFO] [stdout] 
[INFO] [stdout] warning: trait objects without an explicit `dyn` are deprecated
[INFO] [stdout]   --> src/ratelimit.rs:96:83
[INFO] [stdout]    |
[INFO] [stdout] 96 |     pub(crate) fn handle_resp(&mut self, path: String, mut resp: Response) -> Box<Future<Item=ResponseStatus, Error=Error> + Send> {
[INFO] [stdout]    |                                                                                   ^^^^^^^^^^^^^^^^^^^^^^^^^^^^^^^^^^^^^^^^^^^^^^^ help: use `dyn`: `dyn Future<Item=ResponseStatus, Error=Error> + Send`
[INFO] [stdout]    |
[INFO] [stdout]    = warning: this was previously accepted by the compiler but is being phased out; it will become a hard error in the 2021 edition!
[INFO] [stdout]    = note: for more information, see issue #80165 <https://github.com/rust-lang/rust/issues/80165>
[INFO] [stdout] 
[INFO] [stdout] 
[INFO] [stdout] warning: trait objects without an explicit `dyn` are deprecated
[INFO] [stdout]    --> src/lib.rs:251:58
[INFO] [stdout]     |
[INFO] [stdout] 251 |     pub fn request<T>(&self, mut endpt: Endpoint) -> Box<Future<Item=T, Error=Error> + Send>
[INFO] [stdout]     |                                                          ^^^^^^^^^^^^^^^^^^^^^^^^^^^^^^^^^^ help: use `dyn`: `dyn Future<Item=T, Error=Error> + Send`
[INFO] [stdout]     |
[INFO] [stdout]     = warning: this was previously accepted by the compiler but is being phased out; it will become a hard error in the 2021 edition!
[INFO] [stdout]     = note: for more information, see issue #80165 <https://github.com/rust-lang/rust/issues/80165>
[INFO] [stdout] 
[INFO] [stdout] 
[INFO] [stdout] warning: trait objects without an explicit `dyn` are deprecated
[INFO] [stdout]    --> src/lib.rs:290:61
[INFO] [stdout]     |
[INFO] [stdout] 290 |     pub fn request_empty(&self, mut endpt: Endpoint) -> Box<Future<Item=(), Error=Error> + Send> {
[INFO] [stdout]     |                                                             ^^^^^^^^^^^^^^^^^^^^^^^^^^^^^^^^^^^ help: use `dyn`: `dyn Future<Item=(), Error=Error> + Send`
[INFO] [stdout]     |
[INFO] [stdout]     = warning: this was previously accepted by the compiler but is being phased out; it will become a hard error in the 2021 edition!
[INFO] [stdout]     = note: for more information, see issue #80165 <https://github.com/rust-lang/rust/issues/80165>
[INFO] [stdout] 
[INFO] [stdout] 
[INFO] [stdout] warning: use of deprecated associated function `std::error::Error::description`: use the Display impl or to_string()
[INFO] [stdout]   --> src/errors.rs:36:26
[INFO] [stdout]    |
[INFO] [stdout] 36 |         f.write_str(self.description())
[INFO] [stdout]    |                          ^^^^^^^^^^^
[INFO] [stdout]    |
[INFO] [stdout]    = note: `#[warn(deprecated)]` on by default
[INFO] [stdout] 
[INFO] [stdout] 
[INFO] [stdout] warning: use of deprecated associated function `std::error::Error::description`: use the Display impl or to_string()
[INFO] [stdout]   --> src/errors.rs:53:26
[INFO] [stdout]    |
[INFO] [stdout] 53 |         f.write_str(self.description())
[INFO] [stdout]    |                          ^^^^^^^^^^^
[INFO] [stdout] 
[INFO] [stdout] 
[INFO] [stdout] warning: use of deprecated associated function `std::error::Error::description`: use the Display impl or to_string()
[INFO] [stdout]   --> src/errors.rs:60:36
[INFO] [stdout]    |
[INFO] [stdout] 60 |             Error::Discord(e) => e.description(),
[INFO] [stdout]    |                                    ^^^^^^^^^^^
[INFO] [stdout] 
[INFO] [stdout] 
[INFO] [stdout] warning: use of deprecated associated function `std::error::Error::description`: use the Display impl or to_string()
[INFO] [stdout]   --> src/errors.rs:61:36
[INFO] [stdout]    |
[INFO] [stdout] 61 |             Error::Reqwest(e) => e.description(),
[INFO] [stdout]    |                                    ^^^^^^^^^^^
[INFO] [stdout] 
[INFO] [stdout] 
[INFO] [stdout] warning: use of deprecated associated function `std::error::Error::description`: use the Display impl or to_string()
[INFO] [stdout]   --> src/errors.rs:62:37
[INFO] [stdout]    |
[INFO] [stdout] 62 |             Error::ParseInt(e) => e.description(),
[INFO] [stdout]    |                                     ^^^^^^^^^^^
[INFO] [stdout] 
[INFO] [stdout] 
[INFO] [stdout] warning: use of deprecated associated function `std::error::Error::description`: use the Display impl or to_string()
[INFO] [stdout]   --> src/errors.rs:63:34
[INFO] [stdout]    |
[INFO] [stdout] 63 |             Error::Timer(e) => e.description(),
[INFO] [stdout]    |                                  ^^^^^^^^^^^
[INFO] [stdout] 
[INFO] [stdout] 
[INFO] [stdout] warning: use of deprecated associated function `std::error::Error::description`: use the Display impl or to_string()
[INFO] [stdout]   --> src/errors.rs:64:31
[INFO] [stdout]    |
[INFO] [stdout] 64 |             Error::Io(e) => e.description(),
[INFO] [stdout]    |                               ^^^^^^^^^^^
[INFO] [stdout] 
[INFO] [stdout] 
[INFO] [stdout] warning: use of deprecated associated function `std::error::Error::description`: use the Display impl or to_string()
[INFO] [stdout]   --> src/errors.rs:65:33
[INFO] [stdout]    |
[INFO] [stdout] 65 |             Error::Json(e) => e.description(),
[INFO] [stdout]    |                                 ^^^^^^^^^^^
[INFO] [stdout] 
[INFO] [stdout] 
[INFO] [stdout] warning: 14 warnings emitted
[INFO] [stdout] 
[INFO] [stdout] 
[INFO] [stderr]     Finished dev [unoptimized + debuginfo] target(s) in 39.21s
[INFO] running `Command { std: "docker" "inspect" "bae6e895f47c9a3af5e93cf35a3356e86da49ea3d2c38ea50bdb031b10b80bc0", kill_on_drop: false }`
[INFO] running `Command { std: "docker" "rm" "-f" "bae6e895f47c9a3af5e93cf35a3356e86da49ea3d2c38ea50bdb031b10b80bc0", kill_on_drop: false }`
[INFO] [stdout] bae6e895f47c9a3af5e93cf35a3356e86da49ea3d2c38ea50bdb031b10b80bc0
[INFO] running `Command { std: "docker" "create" "-v" "/var/lib/crater-agent-workspace/builds/worker-18/target:/opt/rustwide/target:rw,Z" "-v" "/var/lib/crater-agent-workspace/builds/worker-18/source:/opt/rustwide/workdir:ro,Z" "-v" "/var/lib/crater-agent-workspace/cargo-home:/opt/rustwide/cargo-home:ro,Z" "-v" "/var/lib/crater-agent-workspace/rustup-home:/opt/rustwide/rustup-home:ro,Z" "-e" "SOURCE_DIR=/opt/rustwide/workdir" "-e" "CARGO_TARGET_DIR=/opt/rustwide/target" "-e" "CARGO_INCREMENTAL=0" "-e" "RUST_BACKTRACE=full" "-e" "RUSTFLAGS=--cap-lints=warn" "-e" "CARGO_HOME=/opt/rustwide/cargo-home" "-e" "RUSTUP_HOME=/opt/rustwide/rustup-home" "-w" "/opt/rustwide/workdir" "-m" "1610612736" "--user" "0:0" "--network" "none" "ghcr.io/rust-lang/crates-build-env/linux@sha256:34b6a614d2c27851fe6cbf88fbd1137609cefab8b10d0615aaeb6fd47975d74e" "/opt/rustwide/cargo-home/bin/cargo" "+1.54.0" "test" "--frozen" "--no-run" "--message-format=json", kill_on_drop: false }`
[INFO] [stdout] d26e484e19b16d2e171b747ec0743436ad9b5ee78d1c8e6235966ad52e594a53
[INFO] running `Command { std: "docker" "start" "-a" "d26e484e19b16d2e171b747ec0743436ad9b5ee78d1c8e6235966ad52e594a53", kill_on_drop: false }`
[INFO] [stderr]    Compiling spectacles-rest v0.1.2 (/opt/rustwide/workdir)
[INFO] [stdout] warning: warn(rust_2018_idioms) is ignored unless specified at crate level
[INFO] [stdout]   --> src/lib.rs:72:8
[INFO] [stdout]    |
[INFO] [stdout] 72 | #[warn(rust_2018_idioms)]
[INFO] [stdout]    |        ^^^^^^^^^^^^^^^^
[INFO] [stdout]    |
[INFO] [stdout]    = note: `#[warn(unused_attributes)]` on by default
[INFO] [stdout] 
[INFO] [stdout] 
[INFO] [stdout] warning: warn(rust_2018_idioms) is ignored unless specified at crate level
[INFO] [stdout]   --> src/lib.rs:72:8
[INFO] [stdout]    |
[INFO] [stdout] 72 | #[warn(rust_2018_idioms)]
[INFO] [stdout]    |        ^^^^^^^^^^^^^^^^
[INFO] [stdout] 
[INFO] [stdout] 
[INFO] [stdout] warning: trait objects without an explicit `dyn` are deprecated
[INFO] [stdout]   --> src/ratelimit.rs:61:52
[INFO] [stdout]    |
[INFO] [stdout] 61 |     pub fn enqueue(&mut self, path: String) -> Box<Future<Item=(), Error=Error> + Send> {
[INFO] [stdout]    |                                                    ^^^^^^^^^^^^^^^^^^^^^^^^^^^^^^^^^^^ help: use `dyn`: `dyn Future<Item=(), Error=Error> + Send`
[INFO] [stdout]    |
[INFO] [stdout]    = note: `#[warn(bare_trait_objects)]` on by default
[INFO] [stdout]    = warning: this was previously accepted by the compiler but is being phased out; it will become a hard error in the 2021 edition!
[INFO] [stdout]    = note: for more information, see issue #80165 <https://github.com/rust-lang/rust/issues/80165>
[INFO] [stdout] 
[INFO] [stdout] 
[INFO] [stdout] warning: trait objects without an explicit `dyn` are deprecated
[INFO] [stdout]   --> src/ratelimit.rs:96:83
[INFO] [stdout]    |
[INFO] [stdout] 96 |     pub(crate) fn handle_resp(&mut self, path: String, mut resp: Response) -> Box<Future<Item=ResponseStatus, Error=Error> + Send> {
[INFO] [stdout]    |                                                                                   ^^^^^^^^^^^^^^^^^^^^^^^^^^^^^^^^^^^^^^^^^^^^^^^ help: use `dyn`: `dyn Future<Item=ResponseStatus, Error=Error> + Send`
[INFO] [stdout]    |
[INFO] [stdout]    = warning: this was previously accepted by the compiler but is being phased out; it will become a hard error in the 2021 edition!
[INFO] [stdout]    = note: for more information, see issue #80165 <https://github.com/rust-lang/rust/issues/80165>
[INFO] [stdout] 
[INFO] [stdout] 
[INFO] [stdout] warning: trait objects without an explicit `dyn` are deprecated
[INFO] [stdout]    --> src/lib.rs:251:58
[INFO] [stdout]     |
[INFO] [stdout] 251 |     pub fn request<T>(&self, mut endpt: Endpoint) -> Box<Future<Item=T, Error=Error> + Send>
[INFO] [stdout]     |                                                          ^^^^^^^^^^^^^^^^^^^^^^^^^^^^^^^^^^ help: use `dyn`: `dyn Future<Item=T, Error=Error> + Send`
[INFO] [stdout]     |
[INFO] [stdout]     = warning: this was previously accepted by the compiler but is being phased out; it will become a hard error in the 2021 edition!
[INFO] [stdout]     = note: for more information, see issue #80165 <https://github.com/rust-lang/rust/issues/80165>
[INFO] [stdout] 
[INFO] [stdout] 
[INFO] [stdout] warning: trait objects without an explicit `dyn` are deprecated
[INFO] [stdout]    --> src/lib.rs:290:61
[INFO] [stdout]     |
[INFO] [stdout] 290 |     pub fn request_empty(&self, mut endpt: Endpoint) -> Box<Future<Item=(), Error=Error> + Send> {
[INFO] [stdout]     |                                                             ^^^^^^^^^^^^^^^^^^^^^^^^^^^^^^^^^^^ help: use `dyn`: `dyn Future<Item=(), Error=Error> + Send`
[INFO] [stdout]     |
[INFO] [stdout]     = warning: this was previously accepted by the compiler but is being phased out; it will become a hard error in the 2021 edition!
[INFO] [stdout]     = note: for more information, see issue #80165 <https://github.com/rust-lang/rust/issues/80165>
[INFO] [stdout] 
[INFO] [stdout] 
[INFO] [stdout] warning: use of deprecated associated function `std::error::Error::description`: use the Display impl or to_string()
[INFO] [stdout]   --> src/errors.rs:36:26
[INFO] [stdout]    |
[INFO] [stdout] 36 |         f.write_str(self.description())
[INFO] [stdout]    |                          ^^^^^^^^^^^
[INFO] [stdout]    |
[INFO] [stdout]    = note: `#[warn(deprecated)]` on by default
[INFO] [stdout] 
[INFO] [stdout] 
[INFO] [stdout] warning: use of deprecated associated function `std::error::Error::description`: use the Display impl or to_string()
[INFO] [stdout]   --> src/errors.rs:53:26
[INFO] [stdout]    |
[INFO] [stdout] 53 |         f.write_str(self.description())
[INFO] [stdout]    |                          ^^^^^^^^^^^
[INFO] [stdout] 
[INFO] [stdout] 
[INFO] [stdout] warning: use of deprecated associated function `std::error::Error::description`: use the Display impl or to_string()
[INFO] [stdout]   --> src/errors.rs:60:36
[INFO] [stdout]    |
[INFO] [stdout] 60 |             Error::Discord(e) => e.description(),
[INFO] [stdout]    |                                    ^^^^^^^^^^^
[INFO] [stdout] 
[INFO] [stdout] 
[INFO] [stdout] warning: use of deprecated associated function `std::error::Error::description`: use the Display impl or to_string()
[INFO] [stdout]   --> src/errors.rs:61:36
[INFO] [stdout]    |
[INFO] [stdout] 61 |             Error::Reqwest(e) => e.description(),
[INFO] [stdout]    |                                    ^^^^^^^^^^^
[INFO] [stdout] 
[INFO] [stdout] 
[INFO] [stdout] warning: use of deprecated associated function `std::error::Error::description`: use the Display impl or to_string()
[INFO] [stdout]   --> src/errors.rs:62:37
[INFO] [stdout]    |
[INFO] [stdout] 62 |             Error::ParseInt(e) => e.description(),
[INFO] [stdout]    |                                     ^^^^^^^^^^^
[INFO] [stdout] 
[INFO] [stdout] 
[INFO] [stdout] warning: use of deprecated associated function `std::error::Error::description`: use the Display impl or to_string()
[INFO] [stdout]   --> src/errors.rs:63:34
[INFO] [stdout]    |
[INFO] [stdout] 63 |             Error::Timer(e) => e.description(),
[INFO] [stdout]    |                                  ^^^^^^^^^^^
[INFO] [stdout] 
[INFO] [stdout] 
[INFO] [stdout] warning: use of deprecated associated function `std::error::Error::description`: use the Display impl or to_string()
[INFO] [stdout]   --> src/errors.rs:64:31
[INFO] [stdout]    |
[INFO] [stdout] 64 |             Error::Io(e) => e.description(),
[INFO] [stdout]    |                               ^^^^^^^^^^^
[INFO] [stdout] 
[INFO] [stdout] 
[INFO] [stdout] warning: use of deprecated associated function `std::error::Error::description`: use the Display impl or to_string()
[INFO] [stdout]   --> src/errors.rs:65:33
[INFO] [stdout]    |
[INFO] [stdout] 65 |             Error::Json(e) => e.description(),
[INFO] [stdout]    |                                 ^^^^^^^^^^^
[INFO] [stdout] 
[INFO] [stdout] 
[INFO] [stdout] warning: 14 warnings emitted
[INFO] [stdout] 
[INFO] [stdout] 
[INFO] [stdout] warning: warn(rust_2018_idioms) is ignored unless specified at crate level
[INFO] [stdout]   --> src/lib.rs:72:8
[INFO] [stdout]    |
[INFO] [stdout] 72 | #[warn(rust_2018_idioms)]
[INFO] [stdout]    |        ^^^^^^^^^^^^^^^^
[INFO] [stdout]    |
[INFO] [stdout]    = note: `#[warn(unused_attributes)]` on by default
[INFO] [stdout] 
[INFO] [stdout] 
[INFO] [stdout] warning: warn(rust_2018_idioms) is ignored unless specified at crate level
[INFO] [stdout]   --> src/lib.rs:72:8
[INFO] [stdout]    |
[INFO] [stdout] 72 | #[warn(rust_2018_idioms)]
[INFO] [stdout]    |        ^^^^^^^^^^^^^^^^
[INFO] [stdout] 
[INFO] [stdout] 
[INFO] [stdout] warning: trait objects without an explicit `dyn` are deprecated
[INFO] [stdout]   --> src/ratelimit.rs:61:52
[INFO] [stdout]    |
[INFO] [stdout] 61 |     pub fn enqueue(&mut self, path: String) -> Box<Future<Item=(), Error=Error> + Send> {
[INFO] [stdout]    |                                                    ^^^^^^^^^^^^^^^^^^^^^^^^^^^^^^^^^^^ help: use `dyn`: `dyn Future<Item=(), Error=Error> + Send`
[INFO] [stdout]    |
[INFO] [stdout]    = note: `#[warn(bare_trait_objects)]` on by default
[INFO] [stdout]    = warning: this was previously accepted by the compiler but is being phased out; it will become a hard error in the 2021 edition!
[INFO] [stdout]    = note: for more information, see issue #80165 <https://github.com/rust-lang/rust/issues/80165>
[INFO] [stdout] 
[INFO] [stdout] 
[INFO] [stdout] warning: trait objects without an explicit `dyn` are deprecated
[INFO] [stdout]   --> src/ratelimit.rs:96:83
[INFO] [stdout]    |
[INFO] [stdout] 96 |     pub(crate) fn handle_resp(&mut self, path: String, mut resp: Response) -> Box<Future<Item=ResponseStatus, Error=Error> + Send> {
[INFO] [stdout]    |                                                                                   ^^^^^^^^^^^^^^^^^^^^^^^^^^^^^^^^^^^^^^^^^^^^^^^ help: use `dyn`: `dyn Future<Item=ResponseStatus, Error=Error> + Send`
[INFO] [stdout]    |
[INFO] [stdout]    = warning: this was previously accepted by the compiler but is being phased out; it will become a hard error in the 2021 edition!
[INFO] [stdout]    = note: for more information, see issue #80165 <https://github.com/rust-lang/rust/issues/80165>
[INFO] [stdout] 
[INFO] [stdout] 
[INFO] [stdout] warning: trait objects without an explicit `dyn` are deprecated
[INFO] [stdout]    --> src/lib.rs:251:58
[INFO] [stdout]     |
[INFO] [stdout] 251 |     pub fn request<T>(&self, mut endpt: Endpoint) -> Box<Future<Item=T, Error=Error> + Send>
[INFO] [stdout]     |                                                          ^^^^^^^^^^^^^^^^^^^^^^^^^^^^^^^^^^ help: use `dyn`: `dyn Future<Item=T, Error=Error> + Send`
[INFO] [stdout]     |
[INFO] [stdout]     = warning: this was previously accepted by the compiler but is being phased out; it will become a hard error in the 2021 edition!
[INFO] [stdout]     = note: for more information, see issue #80165 <https://github.com/rust-lang/rust/issues/80165>
[INFO] [stdout] 
[INFO] [stdout] 
[INFO] [stdout] warning: trait objects without an explicit `dyn` are deprecated
[INFO] [stdout]    --> src/lib.rs:290:61
[INFO] [stdout]     |
[INFO] [stdout] 290 |     pub fn request_empty(&self, mut endpt: Endpoint) -> Box<Future<Item=(), Error=Error> + Send> {
[INFO] [stdout]     |                                                             ^^^^^^^^^^^^^^^^^^^^^^^^^^^^^^^^^^^ help: use `dyn`: `dyn Future<Item=(), Error=Error> + Send`
[INFO] [stdout]     |
[INFO] [stdout]     = warning: this was previously accepted by the compiler but is being phased out; it will become a hard error in the 2021 edition!
[INFO] [stdout]     = note: for more information, see issue #80165 <https://github.com/rust-lang/rust/issues/80165>
[INFO] [stdout] 
[INFO] [stdout] 
[INFO] [stdout] warning: use of deprecated associated function `std::error::Error::description`: use the Display impl or to_string()
[INFO] [stdout]   --> src/errors.rs:36:26
[INFO] [stdout]    |
[INFO] [stdout] 36 |         f.write_str(self.description())
[INFO] [stdout]    |                          ^^^^^^^^^^^
[INFO] [stdout]    |
[INFO] [stdout]    = note: `#[warn(deprecated)]` on by default
[INFO] [stdout] 
[INFO] [stdout] 
[INFO] [stdout] warning: use of deprecated associated function `std::error::Error::description`: use the Display impl or to_string()
[INFO] [stdout]   --> src/errors.rs:53:26
[INFO] [stdout]    |
[INFO] [stdout] 53 |         f.write_str(self.description())
[INFO] [stdout]    |                          ^^^^^^^^^^^
[INFO] [stdout] 
[INFO] [stdout] 
[INFO] [stdout] warning: use of deprecated associated function `std::error::Error::description`: use the Display impl or to_string()
[INFO] [stdout]   --> src/errors.rs:60:36
[INFO] [stdout]    |
[INFO] [stdout] 60 |             Error::Discord(e) => e.description(),
[INFO] [stdout]    |                                    ^^^^^^^^^^^
[INFO] [stdout] 
[INFO] [stdout] 
[INFO] [stdout] warning: use of deprecated associated function `std::error::Error::description`: use the Display impl or to_string()
[INFO] [stdout]   --> src/errors.rs:61:36
[INFO] [stdout]    |
[INFO] [stdout] 61 |             Error::Reqwest(e) => e.description(),
[INFO] [stdout]    |                                    ^^^^^^^^^^^
[INFO] [stdout] 
[INFO] [stdout] 
[INFO] [stdout] warning: use of deprecated associated function `std::error::Error::description`: use the Display impl or to_string()
[INFO] [stdout]   --> src/errors.rs:62:37
[INFO] [stdout]    |
[INFO] [stdout] 62 |             Error::ParseInt(e) => e.description(),
[INFO] [stdout]    |                                     ^^^^^^^^^^^
[INFO] [stdout] 
[INFO] [stdout] 
[INFO] [stdout] warning: use of deprecated associated function `std::error::Error::description`: use the Display impl or to_string()
[INFO] [stdout]   --> src/errors.rs:63:34
[INFO] [stdout]    |
[INFO] [stdout] 63 |             Error::Timer(e) => e.description(),
[INFO] [stdout]    |                                  ^^^^^^^^^^^
[INFO] [stdout] 
[INFO] [stdout] 
[INFO] [stdout] warning: use of deprecated associated function `std::error::Error::description`: use the Display impl or to_string()
[INFO] [stdout]   --> src/errors.rs:64:31
[INFO] [stdout]    |
[INFO] [stdout] 64 |             Error::Io(e) => e.description(),
[INFO] [stdout]    |                               ^^^^^^^^^^^
[INFO] [stdout] 
[INFO] [stdout] 
[INFO] [stdout] warning: use of deprecated associated function `std::error::Error::description`: use the Display impl or to_string()
[INFO] [stdout]   --> src/errors.rs:65:33
[INFO] [stdout]    |
[INFO] [stdout] 65 |             Error::Json(e) => e.description(),
[INFO] [stdout]    |                                 ^^^^^^^^^^^
[INFO] [stdout] 
[INFO] [stdout] 
[INFO] [stdout] warning: 14 warnings emitted
[INFO] [stdout] 
[INFO] [stdout] 
[INFO] [stderr]     Finished test [unoptimized + debuginfo] target(s) in 1.84s
[INFO] running `Command { std: "docker" "inspect" "d26e484e19b16d2e171b747ec0743436ad9b5ee78d1c8e6235966ad52e594a53", kill_on_drop: false }`
[INFO] running `Command { std: "docker" "rm" "-f" "d26e484e19b16d2e171b747ec0743436ad9b5ee78d1c8e6235966ad52e594a53", kill_on_drop: false }`
[INFO] [stdout] d26e484e19b16d2e171b747ec0743436ad9b5ee78d1c8e6235966ad52e594a53
[INFO] running `Command { std: "docker" "create" "-v" "/var/lib/crater-agent-workspace/builds/worker-18/target:/opt/rustwide/target:rw,Z" "-v" "/var/lib/crater-agent-workspace/builds/worker-18/source:/opt/rustwide/workdir:ro,Z" "-v" "/var/lib/crater-agent-workspace/cargo-home:/opt/rustwide/cargo-home:ro,Z" "-v" "/var/lib/crater-agent-workspace/rustup-home:/opt/rustwide/rustup-home:ro,Z" "-e" "SOURCE_DIR=/opt/rustwide/workdir" "-e" "CARGO_TARGET_DIR=/opt/rustwide/target" "-e" "CARGO_INCREMENTAL=0" "-e" "RUST_BACKTRACE=full" "-e" "RUSTFLAGS=--cap-lints=warn" "-e" "CARGO_HOME=/opt/rustwide/cargo-home" "-e" "RUSTUP_HOME=/opt/rustwide/rustup-home" "-w" "/opt/rustwide/workdir" "-m" "1610612736" "--user" "0:0" "--network" "none" "ghcr.io/rust-lang/crates-build-env/linux@sha256:34b6a614d2c27851fe6cbf88fbd1137609cefab8b10d0615aaeb6fd47975d74e" "/opt/rustwide/cargo-home/bin/cargo" "+1.54.0" "test" "--frozen", kill_on_drop: false }`
[INFO] [stdout] e7e1010142cdd0a08a200fb36c02755638fd3d5aaa29611bea85216d670f0e67
[INFO] running `Command { std: "docker" "start" "-a" "e7e1010142cdd0a08a200fb36c02755638fd3d5aaa29611bea85216d670f0e67", kill_on_drop: false }`
[INFO] [stderr] warning: warn(rust_2018_idioms) is ignored unless specified at crate level
[INFO] [stderr]   --> src/lib.rs:72:8
[INFO] [stderr]    |
[INFO] [stderr] 72 | #[warn(rust_2018_idioms)]
[INFO] [stderr]    |        ^^^^^^^^^^^^^^^^
[INFO] [stderr]    |
[INFO] [stderr]    = note: `#[warn(unused_attributes)]` on by default
[INFO] [stderr] 
[INFO] [stderr] warning: warn(rust_2018_idioms) is ignored unless specified at crate level
[INFO] [stderr]   --> src/lib.rs:72:8
[INFO] [stderr]    |
[INFO] [stderr] 72 | #[warn(rust_2018_idioms)]
[INFO] [stderr]    |        ^^^^^^^^^^^^^^^^
[INFO] [stderr] 
[INFO] [stderr] warning: trait objects without an explicit `dyn` are deprecated
[INFO] [stderr]   --> src/ratelimit.rs:61:52
[INFO] [stderr]    |
[INFO] [stderr] 61 |     pub fn enqueue(&mut self, path: String) -> Box<Future<Item=(), Error=Error> + Send> {
[INFO] [stderr]    |                                                    ^^^^^^^^^^^^^^^^^^^^^^^^^^^^^^^^^^^ help: use `dyn`: `dyn Future<Item=(), Error=Error> + Send`
[INFO] [stderr]    |
[INFO] [stderr]    = note: `#[warn(bare_trait_objects)]` on by default
[INFO] [stderr]    = warning: this was previously accepted by the compiler but is being phased out; it will become a hard error in the 2021 edition!
[INFO] [stderr]    = note: for more information, see issue #80165 <https://github.com/rust-lang/rust/issues/80165>
[INFO] [stderr] 
[INFO] [stderr] warning: trait objects without an explicit `dyn` are deprecated
[INFO] [stderr]   --> src/ratelimit.rs:96:83
[INFO] [stderr]    |
[INFO] [stderr] 96 |     pub(crate) fn handle_resp(&mut self, path: String, mut resp: Response) -> Box<Future<Item=ResponseStatus, Error=Error> + Send> {
[INFO] [stderr]    |                                                                                   ^^^^^^^^^^^^^^^^^^^^^^^^^^^^^^^^^^^^^^^^^^^^^^^ help: use `dyn`: `dyn Future<Item=ResponseStatus, Error=Error> + Send`
[INFO] [stderr]    |
[INFO] [stderr]    = warning: this was previously accepted by the compiler but is being phased out; it will become a hard error in the 2021 edition!
[INFO] [stderr]    = note: for more information, see issue #80165 <https://github.com/rust-lang/rust/issues/80165>
[INFO] [stderr] 
[INFO] [stderr] warning: trait objects without an explicit `dyn` are deprecated
[INFO] [stderr]    --> src/lib.rs:251:58
[INFO] [stderr]     |
[INFO] [stderr] 251 |     pub fn request<T>(&self, mut endpt: Endpoint) -> Box<Future<Item=T, Error=Error> + Send>
[INFO] [stderr]     |                                                          ^^^^^^^^^^^^^^^^^^^^^^^^^^^^^^^^^^ help: use `dyn`: `dyn Future<Item=T, Error=Error> + Send`
[INFO] [stderr]     |
[INFO] [stderr]     = warning: this was previously accepted by the compiler but is being phased out; it will become a hard error in the 2021 edition!
[INFO] [stderr]     = note: for more information, see issue #80165 <https://github.com/rust-lang/rust/issues/80165>
[INFO] [stderr] 
[INFO] [stderr] warning: trait objects without an explicit `dyn` are deprecated
[INFO] [stderr]    --> src/lib.rs:290:61
[INFO] [stderr]     |
[INFO] [stderr] 290 |     pub fn request_empty(&self, mut endpt: Endpoint) -> Box<Future<Item=(), Error=Error> + Send> {
[INFO] [stderr]     |                                                             ^^^^^^^^^^^^^^^^^^^^^^^^^^^^^^^^^^^ help: use `dyn`: `dyn Future<Item=(), Error=Error> + Send`
[INFO] [stderr]     |
[INFO] [stderr]     = warning: this was previously accepted by the compiler but is being phased out; it will become a hard error in the 2021 edition!
[INFO] [stderr]     = note: for more information, see issue #80165 <https://github.com/rust-lang/rust/issues/80165>
[INFO] [stderr] 
[INFO] [stderr] warning: use of deprecated associated function `std::error::Error::description`: use the Display impl or to_string()
[INFO] [stderr]   --> src/errors.rs:36:26
[INFO] [stderr]    |
[INFO] [stderr] 36 |         f.write_str(self.description())
[INFO] [stderr]    |                          ^^^^^^^^^^^
[INFO] [stderr]    |
[INFO] [stderr]    = note: `#[warn(deprecated)]` on by default
[INFO] [stderr] 
[INFO] [stderr] warning: use of deprecated associated function `std::error::Error::description`: use the Display impl or to_string()
[INFO] [stderr]   --> src/errors.rs:53:26
[INFO] [stderr]    |
[INFO] [stderr] 53 |         f.write_str(self.description())
[INFO] [stderr]    |                          ^^^^^^^^^^^
[INFO] [stderr] 
[INFO] [stderr] warning: use of deprecated associated function `std::error::Error::description`: use the Display impl or to_string()
[INFO] [stderr]   --> src/errors.rs:60:36
[INFO] [stderr]    |
[INFO] [stderr] 60 |             Error::Discord(e) => e.description(),
[INFO] [stderr]    |                                    ^^^^^^^^^^^
[INFO] [stderr] 
[INFO] [stderr] warning: use of deprecated associated function `std::error::Error::description`: use the Display impl or to_string()
[INFO] [stderr]   --> src/errors.rs:61:36
[INFO] [stderr]    |
[INFO] [stderr] 61 |             Error::Reqwest(e) => e.description(),
[INFO] [stderr]    |                                    ^^^^^^^^^^^
[INFO] [stderr] 
[INFO] [stderr] warning: use of deprecated associated function `std::error::Error::description`: use the Display impl or to_string()
[INFO] [stderr]   --> src/errors.rs:62:37
[INFO] [stderr]    |
[INFO] [stderr] 62 |             Error::ParseInt(e) => e.description(),
[INFO] [stderr]    |                                     ^^^^^^^^^^^
[INFO] [stderr] 
[INFO] [stderr] warning: use of deprecated associated function `std::error::Error::description`: use the Display impl or to_string()
[INFO] [stderr]   --> src/errors.rs:63:34
[INFO] [stderr]    |
[INFO] [stderr] 63 |             Error::Timer(e) => e.description(),
[INFO] [stderr]    |                                  ^^^^^^^^^^^
[INFO] [stderr] 
[INFO] [stderr] warning: use of deprecated associated function `std::error::Error::description`: use the Display impl or to_string()
[INFO] [stderr]   --> src/errors.rs:64:31
[INFO] [stderr]    |
[INFO] [stderr] 64 |             Error::Io(e) => e.description(),
[INFO] [stderr]    |                               ^^^^^^^^^^^
[INFO] [stderr] 
[INFO] [stderr] warning: use of deprecated associated function `std::error::Error::description`: use the Display impl or to_string()
[INFO] [stderr]   --> src/errors.rs:65:33
[INFO] [stderr]    |
[INFO] [stderr] 65 |             Error::Json(e) => e.description(),
[INFO] [stderr]    |                                 ^^^^^^^^^^^
[INFO] [stderr] 
[INFO] [stderr] warning: 14 warnings emitted
[INFO] [stderr] 
[INFO] [stderr] warning: warn(rust_2018_idioms) is ignored unless specified at crate level
[INFO] [stderr]   --> src/lib.rs:72:8
[INFO] [stderr]    |
[INFO] [stderr] 72 | #[warn(rust_2018_idioms)]
[INFO] [stderr]    |        ^^^^^^^^^^^^^^^^
[INFO] [stderr]    |
[INFO] [stderr]    = note: `#[warn(unused_attributes)]` on by default
[INFO] [stderr] 
[INFO] [stderr] warning: warn(rust_2018_idioms) is ignored unless specified at crate level
[INFO] [stderr]   --> src/lib.rs:72:8
[INFO] [stderr]    |
[INFO] [stderr] 72 | #[warn(rust_2018_idioms)]
[INFO] [stderr]    |        ^^^^^^^^^^^^^^^^
[INFO] [stderr] 
[INFO] [stderr] warning: trait objects without an explicit `dyn` are deprecated
[INFO] [stderr]   --> src/ratelimit.rs:61:52
[INFO] [stderr]    |
[INFO] [stderr] 61 |     pub fn enqueue(&mut self, path: String) -> Box<Future<Item=(), Error=Error> + Send> {
[INFO] [stderr]    |                                                    ^^^^^^^^^^^^^^^^^^^^^^^^^^^^^^^^^^^ help: use `dyn`: `dyn Future<Item=(), Error=Error> + Send`
[INFO] [stderr]    |
[INFO] [stderr]    = note: `#[warn(bare_trait_objects)]` on by default
[INFO] [stderr]    = warning: this was previously accepted by the compiler but is being phased out; it will become a hard error in the 2021 edition!
[INFO] [stderr]    = note: for more information, see issue #80165 <https://github.com/rust-lang/rust/issues/80165>
[INFO] [stderr] 
[INFO] [stderr] warning: trait objects without an explicit `dyn` are deprecated
[INFO] [stderr]   --> src/ratelimit.rs:96:83
[INFO] [stderr]    |
[INFO] [stderr] 96 |     pub(crate) fn handle_resp(&mut self, path: String, mut resp: Response) -> Box<Future<Item=ResponseStatus, Error=Error> + Send> {
[INFO] [stderr]    |                                                                                   ^^^^^^^^^^^^^^^^^^^^^^^^^^^^^^^^^^^^^^^^^^^^^^^ help: use `dyn`: `dyn Future<Item=ResponseStatus, Error=Error> + Send`
[INFO] [stderr]    |
[INFO] [stderr]    = warning: this was previously accepted by the compiler but is being phased out; it will become a hard error in the 2021 edition!
[INFO] [stderr]    = note: for more information, see issue #80165 <https://github.com/rust-lang/rust/issues/80165>
[INFO] [stderr] 
[INFO] [stderr] warning: trait objects without an explicit `dyn` are deprecated
[INFO] [stderr]    --> src/lib.rs:251:58
[INFO] [stderr]     |
[INFO] [stderr] 251 |     pub fn request<T>(&self, mut endpt: Endpoint) -> Box<Future<Item=T, Error=Error> + Send>
[INFO] [stderr]     |                                                          ^^^^^^^^^^^^^^^^^^^^^^^^^^^^^^^^^^ help: use `dyn`: `dyn Future<Item=T, Error=Error> + Send`
[INFO] [stderr]     |
[INFO] [stderr]     = warning: this was previously accepted by the compiler but is being phased out; it will become a hard error in the 2021 edition!
[INFO] [stderr]     = note: for more information, see issue #80165 <https://github.com/rust-lang/rust/issues/80165>
[INFO] [stderr] 
[INFO] [stderr] warning: trait objects without an explicit `dyn` are deprecated
[INFO] [stderr]    --> src/lib.rs:290:61
[INFO] [stderr]     |
[INFO] [stderr] 290 |     pub fn request_empty(&self, mut endpt: Endpoint) -> Box<Future<Item=(), Error=Error> + Send> {
[INFO] [stderr]     |                                                             ^^^^^^^^^^^^^^^^^^^^^^^^^^^^^^^^^^^ help: use `dyn`: `dyn Future<Item=(), Error=Error> + Send`
[INFO] [stderr]     |
[INFO] [stderr]     = warning: this was previously accepted by the compiler but is being phased out; it will become a hard error in the 2021 edition!
[INFO] [stderr]     = note: for more information, see issue #80165 <https://github.com/rust-lang/rust/issues/80165>
[INFO] [stderr] 
[INFO] [stderr] warning: use of deprecated associated function `std::error::Error::description`: use the Display impl or to_string()
[INFO] [stderr]   --> src/errors.rs:36:26
[INFO] [stderr]    |
[INFO] [stderr] 36 |         f.write_str(self.description())
[INFO] [stderr]    |                          ^^^^^^^^^^^
[INFO] [stderr]    |
[INFO] [stderr]    = note: `#[warn(deprecated)]` on by default
[INFO] [stderr] 
[INFO] [stderr] warning: use of deprecated associated function `std::error::Error::description`: use the Display impl or to_string()
[INFO] [stderr]   --> src/errors.rs:53:26
[INFO] [stderr]    |
[INFO] [stderr] 53 |         f.write_str(self.description())
[INFO] [stderr]    |                          ^^^^^^^^^^^
[INFO] [stderr] 
[INFO] [stderr] warning: use of deprecated associated function `std::error::Error::description`: use the Display impl or to_string()
[INFO] [stderr]   --> src/errors.rs:60:36
[INFO] [stderr]    |
[INFO] [stderr] 60 |             Error::Discord(e) => e.description(),
[INFO] [stderr]    |                                    ^^^^^^^^^^^
[INFO] [stderr] 
[INFO] [stderr] warning: use of deprecated associated function `std::error::Error::description`: use the Display impl or to_string()
[INFO] [stderr]   --> src/errors.rs:61:36
[INFO] [stderr]    |
[INFO] [stderr] 61 |             Error::Reqwest(e) => e.description(),
[INFO] [stderr]    |                                    ^^^^^^^^^^^
[INFO] [stderr] 
[INFO] [stderr] warning: use of deprecated associated function `std::error::Error::description`: use the Display impl or to_string()
[INFO] [stderr]   --> src/errors.rs:62:37
[INFO] [stderr]    |
[INFO] [stderr] 62 |             Error::ParseInt(e) => e.description(),
[INFO] [stderr]    |                                     ^^^^^^^^^^^
[INFO] [stderr] 
[INFO] [stderr] warning: use of deprecated associated function `std::error::Error::description`: use the Display impl or to_string()
[INFO] [stderr]   --> src/errors.rs:63:34
[INFO] [stderr]    |
[INFO] [stderr] 63 |             Error::Timer(e) => e.description(),
[INFO] [stderr]    |                                  ^^^^^^^^^^^
[INFO] [stderr] 
[INFO] [stderr] warning: use of deprecated associated function `std::error::Error::description`: use the Display impl or to_string()
[INFO] [stderr]   --> src/errors.rs:64:31
[INFO] [stderr]    |
[INFO] [stderr] 64 |             Error::Io(e) => e.description(),
[INFO] [stderr]    |                               ^^^^^^^^^^^
[INFO] [stderr] 
[INFO] [stderr] warning: use of deprecated associated function `std::error::Error::description`: use the Display impl or to_string()
[INFO] [stderr]   --> src/errors.rs:65:33
[INFO] [stderr]    |
[INFO] [stderr] 65 |             Error::Json(e) => e.description(),
[INFO] [stderr]    |                                 ^^^^^^^^^^^
[INFO] [stderr] 
[INFO] [stderr] warning: 14 warnings emitted
[INFO] [stderr] 
[INFO] [stderr]     Finished test [unoptimized + debuginfo] target(s) in 0.15s
[INFO] [stdout] 
[INFO] [stderr]      Running unittests (/opt/rustwide/target/debug/deps/spectacles_rest-e4d91d22d0ff0f1c)
[INFO] [stdout] running 0 tests
[INFO] [stdout] 
[INFO] [stdout] test result: ok. 0 passed; 0 failed; 0 ignored; 0 measured; 0 filtered out; finished in 0.00s
[INFO] [stdout] 
[INFO] [stderr]    Doc-tests spectacles_rest
[INFO] [stderr] warning: warn(rust_2018_idioms) is ignored unless specified at crate level
[INFO] [stderr]   --> /opt/rustwide/workdir/src/lib.rs:72:8
[INFO] [stderr]    |
[INFO] [stderr] 72 | #[warn(rust_2018_idioms)]
[INFO] [stderr]    |        ^^^^^^^^^^^^^^^^
[INFO] [stderr]    |
[INFO] [stderr]    = note: `#[warn(unused_attributes)]` on by default
[INFO] [stderr] 
[INFO] [stderr] warning: warn(rust_2018_idioms) is ignored unless specified at crate level
[INFO] [stderr]   --> /opt/rustwide/workdir/src/lib.rs:72:8
[INFO] [stderr]    |
[INFO] [stderr] 72 | #[warn(rust_2018_idioms)]
[INFO] [stderr]    |        ^^^^^^^^^^^^^^^^
[INFO] [stderr] 
[INFO] [stderr] warning: unknown attribute `norun`. Did you mean `no_run`?
[INFO] [stderr]   --> /opt/rustwide/workdir/src/lib.rs:1:1
[INFO] [stderr]    |
[INFO] [stderr] 1  | / //! # Spectacles REST
[INFO] [stderr] 2  | | //! Spectacles REST offers a simple, easy-to-use client for making HTTP requests to the Discord API.
[INFO] [stderr] 3  | | //! All HTTP requests are made asynchronously and never block the thread, with the help of the Tokio runtime.
[INFO] [stderr] 4  | | //!
[INFO] [stderr] ...  |
[INFO] [stderr] 65 | | //! spectacles-rest = "0.1.0"
[INFO] [stderr] 66 | | //!
[INFO] [stderr]    | |___^
[INFO] [stderr]    |
[INFO] [stderr]    = note: `#[warn(rustdoc::invalid_codeblock_attributes)]` on by default
[INFO] [stderr]    = help: the code block will either not be tested if not marked as a rust one or will be run (which you might not want)
[INFO] [stderr] 
[INFO] [stderr] warning: 3 warnings emitted
[INFO] [stderr] 
[INFO] [stdout] 
[INFO] [stdout] running 3 tests
[INFO] [stdout] test src/lib.rs - (line 51) ... FAILED
[INFO] [stdout] test src/lib.rs - (line 29) ... FAILED
[INFO] [stdout] test src/lib.rs - (line 7) ... FAILED
[INFO] [stdout] 
[INFO] [stdout] failures:
[INFO] [stdout] 
[INFO] [stdout] ---- src/lib.rs - (line 51) stdout ----
[INFO] [stdout] error[E0425]: cannot find value `token` in this scope
[INFO] [stdout]  --> src/lib.rs:54:28
[INFO] [stdout]   |
[INFO] [stdout] 6 | let rest = RestClient::new(token, false) // false tells the client to skip the default in memory rate limiter.
[INFO] [stdout]   |                            ^^^^^ not found in this scope
[INFO] [stdout] 
[INFO] [stdout] error: aborting due to previous error
[INFO] [stdout] 
[INFO] [stdout] For more information about this error, try `rustc --explain E0425`.
[INFO] [stdout] Couldn't compile the test.
[INFO] [stdout] ---- src/lib.rs - (line 29) stdout ----
[INFO] [stdout] error[E0425]: cannot find value `token` in this scope
[INFO] [stdout]  --> src/lib.rs:36:32
[INFO] [stdout]   |
[INFO] [stdout] 9 |     let rest = RestClient::new(token, true);
[INFO] [stdout]   |                                ^^^^^ not found in this scope
[INFO] [stdout] 
[INFO] [stdout] error[E0425]: cannot find value `CHANNEL_ID_HERE` in this scope
[INFO] [stdout]   --> src/lib.rs:37:40
[INFO] [stdout]    |
[INFO] [stdout] 10 |     tokio::run(rest.channel(&Snowflake(CHANNEL_ID_HERE)).create_message("Hello World")
[INFO] [stdout]    |                                        ^^^^^^^^^^^^^^^ not found in this scope
[INFO] [stdout] 
[INFO] [stdout] error: aborting due to 2 previous errors
[INFO] [stdout] 
[INFO] [stdout] For more information about this error, try `rustc --explain E0425`.
[INFO] [stdout] Couldn't compile the test.
[INFO] [stdout] ---- src/lib.rs - (line 7) stdout ----
[INFO] [stdout] Test executable failed (exit code 101).
[INFO] [stdout] 
[INFO] [stdout] stderr:
[INFO] [stdout] thread 'main' panicked at 'Failed to parse token: NotPresent', src/lib.rs:5:44
[INFO] [stdout] stack backtrace:
[INFO] [stdout]    0:     0x5587591c74e0 - std::backtrace_rs::backtrace::libunwind::trace::h34055254b57d8e79
[INFO] [stdout]                                at /rustc/a178d0322ce20e33eac124758e837cbd80a6f633/library/std/src/../../backtrace/src/backtrace/libunwind.rs:90:5
[INFO] [stdout]    1:     0x5587591c74e0 - std::backtrace_rs::backtrace::trace_unsynchronized::h8f1e3fbd9afff6ec
[INFO] [stdout]                                at /rustc/a178d0322ce20e33eac124758e837cbd80a6f633/library/std/src/../../backtrace/src/backtrace/mod.rs:66:5
[INFO] [stdout]    2:     0x5587591c74e0 - std::sys_common::backtrace::_print_fmt::h3a99a796b770c360
[INFO] [stdout]                                at /rustc/a178d0322ce20e33eac124758e837cbd80a6f633/library/std/src/sys_common/backtrace.rs:67:5
[INFO] [stdout]    3:     0x5587591c74e0 - <std::sys_common::backtrace::_print::DisplayBacktrace as core::fmt::Display>::fmt::h32d1f94a80615d18
[INFO] [stdout]                                at /rustc/a178d0322ce20e33eac124758e837cbd80a6f633/library/std/src/sys_common/backtrace.rs:46:22
[INFO] [stdout]    4:     0x5587591e269c - core::fmt::write::h306731c068f7162c
[INFO] [stdout]                                at /rustc/a178d0322ce20e33eac124758e837cbd80a6f633/library/core/src/fmt/mod.rs:1110:17
[INFO] [stdout]    5:     0x5587591c4315 - std::io::Write::write_fmt::hd2fa90334eee2a21
[INFO] [stdout]                                at /rustc/a178d0322ce20e33eac124758e837cbd80a6f633/library/std/src/io/mod.rs:1588:15
[INFO] [stdout]    6:     0x5587591c948b - std::sys_common::backtrace::_print::h5abaa2601a852287
[INFO] [stdout]                                at /rustc/a178d0322ce20e33eac124758e837cbd80a6f633/library/std/src/sys_common/backtrace.rs:49:5
[INFO] [stdout]    7:     0x5587591c948b - std::sys_common::backtrace::print::h8d81445442bb638f
[INFO] [stdout]                                at /rustc/a178d0322ce20e33eac124758e837cbd80a6f633/library/std/src/sys_common/backtrace.rs:36:9
[INFO] [stdout]    8:     0x5587591c948b - std::panicking::default_hook::{{closure}}::hcfe804496a9fa747
[INFO] [stdout]                                at /rustc/a178d0322ce20e33eac124758e837cbd80a6f633/library/std/src/panicking.rs:208:50
[INFO] [stdout]    9:     0x5587591c8f61 - std::panicking::default_hook::hbea8e3ccf2ba8901
[INFO] [stdout]                                at /rustc/a178d0322ce20e33eac124758e837cbd80a6f633/library/std/src/panicking.rs:225:9
[INFO] [stdout]   10:     0x5587591c9b54 - std::panicking::rust_panic_with_hook::h7ee9e1a2d0f8975a
[INFO] [stdout]                                at /rustc/a178d0322ce20e33eac124758e837cbd80a6f633/library/std/src/panicking.rs:622:17
[INFO] [stdout]   11:     0x5587591c9637 - std::panicking::begin_panic_handler::{{closure}}::h8ab3b4491718b2c7
[INFO] [stdout]                                at /rustc/a178d0322ce20e33eac124758e837cbd80a6f633/library/std/src/panicking.rs:519:13
[INFO] [stdout]   12:     0x5587591c79dc - std::sys_common::backtrace::__rust_end_short_backtrace::hd489062ffa586a9f
[INFO] [stdout]                                at /rustc/a178d0322ce20e33eac124758e837cbd80a6f633/library/std/src/sys_common/backtrace.rs:141:18
[INFO] [stdout]   13:     0x5587591c9599 - rust_begin_unwind
[INFO] [stdout]                                at /rustc/a178d0322ce20e33eac124758e837cbd80a6f633/library/std/src/panicking.rs:515:5
[INFO] [stdout]   14:     0x5587590e30e1 - core::panicking::panic_fmt::hca6330e3e14086b4
[INFO] [stdout]                                at /rustc/a178d0322ce20e33eac124758e837cbd80a6f633/library/core/src/panicking.rs:92:14
[INFO] [stdout]   15:     0x5587590e3173 - core::result::unwrap_failed::h6160d2b4bfbb0e87
[INFO] [stdout]                                at /rustc/a178d0322ce20e33eac124758e837cbd80a6f633/library/core/src/result.rs:1355:5
[INFO] [stdout]   16:     0x5587590e3b95 - core::result::Result<T,E>::expect::h3f6debc2ec9cf824
[INFO] [stdout]   17:     0x5587590e3c5f - rust_out::main::_doctest_main_src_lib_rs_7_0::h41c8c2ea17e1bd27
[INFO] [stdout]   18:     0x5587590e3c16 - rust_out::main::h2a38bb51b9580a7d
[INFO] [stdout]   19:     0x5587590e3ab3 - core::ops::function::FnOnce::call_once::hb73b95e6982fd3f0
[INFO] [stdout]   20:     0x5587590e3929 - std::sys_common::backtrace::__rust_begin_short_backtrace::h8371d112165838d3
[INFO] [stdout]   21:     0x5587590e3999 - std::rt::lang_start::{{closure}}::h783adf50233ec5ec
[INFO] [stdout]   22:     0x5587591ca059 - core::ops::function::impls::<impl core::ops::function::FnOnce<A> for &F>::call_once::h2aabc384aab89b7b
[INFO] [stdout]                                at /rustc/a178d0322ce20e33eac124758e837cbd80a6f633/library/core/src/ops/function.rs:259:13
[INFO] [stdout]   23:     0x5587591ca059 - std::panicking::try::do_call::hc5fcacb7a85fc7b1
[INFO] [stdout]                                at /rustc/a178d0322ce20e33eac124758e837cbd80a6f633/library/std/src/panicking.rs:401:40
[INFO] [stdout]   24:     0x5587591ca059 - std::panicking::try::hb5d9603af3abbe3a
[INFO] [stdout]                                at /rustc/a178d0322ce20e33eac124758e837cbd80a6f633/library/std/src/panicking.rs:365:19
[INFO] [stdout]   25:     0x5587591ca059 - std::panic::catch_unwind::h98fe6ac3925e64b4
[INFO] [stdout]                                at /rustc/a178d0322ce20e33eac124758e837cbd80a6f633/library/std/src/panic.rs:434:14
[INFO] [stdout]   26:     0x5587591ca059 - std::rt::lang_start_internal::h22ac7383c516f93e
[INFO] [stdout]                                at /rustc/a178d0322ce20e33eac124758e837cbd80a6f633/library/std/src/rt.rs:34:21
[INFO] [stdout]   27:     0x5587590e3981 - std::rt::lang_start::h11b9716471e37ff8
[INFO] [stdout]   28:     0x5587590e3cd3 - main
[INFO] [stdout]   29:     0x7f38f3c9d0b3 - __libc_start_main
[INFO] [stdout]   30:     0x5587590e385e - _start
[INFO] [stdout]   31:                0x0 - <unknown>
[INFO] [stdout] 
[INFO] [stdout] 
[INFO] [stdout] 
[INFO] [stdout] failures:
[INFO] [stdout]     src/lib.rs - (line 29)
[INFO] [stdout]     src/lib.rs - (line 51)
[INFO] [stdout]     src/lib.rs - (line 7)
[INFO] [stdout] 
[INFO] [stdout] test result: FAILED. 0 passed; 3 failed; 0 ignored; 0 measured; 0 filtered out; finished in 7.24s
[INFO] [stdout] 
[INFO] [stderr] error: test failed, to rerun pass '--doc'
[INFO] running `Command { std: "docker" "inspect" "e7e1010142cdd0a08a200fb36c02755638fd3d5aaa29611bea85216d670f0e67", kill_on_drop: false }`
[INFO] running `Command { std: "docker" "rm" "-f" "e7e1010142cdd0a08a200fb36c02755638fd3d5aaa29611bea85216d670f0e67", kill_on_drop: false }`
[INFO] [stdout] e7e1010142cdd0a08a200fb36c02755638fd3d5aaa29611bea85216d670f0e67
