[INFO] fetching crate rusty-s3 0.1.2...
[INFO] testing rusty-s3-0.1.2 against 1.54.0 for beta-1.55-1
[INFO] extracting crate rusty-s3 0.1.2 into /workspace/builds/worker-13/source
[INFO] validating manifest of crates.io crate rusty-s3 0.1.2 on toolchain 1.54.0
[INFO] running `Command { std: "/workspace/cargo-home/bin/cargo" "+1.54.0" "metadata" "--manifest-path" "Cargo.toml" "--no-deps", kill_on_drop: false }`
[INFO] started tweaking crates.io crate rusty-s3 0.1.2
[INFO] finished tweaking crates.io crate rusty-s3 0.1.2
[INFO] tweaked toml for crates.io crate rusty-s3 0.1.2 written to /workspace/builds/worker-13/source/Cargo.toml
[INFO] crate crates.io crate rusty-s3 0.1.2 already has a lockfile, it will not be regenerated
[INFO] running `Command { std: "/workspace/cargo-home/bin/cargo" "+1.54.0" "fetch" "--manifest-path" "Cargo.toml", kill_on_drop: false }`
[INFO] [stderr]     Blocking waiting for file lock on package cache
[INFO] running `Command { std: "docker" "create" "-v" "/var/lib/crater-agent-workspace/builds/worker-13/target:/opt/rustwide/target:rw,Z" "-v" "/var/lib/crater-agent-workspace/builds/worker-13/source:/opt/rustwide/workdir:ro,Z" "-v" "/var/lib/crater-agent-workspace/cargo-home:/opt/rustwide/cargo-home:ro,Z" "-v" "/var/lib/crater-agent-workspace/rustup-home:/opt/rustwide/rustup-home:ro,Z" "-e" "SOURCE_DIR=/opt/rustwide/workdir" "-e" "CARGO_TARGET_DIR=/opt/rustwide/target" "-e" "CARGO_HOME=/opt/rustwide/cargo-home" "-e" "RUSTUP_HOME=/opt/rustwide/rustup-home" "-w" "/opt/rustwide/workdir" "-m" "1610612736" "--user" "0:0" "--network" "none" "ghcr.io/rust-lang/crates-build-env/linux@sha256:34b6a614d2c27851fe6cbf88fbd1137609cefab8b10d0615aaeb6fd47975d74e" "/opt/rustwide/cargo-home/bin/cargo" "+1.54.0" "metadata" "--no-deps" "--format-version=1", kill_on_drop: false }`
[INFO] [stdout] f651a606368da0d964c23de964917e18b561e32a15fa4b14bef9ba16342e8e80
[INFO] running `Command { std: "docker" "start" "-a" "f651a606368da0d964c23de964917e18b561e32a15fa4b14bef9ba16342e8e80", kill_on_drop: false }`
[INFO] running `Command { std: "docker" "inspect" "f651a606368da0d964c23de964917e18b561e32a15fa4b14bef9ba16342e8e80", kill_on_drop: false }`
[INFO] running `Command { std: "docker" "rm" "-f" "f651a606368da0d964c23de964917e18b561e32a15fa4b14bef9ba16342e8e80", kill_on_drop: false }`
[INFO] [stdout] f651a606368da0d964c23de964917e18b561e32a15fa4b14bef9ba16342e8e80
[INFO] running `Command { std: "docker" "create" "-v" "/var/lib/crater-agent-workspace/builds/worker-13/target:/opt/rustwide/target:rw,Z" "-v" "/var/lib/crater-agent-workspace/builds/worker-13/source:/opt/rustwide/workdir:ro,Z" "-v" "/var/lib/crater-agent-workspace/cargo-home:/opt/rustwide/cargo-home:ro,Z" "-v" "/var/lib/crater-agent-workspace/rustup-home:/opt/rustwide/rustup-home:ro,Z" "-e" "SOURCE_DIR=/opt/rustwide/workdir" "-e" "CARGO_TARGET_DIR=/opt/rustwide/target" "-e" "CARGO_INCREMENTAL=0" "-e" "RUST_BACKTRACE=full" "-e" "RUSTFLAGS=--cap-lints=warn" "-e" "CARGO_HOME=/opt/rustwide/cargo-home" "-e" "RUSTUP_HOME=/opt/rustwide/rustup-home" "-w" "/opt/rustwide/workdir" "-m" "1610612736" "--user" "0:0" "--network" "none" "ghcr.io/rust-lang/crates-build-env/linux@sha256:34b6a614d2c27851fe6cbf88fbd1137609cefab8b10d0615aaeb6fd47975d74e" "/opt/rustwide/cargo-home/bin/cargo" "+1.54.0" "build" "--frozen" "--message-format=json", kill_on_drop: false }`
[INFO] [stdout] 9abad8e17788fcaa4c9ec7e3e9ca59d2b5e4d686bf48522fb5533077b32a7968
[INFO] running `Command { std: "docker" "start" "-a" "9abad8e17788fcaa4c9ec7e3e9ca59d2b5e4d686bf48522fb5533077b32a7968", kill_on_drop: false }`
[INFO] [stderr]    Compiling unicode-xid v0.2.1
[INFO] [stderr]    Compiling syn v1.0.60
[INFO] [stderr]    Compiling typenum v1.12.0
[INFO] [stderr]    Compiling serde_derive v1.0.123
[INFO] [stderr]    Compiling serde v1.0.123
[INFO] [stderr]    Compiling const_fn v0.4.5
[INFO] [stderr]    Compiling libc v0.2.86
[INFO] [stderr]    Compiling subtle v2.4.0
[INFO] [stderr]    Compiling serde_json v1.0.62
[INFO] [stderr]    Compiling cpuid-bool v0.1.2
[INFO] [stderr]    Compiling hex v0.4.2
[INFO] [stderr]    Compiling generic-array v0.14.4
[INFO] [stderr]    Compiling standback v0.2.15
[INFO] [stderr]    Compiling time v0.2.25
[INFO] [stderr]    Compiling tinyvec v1.1.1
[INFO] [stderr]    Compiling proc-macro2 v1.0.24
[INFO] [stderr]    Compiling quote v1.0.9
[INFO] [stderr]    Compiling unicode-normalization v0.1.17
[INFO] [stderr]    Compiling digest v0.9.0
[INFO] [stderr]    Compiling block-buffer v0.9.0
[INFO] [stderr]    Compiling crypto-mac v0.10.0
[INFO] [stderr]    Compiling idna v0.2.2
[INFO] [stderr]    Compiling sha2 v0.9.3
[INFO] [stderr]    Compiling hmac v0.10.1
[INFO] [stderr]    Compiling url v2.2.1
[INFO] [stderr]    Compiling time-macros-impl v0.1.1
[INFO] [stderr]    Compiling time-macros v0.1.1
[INFO] [stderr]    Compiling quick-xml v0.22.0
[INFO] [stderr]    Compiling rusty-s3 v0.1.2 (/opt/rustwide/workdir)
[INFO] [stderr]     Finished dev [unoptimized + debuginfo] target(s) in 28.87s
[INFO] running `Command { std: "docker" "inspect" "9abad8e17788fcaa4c9ec7e3e9ca59d2b5e4d686bf48522fb5533077b32a7968", kill_on_drop: false }`
[INFO] running `Command { std: "docker" "rm" "-f" "9abad8e17788fcaa4c9ec7e3e9ca59d2b5e4d686bf48522fb5533077b32a7968", kill_on_drop: false }`
[INFO] [stdout] 9abad8e17788fcaa4c9ec7e3e9ca59d2b5e4d686bf48522fb5533077b32a7968
[INFO] running `Command { std: "docker" "create" "-v" "/var/lib/crater-agent-workspace/builds/worker-13/target:/opt/rustwide/target:rw,Z" "-v" "/var/lib/crater-agent-workspace/builds/worker-13/source:/opt/rustwide/workdir:ro,Z" "-v" "/var/lib/crater-agent-workspace/cargo-home:/opt/rustwide/cargo-home:ro,Z" "-v" "/var/lib/crater-agent-workspace/rustup-home:/opt/rustwide/rustup-home:ro,Z" "-e" "SOURCE_DIR=/opt/rustwide/workdir" "-e" "CARGO_TARGET_DIR=/opt/rustwide/target" "-e" "CARGO_INCREMENTAL=0" "-e" "RUST_BACKTRACE=full" "-e" "RUSTFLAGS=--cap-lints=warn" "-e" "CARGO_HOME=/opt/rustwide/cargo-home" "-e" "RUSTUP_HOME=/opt/rustwide/rustup-home" "-w" "/opt/rustwide/workdir" "-m" "1610612736" "--user" "0:0" "--network" "none" "ghcr.io/rust-lang/crates-build-env/linux@sha256:34b6a614d2c27851fe6cbf88fbd1137609cefab8b10d0615aaeb6fd47975d74e" "/opt/rustwide/cargo-home/bin/cargo" "+1.54.0" "test" "--frozen" "--no-run" "--message-format=json", kill_on_drop: false }`
[INFO] [stdout] 27da934ceb4d6a60d36d27e3820cc69bf8af1f93d6a0d2a047d49dccc8d29e2e
[INFO] running `Command { std: "docker" "start" "-a" "27da934ceb4d6a60d36d27e3820cc69bf8af1f93d6a0d2a047d49dccc8d29e2e", kill_on_drop: false }`
[INFO] [stderr]    Compiling pin-project-lite v0.2.4
[INFO] [stderr]    Compiling futures-core v0.3.13
[INFO] [stderr]    Compiling openssl v0.10.32
[INFO] [stderr]    Compiling futures-sink v0.3.13
[INFO] [stderr]    Compiling httparse v1.3.5
[INFO] [stderr]    Compiling futures-task v0.3.13
[INFO] [stderr]    Compiling rayon-core v1.9.0
[INFO] [stderr]    Compiling byteorder v1.4.2
[INFO] [stderr]    Compiling plotters-backend v0.3.0
[INFO] [stderr]    Compiling getrandom v0.2.2
[INFO] [stderr]    Compiling regex-syntax v0.6.22
[INFO] [stderr]    Compiling tokio v1.2.0
[INFO] [stderr]    Compiling crossbeam-utils v0.8.2
[INFO] [stderr]    Compiling memoffset v0.6.1
[INFO] [stderr]    Compiling indexmap v1.6.1
[INFO] [stderr]    Compiling rayon v1.5.0
[INFO] [stderr]    Compiling openssl-sys v0.9.60
[INFO] [stderr]    Compiling tracing-core v0.1.17
[INFO] [stderr]    Compiling http v0.2.3
[INFO] [stderr]    Compiling itertools v0.9.0
[INFO] [stderr]    Compiling itertools v0.10.0
[INFO] [stderr]    Compiling num_cpus v1.13.0
[INFO] [stderr]    Compiling mio v0.7.9
[INFO] [stderr]    Compiling socket2 v0.3.19
[INFO] [stderr]    Compiling csv-core v0.1.10
[INFO] [stderr]    Compiling atty v0.2.14
[INFO] [stderr]    Compiling clap v2.33.3
[INFO] [stderr]    Compiling tokio-macros v1.1.0
[INFO] [stderr]    Compiling pin-project-internal v1.0.5
[INFO] [stderr]    Compiling serde_cbor v0.11.1
[INFO] [stderr]    Compiling serde_urlencoded v0.7.0
[INFO] [stderr]    Compiling tinytemplate v1.2.0
[INFO] [stderr]    Compiling futures-channel v0.3.13
[INFO] [stderr]    Compiling futures-util v0.3.13
[INFO] [stderr]    Compiling regex-automata v0.1.9
[INFO] [stderr]    Compiling plotters-svg v0.3.0
[INFO] [stderr]    Compiling plotters v0.3.0
[INFO] [stderr]    Compiling tracing v0.1.25
[INFO] [stderr]    Compiling bstr v0.2.15
[INFO] [stderr]    Compiling criterion-plot v0.4.3
[INFO] [stderr]    Compiling native-tls v0.2.7
[INFO] [stderr]    Compiling csv v1.1.5
[INFO] [stderr]    Compiling regex v1.4.3
[INFO] [stderr]    Compiling crossbeam-epoch v0.9.2
[INFO] [stderr]    Compiling crossbeam-channel v0.5.0
[INFO] [stderr]    Compiling http-body v0.4.0
[INFO] [stderr]    Compiling crossbeam-deque v0.8.0
[INFO] [stderr]    Compiling pin-project v1.0.5
[INFO] [stderr]    Compiling tracing-futures v0.2.5
[INFO] [stderr]    Compiling tokio-util v0.6.3
[INFO] [stderr]    Compiling tokio-native-tls v0.3.0
[INFO] [stderr]    Compiling criterion v0.3.4
[INFO] [stderr]    Compiling h2 v0.3.0
[INFO] [stderr]    Compiling hyper v0.14.4
[INFO] [stderr]    Compiling hyper-tls v0.5.0
[INFO] [stderr]    Compiling reqwest v0.11.1
[INFO] [stderr]    Compiling rusty-s3 v0.1.2 (/opt/rustwide/workdir)
[INFO] [stderr]     Finished test [unoptimized + debuginfo] target(s) in 47.57s
[INFO] running `Command { std: "docker" "inspect" "27da934ceb4d6a60d36d27e3820cc69bf8af1f93d6a0d2a047d49dccc8d29e2e", kill_on_drop: false }`
[INFO] running `Command { std: "docker" "rm" "-f" "27da934ceb4d6a60d36d27e3820cc69bf8af1f93d6a0d2a047d49dccc8d29e2e", kill_on_drop: false }`
[INFO] [stdout] 27da934ceb4d6a60d36d27e3820cc69bf8af1f93d6a0d2a047d49dccc8d29e2e
[INFO] running `Command { std: "docker" "create" "-v" "/var/lib/crater-agent-workspace/builds/worker-13/target:/opt/rustwide/target:rw,Z" "-v" "/var/lib/crater-agent-workspace/builds/worker-13/source:/opt/rustwide/workdir:ro,Z" "-v" "/var/lib/crater-agent-workspace/cargo-home:/opt/rustwide/cargo-home:ro,Z" "-v" "/var/lib/crater-agent-workspace/rustup-home:/opt/rustwide/rustup-home:ro,Z" "-e" "SOURCE_DIR=/opt/rustwide/workdir" "-e" "CARGO_TARGET_DIR=/opt/rustwide/target" "-e" "CARGO_INCREMENTAL=0" "-e" "RUST_BACKTRACE=full" "-e" "RUSTFLAGS=--cap-lints=warn" "-e" "CARGO_HOME=/opt/rustwide/cargo-home" "-e" "RUSTUP_HOME=/opt/rustwide/rustup-home" "-w" "/opt/rustwide/workdir" "-m" "1610612736" "--user" "0:0" "--network" "none" "ghcr.io/rust-lang/crates-build-env/linux@sha256:34b6a614d2c27851fe6cbf88fbd1137609cefab8b10d0615aaeb6fd47975d74e" "/opt/rustwide/cargo-home/bin/cargo" "+1.54.0" "test" "--frozen", kill_on_drop: false }`
[INFO] [stdout] 04a8d3e31f48f27390b1d47b031fdc95919cd652afcaa63091ccb21a48697541
[INFO] running `Command { std: "docker" "start" "-a" "04a8d3e31f48f27390b1d47b031fdc95919cd652afcaa63091ccb21a48697541", kill_on_drop: false }`
[INFO] [stderr]     Blocking waiting for file lock on package cache
[INFO] [stderr]     Finished test [unoptimized + debuginfo] target(s) in 0.45s
[INFO] [stderr]      Running unittests (/opt/rustwide/target/debug/deps/rusty_s3-48ee86a3df2407fd)
[INFO] [stdout] 
[INFO] [stdout] running 48 tests
[INFO] [stdout] test credentials::rotating::tests::debug ... ok
[INFO] [stdout] test credentials::tests::debug ... ok
[INFO] [stdout] test credentials::tests::debug_token ... ok
[INFO] [stdout] test credentials::rotating::tests::rotate ... ok
[INFO] [stdout] test credentials::rotating::tests::rotate_cloned ... ok
[INFO] [stdout] test credentials::serde::tests::deserialize ... ok
[INFO] [stdout] test credentials::tests::key_secret ... ok
[INFO] [stdout] test credentials::tests::key_secret_token ... ok
[INFO] [stdout] test credentials::tests::from_env ... ok
[INFO] [stdout] test map::tests::map ... ok
[INFO] [stdout] test method::tests::display ... ok
[INFO] [stdout] test method::tests::to_str ... ok
[INFO] [stdout] test actions::multipart_upload::abort::tests::anonymous_custom_query ... ok
[INFO] [stdout] test bucket::tests::new_bad_scheme ... ok
[INFO] [stdout] test actions::delete_object::tests::anonymous_custom_query ... ok
[INFO] [stdout] test signing::signature::tests::aws_example ... ok
[INFO] [stdout] test actions::create_bucket::tests::anonymous_custom_query ... ok
[INFO] [stdout] test actions::multipart_upload::create::tests::anonymous_custom_query ... ok
[INFO] [stdout] test actions::multipart_upload::complete::tests::anonymous_custom_query ... ok
[INFO] [stdout] test actions::get_object::tests::anonymous_custom_query ... ok
[INFO] [stdout] test actions::list_objects_v2::tests::parse_no_contents ... ok
[INFO] [stdout] test actions::multipart_upload::upload::tests::anonymous_custom_query ... ok
[INFO] [stdout] test signing::string_to_sign::tests::aws_example ... ok
[INFO] [stdout] test signing::canonical_request::tests::aws_example ... ok
[INFO] [stdout] test bucket::tests::object_url_domainstyle ... ok
[INFO] [stdout] test bucket::tests::new_pathstyle ... ok
[INFO] [stdout] test bucket::tests::object_url_pathstyle ... ok
[INFO] [stdout] test actions::list_objects_v2::tests::anonymous_custom_query ... ok
[INFO] [stdout] test sorting_iter::tests::numbers ... ok
[INFO] [stdout] test bucket::tests::all_actions ... ok
[INFO] [stdout] test sorting_iter::tests::empty ... ok
[INFO] [stdout] test actions::put_object::tests::anonymous_custom_query ... ok
[INFO] [stdout] test sorting_iter::tests::numbers_empty ... ok
[INFO] [stdout] test bucket::tests::new_domainstyle ... ok
[INFO] [stdout] test actions::delete_bucket::tests::aws_example ... ok
[INFO] [stdout] test actions::get_object::tests::aws_example_custom_query ... ok
[INFO] [stdout] test actions::list_objects_v2::tests::aws_example ... ok
[INFO] [stdout] test actions::create_bucket::tests::aws_example ... ok
[INFO] [stdout] test actions::list_objects_v2::tests::parse ... ok
[INFO] [stdout] test actions::multipart_upload::abort::tests::aws_example ... ok
[INFO] [stdout] test actions::delete_object::tests::aws_example ... ok
[INFO] [stdout] test actions::get_object::tests::aws_example ... ok
[INFO] [stdout] test actions::put_object::tests::aws_example ... ok
[INFO] [stdout] test actions::multipart_upload::upload::tests::aws_example ... ok
[INFO] [stdout] test actions::multipart_upload::create::tests::aws_example ... ok
[INFO] [stdout] test actions::multipart_upload::complete::tests::aws_example ... ok
[INFO] [stdout] test signing::tests::aws_example_token ... ok
[INFO] [stdout] test signing::tests::aws_example ... ok
[INFO] [stdout] 
[INFO] [stdout] test result: ok. 48 passed; 0 failed; 0 ignored; 0 measured; 0 filtered out; finished in 0.01s
[INFO] [stdout] 
[INFO] [stderr]      Running tests/common.rs (/opt/rustwide/target/debug/deps/common-93639233977cf19c)
[INFO] [stdout] 
[INFO] [stdout] running 0 tests
[INFO] [stdout] 
[INFO] [stdout] test result: ok. 0 passed; 0 failed; 0 ignored; 0 measured; 0 filtered out; finished in 0.00s
[INFO] [stdout] 
[INFO] [stderr]      Running tests/create_delete_bucket.rs (/opt/rustwide/target/debug/deps/create_delete_bucket-c8340bab93be43f3)
[INFO] [stdout] 
[INFO] [stdout] running 1 test
[INFO] [stdout] test test2 ... FAILED
[INFO] [stdout] 
[INFO] [stdout] failures:
[INFO] [stdout] 
[INFO] [stdout] ---- test2 stdout ----
[INFO] [stdout] thread 'test2' panicked at 'send CreateBucket request: reqwest::Error { kind: Request, url: Url { scheme: "http", username: "", password: None, host: Some(Domain("localhost")), port: Some(9000), path: "/test-1c885fa9d4fb41e0/", query: Some("X-Amz-Algorithm=AWS4-HMAC-SHA256&X-Amz-Credential=minioadmin%2F20210807%2Fminio%2Fs3%2Faws4_request&X-Amz-Date=20210807T100259Z&X-Amz-Expires=60&X-Amz-SignedHeaders=host&X-Amz-Signature=08285ff955a113dc2e25692e2596111c117aecd4c885e611e092286bacca8ddc"), fragment: None }, source: hyper::Error(Connect, ConnectError("tcp connect error", Os { code: 99, kind: AddrNotAvailable, message: "Cannot assign requested address" })) }', tests/common.rs:29:10
[INFO] [stdout] stack backtrace:
[INFO] [stdout]    0:     0x5560436996f0 - std::backtrace_rs::backtrace::libunwind::trace::h34055254b57d8e79
[INFO] [stdout]                                at /rustc/a178d0322ce20e33eac124758e837cbd80a6f633/library/std/src/../../backtrace/src/backtrace/libunwind.rs:90:5
[INFO] [stdout]    1:     0x5560436996f0 - std::backtrace_rs::backtrace::trace_unsynchronized::h8f1e3fbd9afff6ec
[INFO] [stdout]                                at /rustc/a178d0322ce20e33eac124758e837cbd80a6f633/library/std/src/../../backtrace/src/backtrace/mod.rs:66:5
[INFO] [stdout]    2:     0x5560436996f0 - std::sys_common::backtrace::_print_fmt::h3a99a796b770c360
[INFO] [stdout]                                at /rustc/a178d0322ce20e33eac124758e837cbd80a6f633/library/std/src/sys_common/backtrace.rs:67:5
[INFO] [stdout]    3:     0x5560436996f0 - <std::sys_common::backtrace::_print::DisplayBacktrace as core::fmt::Display>::fmt::h32d1f94a80615d18
[INFO] [stdout]                                at /rustc/a178d0322ce20e33eac124758e837cbd80a6f633/library/std/src/sys_common/backtrace.rs:46:22
[INFO] [stdout]    4:     0x5560436bcabc - core::fmt::write::h306731c068f7162c
[INFO] [stdout]                                at /rustc/a178d0322ce20e33eac124758e837cbd80a6f633/library/core/src/fmt/mod.rs:1110:17
[INFO] [stdout]    5:     0x556043693045 - std::io::Write::write_fmt::h87f19b0a2cd190bc
[INFO] [stdout]                                at /rustc/a178d0322ce20e33eac124758e837cbd80a6f633/library/std/src/io/mod.rs:1588:15
[INFO] [stdout]    6:     0x55604369b8cb - std::sys_common::backtrace::_print::h5abaa2601a852287
[INFO] [stdout]                                at /rustc/a178d0322ce20e33eac124758e837cbd80a6f633/library/std/src/sys_common/backtrace.rs:49:5
[INFO] [stdout]    7:     0x55604369b8cb - std::sys_common::backtrace::print::h8d81445442bb638f
[INFO] [stdout]                                at /rustc/a178d0322ce20e33eac124758e837cbd80a6f633/library/std/src/sys_common/backtrace.rs:36:9
[INFO] [stdout]    8:     0x55604369b8cb - std::panicking::default_hook::{{closure}}::hcfe804496a9fa747
[INFO] [stdout]                                at /rustc/a178d0322ce20e33eac124758e837cbd80a6f633/library/std/src/panicking.rs:208:50
[INFO] [stdout]    9:     0x55604369b3dc - std::panicking::default_hook::hbea8e3ccf2ba8901
[INFO] [stdout]                                at /rustc/a178d0322ce20e33eac124758e837cbd80a6f633/library/std/src/panicking.rs:222:9
[INFO] [stdout]   10:     0x55604369bf94 - std::panicking::rust_panic_with_hook::h7ee9e1a2d0f8975a
[INFO] [stdout]                                at /rustc/a178d0322ce20e33eac124758e837cbd80a6f633/library/std/src/panicking.rs:622:17
[INFO] [stdout]   11:     0x55604369ba77 - std::panicking::begin_panic_handler::{{closure}}::h8ab3b4491718b2c7
[INFO] [stdout]                                at /rustc/a178d0322ce20e33eac124758e837cbd80a6f633/library/std/src/panicking.rs:519:13
[INFO] [stdout]   12:     0x556043699bec - std::sys_common::backtrace::__rust_end_short_backtrace::hd489062ffa586a9f
[INFO] [stdout]                                at /rustc/a178d0322ce20e33eac124758e837cbd80a6f633/library/std/src/sys_common/backtrace.rs:141:18
[INFO] [stdout]   13:     0x55604369b9d9 - rust_begin_unwind
[INFO] [stdout]                                at /rustc/a178d0322ce20e33eac124758e837cbd80a6f633/library/std/src/panicking.rs:515:5
[INFO] [stdout]   14:     0x556043220c81 - core::panicking::panic_fmt::hca6330e3e14086b4
[INFO] [stdout]                                at /rustc/a178d0322ce20e33eac124758e837cbd80a6f633/library/core/src/panicking.rs:92:14
[INFO] [stdout]   15:     0x556043220d73 - core::result::unwrap_failed::h6160d2b4bfbb0e87
[INFO] [stdout]                                at /rustc/a178d0322ce20e33eac124758e837cbd80a6f633/library/core/src/result.rs:1355:5
[INFO] [stdout]   16:     0x556043225b0d - core::result::Result<T,E>::expect::h2db62b9cbb08b484
[INFO] [stdout]                                at /rustc/a178d0322ce20e33eac124758e837cbd80a6f633/library/core/src/result.rs:997:23
[INFO] [stdout]   17:     0x556043227088 - create_delete_bucket::common::bucket::{{closure}}::hb1062cd455b9ab03
[INFO] [stdout]                                at /opt/rustwide/workdir/tests/common.rs:25:5
[INFO] [stdout]   18:     0x5560432274c9 - <core::future::from_generator::GenFuture<T> as core::future::future::Future>::poll::h70c1a20a41aa2634
[INFO] [stdout]                                at /rustc/a178d0322ce20e33eac124758e837cbd80a6f633/library/core/src/future/mod.rs:80:19
[INFO] [stdout]   19:     0x556043224065 - create_delete_bucket::test2::{{closure}}::h0c5c36df5fc48b51
[INFO] [stdout]                                at /opt/rustwide/workdir/tests/create_delete_bucket.rs:9:41
[INFO] [stdout]   20:     0x55604322740b - <core::future::from_generator::GenFuture<T> as core::future::future::Future>::poll::h047a0cc862c14364
[INFO] [stdout]                                at /rustc/a178d0322ce20e33eac124758e837cbd80a6f633/library/core/src/future/mod.rs:80:19
[INFO] [stdout]   21:     0x55604322788f - <core::pin::Pin<P> as core::future::future::Future>::poll::he892a51840845d8d
[INFO] [stdout]                                at /rustc/a178d0322ce20e33eac124758e837cbd80a6f633/library/core/src/future/future.rs:119:9
[INFO] [stdout]   22:     0x5560432226e0 - tokio::runtime::basic_scheduler::Inner<P>::block_on::{{closure}}::{{closure}}::hdcefcb716964bea9
[INFO] [stdout]                                at /opt/rustwide/cargo-home/registry/src/github.com-1ecc6299db9ec823/tokio-1.2.0/src/runtime/basic_scheduler.rs:184:58
[INFO] [stdout]   23:     0x556043224a6c - tokio::coop::with_budget::{{closure}}::h14b7c4bc4b01f47b
[INFO] [stdout]                                at /opt/rustwide/cargo-home/registry/src/github.com-1ecc6299db9ec823/tokio-1.2.0/src/coop.rs:121:9
[INFO] [stdout]   24:     0x556043221821 - std::thread::local::LocalKey<T>::try_with::h5279d5a8d49c19ee
[INFO] [stdout]                                at /rustc/a178d0322ce20e33eac124758e837cbd80a6f633/library/std/src/thread/local.rs:400:16
[INFO] [stdout]   25:     0x55604322156d - std::thread::local::LocalKey<T>::with::h416118ca733ff05d
[INFO] [stdout]                                at /rustc/a178d0322ce20e33eac124758e837cbd80a6f633/library/std/src/thread/local.rs:376:9
[INFO] [stdout]   26:     0x556043222054 - tokio::coop::with_budget::h9647b68dbb2a584d
[INFO] [stdout]                                at /opt/rustwide/cargo-home/registry/src/github.com-1ecc6299db9ec823/tokio-1.2.0/src/coop.rs:114:5
[INFO] [stdout]   27:     0x556043222054 - tokio::coop::budget::h19a89f40754ff5ca
[INFO] [stdout]                                at /opt/rustwide/cargo-home/registry/src/github.com-1ecc6299db9ec823/tokio-1.2.0/src/coop.rs:98:5
[INFO] [stdout]   28:     0x556043222054 - tokio::runtime::basic_scheduler::Inner<P>::block_on::{{closure}}::h87ca3bde4d54b7a6
[INFO] [stdout]                                at /opt/rustwide/cargo-home/registry/src/github.com-1ecc6299db9ec823/tokio-1.2.0/src/runtime/basic_scheduler.rs:184:35
[INFO] [stdout]   29:     0x5560432231e1 - tokio::runtime::basic_scheduler::enter::{{closure}}::ha4fbd91a95bea5dc
[INFO] [stdout]                                at /opt/rustwide/cargo-home/registry/src/github.com-1ecc6299db9ec823/tokio-1.2.0/src/runtime/basic_scheduler.rs:266:29
[INFO] [stdout]   30:     0x556043227ded - tokio::macros::scoped_tls::ScopedKey<T>::set::h4a105f83b0a21070
[INFO] [stdout]                                at /opt/rustwide/cargo-home/registry/src/github.com-1ecc6299db9ec823/tokio-1.2.0/src/macros/scoped_tls.rs:61:9
[INFO] [stdout]   31:     0x55604322315c - tokio::runtime::basic_scheduler::enter::h155beab46d3c9041
[INFO] [stdout]                                at /opt/rustwide/cargo-home/registry/src/github.com-1ecc6299db9ec823/tokio-1.2.0/src/runtime/basic_scheduler.rs:266:5
[INFO] [stdout]   32:     0x556043221d9b - tokio::runtime::basic_scheduler::Inner<P>::block_on::h280fd83376da032a
[INFO] [stdout]                                at /opt/rustwide/cargo-home/registry/src/github.com-1ecc6299db9ec823/tokio-1.2.0/src/runtime/basic_scheduler.rs:176:9
[INFO] [stdout]   33:     0x556043222774 - tokio::runtime::basic_scheduler::InnerGuard<P>::block_on::h50f324a5220d9398
[INFO] [stdout]                                at /opt/rustwide/cargo-home/registry/src/github.com-1ecc6299db9ec823/tokio-1.2.0/src/runtime/basic_scheduler.rs:405:9
[INFO] [stdout]   34:     0x556043222a88 - tokio::runtime::basic_scheduler::BasicScheduler<P>::block_on::h8a6bb6315c8a07ee
[INFO] [stdout]                                at /opt/rustwide/cargo-home/registry/src/github.com-1ecc6299db9ec823/tokio-1.2.0/src/runtime/basic_scheduler.rs:136:24
[INFO] [stdout]   35:     0x556043227f70 - tokio::runtime::Runtime::block_on::h34a47449903b1a8f
[INFO] [stdout]                                at /opt/rustwide/cargo-home/registry/src/github.com-1ecc6299db9ec823/tokio-1.2.0/src/runtime/mod.rs:450:46
[INFO] [stdout]   36:     0x556043223e2b - create_delete_bucket::test2::hbd8d6e34b888cf56
[INFO] [stdout]                                at /opt/rustwide/workdir/tests/create_delete_bucket.rs:7:1
[INFO] [stdout]   37:     0x556043223d5a - create_delete_bucket::test2::{{closure}}::hfeaf3d11c1dde4a8
[INFO] [stdout]                                at /opt/rustwide/workdir/tests/create_delete_bucket.rs:7:1
[INFO] [stdout]   38:     0x556043225cfe - core::ops::function::FnOnce::call_once::h719bf32c41046387
[INFO] [stdout]                                at /rustc/a178d0322ce20e33eac124758e837cbd80a6f633/library/core/src/ops/function.rs:227:5
[INFO] [stdout]   39:     0x556043253293 - core::ops::function::FnOnce::call_once::h152e7e439ff59e19
[INFO] [stdout]                                at /rustc/a178d0322ce20e33eac124758e837cbd80a6f633/library/core/src/ops/function.rs:227:5
[INFO] [stdout]   40:     0x556043253293 - test::__rust_begin_short_backtrace::h0908f3b1fdbb72ab
[INFO] [stdout]                                at /rustc/a178d0322ce20e33eac124758e837cbd80a6f633/library/test/src/lib.rs:577:5
[INFO] [stdout]   41:     0x556043251d50 - <alloc::boxed::Box<F,A> as core::ops::function::FnOnce<Args>>::call_once::hf6d2a51e5587546c
[INFO] [stdout]                                at /rustc/a178d0322ce20e33eac124758e837cbd80a6f633/library/alloc/src/boxed.rs:1575:9
[INFO] [stdout]   42:     0x556043251d50 - <std::panic::AssertUnwindSafe<F> as core::ops::function::FnOnce<()>>::call_once::h8af660f3a89ef593
[INFO] [stdout]                                at /rustc/a178d0322ce20e33eac124758e837cbd80a6f633/library/std/src/panic.rs:347:9
[INFO] [stdout]   43:     0x556043251d50 - std::panicking::try::do_call::hd36aef60f84b6d36
[INFO] [stdout]                                at /rustc/a178d0322ce20e33eac124758e837cbd80a6f633/library/std/src/panicking.rs:401:40
[INFO] [stdout]   44:     0x556043251d50 - std::panicking::try::h9932b4480e69817c
[INFO] [stdout]                                at /rustc/a178d0322ce20e33eac124758e837cbd80a6f633/library/std/src/panicking.rs:365:19
[INFO] [stdout]   45:     0x556043251d50 - std::panic::catch_unwind::h6aa177099cfff5f8
[INFO] [stdout]                                at /rustc/a178d0322ce20e33eac124758e837cbd80a6f633/library/std/src/panic.rs:434:14
[INFO] [stdout]   46:     0x556043251d50 - test::run_test_in_process::h5884d6f2d99e20c3
[INFO] [stdout]                                at /rustc/a178d0322ce20e33eac124758e837cbd80a6f633/library/test/src/lib.rs:600:18
[INFO] [stdout]   47:     0x556043251d50 - test::run_test::run_test_inner::{{closure}}::h6fdc58c6d5f5b6e3
[INFO] [stdout]                                at /rustc/a178d0322ce20e33eac124758e837cbd80a6f633/library/test/src/lib.rs:492:39
[INFO] [stdout]   48:     0x55604322b402 - test::run_test::run_test_inner::{{closure}}::h408365d67a78ade8
[INFO] [stdout]                                at /rustc/a178d0322ce20e33eac124758e837cbd80a6f633/library/test/src/lib.rs:519:37
[INFO] [stdout]   49:     0x55604322b402 - std::sys_common::backtrace::__rust_begin_short_backtrace::hb560b77c4f701523
[INFO] [stdout]                                at /rustc/a178d0322ce20e33eac124758e837cbd80a6f633/library/std/src/sys_common/backtrace.rs:125:18
[INFO] [stdout]   50:     0x55604322efb8 - std::thread::Builder::spawn_unchecked::{{closure}}::{{closure}}::hf2e7831dad93c597
[INFO] [stdout]                                at /rustc/a178d0322ce20e33eac124758e837cbd80a6f633/library/std/src/thread/mod.rs:481:17
[INFO] [stdout]   51:     0x55604322efb8 - <std::panic::AssertUnwindSafe<F> as core::ops::function::FnOnce<()>>::call_once::hd2e08783d8be4d02
[INFO] [stdout]                                at /rustc/a178d0322ce20e33eac124758e837cbd80a6f633/library/std/src/panic.rs:347:9
[INFO] [stdout]   52:     0x55604322efb8 - std::panicking::try::do_call::h062597b7acfd6b82
[INFO] [stdout]                                at /rustc/a178d0322ce20e33eac124758e837cbd80a6f633/library/std/src/panicking.rs:401:40
[INFO] [stdout]   53:     0x55604322efb8 - std::panicking::try::h0d7b79db04c14552
[INFO] [stdout]                                at /rustc/a178d0322ce20e33eac124758e837cbd80a6f633/library/std/src/panicking.rs:365:19
[INFO] [stdout]   54:     0x55604322efb8 - std::panic::catch_unwind::hb01a0b5e7c8cd43b
[INFO] [stdout]                                at /rustc/a178d0322ce20e33eac124758e837cbd80a6f633/library/std/src/panic.rs:434:14
[INFO] [stdout]   55:     0x55604322efb8 - std::thread::Builder::spawn_unchecked::{{closure}}::h5bde48cc887e0d1e
[INFO] [stdout]                                at /rustc/a178d0322ce20e33eac124758e837cbd80a6f633/library/std/src/thread/mod.rs:480:30
[INFO] [stdout]   56:     0x55604322efb8 - core::ops::function::FnOnce::call_once{{vtable.shim}}::h745ea30807a29e55
[INFO] [stdout]                                at /rustc/a178d0322ce20e33eac124758e837cbd80a6f633/library/core/src/ops/function.rs:227:5
[INFO] [stdout]   57:     0x5560436a12d7 - <alloc::boxed::Box<F,A> as core::ops::function::FnOnce<Args>>::call_once::h7ece6cfefaff1005
[INFO] [stdout]                                at /rustc/a178d0322ce20e33eac124758e837cbd80a6f633/library/alloc/src/boxed.rs:1575:9
[INFO] [stdout]   58:     0x5560436a12d7 - <alloc::boxed::Box<F,A> as core::ops::function::FnOnce<Args>>::call_once::hb8b48e55c21f193e
[INFO] [stdout]                                at /rustc/a178d0322ce20e33eac124758e837cbd80a6f633/library/alloc/src/boxed.rs:1575:9
[INFO] [stdout]   59:     0x5560436a12d7 - std::sys::unix::thread::Thread::new::thread_start::h8c7c4450dba62914
[INFO] [stdout]                                at /rustc/a178d0322ce20e33eac124758e837cbd80a6f633/library/std/src/sys/unix/thread.rs:71:17
[INFO] [stdout]   60:     0x7fbdfe510609 - start_thread
[INFO] [stdout]   61:     0x7fbdfe2e0293 - clone
[INFO] [stdout]   62:                0x0 - <unknown>
[INFO] [stdout] 
[INFO] [stdout] 
[INFO] [stdout] failures:
[INFO] [stdout]     test2
[INFO] [stdout] 
[INFO] [stdout] test result: FAILED. 0 passed; 1 failed; 0 ignored; 0 measured; 0 filtered out; finished in 0.15s
[INFO] [stdout] 
[INFO] [stderr] error: test failed, to rerun pass '--test create_delete_bucket'
[INFO] running `Command { std: "docker" "inspect" "04a8d3e31f48f27390b1d47b031fdc95919cd652afcaa63091ccb21a48697541", kill_on_drop: false }`
[INFO] running `Command { std: "docker" "rm" "-f" "04a8d3e31f48f27390b1d47b031fdc95919cd652afcaa63091ccb21a48697541", kill_on_drop: false }`
[INFO] [stdout] 04a8d3e31f48f27390b1d47b031fdc95919cd652afcaa63091ccb21a48697541
