[INFO] fetching crate psa-crypto-sys 0.9.0...
[INFO] testing psa-crypto-sys-0.9.0 against beta-2021-08-01 for beta-1.55-1
[INFO] extracting crate psa-crypto-sys 0.9.0 into /workspace/builds/worker-46/source
[INFO] validating manifest of crates.io crate psa-crypto-sys 0.9.0 on toolchain beta-2021-08-01
[INFO] running `Command { std: "/workspace/cargo-home/bin/cargo" "+beta-2021-08-01" "metadata" "--manifest-path" "Cargo.toml" "--no-deps", kill_on_drop: false }`
[INFO] started tweaking crates.io crate psa-crypto-sys 0.9.0
[INFO] finished tweaking crates.io crate psa-crypto-sys 0.9.0
[INFO] tweaked toml for crates.io crate psa-crypto-sys 0.9.0 written to /workspace/builds/worker-46/source/Cargo.toml
[INFO] running `Command { std: "/workspace/cargo-home/bin/cargo" "+beta-2021-08-01" "generate-lockfile" "--manifest-path" "Cargo.toml" "-Zno-index-update", kill_on_drop: false }`
[INFO] [stderr]     Blocking waiting for file lock on package cache
[INFO] running `Command { std: "/workspace/cargo-home/bin/cargo" "+beta-2021-08-01" "fetch" "--manifest-path" "Cargo.toml", kill_on_drop: false }`
[INFO] [stderr]     Blocking waiting for file lock on package cache
[INFO] running `Command { std: "docker" "create" "-v" "/var/lib/crater-agent-workspace/builds/worker-46/target:/opt/rustwide/target:rw,Z" "-v" "/var/lib/crater-agent-workspace/builds/worker-46/source:/opt/rustwide/workdir:ro,Z" "-v" "/var/lib/crater-agent-workspace/cargo-home:/opt/rustwide/cargo-home:ro,Z" "-v" "/var/lib/crater-agent-workspace/rustup-home:/opt/rustwide/rustup-home:ro,Z" "-e" "SOURCE_DIR=/opt/rustwide/workdir" "-e" "CARGO_TARGET_DIR=/opt/rustwide/target" "-e" "CARGO_HOME=/opt/rustwide/cargo-home" "-e" "RUSTUP_HOME=/opt/rustwide/rustup-home" "-w" "/opt/rustwide/workdir" "-m" "1610612736" "--user" "0:0" "--network" "none" "ghcr.io/rust-lang/crates-build-env/linux@sha256:34b6a614d2c27851fe6cbf88fbd1137609cefab8b10d0615aaeb6fd47975d74e" "/opt/rustwide/cargo-home/bin/cargo" "+beta-2021-08-01" "metadata" "--no-deps" "--format-version=1", kill_on_drop: false }`
[INFO] [stdout] 28d4a6c2c0f16e32a9a7aacdd56d4ff499ce8f5184b3e75f5e8d7cfc71ba9e12
[INFO] running `Command { std: "docker" "start" "-a" "28d4a6c2c0f16e32a9a7aacdd56d4ff499ce8f5184b3e75f5e8d7cfc71ba9e12", kill_on_drop: false }`
[INFO] running `Command { std: "docker" "inspect" "28d4a6c2c0f16e32a9a7aacdd56d4ff499ce8f5184b3e75f5e8d7cfc71ba9e12", kill_on_drop: false }`
[INFO] running `Command { std: "docker" "rm" "-f" "28d4a6c2c0f16e32a9a7aacdd56d4ff499ce8f5184b3e75f5e8d7cfc71ba9e12", kill_on_drop: false }`
[INFO] [stdout] 28d4a6c2c0f16e32a9a7aacdd56d4ff499ce8f5184b3e75f5e8d7cfc71ba9e12
[INFO] running `Command { std: "docker" "create" "-v" "/var/lib/crater-agent-workspace/builds/worker-46/target:/opt/rustwide/target:rw,Z" "-v" "/var/lib/crater-agent-workspace/builds/worker-46/source:/opt/rustwide/workdir:ro,Z" "-v" "/var/lib/crater-agent-workspace/cargo-home:/opt/rustwide/cargo-home:ro,Z" "-v" "/var/lib/crater-agent-workspace/rustup-home:/opt/rustwide/rustup-home:ro,Z" "-e" "SOURCE_DIR=/opt/rustwide/workdir" "-e" "CARGO_TARGET_DIR=/opt/rustwide/target" "-e" "CARGO_INCREMENTAL=0" "-e" "RUST_BACKTRACE=full" "-e" "RUSTFLAGS=--cap-lints=warn" "-e" "CARGO_HOME=/opt/rustwide/cargo-home" "-e" "RUSTUP_HOME=/opt/rustwide/rustup-home" "-w" "/opt/rustwide/workdir" "-m" "1610612736" "--user" "0:0" "--network" "none" "ghcr.io/rust-lang/crates-build-env/linux@sha256:34b6a614d2c27851fe6cbf88fbd1137609cefab8b10d0615aaeb6fd47975d74e" "/opt/rustwide/cargo-home/bin/cargo" "+beta-2021-08-01" "build" "--frozen" "--message-format=json", kill_on_drop: false }`
[INFO] [stdout] eb908bff85498c769450515fece5a983c04a76251bb21a4aae482751b39cc5b4
[INFO] running `Command { std: "docker" "start" "-a" "eb908bff85498c769450515fece5a983c04a76251bb21a4aae482751b39cc5b4", kill_on_drop: false }`
[INFO] [stderr]    Compiling memchr v2.4.0
[INFO] [stderr]    Compiling glob v0.3.0
[INFO] [stderr]    Compiling version_check v0.9.3
[INFO] [stderr]    Compiling proc-macro2 v1.0.28
[INFO] [stderr]    Compiling regex-syntax v0.6.25
[INFO] [stderr]    Compiling humantime v2.1.0
[INFO] [stderr]    Compiling bindgen v0.56.0
[INFO] [stderr]    Compiling shlex v0.1.1
[INFO] [stderr]    Compiling cc v1.0.69
[INFO] [stderr]    Compiling peeking_take_while v0.1.2
[INFO] [stderr]    Compiling libloading v0.7.0
[INFO] [stderr]    Compiling walkdir v2.3.2
[INFO] [stderr]    Compiling which v3.1.1
[INFO] [stderr]    Compiling clap v2.33.3
[INFO] [stderr]    Compiling clang-sys v1.2.0
[INFO] [stderr]    Compiling nom v5.1.2
[INFO] [stderr]    Compiling cmake v0.1.45
[INFO] [stderr]    Compiling aho-corasick v0.7.18
[INFO] [stderr]    Compiling quote v1.0.9
[INFO] [stderr]    Compiling regex v1.5.4
[INFO] [stderr]    Compiling cexpr v0.4.0
[INFO] [stderr]    Compiling env_logger v0.8.4
[INFO] [stderr]    Compiling psa-crypto-sys v0.9.0 (/opt/rustwide/workdir)
[INFO] [stderr] error: failed to run custom build command for `psa-crypto-sys v0.9.0 (/opt/rustwide/workdir)`
[INFO] [stderr] 
[INFO] [stderr] Caused by:
[INFO] [stderr]   process didn't exit successfully: `/opt/rustwide/target/debug/build/psa-crypto-sys-c5f8dfbd1c2ebed1/build-script-build` (exit status: 101)
[INFO] [stderr]   --- stdout
[INFO] [stderr]   Did not find environment variables, building MbedTLS!
[INFO] [stderr]   cargo:rerun-if-changed=src/c/shim.c
[INFO] [stderr]   cargo:rerun-if-changed=src/c/shim.h
[INFO] [stderr]   cargo:rerun-if-changed=vendor/.gitignore
[INFO] [stderr]   cargo:rerun-if-changed=vendor/ChangeLog
[INFO] [stderr]   cargo:rerun-if-changed=vendor/.travis.yml
[INFO] [stderr]   cargo:rerun-if-changed=vendor/.mypy.ini
[INFO] [stderr]   cargo:rerun-if-changed=vendor/programs/.gitignore
[INFO] [stderr]   cargo:rerun-if-changed=vendor/programs/ssl/dtls_client.c
[INFO] [stderr]   cargo:rerun-if-changed=vendor/programs/ssl/mini_client.c
[INFO] [stderr]   cargo:rerun-if-changed=vendor/programs/ssl/ssl_client2.c
[INFO] [stderr]   cargo:rerun-if-changed=vendor/programs/ssl/ssl_server.c
[INFO] [stderr]   cargo:rerun-if-changed=vendor/programs/ssl/ssl_pthread_server.c
[INFO] [stderr]   cargo:rerun-if-changed=vendor/programs/ssl/ssl_client1.c
[INFO] [stderr]   cargo:rerun-if-changed=vendor/programs/ssl/ssl_test_common_source.c
[INFO] [stderr]   cargo:rerun-if-changed=vendor/programs/ssl/ssl_context_info.c
[INFO] [stderr]   cargo:rerun-if-changed=vendor/programs/ssl/CMakeLists.txt
[INFO] [stderr]   cargo:rerun-if-changed=vendor/programs/ssl/ssl_test_lib.c
[INFO] [stderr]   cargo:rerun-if-changed=vendor/programs/ssl/ssl_server2.c
[INFO] [stderr]   cargo:rerun-if-changed=vendor/programs/ssl/ssl_mail_client.c
[INFO] [stderr]   cargo:rerun-if-changed=vendor/programs/ssl/dtls_server.c
[INFO] [stderr]   cargo:rerun-if-changed=vendor/programs/ssl/ssl_fork_server.c
[INFO] [stderr]   cargo:rerun-if-changed=vendor/programs/ssl/ssl_test_lib.h
[INFO] [stderr]   cargo:rerun-if-changed=vendor/programs/fuzz/fuzz_privkey.options
[INFO] [stderr]   cargo:rerun-if-changed=vendor/programs/fuzz/.gitignore
[INFO] [stderr]   cargo:rerun-if-changed=vendor/programs/fuzz/fuzz_server.options
[INFO] [stderr]   cargo:rerun-if-changed=vendor/programs/fuzz/fuzz_x509crl.c
[INFO] [stderr]   cargo:rerun-if-changed=vendor/programs/fuzz/fuzz_client.options
[INFO] [stderr]   cargo:rerun-if-changed=vendor/programs/fuzz/fuzz_pubkey.c
[INFO] [stderr]   cargo:rerun-if-changed=vendor/programs/fuzz/fuzz_x509csr.c
[INFO] [stderr]   cargo:rerun-if-changed=vendor/programs/fuzz/fuzz_dtlsserver.c
[INFO] [stderr]   cargo:rerun-if-changed=vendor/programs/fuzz/fuzz_x509crt.options
[INFO] [stderr]   cargo:rerun-if-changed=vendor/programs/fuzz/fuzz_privkey.c
[INFO] [stderr]   cargo:rerun-if-changed=vendor/programs/fuzz/fuzz_server.c
[INFO] [stderr]   cargo:rerun-if-changed=vendor/programs/fuzz/fuzz_x509crt.c
[INFO] [stderr]   cargo:rerun-if-changed=vendor/programs/fuzz/Makefile
[INFO] [stderr]   cargo:rerun-if-changed=vendor/programs/fuzz/fuzz_x509csr.options
[INFO] [stderr]   cargo:rerun-if-changed=vendor/programs/fuzz/fuzz_x509crl.options
[INFO] [stderr]   cargo:rerun-if-changed=vendor/programs/fuzz/fuzz_dtlsserver.options
[INFO] [stderr]   cargo:rerun-if-changed=vendor/programs/fuzz/CMakeLists.txt
[INFO] [stderr]   cargo:rerun-if-changed=vendor/programs/fuzz/README.md
[INFO] [stderr]   cargo:rerun-if-changed=vendor/programs/fuzz/common.h
[INFO] [stderr]   cargo:rerun-if-changed=vendor/programs/fuzz/onefile.c
[INFO] [stderr]   cargo:rerun-if-changed=vendor/programs/fuzz/fuzz_dtlsclient.options
[INFO] [stderr]   cargo:rerun-if-changed=vendor/programs/fuzz/fuzz_pubkey.options
[INFO] [stderr]   cargo:rerun-if-changed=vendor/programs/fuzz/fuzz_client.c
[INFO] [stderr]   cargo:rerun-if-changed=vendor/programs/fuzz/corpuses/dtlsclient
[INFO] [stderr]   cargo:rerun-if-changed=vendor/programs/fuzz/corpuses/server
[INFO] [stderr]   cargo:rerun-if-changed=vendor/programs/fuzz/corpuses/client
[INFO] [stderr]   cargo:rerun-if-changed=vendor/programs/fuzz/corpuses/dtlsserver
[INFO] [stderr]   cargo:rerun-if-changed=vendor/programs/fuzz/common.c
[INFO] [stderr]   cargo:rerun-if-changed=vendor/programs/fuzz/fuzz_dtlsclient.c
[INFO] [stderr]   cargo:rerun-if-changed=vendor/programs/wince_main.c
[INFO] [stderr]   cargo:rerun-if-changed=vendor/programs/x509/cert_write.c
[INFO] [stderr]   cargo:rerun-if-changed=vendor/programs/x509/cert_app.c
[INFO] [stderr]   cargo:rerun-if-changed=vendor/programs/x509/cert_req.c
[INFO] [stderr]   cargo:rerun-if-changed=vendor/programs/x509/req_app.c
[INFO] [stderr]   cargo:rerun-if-changed=vendor/programs/x509/CMakeLists.txt
[INFO] [stderr]   cargo:rerun-if-changed=vendor/programs/x509/crl_app.c
[INFO] [stderr]   cargo:rerun-if-changed=vendor/programs/hash/generic_sum.c
[INFO] [stderr]   cargo:rerun-if-changed=vendor/programs/hash/CMakeLists.txt
[INFO] [stderr]   cargo:rerun-if-changed=vendor/programs/hash/hello.c
[INFO] [stderr]   cargo:rerun-if-changed=vendor/programs/test/query_config.h
[INFO] [stderr]   cargo:rerun-if-changed=vendor/programs/test/udp_proxy.c
[INFO] [stderr]   cargo:rerun-if-changed=vendor/programs/test/selftest.c
[INFO] [stderr]   cargo:rerun-if-changed=vendor/programs/test/cmake_package_install/.gitignore
[INFO] [stderr]   cargo:rerun-if-changed=vendor/programs/test/cmake_package_install/cmake_package_install.c
[INFO] [stderr]   cargo:rerun-if-changed=vendor/programs/test/cmake_package_install/CMakeLists.txt
[INFO] [stderr]   cargo:rerun-if-changed=vendor/programs/test/cmake_package/.gitignore
[INFO] [stderr]   cargo:rerun-if-changed=vendor/programs/test/cmake_package/cmake_package.c
[INFO] [stderr]   cargo:rerun-if-changed=vendor/programs/test/cmake_package/CMakeLists.txt
[INFO] [stderr]   cargo:rerun-if-changed=vendor/programs/test/zeroize.c
[INFO] [stderr]   cargo:rerun-if-changed=vendor/programs/test/query_config.c
[INFO] [stderr]   cargo:rerun-if-changed=vendor/programs/test/CMakeLists.txt
[INFO] [stderr]   cargo:rerun-if-changed=vendor/programs/test/cmake_subproject/.gitignore
[INFO] [stderr]   cargo:rerun-if-changed=vendor/programs/test/cmake_subproject/cmake_subproject.c
[INFO] [stderr]   cargo:rerun-if-changed=vendor/programs/test/cmake_subproject/CMakeLists.txt
[INFO] [stderr]   cargo:rerun-if-changed=vendor/programs/test/benchmark.c
[INFO] [stderr]   cargo:rerun-if-changed=vendor/programs/test/query_compile_time_config.c
[INFO] [stderr]   cargo:rerun-if-changed=vendor/programs/test/udp_proxy_wrapper.sh
[INFO] [stderr]   cargo:rerun-if-changed=vendor/programs/test/cpp_dummy_build.cpp
[INFO] [stderr]   cargo:rerun-if-changed=vendor/programs/Makefile
[INFO] [stderr]   cargo:rerun-if-changed=vendor/programs/CMakeLists.txt
[INFO] [stderr]   cargo:rerun-if-changed=vendor/programs/util/pem2der.c
[INFO] [stderr]   cargo:rerun-if-changed=vendor/programs/util/CMakeLists.txt
[INFO] [stderr]   cargo:rerun-if-changed=vendor/programs/util/strerror.c
[INFO] [stderr]   cargo:rerun-if-changed=vendor/programs/aes/CMakeLists.txt
[INFO] [stderr]   cargo:rerun-if-changed=vendor/programs/aes/crypt_and_hash.c
[INFO] [stderr]   cargo:rerun-if-changed=vendor/programs/README.md
[INFO] [stderr]   cargo:rerun-if-changed=vendor/programs/random/gen_entropy.c
[INFO] [stderr]   cargo:rerun-if-changed=vendor/programs/random/CMakeLists.txt
[INFO] [stderr]   cargo:rerun-if-changed=vendor/programs/random/gen_random_ctr_drbg.c
[INFO] [stderr]   cargo:rerun-if-changed=vendor/programs/psa/key_ladder_demo.c
[INFO] [stderr]   cargo:rerun-if-changed=vendor/programs/psa/crypto_examples.c
[INFO] [stderr]   cargo:rerun-if-changed=vendor/programs/psa/key_ladder_demo.sh
[INFO] [stderr]   cargo:rerun-if-changed=vendor/programs/psa/CMakeLists.txt
[INFO] [stderr]   cargo:rerun-if-changed=vendor/programs/psa/psa_constant_names.c
[INFO] [stderr]   cargo:rerun-if-changed=vendor/programs/psa/psa_constant_names_generated.c
[INFO] [stderr]   cargo:rerun-if-changed=vendor/programs/pkey/rsa_genkey.c
[INFO] [stderr]   cargo:rerun-if-changed=vendor/programs/pkey/rsa_verify_pss.c
[INFO] [stderr]   cargo:rerun-if-changed=vendor/programs/pkey/pk_decrypt.c
[INFO] [stderr]   cargo:rerun-if-changed=vendor/programs/pkey/gen_key.c
[INFO] [stderr]   cargo:rerun-if-changed=vendor/programs/pkey/mpi_demo.c
[INFO] [stderr]   cargo:rerun-if-changed=vendor/programs/pkey/rsa_priv.txt
[INFO] [stderr]   cargo:rerun-if-changed=vendor/programs/pkey/rsa_sign_pss.c
[INFO] [stderr]   cargo:rerun-if-changed=vendor/programs/pkey/dh_genprime.c
[INFO] [stderr]   cargo:rerun-if-changed=vendor/programs/pkey/dh_client.c
[INFO] [stderr]   cargo:rerun-if-changed=vendor/programs/pkey/pk_verify.c
[INFO] [stderr]   cargo:rerun-if-changed=vendor/programs/pkey/key_app.c
[INFO] [stderr]   cargo:rerun-if-changed=vendor/programs/pkey/pk_sign.c
[INFO] [stderr]   cargo:rerun-if-changed=vendor/programs/pkey/rsa_sign.c
[INFO] [stderr]   cargo:rerun-if-changed=vendor/programs/pkey/ecdsa.c
[INFO] [stderr]   cargo:rerun-if-changed=vendor/programs/pkey/rsa_verify.c
[INFO] [stderr]   cargo:rerun-if-changed=vendor/programs/pkey/dh_server.c
[INFO] [stderr]   cargo:rerun-if-changed=vendor/programs/pkey/rsa_decrypt.c
[INFO] [stderr]   cargo:rerun-if-changed=vendor/programs/pkey/key_app_writer.c
[INFO] [stderr]   cargo:rerun-if-changed=vendor/programs/pkey/CMakeLists.txt
[INFO] [stderr]   cargo:rerun-if-changed=vendor/programs/pkey/rsa_pub.txt
[INFO] [stderr]   cargo:rerun-if-changed=vendor/programs/pkey/ecdh_curve25519.c
[INFO] [stderr]   cargo:rerun-if-changed=vendor/programs/pkey/rsa_encrypt.c
[INFO] [stderr]   cargo:rerun-if-changed=vendor/programs/pkey/pk_encrypt.c
[INFO] [stderr]   cargo:rerun-if-changed=vendor/programs/pkey/dh_prime.txt
[INFO] [stderr]   cargo:rerun-if-changed=vendor/tests/.gitignore
[INFO] [stderr]   cargo:rerun-if-changed=vendor/tests/context-info.sh
[INFO] [stderr]   cargo:rerun-if-changed=vendor/tests/src/drivers/test_driver_signature.c
[INFO] [stderr]   cargo:rerun-if-changed=vendor/tests/src/drivers/test_driver_size.c
[INFO] [stderr]   cargo:rerun-if-changed=vendor/tests/src/drivers/platform_builtin_keys.c
[INFO] [stderr]   cargo:rerun-if-changed=vendor/tests/src/drivers/hash.c
[INFO] [stderr]   cargo:rerun-if-changed=vendor/tests/src/drivers/test_driver_mac.c
[INFO] [stderr]   cargo:rerun-if-changed=vendor/tests/src/drivers/test_driver_aead.c
[INFO] [stderr]   cargo:rerun-if-changed=vendor/tests/src/drivers/test_driver_cipher.c
[INFO] [stderr]   cargo:rerun-if-changed=vendor/tests/src/drivers/test_driver_key_management.c
[INFO] [stderr]   cargo:rerun-if-changed=vendor/tests/src/helpers.c
[INFO] [stderr]   cargo:rerun-if-changed=vendor/tests/src/random.c
[INFO] [stderr]   cargo:rerun-if-changed=vendor/tests/src/fake_external_rng_for_test.c
[INFO] [stderr]   cargo:rerun-if-changed=vendor/tests/src/asn1_helpers.c
[INFO] [stderr]   cargo:rerun-if-changed=vendor/tests/src/psa_exercise_key.c
[INFO] [stderr]   cargo:rerun-if-changed=vendor/tests/src/psa_crypto_helpers.c
[INFO] [stderr]   cargo:rerun-if-changed=vendor/tests/src/threading_helpers.c
[INFO] [stderr]   cargo:rerun-if-changed=vendor/tests/src/certs.c
[INFO] [stderr]   cargo:rerun-if-changed=vendor/tests/Descriptions.txt
[INFO] [stderr]   cargo:rerun-if-changed=vendor/tests/compat.sh
[INFO] [stderr]   cargo:rerun-if-changed=vendor/tests/git-scripts/pre-push.sh
[INFO] [stderr]   cargo:rerun-if-changed=vendor/tests/git-scripts/README.md
[INFO] [stderr]   cargo:rerun-if-changed=vendor/tests/Makefile
[INFO] [stderr]   cargo:rerun-if-changed=vendor/tests/data_files/test-ca2.crt
[INFO] [stderr]   cargo:rerun-if-changed=vendor/tests/data_files/server5-der8.crt
[INFO] [stderr]   cargo:rerun-if-changed=vendor/tests/data_files/.gitignore
[INFO] [stderr]   cargo:rerun-if-changed=vendor/tests/data_files/server5.eku-cli.crt
[INFO] [stderr]   cargo:rerun-if-changed=vendor/tests/data_files/ec_prv.pk8nopubparam.pem
[INFO] [stderr]   cargo:rerun-if-changed=vendor/tests/data_files/ec_prv.pk8.pw.pem
[INFO] [stderr]   cargo:rerun-if-changed=vendor/tests/data_files/ec_bp384_prv.pem
[INFO] [stderr]   cargo:rerun-if-changed=vendor/tests/data_files/rsa_pkcs8_pbes2_pbkdf2_4096_des_sha224.der
[INFO] [stderr]   cargo:rerun-if-changed=vendor/tests/data_files/cert_md5.csr
[INFO] [stderr]   cargo:rerun-if-changed=vendor/tests/data_files/test-ca-v1.crt
[INFO] [stderr]   cargo:rerun-if-changed=vendor/tests/data_files/server5.req.sha256
[INFO] [stderr]   cargo:rerun-if-changed=vendor/tests/data_files/cli2.key.der
[INFO] [stderr]   cargo:rerun-if-changed=vendor/tests/data_files/server1.req.key_usage_empty
[INFO] [stderr]   cargo:rerun-if-changed=vendor/tests/data_files/ec_256_prv.pem
[INFO] [stderr]   cargo:rerun-if-changed=vendor/tests/data_files/server2-v1-chain.crt
[INFO] [stderr]   cargo:rerun-if-changed=vendor/tests/data_files/server5.ku-ke.crt
[INFO] [stderr]   cargo:rerun-if-changed=vendor/tests/data_files/format_pkcs12.fmt
[INFO] [stderr]   cargo:rerun-if-changed=vendor/tests/data_files/server1.req.cert_type
[INFO] [stderr]   cargo:rerun-if-changed=vendor/tests/data_files/test-ca2_cat-future-present.crt
[INFO] [stderr]   cargo:rerun-if-changed=vendor/tests/data_files/test-ca.der
[INFO] [stderr]   cargo:rerun-if-changed=vendor/tests/data_files/server9-sha256.crt
[INFO] [stderr]   cargo:rerun-if-changed=vendor/tests/data_files/server9-bad-mgfhash.crt
[INFO] [stderr]   cargo:rerun-if-changed=vendor/tests/data_files/rsa_pkcs1_2048_aes192.pem
[INFO] [stderr]   cargo:rerun-if-changed=vendor/tests/data_files/server2-badsign.crt
[INFO] [stderr]   cargo:rerun-if-changed=vendor/tests/data_files/test-ca.key
[INFO] [stderr]   cargo:rerun-if-changed=vendor/tests/data_files/server2.ku-ds.crt
[INFO] [stderr]   cargo:rerun-if-changed=vendor/tests/data_files/rsa_pkcs8_pbes2_pbkdf2_2048_3des_sha512.pem
[INFO] [stderr]   cargo:rerun-if-changed=vendor/tests/data_files/rsa_pkcs8_pbe_sha1_4096_3des.der
[INFO] [stderr]   cargo:rerun-if-changed=vendor/tests/data_files/ec_521_pub.pem
[INFO] [stderr]   cargo:rerun-if-changed=vendor/tests/data_files/crl-futureRevocationDate.pem
[INFO] [stderr]   cargo:rerun-if-changed=vendor/tests/data_files/crl-rsa-pss-sha224.pem
[INFO] [stderr]   cargo:rerun-if-changed=vendor/tests/data_files/ec_prv.pk8param.der
[INFO] [stderr]   cargo:rerun-if-changed=vendor/tests/data_files/server1.req.key_usage
[INFO] [stderr]   cargo:rerun-if-changed=vendor/tests/data_files/server2.ku-ke.crt
[INFO] [stderr]   cargo:rerun-if-changed=vendor/tests/data_files/test-ca2_cat-past-present.crt
[INFO] [stderr]   cargo:rerun-if-changed=vendor/tests/data_files/rsa_pkcs8_pbes2_pbkdf2_1024_3des_sha512.der
[INFO] [stderr]   cargo:rerun-if-changed=vendor/tests/data_files/rsa_pkcs8_1024_public.der
[INFO] [stderr]   cargo:rerun-if-changed=vendor/tests/data_files/ec_prv.sec1.pem
[INFO] [stderr]   cargo:rerun-if-changed=vendor/tests/data_files/server1.ca.der
[INFO] [stderr]   cargo:rerun-if-changed=vendor/tests/data_files/server1.req.sha256
[INFO] [stderr]   cargo:rerun-if-changed=vendor/tests/data_files/ec_prv.pk8.pem
[INFO] [stderr]   cargo:rerun-if-changed=vendor/tests/data_files/rsa_pkcs8_pbes2_pbkdf2_1024_des_sha512.pem
[INFO] [stderr]   cargo:rerun-if-changed=vendor/tests/data_files/rsa_pkcs8_pbe_sha1_4096_3des.pem
[INFO] [stderr]   cargo:rerun-if-changed=vendor/tests/data_files/server10-badsign.crt
[INFO] [stderr]   cargo:rerun-if-changed=vendor/tests/data_files/server1.pubkey
[INFO] [stderr]   cargo:rerun-if-changed=vendor/tests/data_files/server5.crt.der
[INFO] [stderr]   cargo:rerun-if-changed=vendor/tests/data_files/server1.key_usage_noauthid.crt
[INFO] [stderr]   cargo:rerun-if-changed=vendor/tests/data_files/keyUsage.decipherOnly.crt
[INFO] [stderr]   cargo:rerun-if-changed=vendor/tests/data_files/rsa_pkcs8_pbes2_pbkdf2_1024_des.der
[INFO] [stderr]   cargo:rerun-if-changed=vendor/tests/data_files/rsa_pkcs1_1024_3des.pem
[INFO] [stderr]   cargo:rerun-if-changed=vendor/tests/data_files/rsa_pkcs8_2048_public.der
[INFO] [stderr]   cargo:rerun-if-changed=vendor/tests/data_files/test-ca2.key.enc
[INFO] [stderr]   cargo:rerun-if-changed=vendor/tests/data_files/rsa_pkcs1_2048_des.pem
[INFO] [stderr]   cargo:rerun-if-changed=vendor/tests/data_files/server9-defaults.crt
[INFO] [stderr]   cargo:rerun-if-changed=vendor/tests/data_files/server5.req.sha512
[INFO] [stderr]   cargo:rerun-if-changed=vendor/tests/data_files/test-ca-multi_policy.crt
[INFO] [stderr]   cargo:rerun-if-changed=vendor/tests/data_files/cli-rsa.key
[INFO] [stderr]   cargo:rerun-if-changed=vendor/tests/data_files/server6.crt
[INFO] [stderr]   cargo:rerun-if-changed=vendor/tests/data_files/rsa_pkcs8_pbes2_pbkdf2_4096_des_sha512.der
[INFO] [stderr]   cargo:rerun-if-changed=vendor/tests/data_files/crl_sha224.pem
[INFO] [stderr]   cargo:rerun-if-changed=vendor/tests/data_files/cert_v1_with_ext.crt
[INFO] [stderr]   cargo:rerun-if-changed=vendor/tests/data_files/rsa4096_prv.pem
[INFO] [stderr]   cargo:rerun-if-changed=vendor/tests/data_files/server5.req.ku.sha1
[INFO] [stderr]   cargo:rerun-if-changed=vendor/tests/data_files/print_c.pl
[INFO] [stderr]   cargo:rerun-if-changed=vendor/tests/data_files/server1_csr.opensslconf
[INFO] [stderr]   cargo:rerun-if-changed=vendor/tests/data_files/server1.key_usage.crt.openssl.v3_ext
[INFO] [stderr]   cargo:rerun-if-changed=vendor/tests/data_files/crl-ec-sha384.pem
[INFO] [stderr]   cargo:rerun-if-changed=vendor/tests/data_files/rsa_pkcs8_pbes2_pbkdf2_4096_3des_sha224.pem
[INFO] [stderr]   cargo:rerun-if-changed=vendor/tests/data_files/server5.eku-srv.crt
[INFO] [stderr]   cargo:rerun-if-changed=vendor/tests/data_files/test-ca_printable.crt
[INFO] [stderr]   cargo:rerun-if-changed=vendor/tests/data_files/test-ca2_cat-present-past.crt
[INFO] [stderr]   cargo:rerun-if-changed=vendor/tests/data_files/ec_bp512_prv.pem
[INFO] [stderr]   cargo:rerun-if-changed=vendor/tests/data_files/test-ca-multi_policy_ec.crt
[INFO] [stderr]   cargo:rerun-if-changed=vendor/tests/data_files/rsa_pkcs8_2048_public.pem
[INFO] [stderr]   cargo:rerun-if-changed=vendor/tests/data_files/server1.csr
[INFO] [stderr]   cargo:rerun-if-changed=vendor/tests/data_files/server10_int3_spurious_int-ca2.crt
[INFO] [stderr]   cargo:rerun-if-changed=vendor/tests/data_files/rsa_pkcs8_pbes2_pbkdf2_1024_3des.pem
[INFO] [stderr]   cargo:rerun-if-changed=vendor/tests/data_files/server10_int3-bs.pem
[INFO] [stderr]   cargo:rerun-if-changed=vendor/tests/data_files/test-ca2-expired.crt
[INFO] [stderr]   cargo:rerun-if-changed=vendor/tests/data_files/test-ca-any_policy_ec.crt
[INFO] [stderr]   cargo:rerun-if-changed=vendor/tests/data_files/cli-rsa-sha256.crt.der
[INFO] [stderr]   cargo:rerun-if-changed=vendor/tests/data_files/crl_cat_rsabadpem-ec.pem
[INFO] [stderr]   cargo:rerun-if-changed=vendor/tests/data_files/rsa522.key
[INFO] [stderr]   cargo:rerun-if-changed=vendor/tests/data_files/ec_bp512_pub.pem
[INFO] [stderr]   cargo:rerun-if-changed=vendor/tests/data_files/server9-sha224.crt
[INFO] [stderr]   cargo:rerun-if-changed=vendor/tests/data_files/server9-badsign.crt
[INFO] [stderr]   cargo:rerun-if-changed=vendor/tests/data_files/server6.key
[INFO] [stderr]   cargo:rerun-if-changed=vendor/tests/data_files/server5.req.sha224
[INFO] [stderr]   cargo:rerun-if-changed=vendor/tests/data_files/test-ca-sha256.crt
[INFO] [stderr]   cargo:rerun-if-changed=vendor/tests/data_files/ec_prv.pk8.der
[INFO] [stderr]   cargo:rerun-if-changed=vendor/tests/data_files/ec_521_prv.pem
[INFO] [stderr]   cargo:rerun-if-changed=vendor/tests/data_files/rsa_pkcs1_2048_aes256.pem
[INFO] [stderr]   cargo:rerun-if-changed=vendor/tests/data_files/server1.req.sha512
[INFO] [stderr]   cargo:rerun-if-changed=vendor/tests/data_files/rsa_pkcs8_pbe_sha1_2048_3des.pem
[INFO] [stderr]   cargo:rerun-if-changed=vendor/tests/data_files/rsa_pkcs8_pbe_sha1_2048_2des.der
[INFO] [stderr]   cargo:rerun-if-changed=vendor/tests/data_files/dir-maxpath/20.key
[INFO] [stderr]   cargo:rerun-if-changed=vendor/tests/data_files/dir-maxpath/05.key
[INFO] [stderr]   cargo:rerun-if-changed=vendor/tests/data_files/dir-maxpath/c11.pem
[INFO] [stderr]   cargo:rerun-if-changed=vendor/tests/data_files/dir-maxpath/19.crt
[INFO] [stderr]   cargo:rerun-if-changed=vendor/tests/data_files/dir-maxpath/int.opensslconf
[INFO] [stderr]   cargo:rerun-if-changed=vendor/tests/data_files/dir-maxpath/17.crt
[INFO] [stderr]   cargo:rerun-if-changed=vendor/tests/data_files/dir-maxpath/Readme.txt
[INFO] [stderr]   cargo:rerun-if-changed=vendor/tests/data_files/dir-maxpath/07.key
[INFO] [stderr]   cargo:rerun-if-changed=vendor/tests/data_files/dir-maxpath/c13.pem
[INFO] [stderr]   cargo:rerun-if-changed=vendor/tests/data_files/dir-maxpath/10.key
[INFO] [stderr]   cargo:rerun-if-changed=vendor/tests/data_files/dir-maxpath/c20.pem
[INFO] [stderr]   cargo:rerun-if-changed=vendor/tests/data_files/dir-maxpath/c06.pem
[INFO] [stderr]   cargo:rerun-if-changed=vendor/tests/data_files/dir-maxpath/14.crt
[INFO] [stderr]   cargo:rerun-if-changed=vendor/tests/data_files/dir-maxpath/c19.pem
[INFO] [stderr]   cargo:rerun-if-changed=vendor/tests/data_files/dir-maxpath/c16.pem
[INFO] [stderr]   cargo:rerun-if-changed=vendor/tests/data_files/dir-maxpath/c14.pem
[INFO] [stderr]   cargo:rerun-if-changed=vendor/tests/data_files/dir-maxpath/13.crt
[INFO] [stderr]   cargo:rerun-if-changed=vendor/tests/data_files/dir-maxpath/04.crt
[INFO] [stderr]   cargo:rerun-if-changed=vendor/tests/data_files/dir-maxpath/13.key
[INFO] [stderr]   cargo:rerun-if-changed=vendor/tests/data_files/dir-maxpath/17.key
[INFO] [stderr]   cargo:rerun-if-changed=vendor/tests/data_files/dir-maxpath/c15.pem
[INFO] [stderr]   cargo:rerun-if-changed=vendor/tests/data_files/dir-maxpath/08.crt
[INFO] [stderr]   cargo:rerun-if-changed=vendor/tests/data_files/dir-maxpath/19.key
[INFO] [stderr]   cargo:rerun-if-changed=vendor/tests/data_files/dir-maxpath/c17.pem
[INFO] [stderr]   cargo:rerun-if-changed=vendor/tests/data_files/dir-maxpath/c05.pem
[INFO] [stderr]   cargo:rerun-if-changed=vendor/tests/data_files/dir-maxpath/c01.pem
[INFO] [stderr]   cargo:rerun-if-changed=vendor/tests/data_files/dir-maxpath/10.crt
[INFO] [stderr]   cargo:rerun-if-changed=vendor/tests/data_files/dir-maxpath/04.key
[INFO] [stderr]   cargo:rerun-if-changed=vendor/tests/data_files/dir-maxpath/c08.pem
[INFO] [stderr]   cargo:rerun-if-changed=vendor/tests/data_files/dir-maxpath/c18.pem
[INFO] [stderr]   cargo:rerun-if-changed=vendor/tests/data_files/dir-maxpath/01.crt
[INFO] [stderr]   cargo:rerun-if-changed=vendor/tests/data_files/dir-maxpath/09.crt
[INFO] [stderr]   cargo:rerun-if-changed=vendor/tests/data_files/dir-maxpath/c04.pem
[INFO] [stderr]   cargo:rerun-if-changed=vendor/tests/data_files/dir-maxpath/c00.pem
[INFO] [stderr]   cargo:rerun-if-changed=vendor/tests/data_files/dir-maxpath/06.crt
[INFO] [stderr]   cargo:rerun-if-changed=vendor/tests/data_files/dir-maxpath/06.key
[INFO] [stderr]   cargo:rerun-if-changed=vendor/tests/data_files/dir-maxpath/20.crt
[INFO] [stderr]   cargo:rerun-if-changed=vendor/tests/data_files/dir-maxpath/01.key
[INFO] [stderr]   cargo:rerun-if-changed=vendor/tests/data_files/dir-maxpath/16.crt
[INFO] [stderr]   cargo:rerun-if-changed=vendor/tests/data_files/dir-maxpath/c09.pem
[INFO] [stderr]   cargo:rerun-if-changed=vendor/tests/data_files/dir-maxpath/00.crt
[INFO] [stderr]   cargo:rerun-if-changed=vendor/tests/data_files/dir-maxpath/02.crt
[INFO] [stderr]   cargo:rerun-if-changed=vendor/tests/data_files/dir-maxpath/long.sh
[INFO] [stderr]   cargo:rerun-if-changed=vendor/tests/data_files/dir-maxpath/c12.pem
[INFO] [stderr]   cargo:rerun-if-changed=vendor/tests/data_files/dir-maxpath/16.key
[INFO] [stderr]   cargo:rerun-if-changed=vendor/tests/data_files/dir-maxpath/08.key
[INFO] [stderr]   cargo:rerun-if-changed=vendor/tests/data_files/dir-maxpath/12.crt
[INFO] [stderr]   cargo:rerun-if-changed=vendor/tests/data_files/dir-maxpath/14.key
[INFO] [stderr]   cargo:rerun-if-changed=vendor/tests/data_files/dir-maxpath/09.key
[INFO] [stderr]   cargo:rerun-if-changed=vendor/tests/data_files/dir-maxpath/18.key
[INFO] [stderr]   cargo:rerun-if-changed=vendor/tests/data_files/dir-maxpath/11.crt
[INFO] [stderr]   cargo:rerun-if-changed=vendor/tests/data_files/dir-maxpath/c02.pem
[INFO] [stderr]   cargo:rerun-if-changed=vendor/tests/data_files/dir-maxpath/05.crt
[INFO] [stderr]   cargo:rerun-if-changed=vendor/tests/data_files/dir-maxpath/c03.pem
[INFO] [stderr]   cargo:rerun-if-changed=vendor/tests/data_files/dir-maxpath/c10.pem
[INFO] [stderr]   cargo:rerun-if-changed=vendor/tests/data_files/dir-maxpath/07.crt
[INFO] [stderr]   cargo:rerun-if-changed=vendor/tests/data_files/dir-maxpath/11.key
[INFO] [stderr]   cargo:rerun-if-changed=vendor/tests/data_files/dir-maxpath/02.key
[INFO] [stderr]   cargo:rerun-if-changed=vendor/tests/data_files/dir-maxpath/03.crt
[INFO] [stderr]   cargo:rerun-if-changed=vendor/tests/data_files/dir-maxpath/00.key
[INFO] [stderr]   cargo:rerun-if-changed=vendor/tests/data_files/dir-maxpath/c07.pem
[INFO] [stderr]   cargo:rerun-if-changed=vendor/tests/data_files/dir-maxpath/18.crt
[INFO] [stderr]   cargo:rerun-if-changed=vendor/tests/data_files/dir-maxpath/15.key
[INFO] [stderr]   cargo:rerun-if-changed=vendor/tests/data_files/dir-maxpath/15.crt
[INFO] [stderr]   cargo:rerun-if-changed=vendor/tests/data_files/dir-maxpath/03.key
[INFO] [stderr]   cargo:rerun-if-changed=vendor/tests/data_files/dir-maxpath/12.key
[INFO] [stderr]   cargo:rerun-if-changed=vendor/tests/data_files/test-ca-any_policy_with_qualifier_ec.crt
[INFO] [stderr]   cargo:rerun-if-changed=vendor/tests/data_files/server5.ku-ka.crt
[INFO] [stderr]   cargo:rerun-if-changed=vendor/tests/data_files/server5-der1b.crt
[INFO] [stderr]   cargo:rerun-if-changed=vendor/tests/data_files/rsa_pkcs8_pbes2_pbkdf2_1024_3des_sha512.pem
[INFO] [stderr]   cargo:rerun-if-changed=vendor/tests/data_files/server5.crt
[INFO] [stderr]   cargo:rerun-if-changed=vendor/tests/data_files/rsa_pkcs1_4096_aes192.pem
[INFO] [stderr]   cargo:rerun-if-changed=vendor/tests/data_files/server5.key.der
[INFO] [stderr]   cargo:rerun-if-changed=vendor/tests/data_files/server1-v1.crt
[INFO] [stderr]   cargo:rerun-if-changed=vendor/tests/data_files/rsa_pkcs8_pbes2_pbkdf2_2048_des_sha384.der
[INFO] [stderr]   cargo:rerun-if-changed=vendor/tests/data_files/server3.crt
[INFO] [stderr]   cargo:rerun-if-changed=vendor/tests/data_files/server9.req.sha384
[INFO] [stderr]   cargo:rerun-if-changed=vendor/tests/data_files/server2.key.der
[INFO] [stderr]   cargo:rerun-if-changed=vendor/tests/data_files/ec_bp384_pub.pem
[INFO] [stderr]   cargo:rerun-if-changed=vendor/tests/data_files/rsa_pkcs8_pbes2_pbkdf2_1024_3des.der
[INFO] [stderr]   cargo:rerun-if-changed=vendor/tests/data_files/rsa_pkcs8_pbes2_pbkdf2_2048_des_sha384.pem
[INFO] [stderr]   cargo:rerun-if-changed=vendor/tests/data_files/ec_384_prv.pem
[INFO] [stderr]   cargo:rerun-if-changed=vendor/tests/data_files/server5.ku-ds.crt
[INFO] [stderr]   cargo:rerun-if-changed=vendor/tests/data_files/test-ca.server1.future-crl.opensslconf
[INFO] [stderr]   cargo:rerun-if-changed=vendor/tests/data_files/rsa_pkcs8_pbes2_pbkdf2_1024_des.pem
[INFO] [stderr]   cargo:rerun-if-changed=vendor/tests/data_files/rsa_pkcs8_pbes2_pbkdf2_2048_des_sha224.der
[INFO] [stderr]   cargo:rerun-if-changed=vendor/tests/data_files/rsa_pkcs8_pbes2_pbkdf2_2048_3des.pem
[INFO] [stderr]   cargo:rerun-if-changed=vendor/tests/data_files/rsa_pkcs8_pbes2_pbkdf2_4096_3des.der
[INFO] [stderr]   cargo:rerun-if-changed=vendor/tests/data_files/server5-selfsigned.crt
[INFO] [stderr]   cargo:rerun-if-changed=vendor/tests/data_files/test-ca-unsupported_policy.crt
[INFO] [stderr]   cargo:rerun-if-changed=vendor/tests/data_files/rsa_pkcs1_1024_aes256.pem
[INFO] [stderr]   cargo:rerun-if-changed=vendor/tests/data_files/server2-v1.crt
[INFO] [stderr]   cargo:rerun-if-changed=vendor/tests/data_files/rsa_pkcs1_2048_public.pem
[INFO] [stderr]   cargo:rerun-if-changed=vendor/tests/data_files/ec_prv.sec1.der
[INFO] [stderr]   cargo:rerun-if-changed=vendor/tests/data_files/rsa528.key
[INFO] [stderr]   cargo:rerun-if-changed=vendor/tests/data_files/server1.der
[INFO] [stderr]   cargo:rerun-if-changed=vendor/tests/data_files/crl-idpnc.pem
[INFO] [stderr]   cargo:rerun-if-changed=vendor/tests/data_files/cert_example_multi_nocn.crt
[INFO] [stderr]   cargo:rerun-if-changed=vendor/tests/data_files/rsa_pkcs8_pbes2_pbkdf2_2048_3des_sha384.der
[INFO] [stderr]   cargo:rerun-if-changed=vendor/tests/data_files/rsa_pkcs1_4096_3des.pem
[INFO] [stderr]   cargo:rerun-if-changed=vendor/tests/data_files/rsa_pkcs8_pbes2_pbkdf2_1024_des_sha256.der
[INFO] [stderr]   cargo:rerun-if-changed=vendor/tests/data_files/server5-der9.crt
[INFO] [stderr]   cargo:rerun-if-changed=vendor/tests/data_files/test-int-ca.crt
[INFO] [stderr]   cargo:rerun-if-changed=vendor/tests/data_files/server1.req.sha224
[INFO] [stderr]   cargo:rerun-if-changed=vendor/tests/data_files/server7-future.crt
[INFO] [stderr]   cargo:rerun-if-changed=vendor/tests/data_files/test-int-ca.key
[INFO] [stderr]   cargo:rerun-if-changed=vendor/tests/data_files/rsa_pkcs8_pbes2_pbkdf2_2048_3des_sha256.der
[INFO] [stderr]   cargo:rerun-if-changed=vendor/tests/data_files/server1_pathlen_int_max-1.crt
[INFO] [stderr]   cargo:rerun-if-changed=vendor/tests/data_files/hash_file_2
[INFO] [stderr]   cargo:rerun-if-changed=vendor/tests/data_files/server7-expired.crt
[INFO] [stderr]   cargo:rerun-if-changed=vendor/tests/data_files/server5-sha1.crt
[INFO] [stderr]   cargo:rerun-if-changed=vendor/tests/data_files/server5.eku-cs.crt
[INFO] [stderr]   cargo:rerun-if-changed=vendor/tests/data_files/bitstring-in-dn.pem
[INFO] [stderr]   cargo:rerun-if-changed=vendor/tests/data_files/test-int-ca3.key
[INFO] [stderr]   cargo:rerun-if-changed=vendor/tests/data_files/rsa_pkcs8_pbes2_pbkdf2_2048_des_sha512.der
[INFO] [stderr]   cargo:rerun-if-changed=vendor/tests/data_files/server5-future.crt
[INFO] [stderr]   cargo:rerun-if-changed=vendor/tests/data_files/test-ca-sha1.crt
[INFO] [stderr]   cargo:rerun-if-changed=vendor/tests/data_files/server7.key
[INFO] [stderr]   cargo:rerun-if-changed=vendor/tests/data_files/rsa_pkcs1_4096_aes256.pem
[INFO] [stderr]   cargo:rerun-if-changed=vendor/tests/data_files/test-ca.opensslconf
[INFO] [stderr]   cargo:rerun-if-changed=vendor/tests/data_files/dh.998.pem
[INFO] [stderr]   cargo:rerun-if-changed=vendor/tests/data_files/server5.eku-srv_cli.crt
[INFO] [stderr]   cargo:rerun-if-changed=vendor/tests/data_files/test-ca-alt.csr
[INFO] [stderr]   cargo:rerun-if-changed=vendor/tests/data_files/rsa_pkcs8_pbes2_pbkdf2_4096_des.pem
[INFO] [stderr]   cargo:rerun-if-changed=vendor/tests/data_files/test-ca-alt.crt
[INFO] [stderr]   cargo:rerun-if-changed=vendor/tests/data_files/test-ca2.crt.der
[INFO] [stderr]   cargo:rerun-if-changed=vendor/tests/data_files/server2.ku-ka.crt
[INFO] [stderr]   cargo:rerun-if-changed=vendor/tests/data_files/rsa_pkcs8_pbes2_pbkdf2_4096_3des_sha512.der
[INFO] [stderr]   cargo:rerun-if-changed=vendor/tests/data_files/server7_pem_space.crt
[INFO] [stderr]   cargo:rerun-if-changed=vendor/tests/data_files/ec_256_long_prv.pem
[INFO] [stderr]   cargo:rerun-if-changed=vendor/tests/data_files/rsa_pkcs8_pbes2_pbkdf2_4096_des_sha256.der
[INFO] [stderr]   cargo:rerun-if-changed=vendor/tests/data_files/server7_int-ca-exp.crt
[INFO] [stderr]   cargo:rerun-if-changed=vendor/tests/data_files/rsa_pkcs8_pbes2_pbkdf2_1024_des_sha384.der
[INFO] [stderr]   cargo:rerun-if-changed=vendor/tests/data_files/format_gen.pub
[INFO] [stderr]   cargo:rerun-if-changed=vendor/tests/data_files/server1.cert_type.crt.openssl.v3_ext
[INFO] [stderr]   cargo:rerun-if-changed=vendor/tests/data_files/rsa_pkcs8_pbes2_pbkdf2_4096_3des_sha224.der
[INFO] [stderr]   cargo:rerun-if-changed=vendor/tests/data_files/rsa_pkcs8_pbes2_pbkdf2_4096_3des_sha256.der
[INFO] [stderr]   cargo:rerun-if-changed=vendor/tests/data_files/dir4/cert91.crt
[INFO] [stderr]   cargo:rerun-if-changed=vendor/tests/data_files/dir4/cert13.crt
[INFO] [stderr]   cargo:rerun-if-changed=vendor/tests/data_files/dir4/cert23.crt
[INFO] [stderr]   cargo:rerun-if-changed=vendor/tests/data_files/dir4/cert11.crt
[INFO] [stderr]   cargo:rerun-if-changed=vendor/tests/data_files/dir4/cert62.crt
[INFO] [stderr]   cargo:rerun-if-changed=vendor/tests/data_files/dir4/Readme
[INFO] [stderr]   cargo:rerun-if-changed=vendor/tests/data_files/dir4/cert34.crt
[INFO] [stderr]   cargo:rerun-if-changed=vendor/tests/data_files/dir4/cert32.crt
[INFO] [stderr]   cargo:rerun-if-changed=vendor/tests/data_files/dir4/cert33.crt
[INFO] [stderr]   cargo:rerun-if-changed=vendor/tests/data_files/dir4/cert14.crt
[INFO] [stderr]   cargo:rerun-if-changed=vendor/tests/data_files/dir4/cert73.crt
[INFO] [stderr]   cargo:rerun-if-changed=vendor/tests/data_files/dir4/cert81.crt
[INFO] [stderr]   cargo:rerun-if-changed=vendor/tests/data_files/dir4/cert44.crt
[INFO] [stderr]   cargo:rerun-if-changed=vendor/tests/data_files/dir4/cert83.crt
[INFO] [stderr]   cargo:rerun-if-changed=vendor/tests/data_files/dir4/cert61.crt
[INFO] [stderr]   cargo:rerun-if-changed=vendor/tests/data_files/dir4/cert12.crt
[INFO] [stderr]   cargo:rerun-if-changed=vendor/tests/data_files/dir4/cert45.crt
[INFO] [stderr]   cargo:rerun-if-changed=vendor/tests/data_files/dir4/cert53.crt
[INFO] [stderr]   cargo:rerun-if-changed=vendor/tests/data_files/dir4/cert52.crt
[INFO] [stderr]   cargo:rerun-if-changed=vendor/tests/data_files/dir4/cert21.crt
[INFO] [stderr]   cargo:rerun-if-changed=vendor/tests/data_files/dir4/cert42.crt
[INFO] [stderr]   cargo:rerun-if-changed=vendor/tests/data_files/dir4/cert72.crt
[INFO] [stderr]   cargo:rerun-if-changed=vendor/tests/data_files/dir4/cert43.crt
[INFO] [stderr]   cargo:rerun-if-changed=vendor/tests/data_files/dir4/cert71.crt
[INFO] [stderr]   cargo:rerun-if-changed=vendor/tests/data_files/dir4/cert82.crt
[INFO] [stderr]   cargo:rerun-if-changed=vendor/tests/data_files/dir4/cert41.crt
[INFO] [stderr]   cargo:rerun-if-changed=vendor/tests/data_files/dir4/cert92.crt
[INFO] [stderr]   cargo:rerun-if-changed=vendor/tests/data_files/dir4/cert74.crt
[INFO] [stderr]   cargo:rerun-if-changed=vendor/tests/data_files/dir4/cert22.crt
[INFO] [stderr]   cargo:rerun-if-changed=vendor/tests/data_files/dir4/cert31.crt
[INFO] [stderr]   cargo:rerun-if-changed=vendor/tests/data_files/dir4/cert51.crt
[INFO] [stderr]   cargo:rerun-if-changed=vendor/tests/data_files/dir4/cert54.crt
[INFO] [stderr]   cargo:rerun-if-changed=vendor/tests/data_files/dir4/cert63.crt
[INFO] [stderr]   cargo:rerun-if-changed=vendor/tests/data_files/test-ca.crt
[INFO] [stderr]   cargo:rerun-if-changed=vendor/tests/data_files/ec_prv.sec1.pw.pem
[INFO] [stderr]   cargo:rerun-if-changed=vendor/tests/data_files/dhparams.pem
[INFO] [stderr]   cargo:rerun-if-changed=vendor/tests/data_files/crl_sha256.pem
[INFO] [stderr]   cargo:rerun-if-changed=vendor/tests/data_files/crl_sha384.pem
[INFO] [stderr]   cargo:rerun-if-changed=vendor/tests/data_files/crl-future.pem
[INFO] [stderr]   cargo:rerun-if-changed=vendor/tests/data_files/test-ca_cat21.crt
[INFO] [stderr]   cargo:rerun-if-changed=vendor/tests/data_files/rsa_pkcs8_pbes2_pbkdf2_2048_des.pem
[INFO] [stderr]   cargo:rerun-if-changed=vendor/tests/data_files/server5-badsign.crt
[INFO] [stderr]   cargo:rerun-if-changed=vendor/tests/data_files/server8.key
[INFO] [stderr]   cargo:rerun-if-changed=vendor/tests/data_files/crl-ec-sha256.pem
[INFO] [stderr]   cargo:rerun-if-changed=vendor/tests/data_files/rsa_pkcs8_pbes2_pbkdf2_4096_des_sha512.pem
[INFO] [stderr]   cargo:rerun-if-changed=vendor/tests/data_files/test-ca2.key
[INFO] [stderr]   cargo:rerun-if-changed=vendor/tests/data_files/server2.key.enc
[INFO] [stderr]   cargo:rerun-if-changed=vendor/tests/data_files/test-ca2.ku-ds.crt
[INFO] [stderr]   cargo:rerun-if-changed=vendor/tests/data_files/server1.key_usage.crt
[INFO] [stderr]   cargo:rerun-if-changed=vendor/tests/data_files/server9-sha384.crt
[INFO] [stderr]   cargo:rerun-if-changed=vendor/tests/data_files/server5-expired.crt
[INFO] [stderr]   cargo:rerun-if-changed=vendor/tests/data_files/rsa_pkcs8_pbes2_pbkdf2_2048_3des_sha224.der
[INFO] [stderr]   cargo:rerun-if-changed=vendor/tests/data_files/rsa_pkcs8_pbes2_pbkdf2_1024_des_sha256.pem
[INFO] [stderr]   cargo:rerun-if-changed=vendor/tests/data_files/dir1/test-ca.crt
[INFO] [stderr]   cargo:rerun-if-changed=vendor/tests/data_files/server9.req.sha224
[INFO] [stderr]   cargo:rerun-if-changed=vendor/tests/data_files/test-ca_cat12.crt
[INFO] [stderr]   cargo:rerun-if-changed=vendor/tests/data_files/test-ca-alt.key
[INFO] [stderr]   cargo:rerun-if-changed=vendor/tests/data_files/rsa_pkcs8_pbe_sha1_4096_2des.der
[INFO] [stderr]   cargo:rerun-if-changed=vendor/tests/data_files/server1.crt.openssl.v3_ext
[INFO] [stderr]   cargo:rerun-if-changed=vendor/tests/data_files/test-ca2_cat-present-future.crt
[INFO] [stderr]   cargo:rerun-if-changed=vendor/tests/data_files/format_rsa.key
[INFO] [stderr]   cargo:rerun-if-changed=vendor/tests/data_files/server1.cert_type.crt
[INFO] [stderr]   cargo:rerun-if-changed=vendor/tests/data_files/rsa_pkcs8_pbes2_pbkdf2_4096_3des_sha384.pem
[INFO] [stderr]   cargo:rerun-if-changed=vendor/tests/data_files/crl-idp.pem
[INFO] [stderr]   cargo:rerun-if-changed=vendor/tests/data_files/test-ca_utf8.crt
[INFO] [stderr]   cargo:rerun-if-changed=vendor/tests/data_files/test-int-ca2.key
[INFO] [stderr]   cargo:rerun-if-changed=vendor/tests/data_files/cert_sha256.crt
[INFO] [stderr]   cargo:rerun-if-changed=vendor/tests/data_files/server10.key
[INFO] [stderr]   cargo:rerun-if-changed=vendor/tests/data_files/test-ca-good-alt.crt
[INFO] [stderr]   cargo:rerun-if-changed=vendor/tests/data_files/cert_example_multi.crt
[INFO] [stderr]   cargo:rerun-if-changed=vendor/tests/data_files/crl-ec-sha224.pem
[INFO] [stderr]   cargo:rerun-if-changed=vendor/tests/data_files/ec_384_pub.pem
[INFO] [stderr]   cargo:rerun-if-changed=vendor/tests/data_files/dh.optlen.pem
[INFO] [stderr]   cargo:rerun-if-changed=vendor/tests/data_files/server1.req.cert_type_empty
[INFO] [stderr]   cargo:rerun-if-changed=vendor/tests/data_files/rsa_pkcs8_pbe_sha1_4096_2des.pem
[INFO] [stderr]   cargo:rerun-if-changed=vendor/tests/data_files/enco-ca-prstr.pem
[INFO] [stderr]   cargo:rerun-if-changed=vendor/tests/data_files/server1.req.sha384
[INFO] [stderr]   cargo:rerun-if-changed=vendor/tests/data_files/test-int-ca2.crt
[INFO] [stderr]   cargo:rerun-if-changed=vendor/tests/data_files/server3.key
[INFO] [stderr]   cargo:rerun-if-changed=vendor/tests/data_files/test-ca2.ku-crt.crt
[INFO] [stderr]   cargo:rerun-if-changed=vendor/tests/data_files/server5-sha384.crt
[INFO] [stderr]   cargo:rerun-if-changed=vendor/tests/data_files/rsa_pkcs8_pbes2_pbkdf2_1024_des_sha224.pem
[INFO] [stderr]   cargo:rerun-if-changed=vendor/tests/data_files/non-ascii-string-in-issuer.crt
[INFO] [stderr]   cargo:rerun-if-changed=vendor/tests/data_files/server5.key.enc
[INFO] [stderr]   cargo:rerun-if-changed=vendor/tests/data_files/server5-der0.crt
[INFO] [stderr]   cargo:rerun-if-changed=vendor/tests/data_files/rsa_pkcs8_pbe_sha1_1024_3des.pem
[INFO] [stderr]   cargo:rerun-if-changed=vendor/tests/data_files/test-ca2.ku-crt_crl.crt
[INFO] [stderr]   cargo:rerun-if-changed=vendor/tests/data_files/crl.pem
[INFO] [stderr]   cargo:rerun-if-changed=vendor/tests/data_files/server5.req.sha384
[INFO] [stderr]   cargo:rerun-if-changed=vendor/tests/data_files/rsa_pkcs8_pbe_sha1_2048_2des.pem
[INFO] [stderr]   cargo:rerun-if-changed=vendor/tests/data_files/rsa_pkcs1_2048_clear.pem
[INFO] [stderr]   cargo:rerun-if-changed=vendor/tests/data_files/server7_all_space.crt
[INFO] [stderr]   cargo:rerun-if-changed=vendor/tests/data_files/dir2/test-ca2.crt
[INFO] [stderr]   cargo:rerun-if-changed=vendor/tests/data_files/dir2/test-ca.crt
[INFO] [stderr]   cargo:rerun-if-changed=vendor/tests/data_files/server1.key
[INFO] [stderr]   cargo:rerun-if-changed=vendor/tests/data_files/test-ca_uppercase.crt
[INFO] [stderr]   cargo:rerun-if-changed=vendor/tests/data_files/rsa_pkcs8_pbes2_pbkdf2_2048_des_sha224.pem
[INFO] [stderr]   cargo:rerun-if-changed=vendor/tests/data_files/rsa_pkcs8_pbes2_pbkdf2_2048_3des_sha512.der
[INFO] [stderr]   cargo:rerun-if-changed=vendor/tests/data_files/crl_cat_rsa-ec.pem
[INFO] [stderr]   cargo:rerun-if-changed=vendor/tests/data_files/crl_cat_ecfut-rsa.pem
[INFO] [stderr]   cargo:rerun-if-changed=vendor/tests/data_files/rsa_pkcs8_pbes2_pbkdf2_4096_des_sha384.der
[INFO] [stderr]   cargo:rerun-if-changed=vendor/tests/data_files/crl_expired.pem
[INFO] [stderr]   cargo:rerun-if-changed=vendor/tests/data_files/Makefile
[INFO] [stderr]   cargo:rerun-if-changed=vendor/tests/data_files/test-ca-any_policy_with_qualifier.crt
[INFO] [stderr]   cargo:rerun-if-changed=vendor/tests/data_files/test-ca.server1.opensslconf
[INFO] [stderr]   cargo:rerun-if-changed=vendor/tests/data_files/server7.crt
[INFO] [stderr]   cargo:rerun-if-changed=vendor/tests/data_files/ec_prv.pk8nopub.der
[INFO] [stderr]   cargo:rerun-if-changed=vendor/tests/data_files/rsa_pkcs8_pbes2_pbkdf2_1024_des_sha512.der
[INFO] [stderr]   cargo:rerun-if-changed=vendor/tests/data_files/crl_sha512.pem
[INFO] [stderr]   cargo:rerun-if-changed=vendor/tests/data_files/server7_int-ca.crt
[INFO] [stderr]   cargo:rerun-if-changed=vendor/tests/data_files/rsa_pkcs8_pbes2_pbkdf2_2048_3des_sha224.pem
[INFO] [stderr]   cargo:rerun-if-changed=vendor/tests/data_files/format_gen.key
[INFO] [stderr]   cargo:rerun-if-changed=vendor/tests/data_files/server9.req.sha512
[INFO] [stderr]   cargo:rerun-if-changed=vendor/tests/data_files/server5-unsupported_othername.crt
[INFO] [stderr]   cargo:rerun-if-changed=vendor/tests/data_files/mpi_10
[INFO] [stderr]   cargo:rerun-if-changed=vendor/tests/data_files/server2.der
[INFO] [stderr]   cargo:rerun-if-changed=vendor/tests/data_files/ec_521_short_prv.pem
[INFO] [stderr]   cargo:rerun-if-changed=vendor/tests/data_files/server1.req.ku-ct
[INFO] [stderr]   cargo:rerun-if-changed=vendor/tests/data_files/ec_pub.pem
[INFO] [stderr]   cargo:rerun-if-changed=vendor/tests/data_files/test-ca2.key.der
[INFO] [stderr]   cargo:rerun-if-changed=vendor/tests/data_files/server1.ext_ku.crt
[INFO] [stderr]   cargo:rerun-if-changed=vendor/tests/data_files/rsa_pkcs8_pbes2_pbkdf2_2048_3des_sha256.pem
[INFO] [stderr]   cargo:rerun-if-changed=vendor/tests/data_files/server10-bs_int3.pem
[INFO] [stderr]   cargo:rerun-if-changed=vendor/tests/data_files/base64/srv_cid.txt
[INFO] [stderr]   cargo:rerun-if-changed=vendor/tests/data_files/base64/cli_min_cfg.txt
[INFO] [stderr]   cargo:rerun-if-changed=vendor/tests/data_files/base64/cli_no_mfl.txt
[INFO] [stderr]   cargo:rerun-if-changed=vendor/tests/data_files/base64/srv_def.txt
[INFO] [stderr]   cargo:rerun-if-changed=vendor/tests/data_files/base64/srv_no_packing.txt
[INFO] [stderr]   cargo:rerun-if-changed=vendor/tests/data_files/base64/def_bad_b64.txt
[INFO] [stderr]   cargo:rerun-if-changed=vendor/tests/data_files/base64/def_b64_too_big_1.txt
[INFO] [stderr]   cargo:rerun-if-changed=vendor/tests/data_files/base64/srv_no_keep_cert.txt
[INFO] [stderr]   cargo:rerun-if-changed=vendor/tests/data_files/base64/srv_ciphersuite.txt
[INFO] [stderr]   cargo:rerun-if-changed=vendor/tests/data_files/base64/cli_def.txt
[INFO] [stderr]   cargo:rerun-if-changed=vendor/tests/data_files/base64/srv_no_mfl.txt
[INFO] [stderr]   cargo:rerun-if-changed=vendor/tests/data_files/base64/def_b64_ff.bin
[INFO] [stderr]   cargo:rerun-if-changed=vendor/tests/data_files/base64/cli_no_keep_cert.txt
[INFO] [stderr]   cargo:rerun-if-changed=vendor/tests/data_files/base64/def_b64_too_big_3.txt
[INFO] [stderr]   cargo:rerun-if-changed=vendor/tests/data_files/base64/cli_no_alpn.txt
[INFO] [stderr]   cargo:rerun-if-changed=vendor/tests/data_files/base64/srv_min_cfg.txt
[INFO] [stderr]   cargo:rerun-if-changed=vendor/tests/data_files/base64/empty.txt
[INFO] [stderr]   cargo:rerun-if-changed=vendor/tests/data_files/base64/mfl_1024.txt
[INFO] [stderr]   cargo:rerun-if-changed=vendor/tests/data_files/base64/srv_no_alpn.txt
[INFO] [stderr]   cargo:rerun-if-changed=vendor/tests/data_files/base64/v2.19.1.txt
[INFO] [stderr]   cargo:rerun-if-changed=vendor/tests/data_files/base64/cli_ciphersuite.txt
[INFO] [stderr]   cargo:rerun-if-changed=vendor/tests/data_files/base64/mtu_10000.txt
[INFO] [stderr]   cargo:rerun-if-changed=vendor/tests/data_files/base64/cli_cid.txt
[INFO] [stderr]   cargo:rerun-if-changed=vendor/tests/data_files/base64/cli_no_packing.txt
[INFO] [stderr]   cargo:rerun-if-changed=vendor/tests/data_files/base64/def_b64_too_big_2.txt
[INFO] [stderr]   cargo:rerun-if-changed=vendor/tests/data_files/crl-rsa-pss-sha1-badsign.pem
[INFO] [stderr]   cargo:rerun-if-changed=vendor/tests/data_files/server9-sha512.crt
[INFO] [stderr]   cargo:rerun-if-changed=vendor/tests/data_files/server9.crt
[INFO] [stderr]   cargo:rerun-if-changed=vendor/tests/data_files/ec_prv.pk8param.pem
[INFO] [stderr]   cargo:rerun-if-changed=vendor/tests/data_files/crl-rsa-pss-sha1.pem
[INFO] [stderr]   cargo:rerun-if-changed=vendor/tests/data_files/rsa_pkcs1_1024_aes192.pem
[INFO] [stderr]   cargo:rerun-if-changed=vendor/tests/data_files/rsa_pkcs8_pbes2_pbkdf2_2048_des.der
[INFO] [stderr]   cargo:rerun-if-changed=vendor/tests/data_files/server2-sha256.crt.der
[INFO] [stderr]   cargo:rerun-if-changed=vendor/tests/data_files/rsa_pkcs8_pbes2_pbkdf2_4096_des_sha224.pem
[INFO] [stderr]   cargo:rerun-if-changed=vendor/tests/data_files/crl-rsa-pss-sha256.pem
[INFO] [stderr]   cargo:rerun-if-changed=vendor/tests/data_files/server1.ca.crt
[INFO] [stderr]   cargo:rerun-if-changed=vendor/tests/data_files/cert_sha512.crt
[INFO] [stderr]   cargo:rerun-if-changed=vendor/tests/data_files/rsa_pkcs1_1024_aes128.pem
[INFO] [stderr]   cargo:rerun-if-changed=vendor/tests/data_files/cli-rsa-sha256.key.der
[INFO] [stderr]   cargo:rerun-if-changed=vendor/tests/data_files/rsa_pkcs1_4096_clear.pem
[INFO] [stderr]   cargo:rerun-if-changed=vendor/tests/data_files/server9-bad-saltlen.crt
[INFO] [stderr]   cargo:rerun-if-changed=vendor/tests/data_files/cli.opensslconf
[INFO] [stderr]   cargo:rerun-if-changed=vendor/tests/data_files/server1.noauthid.crt
[INFO] [stderr]   cargo:rerun-if-changed=vendor/tests/data_files/rsa_pkcs1_2048_3des.pem
[INFO] [stderr]   cargo:rerun-if-changed=vendor/tests/data_files/passwd.psk
[INFO] [stderr]   cargo:rerun-if-changed=vendor/tests/data_files/ec_prv.pk8.pw.der
[INFO] [stderr]   cargo:rerun-if-changed=vendor/tests/data_files/ec_224_pub.pem
[INFO] [stderr]   cargo:rerun-if-changed=vendor/tests/data_files/rsa_pkcs8_pbe_sha1_1024_2des.der
[INFO] [stderr]   cargo:rerun-if-changed=vendor/tests/data_files/test-ca-sha1.crt.der
[INFO] [stderr]   cargo:rerun-if-changed=vendor/tests/data_files/server1.ca_noauthid.crt
[INFO] [stderr]   cargo:rerun-if-changed=vendor/tests/data_files/ec_prv.pk8nopubparam.der
[INFO] [stderr]   cargo:rerun-if-changed=vendor/tests/data_files/hash_file_3
[INFO] [stderr]   cargo:rerun-if-changed=vendor/tests/data_files/server5.eku-cs_any.crt
[INFO] [stderr]   cargo:rerun-if-changed=vendor/tests/data_files/server2.crt
[INFO] [stderr]   cargo:rerun-if-changed=vendor/tests/data_files/test-int-ca3-badsign.crt
[INFO] [stderr]   cargo:rerun-if-changed=vendor/tests/data_files/test-ca.server1.db
[INFO] [stderr]   cargo:rerun-if-changed=vendor/tests/data_files/server5-ss-expired.crt
[INFO] [stderr]   cargo:rerun-if-changed=vendor/tests/data_files/rsa_pkcs8_pbes2_pbkdf2_1024_3des_sha224.pem
[INFO] [stderr]   cargo:rerun-if-changed=vendor/tests/data_files/server1.v1.crt
[INFO] [stderr]   cargo:rerun-if-changed=vendor/tests/data_files/ec_256_pub.pem
[INFO] [stderr]   cargo:rerun-if-changed=vendor/tests/data_files/server4.key
[INFO] [stderr]   cargo:rerun-if-changed=vendor/tests/data_files/rsa_pkcs8_pbes2_pbkdf2_4096_3des_sha384.der
[INFO] [stderr]   cargo:rerun-if-changed=vendor/tests/data_files/rsa_pkcs8_pbes2_pbkdf2_4096_des.der
[INFO] [stderr]   cargo:rerun-if-changed=vendor/tests/data_files/server8_int-ca2.crt
[INFO] [stderr]   cargo:rerun-if-changed=vendor/tests/data_files/crl-ec-sha512.pem
[INFO] [stderr]   cargo:rerun-if-changed=vendor/tests/data_files/rsa_pkcs8_pbes2_pbkdf2_2048_des_sha256.pem
[INFO] [stderr]   cargo:rerun-if-changed=vendor/tests/data_files/test-ca-unsupported_policy_ec.crt
[INFO] [stderr]   cargo:rerun-if-changed=vendor/tests/data_files/server1.req.sha1
[INFO] [stderr]   cargo:rerun-if-changed=vendor/tests/data_files/test-ca.crt.der
[INFO] [stderr]   cargo:rerun-if-changed=vendor/tests/data_files/rsa_pkcs8_pbes2_pbkdf2_4096_des_sha256.pem
[INFO] [stderr]   cargo:rerun-if-changed=vendor/tests/data_files/rsa_pkcs1_1024_clear.pem
[INFO] [stderr]   cargo:rerun-if-changed=vendor/tests/data_files/test-int-ca3.crt
[INFO] [stderr]   cargo:rerun-if-changed=vendor/tests/data_files/test-int-ca-exp.crt
[INFO] [stderr]   cargo:rerun-if-changed=vendor/tests/data_files/server5-der4.crt
[INFO] [stderr]   cargo:rerun-if-changed=vendor/tests/data_files/multiple_san.crt
[INFO] [stderr]   cargo:rerun-if-changed=vendor/tests/data_files/crl-ec-sha1.pem
[INFO] [stderr]   cargo:rerun-if-changed=vendor/tests/data_files/ec_224_prv.pem
[INFO] [stderr]   cargo:rerun-if-changed=vendor/tests/data_files/cert_example_wildcard.crt
[INFO] [stderr]   cargo:rerun-if-changed=vendor/tests/data_files/server5-der2.crt
[INFO] [stderr]   cargo:rerun-if-changed=vendor/tests/data_files/server1.req.md5
[INFO] [stderr]   cargo:rerun-if-changed=vendor/tests/data_files/dh.999.pem
[INFO] [stderr]   cargo:rerun-if-changed=vendor/tests/data_files/server1-ms.req.sha256
[INFO] [stderr]   cargo:rerun-if-changed=vendor/tests/data_files/server5-sha512.crt
[INFO] [stderr]   cargo:rerun-if-changed=vendor/tests/data_files/server5.key
[INFO] [stderr]   cargo:rerun-if-changed=vendor/tests/data_files/test-ca.server1.future-crl.db
[INFO] [stderr]   cargo:rerun-if-changed=vendor/tests/data_files/server5-tricky-ip-san.crt
[INFO] [stderr]   cargo:rerun-if-changed=vendor/tests/data_files/server7_int-ca_ca2.crt
[INFO] [stderr]   cargo:rerun-if-changed=vendor/tests/data_files/test-ca.key.der
[INFO] [stderr]   cargo:rerun-if-changed=vendor/tests/data_files/server10_int3_int-ca2_ca.crt
[INFO] [stderr]   cargo:rerun-if-changed=vendor/tests/data_files/ec_prv.pk8nopub.pem
[INFO] [stderr]   cargo:rerun-if-changed=vendor/tests/data_files/rsa_pkcs8_pbes2_pbkdf2_1024_des_sha384.pem
[INFO] [stderr]   cargo:rerun-if-changed=vendor/tests/data_files/crl_md5.pem
[INFO] [stderr]   cargo:rerun-if-changed=vendor/tests/data_files/ec_bp256_prv.pem
[INFO] [stderr]   cargo:rerun-if-changed=vendor/tests/data_files/server10.crt
[INFO] [stderr]   cargo:rerun-if-changed=vendor/tests/data_files/server5-fan.crt
[INFO] [stderr]   cargo:rerun-if-changed=vendor/tests/data_files/test-ca-sha256.crt.der
[INFO] [stderr]   cargo:rerun-if-changed=vendor/tests/data_files/cli2.crt.der
[INFO] [stderr]   cargo:rerun-if-changed=vendor/tests/data_files/server5-sha224.crt
[INFO] [stderr]   cargo:rerun-if-changed=vendor/tests/data_files/server1_ca.crt
[INFO] [stderr]   cargo:rerun-if-changed=vendor/tests/data_files/ec_pub.der
[INFO] [stderr]   cargo:rerun-if-changed=vendor/tests/data_files/server1.crt
[INFO] [stderr]   cargo:rerun-if-changed=vendor/tests/data_files/rsa_pkcs8_pbes2_pbkdf2_4096_3des_sha512.pem
[INFO] [stderr]   cargo:rerun-if-changed=vendor/tests/data_files/server5-othername.crt
[INFO] [stderr]   cargo:rerun-if-changed=vendor/tests/data_files/rsa_pkcs8_pbes2_pbkdf2_4096_3des_sha256.pem
[INFO] [stderr]   cargo:rerun-if-changed=vendor/tests/data_files/rsa_pkcs8_pbes2_pbkdf2_4096_3des.pem
[INFO] [stderr]   cargo:rerun-if-changed=vendor/tests/data_files/rsa_pkcs1_1024_des.pem
[INFO] [stderr]   cargo:rerun-if-changed=vendor/tests/data_files/cert_sha1.crt
[INFO] [stderr]   cargo:rerun-if-changed=vendor/tests/data_files/rsa_pkcs8_pbes2_pbkdf2_2048_des_sha512.pem
[INFO] [stderr]   cargo:rerun-if-changed=vendor/tests/data_files/cert_md5.crt
[INFO] [stderr]   cargo:rerun-if-changed=vendor/tests/data_files/rsa_pkcs8_pbes2_pbkdf2_2048_3des_sha384.pem
[INFO] [stderr]   cargo:rerun-if-changed=vendor/tests/data_files/server2.ku-ds_ke.crt
[INFO] [stderr]   cargo:rerun-if-changed=vendor/tests/data_files/server8.crt
[INFO] [stderr]   cargo:rerun-if-changed=vendor/tests/data_files/server9.key
[INFO] [stderr]   cargo:rerun-if-changed=vendor/tests/data_files/hash_file_4
[INFO] [stderr]   cargo:rerun-if-changed=vendor/tests/data_files/crl-rsa-pss-sha512.pem
[INFO] [stderr]   cargo:rerun-if-changed=vendor/tests/data_files/rsa_pkcs1_4096_des.pem
[INFO] [stderr]   cargo:rerun-if-changed=vendor/tests/data_files/server7_spurious_int-ca.crt
[INFO] [stderr]   cargo:rerun-if-changed=vendor/tests/data_files/server2.crt.der
[INFO] [stderr]   cargo:rerun-if-changed=vendor/tests/data_files/enco-cert-utf8str.pem
[INFO] [stderr]   cargo:rerun-if-changed=vendor/tests/data_files/rsa_pkcs8_pbes2_pbkdf2_1024_3des_sha256.pem
[INFO] [stderr]   cargo:rerun-if-changed=vendor/tests/data_files/rsa521.key
[INFO] [stderr]   cargo:rerun-if-changed=vendor/tests/data_files/server9-with-ca.crt
[INFO] [stderr]   cargo:rerun-if-changed=vendor/tests/data_files/rsa_pkcs8_pbes2_pbkdf2_2048_des_sha256.der
[INFO] [stderr]   cargo:rerun-if-changed=vendor/tests/data_files/rsa_pkcs8_pbes2_pbkdf2_4096_des_sha384.pem
[INFO] [stderr]   cargo:rerun-if-changed=vendor/tests/data_files/test-ca2_cat-future-invalid.crt
[INFO] [stderr]   cargo:rerun-if-changed=vendor/tests/data_files/test-ca2.ku-crl.crt
[INFO] [stderr]   cargo:rerun-if-changed=vendor/tests/data_files/crt_cat_rsaexp-ec.pem
[INFO] [stderr]   cargo:rerun-if-changed=vendor/tests/data_files/server9.req.sha256
[INFO] [stderr]   cargo:rerun-if-changed=vendor/tests/data_files/rsa_pkcs1_4096_aes128.pem
[INFO] [stderr]   cargo:rerun-if-changed=vendor/tests/data_files/hash_file_5
[INFO] [stderr]   cargo:rerun-if-changed=vendor/tests/data_files/rsa_pkcs8_pbes2_pbkdf2_1024_3des_sha224.der
[INFO] [stderr]   cargo:rerun-if-changed=vendor/tests/data_files/hash_file_1
[INFO] [stderr]   cargo:rerun-if-changed=vendor/tests/data_files/cli-rsa.key.der
[INFO] [stderr]   cargo:rerun-if-changed=vendor/tests/data_files/server9.req.sha1
[INFO] [stderr]   cargo:rerun-if-changed=vendor/tests/data_files/rsa_pkcs8_pbe_sha1_1024_3des.der
[INFO] [stderr]   cargo:rerun-if-changed=vendor/tests/data_files/server2.key
[INFO] [stderr]   cargo:rerun-if-changed=vendor/tests/data_files/cli2.key
[INFO] [stderr]   cargo:rerun-if-changed=vendor/tests/data_files/server4.crt
[INFO] [stderr]   cargo:rerun-if-changed=vendor/tests/data_files/server1-nospace.crt
[INFO] [stderr]   cargo:rerun-if-changed=vendor/tests/data_files/ec_prv.specdom.der
[INFO] [stderr]   cargo:rerun-if-changed=vendor/tests/data_files/ec_bp256_pub.pem
[INFO] [stderr]   cargo:rerun-if-changed=vendor/tests/data_files/server5-ss-forgeca.crt
[INFO] [stderr]   cargo:rerun-if-changed=vendor/tests/data_files/cli-rsa-sha256.crt
[INFO] [stderr]   cargo:rerun-if-changed=vendor/tests/data_files/rsa_pkcs8_pbes2_pbkdf2_2048_3des.der
[INFO] [stderr]   cargo:rerun-if-changed=vendor/tests/data_files/rsa4096_pub.pem
[INFO] [stderr]   cargo:rerun-if-changed=vendor/tests/data_files/server7-badsign.crt
[INFO] [stderr]   cargo:rerun-if-changed=vendor/tests/data_files/dh.1000.pem
[INFO] [stderr]   cargo:rerun-if-changed=vendor/tests/data_files/server10_int3_int-ca2.crt
[INFO] [stderr]   cargo:rerun-if-changed=vendor/tests/data_files/Readme-x509.txt
[INFO] [stderr]   cargo:rerun-if-changed=vendor/tests/data_files/rsa_pkcs8_pbe_sha1_1024_2des.pem
[INFO] [stderr]   cargo:rerun-if-changed=vendor/tests/data_files/rsa512.key
[INFO] [stderr]   cargo:rerun-if-changed=vendor/tests/data_files/mpi_too_big
[INFO] [stderr]   cargo:rerun-if-changed=vendor/tests/data_files/crl_cat_ec-rsa.pem
[INFO] [stderr]   cargo:rerun-if-changed=vendor/tests/data_files/cert_sha224.crt
[INFO] [stderr]   cargo:rerun-if-changed=vendor/tests/data_files/dir3/test-ca2.crt
[INFO] [stderr]   cargo:rerun-if-changed=vendor/tests/data_files/dir3/Readme
[INFO] [stderr]   cargo:rerun-if-changed=vendor/tests/data_files/dir3/test-ca.crt
[INFO] [stderr]   cargo:rerun-if-changed=vendor/tests/data_files/cli-rsa-sha1.crt
[INFO] [stderr]   cargo:rerun-if-changed=vendor/tests/data_files/crl-rsa-pss-sha384.pem
[INFO] [stderr]   cargo:rerun-if-changed=vendor/tests/data_files/rsa_pkcs8_pbes2_pbkdf2_1024_3des_sha384.der
[INFO] [stderr]   cargo:rerun-if-changed=vendor/tests/data_files/server1_pathlen_int_max.crt
[INFO] [stderr]   cargo:rerun-if-changed=vendor/tests/data_files/rsa_pkcs8_pbes2_pbkdf2_1024_des_sha224.der
[INFO] [stderr]   cargo:rerun-if-changed=vendor/tests/data_files/server7_trailing_space.crt
[INFO] [stderr]   cargo:rerun-if-changed=vendor/tests/data_files/server1.crt.der
[INFO] [stderr]   cargo:rerun-if-changed=vendor/tests/data_files/crl_sha1.pem
[INFO] [stderr]   cargo:rerun-if-changed=vendor/tests/data_files/rsa_pkcs8_pbes2_pbkdf2_1024_3des_sha384.pem
[INFO] [stderr]   cargo:rerun-if-changed=vendor/tests/data_files/server6-ss-child.crt
[INFO] [stderr]   cargo:rerun-if-changed=vendor/tests/data_files/cli-rsa-sha256-badalg.crt.der
[INFO] [stderr]   cargo:rerun-if-changed=vendor/tests/data_files/test-ca2_cat-past-invalid.crt
[INFO] [stderr]   cargo:rerun-if-changed=vendor/tests/data_files/server5.req.sha1
[INFO] [stderr]   cargo:rerun-if-changed=vendor/tests/data_files/rsa_pkcs8_pbe_sha1_2048_3des.der
[INFO] [stderr]   cargo:rerun-if-changed=vendor/tests/data_files/cli2.crt
[INFO] [stderr]   cargo:rerun-if-changed=vendor/tests/data_files/server1.cert_type_noauthid.crt
[INFO] [stderr]   cargo:rerun-if-changed=vendor/tests/data_files/crl-malformed-trailing-spaces.pem
[INFO] [stderr]   cargo:rerun-if-changed=vendor/tests/data_files/test-ca-any_policy.crt
[INFO] [stderr]   cargo:rerun-if-changed=vendor/tests/data_files/rsa_pkcs1_2048_public.der
[INFO] [stderr]   cargo:rerun-if-changed=vendor/tests/data_files/rsa_pkcs8_pbes2_pbkdf2_1024_3des_sha256.der
[INFO] [stderr]   cargo:rerun-if-changed=vendor/tests/data_files/server5-der1a.crt
[INFO] [stderr]   cargo:rerun-if-changed=vendor/tests/data_files/server2-sha256.crt
[INFO] [stderr]   cargo:rerun-if-changed=vendor/tests/data_files/rsa_pkcs1_2048_aes128.pem
[INFO] [stderr]   cargo:rerun-if-changed=vendor/tests/data_files/test-ca-alt-good.crt
[INFO] [stderr]   cargo:rerun-if-changed=vendor/tests/data_files/cert_sha384.crt
[INFO] [stderr]   cargo:rerun-if-changed=vendor/tests/CMakeLists.txt
[INFO] [stderr]   cargo:rerun-if-changed=vendor/tests/make-in-docker.sh
[INFO] [stderr]   cargo:rerun-if-changed=vendor/tests/include/alt-dummy/poly1305_alt.h
[INFO] [stderr]   cargo:rerun-if-changed=vendor/tests/include/alt-dummy/sha512_alt.h
[INFO] [stderr]   cargo:rerun-if-changed=vendor/tests/include/alt-dummy/dhm_alt.h
[INFO] [stderr]   cargo:rerun-if-changed=vendor/tests/include/alt-dummy/des_alt.h
[INFO] [stderr]   cargo:rerun-if-changed=vendor/tests/include/alt-dummy/threading_alt.h
[INFO] [stderr]   cargo:rerun-if-changed=vendor/tests/include/alt-dummy/chachapoly_alt.h
[INFO] [stderr]   cargo:rerun-if-changed=vendor/tests/include/alt-dummy/camellia_alt.h
[INFO] [stderr]   cargo:rerun-if-changed=vendor/tests/include/alt-dummy/platform_alt.h
[INFO] [stderr]   cargo:rerun-if-changed=vendor/tests/include/alt-dummy/timing_alt.h
[INFO] [stderr]   cargo:rerun-if-changed=vendor/tests/include/alt-dummy/nist_kw_alt.h
[INFO] [stderr]   cargo:rerun-if-changed=vendor/tests/include/alt-dummy/sha256_alt.h
[INFO] [stderr]   cargo:rerun-if-changed=vendor/tests/include/alt-dummy/rsa_alt.h
[INFO] [stderr]   cargo:rerun-if-changed=vendor/tests/include/alt-dummy/gcm_alt.h
[INFO] [stderr]   cargo:rerun-if-changed=vendor/tests/include/alt-dummy/cmac_alt.h
[INFO] [stderr]   cargo:rerun-if-changed=vendor/tests/include/alt-dummy/ccm_alt.h
[INFO] [stderr]   cargo:rerun-if-changed=vendor/tests/include/alt-dummy/chacha20_alt.h
[INFO] [stderr]   cargo:rerun-if-changed=vendor/tests/include/alt-dummy/ripemd160_alt.h
[INFO] [stderr]   cargo:rerun-if-changed=vendor/tests/include/alt-dummy/sha1_alt.h
[INFO] [stderr]   cargo:rerun-if-changed=vendor/tests/include/alt-dummy/aes_alt.h
[INFO] [stderr]   cargo:rerun-if-changed=vendor/tests/include/alt-dummy/md5_alt.h
[INFO] [stderr]   cargo:rerun-if-changed=vendor/tests/include/alt-dummy/aria_alt.h
[INFO] [stderr]   cargo:rerun-if-changed=vendor/tests/include/alt-dummy/ecjpake_alt.h
[INFO] [stderr]   cargo:rerun-if-changed=vendor/tests/include/alt-dummy/ecp_alt.h
[INFO] [stderr]   cargo:rerun-if-changed=vendor/tests/include/test/drivers/cipher.h
[INFO] [stderr]   cargo:rerun-if-changed=vendor/tests/include/test/drivers/test_driver.h
[INFO] [stderr]   cargo:rerun-if-changed=vendor/tests/include/test/drivers/size.h
[INFO] [stderr]   cargo:rerun-if-changed=vendor/tests/include/test/drivers/hash.h
[INFO] [stderr]   cargo:rerun-if-changed=vendor/tests/include/test/drivers/mac.h
[INFO] [stderr]   cargo:rerun-if-changed=vendor/tests/include/test/drivers/key_management.h
[INFO] [stderr]   cargo:rerun-if-changed=vendor/tests/include/test/drivers/signature.h
[INFO] [stderr]   cargo:rerun-if-changed=vendor/tests/include/test/drivers/aead.h
[INFO] [stderr]   cargo:rerun-if-changed=vendor/tests/include/test/certs.h
[INFO] [stderr]   cargo:rerun-if-changed=vendor/tests/include/test/random.h
[INFO] [stderr]   cargo:rerun-if-changed=vendor/tests/include/test/psa_exercise_key.h
[INFO] [stderr]   cargo:rerun-if-changed=vendor/tests/include/test/fake_external_rng_for_test.h
[INFO] [stderr]   cargo:rerun-if-changed=vendor/tests/include/test/constant_flow.h
[INFO] [stderr]   cargo:rerun-if-changed=vendor/tests/include/test/psa_helpers.h
[INFO] [stderr]   cargo:rerun-if-changed=vendor/tests/include/test/asn1_helpers.h
[INFO] [stderr]   cargo:rerun-if-changed=vendor/tests/include/test/helpers.h
[INFO] [stderr]   cargo:rerun-if-changed=vendor/tests/include/test/macros.h
[INFO] [stderr]   cargo:rerun-if-changed=vendor/tests/include/test/psa_crypto_helpers.h
[INFO] [stderr]   cargo:rerun-if-changed=vendor/tests/include/spe/crypto_spe.h
[INFO] [stderr]   cargo:rerun-if-changed=vendor/tests/ssl-opt.sh
[INFO] [stderr]   cargo:rerun-if-changed=vendor/tests/docker/bionic/Dockerfile
[INFO] [stderr]   cargo:rerun-if-changed=vendor/tests/suites/test_suite_random.function
[INFO] [stderr]   cargo:rerun-if-changed=vendor/tests/suites/test_suite_psa_crypto_not_supported.generated.data
[INFO] [stderr]   cargo:rerun-if-changed=vendor/tests/suites/test_suite_chachapoly.function
[INFO] [stderr]   cargo:rerun-if-changed=vendor/tests/suites/test_suite_hmac_drbg.misc.data
[INFO] [stderr]   cargo:rerun-if-changed=vendor/tests/suites/test_suite_hmac_drbg.no_reseed.data
[INFO] [stderr]   cargo:rerun-if-changed=vendor/tests/suites/test_suite_entropy.data
[INFO] [stderr]   cargo:rerun-if-changed=vendor/tests/suites/test_suite_gcm.function
[INFO] [stderr]   cargo:rerun-if-changed=vendor/tests/suites/test_suite_gcm.aes192_en.data
[INFO] [stderr]   cargo:rerun-if-changed=vendor/tests/suites/test_suite_psa_crypto_hash.function
[INFO] [stderr]   cargo:rerun-if-changed=vendor/tests/suites/test_suite_asn1parse.function
[INFO] [stderr]   cargo:rerun-if-changed=vendor/tests/suites/test_suite_pkcs1_v15.function
[INFO] [stderr]   cargo:rerun-if-changed=vendor/tests/suites/test_suite_aes.ofb.data
[INFO] [stderr]   cargo:rerun-if-changed=vendor/tests/suites/test_suite_entropy.function
[INFO] [stderr]   cargo:rerun-if-changed=vendor/tests/suites/test_suite_nist_kw.function
[INFO] [stderr]   cargo:rerun-if-changed=vendor/tests/suites/test_suite_base64.function
[INFO] [stderr]   cargo:rerun-if-changed=vendor/tests/suites/test_suite_mps.data
[INFO] [stderr]   cargo:rerun-if-changed=vendor/tests/suites/test_suite_mps.function
[INFO] [stderr]   cargo:rerun-if-changed=vendor/tests/suites/test_suite_psa_crypto_metadata.function
[INFO] [stderr]   cargo:rerun-if-changed=vendor/tests/suites/test_suite_x509write.data
[INFO] [stderr]   cargo:rerun-if-changed=vendor/tests/suites/test_suite_psa_crypto_entropy.function
[INFO] [stderr]   cargo:rerun-if-changed=vendor/tests/suites/test_suite_gcm.aes128_de.data
[INFO] [stderr]   cargo:rerun-if-changed=vendor/tests/suites/main_test.function
[INFO] [stderr]   cargo:rerun-if-changed=vendor/tests/suites/test_suite_md.function
[INFO] [stderr]   cargo:rerun-if-changed=vendor/tests/suites/test_suite_pk.function
[INFO] [stderr]   cargo:rerun-if-changed=vendor/tests/suites/test_suite_psa_crypto_se_driver_hal.function
[INFO] [stderr]   cargo:rerun-if-changed=vendor/tests/suites/test_suite_version.data
[INFO] [stderr]   cargo:rerun-if-changed=vendor/tests/suites/test_suite_aes.xts.data
[INFO] [stderr]   cargo:rerun-if-changed=vendor/tests/suites/test_suite_ecjpake.data
[INFO] [stderr]   cargo:rerun-if-changed=vendor/tests/suites/test_suite_ecp.data
[INFO] [stderr]   cargo:rerun-if-changed=vendor/tests/suites/test_suite_nist_kw.data
[INFO] [stderr]   cargo:rerun-if-changed=vendor/tests/suites/test_suite_psa_crypto_se_driver_hal.data
[INFO] [stderr]   cargo:rerun-if-changed=vendor/tests/suites/test_suite_cipher.gcm.data
[INFO] [stderr]   cargo:rerun-if-changed=vendor/tests/suites/test_suite_pkcs1_v15.data
[INFO] [stderr]   cargo:rerun-if-changed=vendor/tests/suites/test_suite_mdx.data
[INFO] [stderr]   cargo:rerun-if-changed=vendor/tests/suites/test_suite_psa_crypto_attributes.data
[INFO] [stderr]   cargo:rerun-if-changed=vendor/tests/suites/test_suite_timing.data
[INFO] [stderr]   cargo:rerun-if-changed=vendor/tests/suites/test_suite_psa_crypto_not_supported.misc.data
[INFO] [stderr]   cargo:rerun-if-changed=vendor/tests/suites/test_suite_psa_its.function
[INFO] [stderr]   cargo:rerun-if-changed=vendor/tests/suites/test_suite_psa_crypto_entropy.data
[INFO] [stderr]   cargo:rerun-if-changed=vendor/tests/suites/test_suite_pem.function
[INFO] [stderr]   cargo:rerun-if-changed=vendor/tests/suites/test_suite_cipher.aes.data
[INFO] [stderr]   cargo:rerun-if-changed=vendor/tests/suites/test_suite_psa_crypto_driver_wrappers.data
[INFO] [stderr]   cargo:rerun-if-changed=vendor/tests/suites/test_suite_chacha20.data
[INFO] [stderr]   cargo:rerun-if-changed=vendor/tests/suites/test_suite_asn1write.function
[INFO] [stderr]   cargo:rerun-if-changed=vendor/tests/suites/test_suite_aes.cbc.data
[INFO] [stderr]   cargo:rerun-if-changed=vendor/tests/suites/test_suite_error.function
[INFO] [stderr]   cargo:rerun-if-changed=vendor/tests/suites/test_suite_camellia.data
[INFO] [stderr]   cargo:rerun-if-changed=vendor/tests/suites/test_suite_oid.function
[INFO] [stderr]   cargo:rerun-if-changed=vendor/tests/suites/test_suite_debug.function
[INFO] [stderr]   cargo:rerun-if-changed=vendor/tests/suites/test_suite_cipher.null.data
[INFO] [stderr]   cargo:rerun-if-changed=vendor/tests/suites/test_suite_cmac.function
[INFO] [stderr]   cargo:rerun-if-changed=vendor/tests/suites/test_suite_error.data
[INFO] [stderr]   cargo:rerun-if-changed=vendor/tests/suites/test_suite_dhm.data
[INFO] [stderr]   cargo:rerun-if-changed=vendor/tests/suites/test_suite_pkcs1_v21.data
[INFO] [stderr]   cargo:rerun-if-changed=vendor/tests/suites/test_suite_cipher.nist_kw.data
[INFO] [stderr]   cargo:rerun-if-changed=vendor/tests/suites/test_suite_psa_crypto_storage_format.current.data
[INFO] [stderr]   cargo:rerun-if-changed=vendor/tests/suites/test_suite_cipher.chacha20.data
[INFO] [stderr]   cargo:rerun-if-changed=vendor/tests/suites/test_suite_ecdsa.function
[INFO] [stderr]   cargo:rerun-if-changed=vendor/tests/suites/test_suite_psa_crypto_slot_management.data
[INFO] [stderr]   cargo:rerun-if-changed=vendor/tests/suites/test_suite_aes.ecb.data
[INFO] [stderr]   cargo:rerun-if-changed=vendor/tests/suites/test_suite_memory_buffer_alloc.function
[INFO] [stderr]   cargo:rerun-if-changed=vendor/tests/suites/test_suite_hkdf.data
[INFO] [stderr]   cargo:rerun-if-changed=vendor/tests/suites/test_suite_psa_crypto_se_driver_hal_mocks.function
[INFO] [stderr]   cargo:rerun-if-changed=vendor/tests/suites/test_suite_ctr_drbg.function
[INFO] [stderr]   cargo:rerun-if-changed=vendor/tests/suites/test_suite_pkparse.function
[INFO] [stderr]   cargo:rerun-if-changed=vendor/tests/suites/test_suite_cipher.padding.data
[INFO] [stderr]   cargo:rerun-if-changed=vendor/tests/suites/test_suite_psa_crypto_attributes.function
[INFO] [stderr]   cargo:rerun-if-changed=vendor/tests/suites/test_suite_x509parse.data
[INFO] [stderr]   cargo:rerun-if-changed=vendor/tests/suites/target_test.function
[INFO] [stderr]   cargo:rerun-if-changed=vendor/tests/suites/test_suite_dhm.function
[INFO] [stderr]   cargo:rerun-if-changed=vendor/tests/suites/test_suite_cipher.camellia.data
[INFO] [stderr]   cargo:rerun-if-changed=vendor/tests/suites/test_suite_gcm.misc.data
[INFO] [stderr]   cargo:rerun-if-changed=vendor/tests/suites/test_suite_ecjpake.function
[INFO] [stderr]   cargo:rerun-if-changed=vendor/tests/suites/test_suite_aes.cfb.data
[INFO] [stderr]   cargo:rerun-if-changed=vendor/tests/suites/test_suite_psa_crypto_hash.data
[INFO] [stderr]   cargo:rerun-if-changed=vendor/tests/suites/test_suite_mpi.data
[INFO] [stderr]   cargo:rerun-if-changed=vendor/tests/suites/test_suite_cipher.function
[INFO] [stderr]   cargo:rerun-if-changed=vendor/tests/suites/test_suite_aes.function
[INFO] [stderr]   cargo:rerun-if-changed=vendor/tests/suites/test_suite_psa_its.data
[INFO] [stderr]   cargo:rerun-if-changed=vendor/tests/suites/test_suite_version.function
[INFO] [stderr]   cargo:rerun-if-changed=vendor/tests/suites/test_suite_ccm.data
[INFO] [stderr]   cargo:rerun-if-changed=vendor/tests/suites/test_suite_ctr_drbg.data
[INFO] [stderr]   cargo:rerun-if-changed=vendor/tests/suites/test_suite_mdx.function
[INFO] [stderr]   cargo:rerun-if-changed=vendor/tests/suites/test_suite_hkdf.function
[INFO] [stderr]   cargo:rerun-if-changed=vendor/tests/suites/test_suite_aria.function
[INFO] [stderr]   cargo:rerun-if-changed=vendor/tests/suites/test_suite_base64.data
[INFO] [stderr]   cargo:rerun-if-changed=vendor/tests/suites/test_suite_pkcs1_v21.function
[INFO] [stderr]   cargo:rerun-if-changed=vendor/tests/suites/test_suite_camellia.function
[INFO] [stderr]   cargo:rerun-if-changed=vendor/tests/suites/test_suite_chachapoly.data
[INFO] [stderr]   cargo:rerun-if-changed=vendor/tests/suites/test_suite_shax.function
[INFO] [stderr]   cargo:rerun-if-changed=vendor/tests/suites/test_suite_aria.data
[INFO] [stderr]   cargo:rerun-if-changed=vendor/tests/suites/test_suite_hmac_drbg.pr.data
[INFO] [stderr]   cargo:rerun-if-changed=vendor/tests/suites/test_suite_psa_crypto_persistent_key.data
[INFO] [stderr]   cargo:rerun-if-changed=vendor/tests/suites/test_suite_psa_crypto.function
[INFO] [stderr]   cargo:rerun-if-changed=vendor/tests/suites/test_suite_cipher.aria.data
[INFO] [stderr]   cargo:rerun-if-changed=vendor/tests/suites/test_suite_psa_crypto_metadata.data
[INFO] [stderr]   cargo:rerun-if-changed=vendor/tests/suites/test_suite_pkwrite.data
[INFO] [stderr]   cargo:rerun-if-changed=vendor/tests/suites/test_suite_hmac_drbg.function
[INFO] [stderr]   cargo:rerun-if-changed=vendor/tests/suites/test_suite_pkparse.data
[INFO] [stderr]   cargo:rerun-if-changed=vendor/tests/suites/test_suite_psa_crypto_se_driver_hal_mocks.data
[INFO] [stderr]   cargo:rerun-if-changed=vendor/tests/suites/test_suite_pkcs5.data
[INFO] [stderr]   cargo:rerun-if-changed=vendor/tests/suites/test_suite_ecp.function
[INFO] [stderr]   cargo:rerun-if-changed=vendor/tests/suites/test_suite_gcm.aes256_en.data
[INFO] [stderr]   cargo:rerun-if-changed=vendor/tests/suites/test_suite_debug.data
[INFO] [stderr]   cargo:rerun-if-changed=vendor/tests/suites/test_suite_psa_crypto_persistent_key.function
[INFO] [stderr]   cargo:rerun-if-changed=vendor/tests/suites/test_suite_ecdh.function
[INFO] [stderr]   cargo:rerun-if-changed=vendor/tests/suites/test_suite_psa_crypto_init.function
[INFO] [stderr]   cargo:rerun-if-changed=vendor/tests/suites/test_suite_psa_crypto_driver_wrappers.function
[INFO] [stderr]   cargo:rerun-if-changed=vendor/tests/suites/test_suite_cipher.misc.data
[INFO] [stderr]   cargo:rerun-if-changed=vendor/tests/suites/test_suite_timing.function
[INFO] [stderr]   cargo:rerun-if-changed=vendor/tests/suites/test_suite_mpi.function
[INFO] [stderr]   cargo:rerun-if-changed=vendor/tests/suites/test_suite_chacha20.function
[INFO] [stderr]   cargo:rerun-if-changed=vendor/tests/suites/test_suite_shax.data
[INFO] [stderr]   cargo:rerun-if-changed=vendor/tests/suites/test_suite_ssl.function
[INFO] [stderr]   cargo:rerun-if-changed=vendor/tests/suites/test_suite_cipher.des.data
[INFO] [stderr]   cargo:rerun-if-changed=vendor/tests/suites/test_suite_ssl.data
[INFO] [stderr]   cargo:rerun-if-changed=vendor/tests/suites/test_suite_gcm.camellia.data
[INFO] [stderr]   cargo:rerun-if-changed=vendor/tests/suites/test_suite_pkwrite.function
[INFO] [stderr]   cargo:rerun-if-changed=vendor/tests/suites/test_suite_oid.data
[INFO] [stderr]   cargo:rerun-if-changed=vendor/tests/suites/test_suite_gcm.aes192_de.data
[INFO] [stderr]   cargo:rerun-if-changed=vendor/tests/suites/test_suite_gcm.aes128_en.data
[INFO] [stderr]   cargo:rerun-if-changed=vendor/tests/suites/test_suite_ccm.function
[INFO] [stderr]   cargo:rerun-if-changed=vendor/tests/suites/test_suite_rsa.data
[INFO] [stderr]   cargo:rerun-if-changed=vendor/tests/suites/test_suite_des.function
[INFO] [stderr]   cargo:rerun-if-changed=vendor/tests/suites/helpers.function
[INFO] [stderr]   cargo:rerun-if-changed=vendor/tests/suites/test_suite_x509parse.function
[INFO] [stderr]   cargo:rerun-if-changed=vendor/tests/suites/test_suite_hmac_drbg.nopr.data
[INFO] [stderr]   cargo:rerun-if-changed=vendor/tests/suites/test_suite_net.data
[INFO] [stderr]   cargo:rerun-if-changed=vendor/tests/suites/test_suite_x509write.function
[INFO] [stderr]   cargo:rerun-if-changed=vendor/tests/suites/test_suite_poly1305.function
[INFO] [stderr]   cargo:rerun-if-changed=vendor/tests/suites/test_suite_cmac.data
[INFO] [stderr]   cargo:rerun-if-changed=vendor/tests/suites/test_suite_psa_crypto_storage_format.misc.data
[INFO] [stderr]   cargo:rerun-if-changed=vendor/tests/suites/test_suite_pem.data
[INFO] [stderr]   cargo:rerun-if-changed=vendor/tests/suites/test_suite_ecdsa.data
[INFO] [stderr]   cargo:rerun-if-changed=vendor/tests/suites/test_suite_gcm.aes256_de.data
[INFO] [stderr]   cargo:rerun-if-changed=vendor/tests/suites/test_suite_poly1305.data
[INFO] [stderr]   cargo:rerun-if-changed=vendor/tests/suites/test_suite_psa_crypto_storage_format.v0.data
[INFO] [stderr]   cargo:rerun-if-changed=vendor/tests/suites/test_suite_ecdh.data
[INFO] [stderr]   cargo:rerun-if-changed=vendor/tests/suites/test_suite_psa_crypto_slot_management.function
[INFO] [stderr]   cargo:rerun-if-changed=vendor/tests/suites/test_suite_psa_crypto.data
[INFO] [stderr]   cargo:rerun-if-changed=vendor/tests/suites/test_suite_cipher.chachapoly.data
[INFO] [stderr]   cargo:rerun-if-changed=vendor/tests/suites/test_suite_cipher.ccm.data
[INFO] [stderr]   cargo:rerun-if-changed=vendor/tests/suites/test_suite_asn1write.data
[INFO] [stderr]   cargo:rerun-if-changed=vendor/tests/suites/test_suite_memory_buffer_alloc.data
[INFO] [stderr]   cargo:rerun-if-changed=vendor/tests/suites/test_suite_psa_crypto_init.data
[INFO] [stderr]   cargo:rerun-if-changed=vendor/tests/suites/host_test.function
[INFO] [stderr]   cargo:rerun-if-changed=vendor/tests/suites/test_suite_md.data
[INFO] [stderr]   cargo:rerun-if-changed=vendor/tests/suites/test_suite_net.function
[INFO] [stderr]   cargo:rerun-if-changed=vendor/tests/suites/test_suite_pk.data
[INFO] [stderr]   cargo:rerun-if-changed=vendor/tests/suites/test_suite_psa_crypto_storage_format.function
[INFO] [stderr]   cargo:rerun-if-changed=vendor/tests/suites/test_suite_asn1parse.data
[INFO] [stderr]   cargo:rerun-if-changed=vendor/tests/suites/test_suite_des.data
[INFO] [stderr]   cargo:rerun-if-changed=vendor/tests/suites/test_suite_random.data
[INFO] [stderr]   cargo:rerun-if-changed=vendor/tests/suites/test_suite_psa_crypto_not_supported.function
[INFO] [stderr]   cargo:rerun-if-changed=vendor/tests/suites/test_suite_pkcs5.function
[INFO] [stderr]   cargo:rerun-if-changed=vendor/tests/suites/test_suite_rsa.function
[INFO] [stderr]   cargo:rerun-if-changed=vendor/tests/suites/test_suite_aes.rest.data
[INFO] [stderr]   cargo:rerun-if-changed=vendor/tests/ssl-opt-in-docker.sh
[INFO] [stderr]   cargo:rerun-if-changed=vendor/tests/scripts/basic-build-test.sh
[INFO] [stderr]   cargo:rerun-if-changed=vendor/tests/scripts/test_psa_constant_names.py
[INFO] [stderr]   cargo:rerun-if-changed=vendor/tests/scripts/check-python-files.sh
[INFO] [stderr]   cargo:rerun-if-changed=vendor/tests/scripts/test-ref-configs.pl
[INFO] [stderr]   cargo:rerun-if-changed=vendor/tests/scripts/list-identifiers.sh
[INFO] [stderr]   cargo:rerun-if-changed=vendor/tests/scripts/test_zeroize.gdb
[INFO] [stderr]   cargo:rerun-if-changed=vendor/tests/scripts/key-exchanges.pl
[INFO] [stderr]   cargo:rerun-if-changed=vendor/tests/scripts/check-doxy-blocks.pl
[INFO] [stderr]   cargo:rerun-if-changed=vendor/tests/scripts/basic-in-docker.sh
[INFO] [stderr]   cargo:rerun-if-changed=vendor/tests/scripts/generate_test_code.py
[INFO] [stderr]   cargo:rerun-if-changed=vendor/tests/scripts/list-macros.sh
[INFO] [stderr]   cargo:rerun-if-changed=vendor/tests/scripts/curves.pl
[INFO] [stderr]   cargo:rerun-if-changed=vendor/tests/scripts/all-in-docker.sh
[INFO] [stderr]   cargo:rerun-if-changed=vendor/tests/scripts/depends-hashes.pl
[INFO] [stderr]   cargo:rerun-if-changed=vendor/tests/scripts/depends-pkalgs.pl
[INFO] [stderr]   cargo:rerun-if-changed=vendor/tests/scripts/travis-log-failure.sh
[INFO] [stderr]   cargo:rerun-if-changed=vendor/tests/scripts/check-generated-files.sh
[INFO] [stderr]   cargo:rerun-if-changed=vendor/tests/scripts/check_files.py
[INFO] [stderr]   cargo:rerun-if-changed=vendor/tests/scripts/recursion.pl
[INFO] [stderr]   cargo:rerun-if-changed=vendor/tests/scripts/doxygen.sh
[INFO] [stderr]   cargo:rerun-if-changed=vendor/tests/scripts/scripts_path.py
[INFO] [stderr]   cargo:rerun-if-changed=vendor/tests/scripts/docker_env.sh
[INFO] [stderr]   cargo:rerun-if-changed=vendor/tests/scripts/generate-afl-tests.sh
[INFO] [stderr]   cargo:rerun-if-changed=vendor/tests/scripts/check_test_cases.py
[INFO] [stderr]   cargo:rerun-if-changed=vendor/tests/scripts/test_generate_test_code.py
[INFO] [stderr]   cargo:rerun-if-changed=vendor/tests/scripts/run-test-suites.pl
[INFO] [stderr]   cargo:rerun-if-changed=vendor/tests/scripts/test_config_script.py
[INFO] [stderr]   cargo:rerun-if-changed=vendor/tests/scripts/mbedtls_test.py
[INFO] [stderr]   cargo:rerun-if-changed=vendor/tests/scripts/all.sh
[INFO] [stderr]   cargo:rerun-if-changed=vendor/tests/scripts/check-names.sh
[INFO] [stderr]   cargo:rerun-if-changed=vendor/tests/scripts/generate_psa_tests.py
[INFO] [stderr]   cargo:rerun-if-changed=vendor/tests/scripts/gen_pkcs1_v21_sign_verify.pl
[INFO] [stderr]   cargo:rerun-if-changed=vendor/tests/scripts/psa_collect_statuses.py
[INFO] [stderr]   cargo:rerun-if-changed=vendor/tests/scripts/tcp_client.pl
[INFO] [stderr]   cargo:rerun-if-changed=vendor/tests/scripts/list-symbols.sh
[INFO] [stderr]   cargo:rerun-if-changed=vendor/tests/scripts/analyze_outcomes.py
[INFO] [stderr]   cargo:rerun-if-changed=vendor/tests/scripts/set_psa_test_dependencies.py
[INFO] [stderr]   cargo:rerun-if-changed=vendor/tests/scripts/gen_gcm_encrypt.pl
[INFO] [stderr]   cargo:rerun-if-changed=vendor/tests/scripts/gen_gcm_decrypt.pl
[INFO] [stderr]   cargo:rerun-if-changed=vendor/tests/scripts/gen_ctr_drbg.pl
[INFO] [stderr]   cargo:rerun-if-changed=vendor/tests/scripts/list-enum-consts.pl
[INFO] [stderr]   cargo:rerun-if-changed=vendor/tests/compat-in-docker.sh
[INFO] [stderr]   cargo:rerun-if-changed=vendor/tests/configs/config-wrapper-malloc-0-null.h
[INFO] [stderr]   cargo:rerun-if-changed=vendor/tests/.jenkins/Jenkinsfile
[INFO] [stderr]   cargo:rerun-if-changed=vendor/visualc/VS2010/ecdh_curve25519.vcxproj
[INFO] [stderr]   cargo:rerun-if-changed=vendor/visualc/VS2010/.gitignore
[INFO] [stderr]   cargo:rerun-if-changed=vendor/visualc/VS2010/dtls_client.vcxproj
[INFO] [stderr]   cargo:rerun-if-changed=vendor/visualc/VS2010/key_app.vcxproj
[INFO] [stderr]   cargo:rerun-if-changed=vendor/visualc/VS2010/crypto_examples.vcxproj
[INFO] [stderr]   cargo:rerun-if-changed=vendor/visualc/VS2010/dh_client.vcxproj
[INFO] [stderr]   cargo:rerun-if-changed=vendor/visualc/VS2010/ecdsa.vcxproj
[INFO] [stderr]   cargo:rerun-if-changed=vendor/visualc/VS2010/mbedTLS.sln
[INFO] [stderr]   cargo:rerun-if-changed=vendor/visualc/VS2010/cert_app.vcxproj
[INFO] [stderr]   cargo:rerun-if-changed=vendor/visualc/VS2010/query_compile_time_config.vcxproj
[INFO] [stderr]   cargo:rerun-if-changed=vendor/visualc/VS2010/crypt_and_hash.vcxproj
[INFO] [stderr]   cargo:rerun-if-changed=vendor/visualc/VS2010/dh_server.vcxproj
[INFO] [stderr]   cargo:rerun-if-changed=vendor/visualc/VS2010/pk_encrypt.vcxproj
[INFO] [stderr]   cargo:rerun-if-changed=vendor/visualc/VS2010/dh_genprime.vcxproj
[INFO] [stderr]   cargo:rerun-if-changed=vendor/visualc/VS2010/cert_req.vcxproj
[INFO] [stderr]   cargo:rerun-if-changed=vendor/visualc/VS2010/udp_proxy.vcxproj
[INFO] [stderr]   cargo:rerun-if-changed=vendor/visualc/VS2010/ssl_context_info.vcxproj
[INFO] [stderr]   cargo:rerun-if-changed=vendor/visualc/VS2010/pk_sign.vcxproj
[INFO] [stderr]   cargo:rerun-if-changed=vendor/visualc/VS2010/ssl_client1.vcxproj
[INFO] [stderr]   cargo:rerun-if-changed=vendor/visualc/VS2010/mini_client.vcxproj
[INFO] [stderr]   cargo:rerun-if-changed=vendor/visualc/VS2010/generic_sum.vcxproj
[INFO] [stderr]   cargo:rerun-if-changed=vendor/visualc/VS2010/selftest.vcxproj
[INFO] [stderr]   cargo:rerun-if-changed=vendor/visualc/VS2010/mpi_demo.vcxproj
[INFO] [stderr]   cargo:rerun-if-changed=vendor/visualc/VS2010/rsa_genkey.vcxproj
[INFO] [stderr]   cargo:rerun-if-changed=vendor/visualc/VS2010/rsa_verify_pss.vcxproj
[INFO] [stderr]   cargo:rerun-if-changed=vendor/visualc/VS2010/ssl_server.vcxproj
[INFO] [stderr]   cargo:rerun-if-changed=vendor/visualc/VS2010/rsa_verify.vcxproj
[INFO] [stderr]   cargo:rerun-if-changed=vendor/visualc/VS2010/zeroize.vcxproj
[INFO] [stderr]   cargo:rerun-if-changed=vendor/visualc/VS2010/cert_write.vcxproj
[INFO] [stderr]   cargo:rerun-if-changed=vendor/visualc/VS2010/rsa_sign.vcxproj
[INFO] [stderr]   cargo:rerun-if-changed=vendor/visualc/VS2010/dtls_server.vcxproj
[INFO] [stderr]   cargo:rerun-if-changed=vendor/visualc/VS2010/gen_random_ctr_drbg.vcxproj
[INFO] [stderr]   cargo:rerun-if-changed=vendor/visualc/VS2010/hello.vcxproj
[INFO] [stderr]   cargo:rerun-if-changed=vendor/visualc/VS2010/rsa_sign_pss.vcxproj
[INFO] [stderr]   cargo:rerun-if-changed=vendor/visualc/VS2010/crl_app.vcxproj
[INFO] [stderr]   cargo:rerun-if-changed=vendor/visualc/VS2010/pk_decrypt.vcxproj
[INFO] [stderr]   cargo:rerun-if-changed=vendor/visualc/VS2010/req_app.vcxproj
[INFO] [stderr]   cargo:rerun-if-changed=vendor/visualc/VS2010/benchmark.vcxproj
[INFO] [stderr]   cargo:rerun-if-changed=vendor/visualc/VS2010/key_app_writer.vcxproj
[INFO] [stderr]   cargo:rerun-if-changed=vendor/visualc/VS2010/ssl_mail_client.vcxproj
[INFO] [stderr]   cargo:rerun-if-changed=vendor/visualc/VS2010/ssl_fork_server.vcxproj
[INFO] [stderr]   cargo:rerun-if-changed=vendor/visualc/VS2010/pem2der.vcxproj
[INFO] [stderr]   cargo:rerun-if-changed=vendor/visualc/VS2010/gen_entropy.vcxproj
[INFO] [stderr]   cargo:rerun-if-changed=vendor/visualc/VS2010/gen_key.vcxproj
[INFO] [stderr]   cargo:rerun-if-changed=vendor/visualc/VS2010/pk_verify.vcxproj
[INFO] [stderr]   cargo:rerun-if-changed=vendor/visualc/VS2010/ssl_server2.vcxproj
[INFO] [stderr]   cargo:rerun-if-changed=vendor/visualc/VS2010/psa_constant_names.vcxproj
[INFO] [stderr]   cargo:rerun-if-changed=vendor/visualc/VS2010/mbedTLS.vcxproj
[INFO] [stderr]   cargo:rerun-if-changed=vendor/visualc/VS2010/ssl_client2.vcxproj
[INFO] [stderr]   cargo:rerun-if-changed=vendor/visualc/VS2010/strerror.vcxproj
[INFO] [stderr]   cargo:rerun-if-changed=vendor/visualc/VS2010/rsa_decrypt.vcxproj
[INFO] [stderr]   cargo:rerun-if-changed=vendor/visualc/VS2010/key_ladder_demo.vcxproj
[INFO] [stderr]   cargo:rerun-if-changed=vendor/visualc/VS2010/rsa_encrypt.vcxproj
[INFO] [stderr]   cargo:rerun-if-changed=vendor/BRANCHES.md
[INFO] [stderr]   cargo:rerun-if-changed=vendor/SECURITY.md
[INFO] [stderr]   cargo:rerun-if-changed=vendor/Makefile
[INFO] [stderr]   cargo:rerun-if-changed=vendor/.pylintrc
[INFO] [stderr]   cargo:rerun-if-changed=vendor/DartConfiguration.tcl
[INFO] [stderr]   cargo:rerun-if-changed=vendor/CMakeLists.txt
[INFO] [stderr]   cargo:rerun-if-changed=vendor/SUPPORT.md
[INFO] [stderr]   cargo:rerun-if-changed=vendor/include/.gitignore
[INFO] [stderr]   cargo:rerun-if-changed=vendor/include/mbedtls/pkcs12.h
[INFO] [stderr]   cargo:rerun-if-changed=vendor/include/mbedtls/ssl_cookie.h
[INFO] [stderr]   cargo:rerun-if-changed=vendor/include/mbedtls/pk.h
[INFO] [stderr]   cargo:rerun-if-changed=vendor/include/mbedtls/aria.h
[INFO] [stderr]   cargo:rerun-if-changed=vendor/include/mbedtls/build_info.h
[INFO] [stderr]   cargo:rerun-if-changed=vendor/include/mbedtls/nist_kw.h
[INFO] [stderr]   cargo:rerun-if-changed=vendor/include/mbedtls/gcm.h
[INFO] [stderr]   cargo:rerun-if-changed=vendor/include/mbedtls/x509_crl.h
[INFO] [stderr]   cargo:rerun-if-changed=vendor/include/mbedtls/camellia.h
[INFO] [stderr]   cargo:rerun-if-changed=vendor/include/mbedtls/ecdh.h
[INFO] [stderr]   cargo:rerun-if-changed=vendor/include/mbedtls/rsa.h
[INFO] [stderr]   cargo:rerun-if-changed=vendor/include/mbedtls/cipher.h
[INFO] [stderr]   cargo:rerun-if-changed=vendor/include/mbedtls/entropy.h
[INFO] [stderr]   cargo:rerun-if-changed=vendor/include/mbedtls/timing.h
[INFO] [stderr]   cargo:rerun-if-changed=vendor/include/mbedtls/sha512.h
[INFO] [stderr]   cargo:rerun-if-changed=vendor/include/mbedtls/check_config.h
[INFO] [stderr]   cargo:rerun-if-changed=vendor/include/mbedtls/x509.h
[INFO] [stderr]   cargo:rerun-if-changed=vendor/include/mbedtls/platform_time.h
[INFO] [stderr]   cargo:rerun-if-changed=vendor/include/mbedtls/hkdf.h
[INFO] [stderr]   cargo:rerun-if-changed=vendor/include/mbedtls/platform.h
[INFO] [stderr]   cargo:rerun-if-changed=vendor/include/mbedtls/base64.h
[INFO] [stderr]   cargo:rerun-if-changed=vendor/include/mbedtls/ssl_cache.h
[INFO] [stderr]   cargo:rerun-if-changed=vendor/include/mbedtls/hmac_drbg.h
[INFO] [stderr]   cargo:rerun-if-changed=vendor/include/mbedtls/version.h
[INFO] [stderr]   cargo:rerun-if-changed=vendor/include/mbedtls/sha1.h
[INFO] [stderr]   cargo:rerun-if-changed=vendor/include/mbedtls/ssl.h
[INFO] [stderr]   cargo:rerun-if-changed=vendor/include/mbedtls/ccm.h
[INFO] [stderr]   cargo:rerun-if-changed=vendor/include/mbedtls/ssl_ciphersuites.h
[INFO] [stderr]   cargo:rerun-if-changed=vendor/include/mbedtls/ssl_ticket.h
[INFO] [stderr]   cargo:rerun-if-changed=vendor/include/mbedtls/ripemd160.h
[INFO] [stderr]   cargo:rerun-if-changed=vendor/include/mbedtls/bignum.h
[INFO] [stderr]   cargo:rerun-if-changed=vendor/include/mbedtls/error.h
[INFO] [stderr]   cargo:rerun-if-changed=vendor/include/mbedtls/ecp.h
[INFO] [stderr]   cargo:rerun-if-changed=vendor/include/mbedtls/psa_util.h
[INFO] [stderr]   cargo:rerun-if-changed=vendor/include/mbedtls/aes.h
[INFO] [stderr]   cargo:rerun-if-changed=vendor/include/mbedtls/net_sockets.h
[INFO] [stderr]   cargo:rerun-if-changed=vendor/include/mbedtls/mbedtls_config.h
[INFO] [stderr]   cargo:rerun-if-changed=vendor/include/mbedtls/ecdsa.h
[INFO] [stderr]   cargo:rerun-if-changed=vendor/include/mbedtls/poly1305.h
[INFO] [stderr]   cargo:rerun-if-changed=vendor/include/mbedtls/chacha20.h
[INFO] [stderr]   cargo:rerun-if-changed=vendor/include/mbedtls/pkcs5.h
[INFO] [stderr]   cargo:rerun-if-changed=vendor/include/mbedtls/config_psa.h
[INFO] [stderr]   cargo:rerun-if-changed=vendor/include/mbedtls/asn1.h
[INFO] [stderr]   cargo:rerun-if-changed=vendor/include/mbedtls/x509_crt.h
[INFO] [stderr]   cargo:rerun-if-changed=vendor/include/mbedtls/md.h
[INFO] [stderr]   cargo:rerun-if-changed=vendor/include/mbedtls/asn1write.h
[INFO] [stderr]   cargo:rerun-if-changed=vendor/include/mbedtls/private_access.h
[INFO] [stderr]   cargo:rerun-if-changed=vendor/include/mbedtls/x509_csr.h
[INFO] [stderr]   cargo:rerun-if-changed=vendor/include/mbedtls/platform_util.h
[INFO] [stderr]   cargo:rerun-if-changed=vendor/include/mbedtls/ecjpake.h
[INFO] [stderr]   cargo:rerun-if-changed=vendor/include/mbedtls/ctr_drbg.h
[INFO] [stderr]   cargo:rerun-if-changed=vendor/include/mbedtls/memory_buffer_alloc.h
[INFO] [stderr]   cargo:rerun-if-changed=vendor/include/mbedtls/debug.h
[INFO] [stderr]   cargo:rerun-if-changed=vendor/include/mbedtls/chachapoly.h
[INFO] [stderr]   cargo:rerun-if-changed=vendor/include/mbedtls/sha256.h
[INFO] [stderr]   cargo:rerun-if-changed=vendor/include/mbedtls/dhm.h
[INFO] [stderr]   cargo:rerun-if-changed=vendor/include/mbedtls/cmac.h
[INFO] [stderr]   cargo:rerun-if-changed=vendor/include/mbedtls/oid.h
[INFO] [stderr]   cargo:rerun-if-changed=vendor/include/mbedtls/des.h
[INFO] [stderr]   cargo:rerun-if-changed=vendor/include/mbedtls/md5.h
[INFO] [stderr]   cargo:rerun-if-changed=vendor/include/mbedtls/threading.h
[INFO] [stderr]   cargo:rerun-if-changed=vendor/include/mbedtls/pem.h
[INFO] [stderr]   cargo:rerun-if-changed=vendor/include/mbedtls/compat-2.x.h
[INFO] [stderr]   cargo:rerun-if-changed=vendor/include/CMakeLists.txt
[INFO] [stderr]   cargo:rerun-if-changed=vendor/include/psa/crypto_driver_contexts_primitives.h
[INFO] [stderr]   cargo:rerun-if-changed=vendor/include/psa/crypto_platform.h
[INFO] [stderr]   cargo:rerun-if-changed=vendor/include/psa/crypto_sizes.h
[INFO] [stderr]   cargo:rerun-if-changed=vendor/include/psa/crypto_builtin_composites.h
[INFO] [stderr]   cargo:rerun-if-changed=vendor/include/psa/crypto_config.h
[INFO] [stderr]   cargo:rerun-if-changed=vendor/include/psa/crypto_extra.h
[INFO] [stderr]   cargo:rerun-if-changed=vendor/include/psa/crypto_driver_contexts_composites.h
[INFO] [stderr]   cargo:rerun-if-changed=vendor/include/psa/crypto.h
[INFO] [stderr]   cargo:rerun-if-changed=vendor/include/psa/crypto_compat.h
[INFO] [stderr]   cargo:rerun-if-changed=vendor/include/psa/crypto_types.h
[INFO] [stderr]   cargo:rerun-if-changed=vendor/include/psa/crypto_driver_common.h
[INFO] [stderr]   cargo:rerun-if-changed=vendor/include/psa/crypto_values.h
[INFO] [stderr]   cargo:rerun-if-changed=vendor/include/psa/crypto_builtin_primitives.h
[INFO] [stderr]   cargo:rerun-if-changed=vendor/include/psa/crypto_se_driver.h
[INFO] [stderr]   cargo:rerun-if-changed=vendor/include/psa/crypto_struct.h
[INFO] [stderr]   cargo:rerun-if-changed=vendor/library/.gitignore
[INFO] [stderr]   cargo:rerun-if-changed=vendor/library/ecp_internal_alt.h
[INFO] [stderr]   cargo:rerun-if-changed=vendor/library/ripemd160.c
[INFO] [stderr]   cargo:rerun-if-changed=vendor/library/pk_wrap.c
[INFO] [stderr]   cargo:rerun-if-changed=vendor/library/psa_crypto_cipher.h
[INFO] [stderr]   cargo:rerun-if-changed=vendor/library/entropy_poll.c
[INFO] [stderr]   cargo:rerun-if-changed=vendor/library/cipher.c
[INFO] [stderr]   cargo:rerun-if-changed=vendor/library/psa_crypto_storage.c
[INFO] [stderr]   cargo:rerun-if-changed=vendor/library/ctr_drbg.c
[INFO] [stderr]   cargo:rerun-if-changed=vendor/library/ssl_tls13_keys.c
[INFO] [stderr]   cargo:rerun-if-changed=vendor/library/hmac_drbg.c
[INFO] [stderr]   cargo:rerun-if-changed=vendor/library/ssl_misc.h
[INFO] [stderr]   cargo:rerun-if-changed=vendor/library/bn_mul.h
[INFO] [stderr]   cargo:rerun-if-changed=vendor/library/oid.c
[INFO] [stderr]   cargo:rerun-if-changed=vendor/library/asn1write.c
[INFO] [stderr]   cargo:rerun-if-changed=vendor/library/md.c
[INFO] [stderr]   cargo:rerun-if-changed=vendor/library/mps_reader.c
[INFO] [stderr]   cargo:rerun-if-changed=vendor/library/version_features.c
[INFO] [stderr]   cargo:rerun-if-changed=vendor/library/platform.c
[INFO] [stderr]   cargo:rerun-if-changed=vendor/library/psa_crypto_hash.c
[INFO] [stderr]   cargo:rerun-if-changed=vendor/library/ssl_msg.c
[INFO] [stderr]   cargo:rerun-if-changed=vendor/library/ssl_invasive.h
[INFO] [stderr]   cargo:rerun-if-changed=vendor/library/ssl_cache.c
[INFO] [stderr]   cargo:rerun-if-changed=vendor/library/psa_crypto_mac.c
[INFO] [stderr]   cargo:rerun-if-changed=vendor/library/psa_crypto_slot_management.c
[INFO] [stderr]   cargo:rerun-if-changed=vendor/library/psa_crypto_ecp.c
[INFO] [stderr]   cargo:rerun-if-changed=vendor/library/aria.c
[INFO] [stderr]   cargo:rerun-if-changed=vendor/library/check_crypto_config.h
[INFO] [stderr]   cargo:rerun-if-changed=vendor/library/error.c
[INFO] [stderr]   cargo:rerun-if-changed=vendor/library/sha1.c
[INFO] [stderr]   cargo:rerun-if-changed=vendor/library/des.c
[INFO] [stderr]   cargo:rerun-if-changed=vendor/library/psa_crypto.c
[INFO] [stderr]   cargo:rerun-if-changed=vendor/library/padlock.c
[INFO] [stderr]   cargo:rerun-if-changed=vendor/library/psa_crypto_mac.h
[INFO] [stderr]   cargo:rerun-if-changed=vendor/library/md_wrap.h
[INFO] [stderr]   cargo:rerun-if-changed=vendor/library/pem.c
[INFO] [stderr]   cargo:rerun-if-changed=vendor/library/rsa_alt_helpers.h
[INFO] [stderr]   cargo:rerun-if-changed=vendor/library/psa_crypto_its.h
[INFO] [stderr]   cargo:rerun-if-changed=vendor/library/ecdh.c
[INFO] [stderr]   cargo:rerun-if-changed=vendor/library/md5.c
[INFO] [stderr]   cargo:rerun-if-changed=vendor/library/mps_error.h
[INFO] [stderr]   cargo:rerun-if-changed=vendor/library/memory_buffer_alloc.c
[INFO] [stderr]   cargo:rerun-if-changed=vendor/library/version.c
[INFO] [stderr]   cargo:rerun-if-changed=vendor/library/cipher_wrap.h
[INFO] [stderr]   cargo:rerun-if-changed=vendor/library/ecdsa.c
[INFO] [stderr]   cargo:rerun-if-changed=vendor/library/ssl_srv.c
[INFO] [stderr]   cargo:rerun-if-changed=vendor/library/x509.c
[INFO] [stderr]   cargo:rerun-if-changed=vendor/library/psa_crypto_se.c
[INFO] [stderr]   cargo:rerun-if-changed=vendor/library/pkcs5.c
[INFO] [stderr]   cargo:rerun-if-changed=vendor/library/ecp.c
[INFO] [stderr]   cargo:rerun-if-changed=vendor/library/aesni.c
[INFO] [stderr]   cargo:rerun-if-changed=vendor/library/sha512.c
[INFO] [stderr]   cargo:rerun-if-changed=vendor/library/padlock.h
[INFO] [stderr]   cargo:rerun-if-changed=vendor/library/mps_common.h
[INFO] [stderr]   cargo:rerun-if-changed=vendor/library/timing.c
[INFO] [stderr]   cargo:rerun-if-changed=vendor/library/cmac.c
[INFO] [stderr]   cargo:rerun-if-changed=vendor/library/psa_crypto_client.c
[INFO] [stderr]   cargo:rerun-if-changed=vendor/library/aesni.h
[INFO] [stderr]   cargo:rerun-if-changed=vendor/library/x509write_crt.c
[INFO] [stderr]   cargo:rerun-if-changed=vendor/library/pkparse.c
[INFO] [stderr]   cargo:rerun-if-changed=vendor/library/Makefile
[INFO] [stderr]   cargo:rerun-if-changed=vendor/library/aes.c
[INFO] [stderr]   cargo:rerun-if-changed=vendor/library/ecjpake.c
[INFO] [stderr]   cargo:rerun-if-changed=vendor/library/camellia.c
[INFO] [stderr]   cargo:rerun-if-changed=vendor/library/psa_crypto_aead.c
[INFO] [stderr]   cargo:rerun-if-changed=vendor/library/psa_crypto_core.h
[INFO] [stderr]   cargo:rerun-if-changed=vendor/library/x509_csr.c
[INFO] [stderr]   cargo:rerun-if-changed=vendor/library/psa_its_file.c
[INFO] [stderr]   cargo:rerun-if-changed=vendor/library/threading.c
[INFO] [stderr]   cargo:rerun-if-changed=vendor/library/rsa.c
[INFO] [stderr]   cargo:rerun-if-changed=vendor/library/psa_crypto_rsa.c
[INFO] [stderr]   cargo:rerun-if-changed=vendor/library/sha256.c
[INFO] [stderr]   cargo:rerun-if-changed=vendor/library/CMakeLists.txt
[INFO] [stderr]   cargo:rerun-if-changed=vendor/library/psa_crypto_aead.h
[INFO] [stderr]   cargo:rerun-if-changed=vendor/library/psa_crypto_se.h
[INFO] [stderr]   cargo:rerun-if-changed=vendor/library/net_sockets.c
[INFO] [stderr]   cargo:rerun-if-changed=vendor/library/ccm.c
[INFO] [stderr]   cargo:rerun-if-changed=vendor/library/psa_crypto_invasive.h
[INFO] [stderr]   cargo:rerun-if-changed=vendor/library/mps_reader.h
[INFO] [stderr]   cargo:rerun-if-changed=vendor/library/nist_kw.c
[INFO] [stderr]   cargo:rerun-if-changed=vendor/library/psa_crypto_cipher.c
[INFO] [stderr]   cargo:rerun-if-changed=vendor/library/psa_crypto_driver_wrappers.h
[INFO] [stderr]   cargo:rerun-if-changed=vendor/library/pkwrite.c
[INFO] [stderr]   cargo:rerun-if-changed=vendor/library/rsa_alt_helpers.c
[INFO] [stderr]   cargo:rerun-if-changed=vendor/library/psa_crypto_storage.h
[INFO] [stderr]   cargo:rerun-if-changed=vendor/library/common.h
[INFO] [stderr]   cargo:rerun-if-changed=vendor/library/base64.c
[INFO] [stderr]   cargo:rerun-if-changed=vendor/library/gcm.c
[INFO] [stderr]   cargo:rerun-if-changed=vendor/library/psa_crypto_hash.h
[INFO] [stderr]   cargo:rerun-if-changed=vendor/library/asn1parse.c
[INFO] [stderr]   cargo:rerun-if-changed=vendor/library/ecp_invasive.h
[INFO] [stderr]   cargo:rerun-if-changed=vendor/library/ssl_tls13_keys.h
[INFO] [stderr]   cargo:rerun-if-changed=vendor/library/chacha20.c
[INFO] [stderr]   cargo:rerun-if-changed=vendor/library/x509_crt.c
[INFO] [stderr]   cargo:rerun-if-changed=vendor/library/psa_crypto_slot_management.h
[INFO] [stderr]   cargo:rerun-if-changed=vendor/library/mps_trace.h
[INFO] [stderr]   cargo:rerun-if-changed=vendor/library/x509write_csr.c
[INFO] [stderr]   cargo:rerun-if-changed=vendor/library/dhm.c
[INFO] [stderr]   cargo:rerun-if-changed=vendor/library/ssl_cookie.c
[INFO] [stderr]   cargo:rerun-if-changed=vendor/library/debug.c
[INFO] [stderr]   cargo:rerun-if-changed=vendor/library/entropy.c
[INFO] [stderr]   cargo:rerun-if-changed=vendor/library/entropy_poll.h
[INFO] [stderr]   cargo:rerun-if-changed=vendor/library/psa_crypto_ecp.h
[INFO] [stderr]   cargo:rerun-if-changed=vendor/library/x509_create.c
[INFO] [stderr]   cargo:rerun-if-changed=vendor/library/hkdf.c
[INFO] [stderr]   cargo:rerun-if-changed=vendor/library/chachapoly.c
[INFO] [stderr]   cargo:rerun-if-changed=vendor/library/ecp_curves.c
[INFO] [stderr]   cargo:rerun-if-changed=vendor/library/cipher_wrap.c
[INFO] [stderr]   cargo:rerun-if-changed=vendor/library/ssl_tls.c
[INFO] [stderr]   cargo:rerun-if-changed=vendor/library/psa_crypto_driver_wrappers.c
[INFO] [stderr]   cargo:rerun-if-changed=vendor/library/x509_crl.c
[INFO] [stderr]   cargo:rerun-if-changed=vendor/library/pk_wrap.h
[INFO] [stderr]   cargo:rerun-if-changed=vendor/library/psa_crypto_random_impl.h
[INFO] [stderr]   cargo:rerun-if-changed=vendor/library/psa_crypto_rsa.h
[INFO] [stderr]   cargo:rerun-if-changed=vendor/library/pk.c
[INFO] [stderr]   cargo:rerun-if-changed=vendor/library/ssl_ciphersuites.c
[INFO] [stderr]   cargo:rerun-if-changed=vendor/library/mps_trace.c
[INFO] [stderr]   cargo:rerun-if-changed=vendor/library/poly1305.c
[INFO] [stderr]   cargo:rerun-if-changed=vendor/library/platform_util.c
[INFO] [stderr]   cargo:rerun-if-changed=vendor/library/bignum.c
[INFO] [stderr]   cargo:rerun-if-changed=vendor/library/ssl_ticket.c
[INFO] [stderr]   cargo:rerun-if-changed=vendor/library/ssl_cli.c
[INFO] [stderr]   cargo:rerun-if-changed=vendor/library/pkcs12.c
[INFO] [stderr]   cargo:rerun-if-changed=vendor/.github/pull_request_template.md
[INFO] [stderr]   cargo:rerun-if-changed=vendor/.github/ISSUE_TEMPLATE/feature_request.md
[INFO] [stderr]   cargo:rerun-if-changed=vendor/.github/ISSUE_TEMPLATE/bug_report.md
[INFO] [stderr]   cargo:rerun-if-changed=vendor/.github/ISSUE_TEMPLATE/config.yml
[INFO] [stderr]   cargo:rerun-if-changed=vendor/docs/.gitignore
[INFO] [stderr]   cargo:rerun-if-changed=vendor/docs/getting_started.md
[INFO] [stderr]   cargo:rerun-if-changed=vendor/docs/3.0-migration-guide.md
[INFO] [stderr]   cargo:rerun-if-changed=vendor/docs/architecture/testing/invasive-testing.md
[INFO] [stderr]   cargo:rerun-if-changed=vendor/docs/architecture/testing/test-framework.md
[INFO] [stderr]   cargo:rerun-if-changed=vendor/docs/architecture/testing/driver-interface-test-strategy.md
[INFO] [stderr]   cargo:rerun-if-changed=vendor/docs/architecture/testing/psa-storage-format-testing.md
[INFO] [stderr]   cargo:rerun-if-changed=vendor/docs/architecture/mbed-crypto-storage-specification.md
[INFO] [stderr]   cargo:rerun-if-changed=vendor/docs/architecture/psa-crypto-implementation-structure.md
[INFO] [stderr]   cargo:rerun-if-changed=vendor/docs/architecture/alternative-implementations.md
[INFO] [stderr]   cargo:rerun-if-changed=vendor/docs/architecture/tls13-experimental.md
[INFO] [stderr]   cargo:rerun-if-changed=vendor/docs/architecture/Makefile
[INFO] [stderr]   cargo:rerun-if-changed=vendor/docs/PSACryptoDriverModelSpec.pdf
[INFO] [stderr]   cargo:rerun-if-changed=vendor/docs/proposed/psa-driver-integration-guide.md
[INFO] [stderr]   cargo:rerun-if-changed=vendor/docs/proposed/psa-driver-developer-guide.md
[INFO] [stderr]   cargo:rerun-if-changed=vendor/docs/proposed/psa-conditional-inclusion-c.md
[INFO] [stderr]   cargo:rerun-if-changed=vendor/docs/proposed/README
[INFO] [stderr]   cargo:rerun-if-changed=vendor/docs/proposed/psa-driver-interface.md
[INFO] [stderr]   cargo:rerun-if-changed=vendor/docs/proposed/Makefile
[INFO] [stderr]   cargo:rerun-if-changed=vendor/.globalrc
[INFO] [stderr]   cargo:rerun-if-changed=vendor/doxygen/mbedtls.doxyfile
[INFO] [stderr]   cargo:rerun-if-changed=vendor/doxygen/input/doc_mainpage.h
[INFO] [stderr]   cargo:rerun-if-changed=vendor/doxygen/input/doc_hashing.h
[INFO] [stderr]   cargo:rerun-if-changed=vendor/doxygen/input/doc_encdec.h
[INFO] [stderr]   cargo:rerun-if-changed=vendor/doxygen/input/doc_rng.h
[INFO] [stderr]   cargo:rerun-if-changed=vendor/doxygen/input/doc_x509.h
[INFO] [stderr]   cargo:rerun-if-changed=vendor/doxygen/input/doc_ssltls.h
[INFO] [stderr]   cargo:rerun-if-changed=vendor/doxygen/input/doc_tcpip.h
[INFO] [stderr]   cargo:rerun-if-changed=vendor/CONTRIBUTING.md
[INFO] [stderr]   cargo:rerun-if-changed=vendor/README.md
[INFO] [stderr]   cargo:rerun-if-changed=vendor/cmake/MbedTLSConfig.cmake.in
[INFO] [stderr]   cargo:rerun-if-changed=vendor/LICENSE
[INFO] [stderr]   cargo:rerun-if-changed=vendor/3rdparty/.gitignore
[INFO] [stderr]   cargo:rerun-if-changed=vendor/3rdparty/everest/.gitignore
[INFO] [stderr]   cargo:rerun-if-changed=vendor/3rdparty/everest/Makefile.inc
[INFO] [stderr]   cargo:rerun-if-changed=vendor/3rdparty/everest/CMakeLists.txt
[INFO] [stderr]   cargo:rerun-if-changed=vendor/3rdparty/everest/include/everest/kremlib/FStar_UInt128.h
[INFO] [stderr]   cargo:rerun-if-changed=vendor/3rdparty/everest/include/everest/kremlib/FStar_UInt64_FStar_UInt32_FStar_UInt16_FStar_UInt8.h
[INFO] [stderr]   cargo:rerun-if-changed=vendor/3rdparty/everest/include/everest/vs2010/inttypes.h
[INFO] [stderr]   cargo:rerun-if-changed=vendor/3rdparty/everest/include/everest/vs2010/Hacl_Curve25519.h
[INFO] [stderr]   cargo:rerun-if-changed=vendor/3rdparty/everest/include/everest/vs2010/stdbool.h
[INFO] [stderr]   cargo:rerun-if-changed=vendor/3rdparty/everest/include/everest/kremlin/internal/target.h
[INFO] [stderr]   cargo:rerun-if-changed=vendor/3rdparty/everest/include/everest/kremlin/internal/callconv.h
[INFO] [stderr]   cargo:rerun-if-changed=vendor/3rdparty/everest/include/everest/kremlin/internal/types.h
[INFO] [stderr]   cargo:rerun-if-changed=vendor/3rdparty/everest/include/everest/kremlin/internal/compat.h
[INFO] [stderr]   cargo:rerun-if-changed=vendor/3rdparty/everest/include/everest/kremlin/internal/debug.h
[INFO] [stderr]   cargo:rerun-if-changed=vendor/3rdparty/everest/include/everest/kremlin/internal/wasmsupport.h
[INFO] [stderr]   cargo:rerun-if-changed=vendor/3rdparty/everest/include/everest/kremlin/internal/builtin.h
[INFO] [stderr]   cargo:rerun-if-changed=vendor/3rdparty/everest/include/everest/kremlin/c_endianness.h
[INFO] [stderr]   cargo:rerun-if-changed=vendor/3rdparty/everest/include/everest/Hacl_Curve25519.h
[INFO] [stderr]   cargo:rerun-if-changed=vendor/3rdparty/everest/include/everest/everest.h
[INFO] [stderr]   cargo:rerun-if-changed=vendor/3rdparty/everest/include/everest/x25519.h
[INFO] [stderr]   cargo:rerun-if-changed=vendor/3rdparty/everest/include/everest/kremlib.h
[INFO] [stderr]   cargo:rerun-if-changed=vendor/3rdparty/everest/library/x25519.c
[INFO] [stderr]   cargo:rerun-if-changed=vendor/3rdparty/everest/library/kremlib/FStar_UInt64_FStar_UInt32_FStar_UInt16_FStar_UInt8.c
[INFO] [stderr]   cargo:rerun-if-changed=vendor/3rdparty/everest/library/kremlib/FStar_UInt128_extracted.c
[INFO] [stderr]   cargo:rerun-if-changed=vendor/3rdparty/everest/library/everest.c
[INFO] [stderr]   cargo:rerun-if-changed=vendor/3rdparty/everest/library/Hacl_Curve25519.c
[INFO] [stderr]   cargo:rerun-if-changed=vendor/3rdparty/everest/library/Hacl_Curve25519_joined.c
[INFO] [stderr]   cargo:rerun-if-changed=vendor/3rdparty/everest/library/legacy/Hacl_Curve25519.c
[INFO] [stderr]   cargo:rerun-if-changed=vendor/3rdparty/everest/README.md
[INFO] [stderr]   cargo:rerun-if-changed=vendor/3rdparty/Makefile.inc
[INFO] [stderr]   cargo:rerun-if-changed=vendor/3rdparty/CMakeLists.txt
[INFO] [stderr]   cargo:rerun-if-changed=vendor/scripts/windows_msbuild.bat
[INFO] [stderr]   cargo:rerun-if-changed=vendor/scripts/tmp_ignore_makefiles.sh
[INFO] [stderr]   cargo:rerun-if-changed=vendor/scripts/generate_query_config.pl
[INFO] [stderr]   cargo:rerun-if-changed=vendor/scripts/assemble_changelog.py
[INFO] [stderr]   cargo:rerun-if-changed=vendor/scripts/rm-calloc-cast.cocci
[INFO] [stderr]   cargo:rerun-if-changed=vendor/scripts/make_generated_files.bat
[INFO] [stderr]   cargo:rerun-if-changed=vendor/scripts/ecp_comb_table.py
[INFO] [stderr]   cargo:rerun-if-changed=vendor/scripts/mbedtls_dev/psa_storage.py
[INFO] [stderr]   cargo:rerun-if-changed=vendor/scripts/mbedtls_dev/macro_collector.py
[INFO] [stderr]   cargo:rerun-if-changed=vendor/scripts/mbedtls_dev/build_tree.py
[INFO] [stderr]   cargo:rerun-if-changed=vendor/scripts/mbedtls_dev/test_case.py
[INFO] [stderr]   cargo:rerun-if-changed=vendor/scripts/mbedtls_dev/c_build_helper.py
[INFO] [stderr]   cargo:rerun-if-changed=vendor/scripts/mbedtls_dev/asymmetric_key_data.py
[INFO] [stderr]   cargo:rerun-if-changed=vendor/scripts/mbedtls_dev/typing_util.py
[INFO] [stderr]   cargo:rerun-if-changed=vendor/scripts/mbedtls_dev/crypto_knowledge.py
[INFO] [stderr]   cargo:rerun-if-changed=vendor/scripts/memory.sh
[INFO] [stderr]   cargo:rerun-if-changed=vendor/scripts/apidoc_full.sh
[INFO] [stderr]   cargo:rerun-if-changed=vendor/scripts/config.pl
[INFO] [stderr]   cargo:rerun-if-changed=vendor/scripts/generate_psa_constants.py
[INFO] [stderr]   cargo:rerun-if-changed=vendor/scripts/output_env.sh
[INFO] [stderr]   cargo:rerun-if-changed=vendor/scripts/massif_max.pl
[INFO] [stderr]   cargo:rerun-if-changed=vendor/scripts/generate_errors.pl
[INFO] [stderr]   cargo:rerun-if-changed=vendor/scripts/data_files/query_config.fmt
[INFO] [stderr]   cargo:rerun-if-changed=vendor/scripts/data_files/error.fmt
[INFO] [stderr]   cargo:rerun-if-changed=vendor/scripts/data_files/vs2010-app-template.vcxproj
[INFO] [stderr]   cargo:rerun-if-changed=vendor/scripts/data_files/vs2010-main-template.vcxproj
[INFO] [stderr]   cargo:rerun-if-changed=vendor/scripts/data_files/vs2010-sln-template.sln
[INFO] [stderr]   cargo:rerun-if-changed=vendor/scripts/data_files/vs6-app-template.dsp
[INFO] [stderr]   cargo:rerun-if-changed=vendor/scripts/data_files/vs6-main-template.dsp
[INFO] [stderr]   cargo:rerun-if-changed=vendor/scripts/data_files/vs6-workspace-template.dsw
[INFO] [stderr]   cargo:rerun-if-changed=vendor/scripts/data_files/version_features.fmt
[INFO] [stderr]   cargo:rerun-if-changed=vendor/scripts/ecc-heap.sh
[INFO] [stderr]   cargo:rerun-if-changed=vendor/scripts/footprint.sh
[INFO] [stderr]   cargo:rerun-if-changed=vendor/scripts/bump_version.sh
[INFO] [stderr]   cargo:rerun-if-changed=vendor/scripts/find-mem-leak.cocci
[INFO] [stderr]   cargo:rerun-if-changed=vendor/scripts/generate_features.pl
[INFO] [stderr]   cargo:rerun-if-changed=vendor/scripts/config.py
[INFO] [stderr]   cargo:rerun-if-changed=vendor/scripts/generate_visualc_files.pl
[INFO] [stderr]   cargo:rerun-if-changed=vendor/scripts/abi_check.py
[INFO] [stderr]   cargo:rerun-if-changed=vendor/BUGS.md
[INFO] [stderr]   cargo:rerun-if-changed=vendor/configs/config-thread.h
[INFO] [stderr]   cargo:rerun-if-changed=vendor/configs/config-no-entropy.h
[INFO] [stderr]   cargo:rerun-if-changed=vendor/configs/config-symmetric-only.h
[INFO] [stderr]   cargo:rerun-if-changed=vendor/configs/config-ccm-psk-tls1_2.h
[INFO] [stderr]   cargo:rerun-if-changed=vendor/configs/config-suite-b.h
[INFO] [stderr]   cargo:rerun-if-changed=vendor/configs/README.txt
[INFO] [stderr]   cargo:rerun-if-changed=vendor/dco.txt
[INFO] [stderr]   cargo:rerun-if-changed=vendor/ChangeLog.d/00README.md
[INFO] [stderr]   running: "cmake" "/opt/rustwide/workdir/vendor" "-DCMAKE_INSTALL_PREFIX=/opt/rustwide/target/debug/build/psa-crypto-sys-064f4a551b24374e/out" "-DCMAKE_C_FLAGS= -I/opt/rustwide/target/debug/build/psa-crypto-sys-064f4a551b24374e/out -DMBEDTLS_CONFIG_FILE=\'<config.h>\' -ffunction-sections -fdata-sections -fPIC -m64" "-DCMAKE_C_COMPILER=/usr/bin/cc" "-DCMAKE_CXX_FLAGS= -ffunction-sections -fdata-sections -fPIC -m64" "-DCMAKE_CXX_COMPILER=/usr/bin/c++" "-DCMAKE_ASM_FLAGS= -ffunction-sections -fdata-sections -fPIC -m64" "-DCMAKE_ASM_COMPILER=/usr/bin/cc" "-DCMAKE_BUILD_TYPE=Debug"
[INFO] [stderr]   -- The C compiler identification is GNU 9.3.0
[INFO] [stderr]   -- Check for working C compiler: /usr/bin/cc
[INFO] [stderr]   -- Check for working C compiler: /usr/bin/cc -- works
[INFO] [stderr]   -- Detecting C compiler ABI info
[INFO] [stderr]   -- Detecting C compiler ABI info - done
[INFO] [stderr]   -- Detecting C compile features
[INFO] [stderr]   -- Detecting C compile features - done
[INFO] [stderr]   -- Found Python3: /usr/bin/python3.8 (found version "3.8.10") found components: Interpreter 
[INFO] [stderr]   -- Performing Test C_COMPILER_SUPPORTS_WFORMAT_SIGNEDNESS
[INFO] [stderr]   -- Performing Test C_COMPILER_SUPPORTS_WFORMAT_SIGNEDNESS - Success
[INFO] [stderr]   -- Looking for pthread.h
[INFO] [stderr]   -- Looking for pthread.h - found
[INFO] [stderr]   -- Performing Test CMAKE_HAVE_LIBC_PTHREAD
[INFO] [stderr]   -- Performing Test CMAKE_HAVE_LIBC_PTHREAD - Failed
[INFO] [stderr]   -- Looking for pthread_create in pthreads
[INFO] [stderr]   -- Looking for pthread_create in pthreads - not found
[INFO] [stderr]   -- Looking for pthread_create in pthread
[INFO] [stderr]   -- Looking for pthread_create in pthread - found
[INFO] [stderr]   -- Found Threads: TRUE  
[INFO] [stderr]   -- Configuring done
[INFO] [stderr]   -- Generating done
[INFO] [stderr]   -- Build files have been written to: /opt/rustwide/target/debug/build/psa-crypto-sys-064f4a551b24374e/out/build
[INFO] [stderr]   running: "cmake" "--build" "." "--target" "install" "--config" "Debug" "--"
[INFO] [stderr]   Scanning dependencies of target mbedtls_test
[INFO] [stderr]   [  0%] Building C object CMakeFiles/mbedtls_test.dir/tests/src/certs.c.o
[INFO] [stderr]   [  1%] Building C object CMakeFiles/mbedtls_test.dir/tests/src/asn1_helpers.c.o
[INFO] [stderr]   [  1%] Building C object CMakeFiles/mbedtls_test.dir/tests/src/drivers/hash.c.o
[INFO] [stderr]   [  1%] Building C object CMakeFiles/mbedtls_test.dir/tests/src/drivers/platform_builtin_keys.c.o
[INFO] [stderr]   [  1%] Building C object CMakeFiles/mbedtls_test.dir/tests/src/drivers/test_driver_key_management.c.o
[INFO] [stderr]   [  1%] Building C object CMakeFiles/mbedtls_test.dir/tests/src/drivers/test_driver_aead.c.o
[INFO] [stderr]   [  2%] Building C object CMakeFiles/mbedtls_test.dir/tests/src/drivers/test_driver_mac.c.o
[INFO] [stderr]   [  2%] Building C object CMakeFiles/mbedtls_test.dir/tests/src/fake_external_rng_for_test.c.o
[INFO] [stderr]   [  3%] Building C object CMakeFiles/mbedtls_test.dir/tests/src/drivers/test_driver_cipher.c.o
[INFO] [stderr]   [  3%] Building C object CMakeFiles/mbedtls_test.dir/tests/src/drivers/test_driver_size.c.o
[INFO] [stderr]   [  3%] Building C object CMakeFiles/mbedtls_test.dir/tests/src/drivers/test_driver_signature.c.o
[INFO] [stderr]   [  3%] Building C object CMakeFiles/mbedtls_test.dir/tests/src/helpers.c.o
[INFO] [stderr]   [  3%] Building C object CMakeFiles/mbedtls_test.dir/tests/src/psa_crypto_helpers.c.o
[INFO] [stderr]   Scanning dependencies of target mbedcrypto
[INFO] [stderr]   [  3%] Building C object CMakeFiles/mbedtls_test.dir/tests/src/random.c.o
[INFO] [stderr]   [  3%] Building C object CMakeFiles/mbedtls_test.dir/tests/src/psa_exercise_key.c.o
[INFO] [stderr]   [  3%] Building C object CMakeFiles/mbedtls_test.dir/tests/src/threading_helpers.c.o
[INFO] [stderr]   [  4%] Building C object library/CMakeFiles/mbedcrypto.dir/asn1parse.c.o
[INFO] [stderr]   [  4%] Building C object library/CMakeFiles/mbedcrypto.dir/aria.c.o
[INFO] [stderr]   [  4%] Building C object library/CMakeFiles/mbedcrypto.dir/aesni.c.o
[INFO] [stderr]   [  4%] Building C object library/CMakeFiles/mbedcrypto.dir/bignum.c.o
[INFO] [stderr]   [  4%] Building C object library/CMakeFiles/mbedcrypto.dir/aes.c.o
[INFO] [stderr]   [  5%] Building C object library/CMakeFiles/mbedcrypto.dir/asn1write.c.o
[INFO] [stderr]   [  5%] Building C object library/CMakeFiles/mbedcrypto.dir/base64.c.o
[INFO] [stderr]   [  5%] Building C object library/CMakeFiles/mbedcrypto.dir/ccm.c.o
[INFO] [stderr]   [  5%] Building C object library/CMakeFiles/mbedcrypto.dir/camellia.c.o
[INFO] [stderr]   [  5%] Building C object library/CMakeFiles/mbedcrypto.dir/chachapoly.c.o
[INFO] [stderr]   [  5%] Building C object library/CMakeFiles/mbedcrypto.dir/cipher_wrap.c.o
[INFO] [stderr]   [  5%] Building C object library/CMakeFiles/mbedcrypto.dir/ctr_drbg.c.o
[INFO] [stderr]   [  5%] Building C object library/CMakeFiles/mbedcrypto.dir/cmac.c.o
[INFO] [stderr]   [  5%] Building C object library/CMakeFiles/mbedcrypto.dir/chacha20.c.o
[INFO] [stderr]   [  6%] Building C object library/CMakeFiles/mbedcrypto.dir/cipher.c.o
[INFO] [stderr]   [  7%] Building C object library/CMakeFiles/mbedcrypto.dir/ecdh.c.o
[INFO] [stderr]   [  7%] Building C object library/CMakeFiles/mbedcrypto.dir/des.c.o
[INFO] [stderr]   [  7%] Building C object library/CMakeFiles/mbedcrypto.dir/dhm.c.o
[INFO] [stderr]   [  7%] Building C object library/CMakeFiles/mbedcrypto.dir/ecp.c.o
[INFO] [stderr]   [  7%] Building C object library/CMakeFiles/mbedcrypto.dir/ecjpake.c.o
[INFO] [stderr]   [  7%] Building C object library/CMakeFiles/mbedcrypto.dir/ecdsa.c.o
[INFO] [stderr]   [  7%] Building C object library/CMakeFiles/mbedcrypto.dir/entropy_poll.c.o
[INFO] [stderr]   [  8%] Building C object library/CMakeFiles/mbedcrypto.dir/error.c.o
[INFO] [stderr]   [  8%] Building C object library/CMakeFiles/mbedcrypto.dir/entropy.c.o
[INFO] [stderr]   [  8%] Building C object library/CMakeFiles/mbedcrypto.dir/ecp_curves.c.o
[INFO] [stderr]   [  8%] Building C object library/CMakeFiles/mbedcrypto.dir/memory_buffer_alloc.c.o
[INFO] [stderr]   [  9%] Building C object library/CMakeFiles/mbedcrypto.dir/md.c.o
[INFO] [stderr]   [  9%] Building C object library/CMakeFiles/mbedcrypto.dir/hkdf.c.o
[INFO] [stderr]   [  9%] Building C object library/CMakeFiles/mbedcrypto.dir/md5.c.o
[INFO] [stderr]   [  9%] Building C object library/CMakeFiles/mbedcrypto.dir/hmac_drbg.c.o
[INFO] [stderr]   [  9%] Building C object library/CMakeFiles/mbedcrypto.dir/gcm.c.o
[INFO] [stderr]   [  9%] Building C object library/CMakeFiles/mbedcrypto.dir/nist_kw.c.o
[INFO] [stderr]   [  9%] Building C object library/CMakeFiles/mbedcrypto.dir/pk_wrap.c.o
[INFO] [stderr]   [  9%] Building C object library/CMakeFiles/mbedcrypto.dir/pk.c.o
[INFO] [stderr]   [  9%] Building C object library/CMakeFiles/mbedcrypto.dir/mps_trace.c.o
[INFO] [stderr]   [  9%] Building C object library/CMakeFiles/mbedcrypto.dir/padlock.c.o
[INFO] [stderr]   [  9%] Building C object library/CMakeFiles/mbedcrypto.dir/oid.c.o
[INFO] [stderr]   [ 10%] Building C object library/CMakeFiles/mbedcrypto.dir/pem.c.o
[INFO] [stderr]   [ 11%] Building C object library/CMakeFiles/mbedcrypto.dir/mps_reader.c.o
[INFO] [stderr]   [ 11%] Building C object library/CMakeFiles/mbedcrypto.dir/pkcs12.c.o
[INFO] [stderr]   [ 11%] Building C object library/CMakeFiles/mbedcrypto.dir/pkcs5.c.o
[INFO] [stderr]   [ 12%] Building C object library/CMakeFiles/mbedcrypto.dir/pkparse.c.o
[INFO] [stderr]   [ 12%] Building C object library/CMakeFiles/mbedcrypto.dir/pkwrite.c.o
[INFO] [stderr]   [ 12%] Building C object library/CMakeFiles/mbedcrypto.dir/platform_util.c.o
[INFO] [stderr]   [ 12%] Building C object library/CMakeFiles/mbedcrypto.dir/platform.c.o
[INFO] [stderr]   [ 12%] Building C object library/CMakeFiles/mbedcrypto.dir/poly1305.c.o
[INFO] [stderr]   [ 13%] Building C object library/CMakeFiles/mbedcrypto.dir/psa_crypto_aead.c.o
[INFO] [stderr]   [ 13%] Building C object library/CMakeFiles/mbedcrypto.dir/psa_crypto_cipher.c.o
[INFO] [stderr]   [ 13%] Building C object library/CMakeFiles/mbedcrypto.dir/psa_crypto.c.o
[INFO] [stderr]   [ 13%] Building C object library/CMakeFiles/mbedcrypto.dir/psa_crypto_driver_wrappers.c.o
[INFO] [stderr]   [ 13%] Building C object library/CMakeFiles/mbedcrypto.dir/psa_crypto_client.c.o
[INFO] [stderr]   [ 13%] Building C object library/CMakeFiles/mbedcrypto.dir/psa_crypto_rsa.c.o
[INFO] [stderr]   [ 13%] Building C object library/CMakeFiles/mbedcrypto.dir/psa_crypto_mac.c.o
[INFO] [stderr]   [ 14%] Building C object library/CMakeFiles/mbedcrypto.dir/psa_crypto_hash.c.o
[INFO] [stderr]   [ 14%] Building C object library/CMakeFiles/mbedcrypto.dir/psa_crypto_ecp.c.o
[INFO] [stderr]   [ 14%] Building C object library/CMakeFiles/mbedcrypto.dir/psa_crypto_se.c.o
[INFO] [stderr]   [ 14%] Building C object library/CMakeFiles/mbedcrypto.dir/psa_crypto_slot_management.c.o
[INFO] [stderr]   [ 15%] Building C object library/CMakeFiles/mbedcrypto.dir/psa_crypto_storage.c.o
[INFO] [stderr]   [ 15%] Building C object library/CMakeFiles/mbedcrypto.dir/psa_its_file.c.o
[INFO] [stderr]   [ 15%] Building C object library/CMakeFiles/mbedcrypto.dir/ripemd160.c.o
[INFO] [stderr]   [ 15%] Building C object library/CMakeFiles/mbedcrypto.dir/rsa.c.o
[INFO] [stderr]   [ 16%] Building C object library/CMakeFiles/mbedcrypto.dir/rsa_alt_helpers.c.o
[INFO] [stderr]   [ 16%] Building C object library/CMakeFiles/mbedcrypto.dir/sha512.c.o
[INFO] [stderr]   [ 16%] Building C object library/CMakeFiles/mbedcrypto.dir/threading.c.o
[INFO] [stderr]   [ 16%] Building C object library/CMakeFiles/mbedcrypto.dir/timing.c.o
[INFO] [stderr]   [ 16%] Building C object library/CMakeFiles/mbedcrypto.dir/sha256.c.o
[INFO] [stderr]   [ 16%] Building C object library/CMakeFiles/mbedcrypto.dir/sha1.c.o
[INFO] [stderr]   [ 16%] Building C object library/CMakeFiles/mbedcrypto.dir/version_features.c.o
[INFO] [stderr]   [ 17%] Building C object library/CMakeFiles/mbedcrypto.dir/version.c.o
[INFO] [stderr]   [ 17%] Built target mbedtls_test
[INFO] [stderr]   [ 17%] Linking C static library libmbedcrypto.a
[INFO] [stderr]   [ 17%] Built target mbedcrypto
[INFO] [stderr]   Scanning dependencies of target hello
[INFO] [stderr]   Scanning dependencies of target generic_sum
[INFO] [stderr]   Scanning dependencies of target rsa_genkey
[INFO] [stderr]   Scanning dependencies of target rsa_verify
[INFO] [stderr]   Scanning dependencies of target dh_genprime
[INFO] [stderr]   Scanning dependencies of target rsa_decrypt
[INFO] [stderr]   Scanning dependencies of target ecdh_curve25519
[INFO] [stderr]   Scanning dependencies of target mpi_demo
[INFO] [stderr]   Scanning dependencies of target rsa_encrypt
[INFO] [stderr]   Scanning dependencies of target rsa_verify_pss
[INFO] [stderr]   Scanning dependencies of target mbedx509
[INFO] [stderr]   [ 17%] Building C object programs/hash/CMakeFiles/hello.dir/hello.c.o
[INFO] [stderr]   Scanning dependencies of target ecdsa
[INFO] [stderr]   Scanning dependencies of target rsa_sign
[INFO] [stderr]   [ 17%] Building C object programs/pkey/CMakeFiles/rsa_decrypt.dir/rsa_decrypt.c.o
[INFO] [stderr]   [ 17%] Building C object programs/pkey/CMakeFiles/dh_genprime.dir/dh_genprime.c.o
[INFO] [stderr]   [ 17%] Building C object programs/pkey/CMakeFiles/ecdh_curve25519.dir/ecdh_curve25519.c.o
[INFO] [stderr]   Scanning dependencies of target gen_key
[INFO] [stderr]   [ 18%] Building C object programs/pkey/CMakeFiles/mpi_demo.dir/mpi_demo.c.o
[INFO] [stderr]   [ 19%] Building C object library/CMakeFiles/mbedx509.dir/x509.c.o
[INFO] [stderr]   [ 20%] Building C object programs/hash/CMakeFiles/generic_sum.dir/generic_sum.c.o
[INFO] [stderr]   [ 21%] Building C object programs/pkey/CMakeFiles/rsa_verify_pss.dir/rsa_verify_pss.c.o
[INFO] [stderr]   [ 21%] Building C object programs/pkey/CMakeFiles/rsa_verify.dir/rsa_verify.c.o
[INFO] [stderr]   [ 21%] Building C object library/CMakeFiles/mbedx509.dir/x509_crl.c.o
[INFO] [stderr]   Scanning dependencies of target pk_decrypt
[INFO] [stderr]   Scanning dependencies of target pk_sign
[INFO] [stderr]   Scanning dependencies of target key_app_writer
[INFO] [stderr]   [ 22%] Building C object library/CMakeFiles/mbedx509.dir/x509_crt.c.o
[INFO] [stderr]   [ 22%] Building C object programs/pkey/CMakeFiles/rsa_sign.dir/rsa_sign.c.o
[INFO] [stderr]   [ 22%] Building C object library/CMakeFiles/mbedx509.dir/x509_csr.c.o
[INFO] [stderr]   Scanning dependencies of target pk_encrypt
[INFO] [stderr]   Scanning dependencies of target crypt_and_hash
[INFO] [stderr]   [ 22%] Building C object library/CMakeFiles/mbedx509.dir/x509_create.c.o
[INFO] [stderr]   [ 22%] Building C object library/CMakeFiles/mbedx509.dir/x509write_csr.c.o
[INFO] [stderr]   [ 22%] Building C object programs/pkey/CMakeFiles/rsa_encrypt.dir/rsa_encrypt.c.o
[INFO] [stderr]   Scanning dependencies of target rsa_sign_pss
[INFO] [stderr]   Scanning dependencies of target key_app
[INFO] [stderr]   Scanning dependencies of target benchmark
[INFO] [stderr]   Scanning dependencies of target zeroize
[INFO] [stderr]   Scanning dependencies of target key_ladder_demo
[INFO] [stderr]   Scanning dependencies of target gen_random_ctr_drbg
[INFO] [stderr]   [ 23%] Building C object library/CMakeFiles/mbedx509.dir/x509write_crt.c.o
[INFO] [stderr]   Scanning dependencies of target strerror
[INFO] [stderr]   [ 23%] Building C object programs/pkey/CMakeFiles/gen_key.dir/gen_key.c.o
[INFO] [stderr]   [ 23%] Building C object programs/pkey/CMakeFiles/ecdsa.dir/ecdsa.c.o
[INFO] [stderr]   Scanning dependencies of target gen_entropy
[INFO] [stderr]   Scanning dependencies of target pem2der
[INFO] [stderr]   Scanning dependencies of target pk_verify
[INFO] [stderr]   [ 23%] Building C object programs/pkey/CMakeFiles/pk_sign.dir/pk_sign.c.o
[INFO] [stderr]   Scanning dependencies of target crypto_examples
[INFO] [stderr]   Scanning dependencies of target psa_constant_names
[INFO] [stderr]   [ 24%] Building C object programs/pkey/CMakeFiles/rsa_genkey.dir/rsa_genkey.c.o
[INFO] [stderr]   [ 24%] Building C object programs/aes/CMakeFiles/crypt_and_hash.dir/crypt_and_hash.c.o
[INFO] [stderr]   [ 24%] Building C object programs/psa/CMakeFiles/key_ladder_demo.dir/key_ladder_demo.c.o
[INFO] [stderr]   [ 24%] Building C object programs/pkey/CMakeFiles/rsa_sign_pss.dir/rsa_sign_pss.c.o
[INFO] [stderr]   Scanning dependencies of target query_compile_time_config
[INFO] [stderr]   [ 24%] Building C object programs/test/CMakeFiles/zeroize.dir/zeroize.c.o
[INFO] [stderr]   [ 24%] Building C object programs/random/CMakeFiles/gen_entropy.dir/gen_entropy.c.o
[INFO] [stderr]   [ 24%] Building C object programs/pkey/CMakeFiles/pk_encrypt.dir/pk_encrypt.c.o
[INFO] [stderr]   [ 24%] Building C object programs/test/CMakeFiles/benchmark.dir/benchmark.c.o
[INFO] [stderr]   [ 24%] Building C object programs/pkey/CMakeFiles/pk_decrypt.dir/pk_decrypt.c.o
[INFO] [stderr]   [ 24%] Building C object programs/pkey/CMakeFiles/key_app_writer.dir/key_app_writer.c.o
[INFO] [stderr]   [ 24%] Building C object programs/pkey/CMakeFiles/key_app.dir/key_app.c.o
[INFO] [stderr]   [ 24%] Building C object programs/util/CMakeFiles/strerror.dir/strerror.c.o
[INFO] [stderr]   [ 25%] Building C object programs/pkey/CMakeFiles/pk_verify.dir/pk_verify.c.o
[INFO] [stderr]   [ 25%] Building C object programs/random/CMakeFiles/gen_random_ctr_drbg.dir/gen_random_ctr_drbg.c.o
[INFO] [stderr]   [ 25%] Building C object programs/psa/CMakeFiles/crypto_examples.dir/crypto_examples.c.o
[INFO] [stderr]   [ 25%] Building C object programs/test/CMakeFiles/query_compile_time_config.dir/query_compile_time_config.c.o
[INFO] [stderr]   [ 25%] Building C object programs/util/CMakeFiles/pem2der.dir/pem2der.c.o
[INFO] [stderr]   [ 26%] Building C object programs/test/CMakeFiles/query_compile_time_config.dir/query_config.c.o
[INFO] [stderr]   [ 27%] Linking C executable rsa_decrypt
[INFO] [stderr]   [ 27%] Linking C executable hello
[INFO] [stderr]   [ 27%] Linking C static library libmbedx509.a
[INFO] [stderr]   [ 27%] Building C object programs/psa/CMakeFiles/psa_constant_names.dir/psa_constant_names.c.o
[INFO] [stderr]   [ 27%] Linking C executable dh_genprime
[INFO] [stderr]   [ 27%] Linking C executable gen_key
[INFO] [stderr]   [ 27%] Linking C executable rsa_encrypt
[INFO] [stderr]   [ 28%] Linking C executable ecdh_curve25519
[INFO] [stderr]   [ 28%] Linking C executable rsa_verify
[INFO] [stderr]   [ 28%] Linking C executable pk_sign
[INFO] [stderr]   [ 29%] Linking C executable ecdsa
[INFO] [stderr]   [ 29%] Linking C executable pem2der
[INFO] [stderr]   [ 29%] Linking C executable rsa_verify_pss
[INFO] [stderr]   [ 29%] Linking C executable gen_random_ctr_drbg
[INFO] [stderr]   [ 29%] Linking C executable key_app
[INFO] [stderr]   [ 29%] Linking C executable rsa_sign_pss
[INFO] [stderr]   [ 29%] Linking C executable rsa_genkey
[INFO] [stderr]   [ 30%] Linking C executable pk_verify
[INFO] [stderr]   [ 30%] Linking C executable pk_decrypt
[INFO] [stderr]   [ 31%] Linking C executable strerror
[INFO] [stderr]   [ 32%] Linking C executable zeroize
[INFO] [stderr]   [ 32%] Linking C executable rsa_sign
[INFO] [stderr]   [ 32%] Linking C executable mpi_demo
[INFO] [stderr]   [ 32%] Linking C executable crypt_and_hash
[INFO] [stderr]   [ 33%] Linking C executable gen_entropy
[INFO] [stderr]   [ 33%] Linking C executable pk_encrypt
[INFO] [stderr]   [ 33%] Linking C executable key_ladder_demo
[INFO] [stderr]   [ 33%] Linking C executable query_compile_time_config
[INFO] [stderr]   [ 33%] Linking C executable crypto_examples
[INFO] [stderr]   [ 33%] Linking C executable key_app_writer
[INFO] [stderr]   [ 33%] Linking C executable benchmark
[INFO] [stderr]   [ 33%] Linking C executable psa_constant_names
[INFO] [stderr]   [ 33%] Linking C executable generic_sum
[INFO] [stderr]   [ 33%] Built target mbedx509
[INFO] [stderr]   Scanning dependencies of target req_app
[INFO] [stderr]   Scanning dependencies of target mbedtls
[INFO] [stderr]   Scanning dependencies of target crl_app
[INFO] [stderr]   [ 33%] Built target hello
[INFO] [stderr]   [ 33%] Building C object programs/x509/CMakeFiles/crl_app.dir/crl_app.c.o
[INFO] [stderr]   Scanning dependencies of target cert_req
[INFO] [stderr]   [ 33%] Built target ecdh_curve25519
[INFO] [stderr]   [ 33%] Building C object library/CMakeFiles/mbedtls.dir/ssl_cli.c.o
[INFO] [stderr]   [ 33%] Building C object programs/x509/CMakeFiles/req_app.dir/req_app.c.o
[INFO] [stderr]   [ 33%] Building C object library/CMakeFiles/mbedtls.dir/net_sockets.c.o
[INFO] [stderr]   Scanning dependencies of target cert_write
[INFO] [stderr]   [ 33%] Built target rsa_encrypt
[INFO] [stderr]   [ 34%] Building C object library/CMakeFiles/mbedtls.dir/ssl_cache.c.o
[INFO] [stderr]   [ 35%] Building C object library/CMakeFiles/mbedtls.dir/ssl_srv.c.o
[INFO] [stderr]   [ 35%] Building C object library/CMakeFiles/mbedtls.dir/ssl_cookie.c.o
[INFO] [stderr]   [ 35%] Building C object programs/x509/CMakeFiles/cert_req.dir/cert_req.c.o
[INFO] [stderr]   [ 35%] Building C object library/CMakeFiles/mbedtls.dir/ssl_msg.c.o
[INFO] [stderr]   [ 35%] Building C object library/CMakeFiles/mbedtls.dir/debug.c.o
[INFO] [stderr]   [ 35%] Built target gen_key
[INFO] [stderr]   [ 35%] Building C object library/CMakeFiles/mbedtls.dir/ssl_ciphersuites.c.o
[INFO] [stderr]   [ 35%] Building C object library/CMakeFiles/mbedtls.dir/ssl_ticket.c.o
[INFO] [stderr]   [ 35%] Built target rsa_decrypt
[INFO] [stderr]   [ 35%] Building C object library/CMakeFiles/mbedtls.dir/ssl_tls13_keys.c.o
[INFO] [stderr]   [ 35%] Building C object library/CMakeFiles/mbedtls.dir/ssl_tls.c.o
[INFO] [stderr]   [ 35%] Building C object programs/x509/CMakeFiles/cert_write.dir/cert_write.c.o
[INFO] [stderr]   [ 35%] Built target pk_verify
[INFO] [stderr]   [ 35%] Built target strerror
[INFO] [stderr]   [ 35%] Built target rsa_genkey
[INFO] [stderr]   [ 35%] Built target key_ladder_demo
[INFO] [stderr]   [ 35%] Built target key_app
[INFO] [stderr]   [ 35%] Built target dh_genprime
[INFO] [stderr]   [ 35%] Built target gen_entropy
[INFO] [stderr]   [ 35%] Built target gen_random_ctr_drbg
[INFO] [stderr]   [ 35%] Built target ecdsa
[INFO] [stderr]   [ 35%] Built target rsa_sign_pss
[INFO] [stderr]   [ 35%] Built target pk_decrypt
[INFO] [stderr]   [ 35%] Built target benchmark
[INFO] [stderr]   [ 35%] Built target pem2der
[INFO] [stderr]   [ 35%] Built target crypt_and_hash
[INFO] [stderr]   [ 35%] Linking C executable crl_app
[INFO] [stderr]   [ 35%] Built target rsa_verify
[INFO] [stderr]   [ 35%] Built target pk_sign
[INFO] [stderr]   [ 35%] Built target rsa_verify_pss
[INFO] [stderr]   [ 35%] Linking C executable req_app
[INFO] [stderr]   [ 36%] Linking C executable cert_req
[INFO] [stderr]   [ 36%] Built target crypto_examples
[INFO] [stderr]   [ 36%] Built target pk_encrypt
[INFO] [stderr]   [ 36%] Built target generic_sum
[INFO] [stderr]   [ 36%] Linking C static library libmbedtls.a
[INFO] [stderr]   [ 36%] Built target psa_constant_names
[INFO] [stderr]   [ 36%] Built target zeroize
[INFO] [stderr]   [ 36%] Built target query_compile_time_config
[INFO] [stderr]   [ 36%] Built target rsa_sign
[INFO] [stderr]   [ 36%] Linking C executable cert_write
[INFO] [stderr]   [ 36%] Built target key_app_writer
[INFO] [stderr]   [ 36%] Built target mpi_demo
[INFO] [stderr]   [ 36%] Built target mbedtls
[INFO] [stderr]   Scanning dependencies of target fuzz_privkey
[INFO] [stderr]   Scanning dependencies of target fuzz_pubkey
[INFO] [stderr]   Scanning dependencies of target fuzz_dtlsserver
[INFO] [stderr]   Scanning dependencies of target ssl_pthread_server
[INFO] [stderr]   Scanning dependencies of target dtls_client
[INFO] [stderr]   Scanning dependencies of target fuzz_x509csr
[INFO] [stderr]   Scanning dependencies of target fuzz_server
[INFO] [stderr]   [ 36%] Generating test_suite_version.c
[INFO] [stderr]   Scanning dependencies of target mini_client
[INFO] [stderr]   Scanning dependencies of target dh_client
[INFO] [stderr]   Scanning dependencies of target fuzz_dtlsclient
[INFO] [stderr]   Scanning dependencies of target fuzz_x509crl
[INFO] [stderr]   Scanning dependencies of target dh_server
[INFO] [stderr]   [ 36%] Generating test_suite_x509write.c
[INFO] [stderr]   Scanning dependencies of target fuzz_x509crt
[INFO] [stderr]   Scanning dependencies of target fuzz_client
[INFO] [stderr]   Scanning dependencies of target ssl_context_info
[INFO] [stderr]   [ 36%] Generating test_suite_ssl.c
[INFO] [stderr]   [ 36%] Generating test_suite_rsa.c
[INFO] [stderr]   Scanning dependencies of target dtls_server
[INFO] [stderr]   Scanning dependencies of target ssl_fork_server
[INFO] [stderr]   [ 37%] Generating test_suite_timing.c
[INFO] [stderr]   [ 37%] Generating test_suite_psa_crypto_storage_format.misc.c
[INFO] [stderr]   [ 37%] Generating test_suite_psa_crypto_storage_format.v0.c
[INFO] [stderr]   Scanning dependencies of target selftest
[INFO] [stderr]   [ 38%] Building C object programs/fuzz/CMakeFiles/fuzz_pubkey.dir/onefile.c.o
[INFO] [stderr]   [ 38%] Building C object programs/ssl/CMakeFiles/dtls_client.dir/dtls_client.c.o
[INFO] [stderr]   Scanning dependencies of target ssl_server
[INFO] [stderr]   Scanning dependencies of target udp_proxy
[INFO] [stderr]   Scanning dependencies of target cert_app
[INFO] [stderr]   [ 38%] Generating test_suite_psa_crypto_se_driver_hal_mocks.c
[INFO] [stderr]   [ 38%] Building C object programs/fuzz/CMakeFiles/fuzz_privkey.dir/onefile.c.o
[INFO] [stderr]   Scanning dependencies of target ssl_server2
[INFO] [stderr]   [ 39%] Building C object programs/fuzz/CMakeFiles/fuzz_privkey.dir/fuzz_privkey.c.o
[INFO] [stderr]   Scanning dependencies of target ssl_client1
[INFO] [stderr]   [ 39%] Building C object programs/fuzz/CMakeFiles/fuzz_client.dir/fuzz_client.c.o
[INFO] [stderr]   Scanning dependencies of target ssl_mail_client
[INFO] [stderr]   [ 39%] Building C object programs/fuzz/CMakeFiles/fuzz_client.dir/onefile.c.o
[INFO] [stderr]   [ 39%] Building C object programs/fuzz/CMakeFiles/fuzz_x509csr.dir/fuzz_x509csr.c.o
[INFO] [stderr]   [ 39%] Building C object programs/pkey/CMakeFiles/dh_server.dir/dh_server.c.o
[INFO] [stderr]   [ 39%] Building C object programs/fuzz/CMakeFiles/fuzz_pubkey.dir/fuzz_pubkey.c.o
[INFO] [stderr]   [ 39%] Building C object programs/pkey/CMakeFiles/dh_client.dir/dh_client.c.o
[INFO] [stderr]   [ 39%] Generating test_suite_psa_crypto_not_supported.misc.c
[INFO] [stderr]   [ 39%] Building C object programs/fuzz/CMakeFiles/fuzz_privkey.dir/common.c.o
[INFO] [stderr]   [ 39%] Building C object programs/fuzz/CMakeFiles/fuzz_server.dir/fuzz_server.c.o
[INFO] [stderr]   [ 39%] Building C object programs/fuzz/CMakeFiles/fuzz_x509crl.dir/onefile.c.o
[INFO] [stderr]   [ 39%] Building C object programs/fuzz/CMakeFiles/fuzz_x509csr.dir/onefile.c.o
[INFO] [stderr]   Scanning dependencies of target ssl_client2
[INFO] [stderr]   [ 40%] Building C object programs/fuzz/CMakeFiles/fuzz_client.dir/common.c.o
[INFO] [stderr]   [ 40%] Building C object programs/fuzz/CMakeFiles/fuzz_server.dir/onefile.c.o
[INFO] [stderr]   [ 40%] Building C object programs/ssl/CMakeFiles/ssl_pthread_server.dir/ssl_pthread_server.c.o
[INFO] [stderr]   [ 40%] Building C object programs/fuzz/CMakeFiles/fuzz_dtlsserver.dir/onefile.c.o
[INFO] [stderr]   [ 40%] Building C object programs/fuzz/CMakeFiles/fuzz_x509crt.dir/fuzz_x509crt.c.o
[INFO] [stderr]   [ 40%] Building C object programs/fuzz/CMakeFiles/fuzz_dtlsclient.dir/onefile.c.o
[INFO] [stderr]   [ 41%] Building C object programs/fuzz/CMakeFiles/fuzz_x509crl.dir/fuzz_x509crl.c.o
[INFO] [stderr]   [ 41%] Building C object programs/fuzz/CMakeFiles/fuzz_server.dir/common.c.o
[INFO] [stderr]   [ 41%] Building C object programs/fuzz/CMakeFiles/fuzz_dtlsserver.dir/fuzz_dtlsserver.c.o
[INFO] [stderr]   [ 41%] Building C object programs/fuzz/CMakeFiles/fuzz_dtlsclient.dir/common.c.o
[INFO] [stderr]   [ 42%] Generating test_suite_psa_crypto_persistent_key.c
[INFO] [stderr]   [ 42%] Building C object programs/fuzz/CMakeFiles/fuzz_dtlsserver.dir/common.c.o
[INFO] [stderr]   [ 42%] Building C object programs/ssl/CMakeFiles/mini_client.dir/mini_client.c.o
[INFO] [stderr]   [ 42%] Building C object programs/ssl/CMakeFiles/dtls_server.dir/dtls_server.c.o
[INFO] [stderr]   [ 42%] Building C object programs/ssl/CMakeFiles/ssl_fork_server.dir/ssl_fork_server.c.o
[INFO] [stderr]   [ 42%] Building C object programs/fuzz/CMakeFiles/fuzz_x509crt.dir/onefile.c.o
[INFO] [stderr]   [ 42%] Building C object programs/ssl/CMakeFiles/ssl_server.dir/ssl_server.c.o
[INFO] [stderr]   [ 42%] Building C object programs/ssl/CMakeFiles/ssl_client1.dir/ssl_client1.c.o
[INFO] [stderr]   [ 42%] Generating test_suite_psa_crypto_not_supported.generated.c
[INFO] [stderr]   [ 43%] Building C object programs/ssl/CMakeFiles/ssl_context_info.dir/ssl_context_info.c.o
[INFO] [stderr]   [ 43%] Building C object programs/fuzz/CMakeFiles/fuzz_dtlsclient.dir/fuzz_dtlsclient.c.o
[INFO] [stderr]   Scanning dependencies of target test_suite_version
[INFO] [stderr]   [ 43%] Building C object programs/ssl/CMakeFiles/ssl_mail_client.dir/ssl_mail_client.c.o
[INFO] [stderr]   Scanning dependencies of target test_suite_psa_crypto_storage_format.misc
[INFO] [stderr]   [ 43%] Building C object programs/ssl/CMakeFiles/ssl_server2.dir/ssl_test_lib.c.o
[INFO] [stderr]   [ 43%] Building C object programs/ssl/CMakeFiles/ssl_client2.dir/ssl_client2.c.o
[INFO] [stderr]   [ 43%] Building C object programs/test/CMakeFiles/selftest.dir/selftest.c.o
[INFO] [stderr]   [ 44%] Building C object programs/ssl/CMakeFiles/ssl_server2.dir/ssl_server2.c.o
[INFO] [stderr]   Scanning dependencies of target test_suite_timing
[INFO] [stderr]   [ 44%] Building C object programs/ssl/CMakeFiles/ssl_server2.dir/__/test/query_config.c.o
[INFO] [stderr]   [ 44%] Building C object programs/test/CMakeFiles/udp_proxy.dir/udp_proxy.c.o
[INFO] [stderr]   [ 44%] Built target req_app
[INFO] [stderr]   [ 44%] Building C object tests/CMakeFiles/test_suite_version.dir/test_suite_version.c.o
[INFO] [stderr]   Scanning dependencies of target test_suite_psa_crypto_not_supported.misc
[INFO] [stderr]   [ 44%] Generating test_suite_pkcs1_v21.c
[INFO] [stderr]   [ 44%] Generating test_suite_random.c
[INFO] [stderr]   [ 44%] Generating test_suite_pkcs1_v15.c
[INFO] [stderr]   [ 45%] Generating test_suite_poly1305.c
[INFO] [stderr]   [ 45%] Generating test_suite_hkdf.c
[INFO] [stderr]   [ 45%] Generating test_suite_cmac.c
[INFO] [stderr]   [ 46%] Generating test_suite_cipher.nist_kw.c
[INFO] [stderr]   Scanning dependencies of target test_suite_psa_crypto_persistent_key
[INFO] [stderr]   [ 46%] Generating test_suite_psa_crypto_se_driver_hal.c
[INFO] [stderr]   [ 46%] Generating test_suite_base64.c
[INFO] [stderr]   [ 46%] Generating test_suite_psa_crypto_metadata.c
[INFO] [stderr]   [ 46%] Generating test_suite_aes.ecb.c
[INFO] [stderr]   [ 46%] Generating test_suite_cipher.des.c
[INFO] [stderr]   [ 46%] Generating test_suite_cipher.aes.c
[INFO] [stderr]   [ 46%] Generating test_suite_cipher.ccm.c
[INFO] [stderr]   [ 47%] Generating test_suite_pkparse.c
[INFO] [stderr]   [ 47%] Linking C executable dh_server
[INFO] [stderr]   [ 47%] Generating test_suite_gcm.aes192_en.c
[INFO] [stderr]   [ 47%] Generating test_suite_mdx.c
[INFO] [stderr]   [ 47%] Building C object programs/x509/CMakeFiles/cert_app.dir/cert_app.c.o
[INFO] [stderr]   [ 48%] Generating test_suite_gcm.aes256_en.c
[INFO] [stderr]   [ 48%] Generating test_suite_cipher.camellia.c
[INFO] [stderr]   [ 48%] Generating test_suite_x509parse.c
[INFO] [stderr]   [ 48%] Generating test_suite_chacha20.c
[INFO] [stderr]   [ 48%] Generating test_suite_asn1parse.c
[INFO] [stderr]   [ 48%] Generating test_suite_ecdsa.c
[INFO] [stderr]   [ 48%] Generating test_suite_hmac_drbg.no_reseed.c
[INFO] [stderr]   [ 48%] Generating test_suite_hmac_drbg.pr.c
[INFO] [stderr]   [ 48%] Generating test_suite_dhm.c
[INFO] [stderr]   [ 48%] Building C object tests/CMakeFiles/test_suite_timing.dir/test_suite_timing.c.o
[INFO] [stderr]   [ 48%] Building C object programs/ssl/CMakeFiles/ssl_client2.dir/ssl_test_lib.c.o
[INFO] [stderr]   [ 48%] Generating test_suite_ctr_drbg.c
[INFO] [stderr]   [ 48%] Generating test_suite_aes.cbc.c
[INFO] [stderr]   [ 48%] Generating test_suite_aes.xts.c
[INFO] [stderr]   [ 48%] Generating test_suite_cipher.padding.c
[INFO] [stderr]   [ 48%] Generating test_suite_psa_crypto.c
[INFO] [stderr]   [ 48%] Generating test_suite_gcm.misc.c
[INFO] [stderr]   [ 49%] Generating test_suite_pkcs5.c
[INFO] [stderr]   [ 50%] Linking C executable fuzz_pubkey
[INFO] [stderr]   [ 51%] Generating test_suite_entropy.c
[INFO] [stderr]   [ 52%] Generating test_suite_aes.ofb.c
[INFO] [stderr]   [ 53%] Building C object tests/CMakeFiles/test_suite_psa_crypto_storage_format.misc.dir/test_suite_psa_crypto_storage_format.misc.c.o
[INFO] [stderr]   [ 54%] Generating test_suite_aes.cfb.c
[INFO] [stderr]   [ 54%] Generating test_suite_psa_crypto_hash.c
[INFO] [stderr]   [ 54%] Linking C executable dtls_client
[INFO] [stderr]   [ 54%] Generating test_suite_gcm.aes128_de.c
[INFO] [stderr]   [ 54%] Linking C executable ssl_pthread_server
[INFO] [stderr]   [ 54%] Generating test_suite_cipher.chachapoly.c
[INFO] [stderr]   [ 54%] Building C object tests/CMakeFiles/test_suite_psa_crypto_persistent_key.dir/test_suite_psa_crypto_persistent_key.c.o
[INFO] [stderr]   [ 54%] Building C object tests/CMakeFiles/test_suite_psa_crypto_not_supported.misc.dir/test_suite_psa_crypto_not_supported.misc.c.o
[INFO] [stderr]   [ 54%] Generating test_suite_aes.rest.c
[INFO] [stderr]   [ 54%] Linking C executable fuzz_x509csr
[INFO] [stderr]   [ 54%] Linking C executable fuzz_x509crl
[INFO] [stderr]   [ 54%] Generating test_suite_des.c
[INFO] [stderr]   [ 54%] Generating test_suite_cipher.null.c
[INFO] [stderr]   [ 54%] Generating test_suite_ccm.c
[INFO] [stderr]   [ 54%] Linking C executable ssl_context_info
[INFO] [stderr]   [ 54%] Generating test_suite_psa_crypto_init.c
[INFO] [stderr]   [ 54%] Generating test_suite_aria.c
[INFO] [stderr]   [ 54%] Generating test_suite_nist_kw.c
[INFO] [stderr]   [ 54%] Generating test_suite_psa_crypto_entropy.c
[INFO] [stderr]   [ 54%] Generating test_suite_cipher.misc.c
[INFO] [stderr]   [ 54%] Generating test_suite_pem.c
[INFO] [stderr]   [ 54%] Generating test_suite_ecdh.c
[INFO] [stderr]   [ 54%] Building C object programs/ssl/CMakeFiles/ssl_client2.dir/__/test/query_config.c.o
[INFO] [stderr]   [ 55%] Generating test_suite_ecjpake.c
[INFO] [stderr]   Scanning dependencies of target test_suite_x509write
[INFO] [stderr]   [ 56%] Generating test_suite_camellia.c
[INFO] [stderr]   [ 56%] Built target crl_app
[INFO] [stderr]   [ 56%] Generating test_suite_chachapoly.c
[INFO] [stderr]   Scanning dependencies of target test_suite_psa_crypto_se_driver_hal_mocks
[INFO] [stderr]   [ 56%] Generating test_suite_cipher.gcm.c
[INFO] [stderr]   [ 56%] Generating test_suite_mps.c
[INFO] [stderr]   Scanning dependencies of target test_suite_psa_crypto_storage_format.v0
[INFO] [stderr]   [ 57%] Generating test_suite_psa_its.c
[INFO] [stderr]   [ 57%] Generating test_suite_mpi.c
[INFO] [stderr]   [ 57%] Built target cert_req
[INFO] [stderr]   [ 57%] Generating test_suite_asn1write.c
[INFO] [stderr]   [ 57%] Linking C executable fuzz_client
[INFO] [stderr]   [ 57%] Linking C executable ssl_fork_server
[INFO] [stderr]   [ 58%] Generating test_suite_debug.c
[INFO] [stderr]   [ 58%] Generating test_suite_psa_crypto_attributes.c
[INFO] [stderr]   [ 58%] Linking C executable mini_client
[INFO] [stderr]   [ 58%] Linking C executable fuzz_server
[INFO] [stderr]   [ 58%] Generating test_suite_cipher.chacha20.c
[INFO] [stderr]   [ 58%] Generating test_suite_psa_crypto_storage_format.current.c
[INFO] [stderr]   Scanning dependencies of target test_suite_random
[INFO] [stderr]   Scanning dependencies of target test_suite_rsa
[INFO] [stderr]   Scanning dependencies of target test_suite_poly1305
[INFO] [stderr]   [ 59%] Generating test_suite_gcm.aes128_en.c
[INFO] [stderr]   [ 59%] Generating test_suite_ecp.c
[INFO] [stderr]   [ 59%] Generating test_suite_error.c
[INFO] [stderr]   [ 59%] Generating test_suite_pkwrite.c
[INFO] [stderr]   Scanning dependencies of target test_suite_mdx
[INFO] [stderr]   [ 59%] Linking C executable fuzz_privkey
[INFO] [stderr]   [ 59%] Generating test_suite_hmac_drbg.nopr.c
[INFO] [stderr]   [ 59%] Generating test_suite_shax.c
[INFO] [stderr]   [ 59%] Generating test_suite_gcm.aes256_de.c
[INFO] [stderr]   [ 59%] Generating test_suite_psa_crypto_slot_management.c
[INFO] [stderr]   [ 59%] Generating test_suite_gcm.aes192_de.c
[INFO] [stderr]   [ 59%] Building C object tests/CMakeFiles/test_suite_psa_crypto_storage_format.v0.dir/test_suite_psa_crypto_storage_format.v0.c.o
[INFO] [stderr]   [ 59%] Building C object tests/CMakeFiles/test_suite_psa_crypto_se_driver_hal_mocks.dir/test_suite_psa_crypto_se_driver_hal_mocks.c.o
[INFO] [stderr]   [ 59%] Generating test_suite_gcm.camellia.c
[INFO] [stderr]   [ 59%] Generating test_suite_pk.c
[INFO] [stderr]   [ 60%] Generating test_suite_hmac_drbg.misc.c
[INFO] [stderr]   [ 60%] Linking C executable ssl_mail_client
[INFO] [stderr]   [ 61%] Building C object tests/CMakeFiles/test_suite_x509write.dir/test_suite_x509write.c.o
[INFO] [stderr]   [ 61%] Built target cert_write
[INFO] [stderr]   [ 61%] Linking C executable udp_proxy
[INFO] [stderr]   [ 61%] Linking C executable cert_app
[INFO] [stderr]   [ 62%] Linking C executable dh_client
[INFO] [stderr]   [ 62%] Linking C executable ssl_server
[INFO] [stderr]   [ 63%] Generating test_suite_memory_buffer_alloc.c
[INFO] [stderr]   Scanning dependencies of target test_suite_cipher.des
[INFO] [stderr]   [ 64%] Linking C executable ssl_client1
[INFO] [stderr]   [ 64%] Linking C executable dtls_server
[INFO] [stderr]   [ 64%] Linking C executable fuzz_dtlsserver
[INFO] [stderr]   [ 64%] Building C object tests/CMakeFiles/test_suite_rsa.dir/test_suite_rsa.c.o
[INFO] [stderr]   [ 64%] Building C object tests/CMakeFiles/test_suite_random.dir/test_suite_random.c.o
[INFO] [stderr]   [ 64%] Building C object tests/CMakeFiles/test_suite_poly1305.dir/test_suite_poly1305.c.o
[INFO] [stderr]   Scanning dependencies of target test_suite_dhm
[INFO] [stderr]   Scanning dependencies of target test_suite_entropy
[INFO] [stderr]   Scanning dependencies of target test_suite_aes.ecb
[INFO] [stderr]   Scanning dependencies of target test_suite_cmac
[INFO] [stderr]   Scanning dependencies of target test_suite_aes.cbc
[INFO] [stderr]   Scanning dependencies of target test_suite_cipher.misc
[INFO] [stderr]   Scanning dependencies of target test_suite_aes.xts
[INFO] [stderr]   Scanning dependencies of target test_suite_gcm.misc
[INFO] [stderr]   Scanning dependencies of target test_suite_pkcs1_v15
[INFO] [stderr]   Scanning dependencies of target test_suite_gcm.aes192_en
[INFO] [stderr]   Scanning dependencies of target test_suite_des
[INFO] [stderr]   Scanning dependencies of target test_suite_cipher.null
[INFO] [stderr]   Scanning dependencies of target test_suite_hkdf
[INFO] [stderr]   [ 65%] Linking C executable fuzz_x509crt
[INFO] [stderr]   [ 65%] Linking C executable selftest
[INFO] [stderr]   Scanning dependencies of target test_suite_pem
[INFO] [stderr]   Scanning dependencies of target test_suite_cipher.nist_kw
[INFO] [stderr]   Scanning dependencies of target test_suite_aes.rest
[INFO] [stderr]   Scanning dependencies of target test_suite_asn1parse
[INFO] [stderr]   Scanning dependencies of target test_suite_base64
[INFO] [stderr]   [ 66%] Linking C executable fuzz_dtlsclient
[INFO] [stderr]   [ 66%] Building C object tests/CMakeFiles/test_suite_cipher.des.dir/test_suite_cipher.des.c.o
[INFO] [stderr]   [ 67%] Generating test_suite_net.c
[INFO] [stderr]   [ 67%] Generating test_suite_oid.c
[INFO] [stderr]   [ 67%] Generating test_suite_md.c
[INFO] [stderr]   [ 67%] Linking C executable ssl_server2
[INFO] [stderr]   [ 67%] Building C object tests/CMakeFiles/test_suite_dhm.dir/test_suite_dhm.c.o
[INFO] [stderr]   [ 67%] Building C object tests/CMakeFiles/test_suite_aes.cbc.dir/test_suite_aes.cbc.c.o
[INFO] [stderr]   [ 68%] Building C object tests/CMakeFiles/test_suite_cmac.dir/test_suite_cmac.c.o
[INFO] [stderr]   [ 68%] Building C object tests/CMakeFiles/test_suite_entropy.dir/test_suite_entropy.c.o
[INFO] [stderr]   [ 68%] Building C object tests/CMakeFiles/test_suite_gcm.aes192_en.dir/test_suite_gcm.aes192_en.c.o
[INFO] [stderr]   [ 68%] Building C object tests/CMakeFiles/test_suite_aes.ecb.dir/test_suite_aes.ecb.c.o
[INFO] [stderr]   [ 68%] Building C object tests/CMakeFiles/test_suite_mdx.dir/test_suite_mdx.c.o
[INFO] [stderr]   [ 68%] Building C object tests/CMakeFiles/test_suite_hkdf.dir/test_suite_hkdf.c.o
[INFO] [stderr]   [ 69%] Building C object tests/CMakeFiles/test_suite_pkcs1_v15.dir/test_suite_pkcs1_v15.c.o
[INFO] [stderr]   [ 69%] Building C object tests/CMakeFiles/test_suite_cipher.null.dir/test_suite_cipher.null.c.o
[INFO] [stderr]   [ 69%] Linking C executable ssl_client2
[INFO] [stderr]   [ 69%] Building C object tests/CMakeFiles/test_suite_gcm.misc.dir/test_suite_gcm.misc.c.o
[INFO] [stderr]   [ 69%] Building C object tests/CMakeFiles/test_suite_cipher.misc.dir/test_suite_cipher.misc.c.o
[INFO] [stderr]   [ 69%] Building C object tests/CMakeFiles/test_suite_aes.xts.dir/test_suite_aes.xts.c.o
[INFO] [stderr]   [ 70%] Linking C executable test_suite_version
[INFO] [stderr]   Scanning dependencies of target test_suite_camellia
[INFO] [stderr]   Scanning dependencies of target test_suite_asn1write
[INFO] [stderr]   Scanning dependencies of target test_suite_chacha20
[INFO] [stderr]   Scanning dependencies of target test_suite_psa_crypto_hash
[INFO] [stderr]   Scanning dependencies of target test_suite_aes.cfb
[INFO] [stderr]   Scanning dependencies of target test_suite_pkcs5
[INFO] [stderr]   Scanning dependencies of target test_suite_psa_crypto_se_driver_hal
[INFO] [stderr]   Scanning dependencies of target test_suite_cipher.camellia
[INFO] [stderr]   Scanning dependencies of target test_suite_psa_crypto_not_supported.generated
[INFO] [stderr]   Scanning dependencies of target test_suite_nist_kw
[INFO] [stderr]   Scanning dependencies of target test_suite_psa_crypto_init
[INFO] [stderr]   Scanning dependencies of target test_suite_ecjpake
[INFO] [stderr]   Scanning dependencies of target test_suite_aes.ofb
[INFO] [stderr]   Scanning dependencies of target test_suite_chachapoly
[INFO] [stderr]   Scanning dependencies of target test_suite_debug
[INFO] [stderr]   Scanning dependencies of target test_suite_psa_its
[INFO] [stderr]   Scanning dependencies of target test_suite_ecdh
[INFO] [stderr]   Scanning dependencies of target test_suite_psa_crypto_attributes
[INFO] [stderr]   Scanning dependencies of target test_suite_pkparse
[INFO] [stderr]   Scanning dependencies of target test_suite_mps
[INFO] [stderr]   Scanning dependencies of target test_suite_cipher.padding
[INFO] [stderr]   Scanning dependencies of target test_suite_psa_crypto_entropy
[INFO] [stderr]   Scanning dependencies of target test_suite_cipher.ccm
[INFO] [stderr]   [ 70%] Building C object tests/CMakeFiles/test_suite_des.dir/test_suite_des.c.o
[INFO] [stderr]   Scanning dependencies of target test_suite_psa_crypto_metadata
[INFO] [stderr]   [ 70%] Linking C executable test_suite_timing
[INFO] [stderr]   [ 70%] Building C object tests/CMakeFiles/test_suite_pem.dir/test_suite_pem.c.o
[INFO] [stderr]   [ 70%] Building C object tests/CMakeFiles/test_suite_cipher.nist_kw.dir/test_suite_cipher.nist_kw.c.o
[INFO] [stderr]   Scanning dependencies of target test_suite_gcm.aes256_en
[INFO] [stderr]   Scanning dependencies of target test_suite_ecdsa
[INFO] [stderr]   Scanning dependencies of target test_suite_gcm.aes128_de
[INFO] [stderr]   [ 70%] Building C object tests/CMakeFiles/test_suite_base64.dir/test_suite_base64.c.o
[INFO] [stderr]   [ 70%] Linking C executable test_suite_psa_crypto_storage_format.misc
[INFO] [stderr]   Scanning dependencies of target test_suite_aria
[INFO] [stderr]   [ 70%] Building C object tests/CMakeFiles/test_suite_aes.rest.dir/test_suite_aes.rest.c.o
[INFO] [stderr]   [ 70%] Building C object tests/CMakeFiles/test_suite_asn1parse.dir/test_suite_asn1parse.c.o
[INFO] [stderr]   Scanning dependencies of target test_suite_ctr_drbg
[INFO] [stderr]   Scanning dependencies of target test_suite_cipher.chachapoly
[INFO] [stderr]   Scanning dependencies of target test_suite_pkwrite
[INFO] [stderr]   Scanning dependencies of target test_suite_cipher.chacha20
[INFO] [stderr]   Scanning dependencies of target test_suite_error
[INFO] [stderr]   Scanning dependencies of target test_suite_cipher.aes
[INFO] [stderr]   Scanning dependencies of target test_suite_ccm
[INFO] [stderr]   [ 70%] Building C object tests/CMakeFiles/test_suite_psa_crypto_init.dir/test_suite_psa_crypto_init.c.o
[INFO] [stderr]   [ 70%] Building C object tests/CMakeFiles/test_suite_chacha20.dir/test_suite_chacha20.c.o
[INFO] [stderr]   [ 70%] Building C object tests/CMakeFiles/test_suite_pkcs5.dir/test_suite_pkcs5.c.o
[INFO] [stderr]   [ 70%] Building C object tests/CMakeFiles/test_suite_psa_crypto_se_driver_hal.dir/test_suite_psa_crypto_se_driver_hal.c.o
[INFO] [stderr]   [ 70%] Building C object tests/CMakeFiles/test_suite_psa_crypto_entropy.dir/test_suite_psa_crypto_entropy.c.o
[INFO] [stderr]   [ 70%] Building C object tests/CMakeFiles/test_suite_psa_crypto_metadata.dir/test_suite_psa_crypto_metadata.c.o
[INFO] [stderr]   [ 70%] Building C object tests/CMakeFiles/test_suite_cipher.padding.dir/test_suite_cipher.padding.c.o
[INFO] [stderr]   Scanning dependencies of target test_suite_shax
[INFO] [stderr]   Scanning dependencies of target test_suite_gcm.camellia
[INFO] [stderr]   Scanning dependencies of target test_suite_memory_buffer_alloc
[INFO] [stderr]   Scanning dependencies of target test_suite_ecp
[INFO] [stderr]   Scanning dependencies of target test_suite_psa_crypto_slot_management
[INFO] [stderr]   Scanning dependencies of target test_suite_hmac_drbg.misc
[INFO] [stderr]   Scanning dependencies of target test_suite_hmac_drbg.pr
[INFO] [stderr]   Scanning dependencies of target test_suite_pkcs1_v21
[INFO] [stderr]   [ 71%] Building C object tests/CMakeFiles/test_suite_cipher.camellia.dir/test_suite_cipher.camellia.c.o
[INFO] [stderr]   [ 71%] Building C object tests/CMakeFiles/test_suite_gcm.aes128_de.dir/test_suite_gcm.aes128_de.c.o
[INFO] [stderr]   [ 71%] Building C object tests/CMakeFiles/test_suite_pkparse.dir/test_suite_pkparse.c.o
[INFO] [stderr]   [ 71%] Building C object tests/CMakeFiles/test_suite_aes.cfb.dir/test_suite_aes.cfb.c.o
[INFO] [stderr]   [ 71%] Building C object tests/CMakeFiles/test_suite_aria.dir/test_suite_aria.c.o
[INFO] [stderr]   [ 73%] Building C object tests/CMakeFiles/test_suite_gcm.aes256_en.dir/test_suite_gcm.aes256_en.c.o
[INFO] [stderr]   [ 73%] Building C object tests/CMakeFiles/test_suite_cipher.ccm.dir/test_suite_cipher.ccm.c.o
[INFO] [stderr]   [ 73%] Building C object tests/CMakeFiles/test_suite_psa_crypto_not_supported.generated.dir/test_suite_psa_crypto_not_supported.generated.c.o
[INFO] [stderr]   [ 73%] Building C object tests/CMakeFiles/test_suite_aes.ofb.dir/test_suite_aes.ofb.c.o
[INFO] [stderr]   [ 73%] Building C object tests/CMakeFiles/test_suite_ecdsa.dir/test_suite_ecdsa.c.o
[INFO] [stderr]   [ 73%] Building C object tests/CMakeFiles/test_suite_debug.dir/test_suite_debug.c.o
[INFO] [stderr]   [ 73%] Building C object tests/CMakeFiles/test_suite_ecjpake.dir/test_suite_ecjpake.c.o
[INFO] [stderr]   Scanning dependencies of target test_suite_pk
[INFO] [stderr]   Scanning dependencies of target test_suite_mpi
[INFO] [stderr]   [ 73%] Building C object tests/CMakeFiles/test_suite_nist_kw.dir/test_suite_nist_kw.c.o
[INFO] [stderr]   [ 73%] Building C object tests/CMakeFiles/test_suite_mps.dir/test_suite_mps.c.o
[INFO] [stderr]   [ 73%] Building C object tests/CMakeFiles/test_suite_psa_its.dir/test_suite_psa_its.c.o
[INFO] [stderr]   [ 73%] Building C object tests/CMakeFiles/test_suite_ecdh.dir/test_suite_ecdh.c.o
[INFO] [stderr]   [ 74%] Building C object tests/CMakeFiles/test_suite_chachapoly.dir/test_suite_chachapoly.c.o
[INFO] [stderr]   [ 75%] Building C object tests/CMakeFiles/test_suite_psa_crypto_attributes.dir/test_suite_psa_crypto_attributes.c.o
[INFO] [stderr]   [ 75%] Building C object tests/CMakeFiles/test_suite_psa_crypto_hash.dir/test_suite_psa_crypto_hash.c.o
[INFO] [stderr]   [ 75%] Linking C executable test_suite_psa_crypto_not_supported.misc
[INFO] [stderr]   [ 75%] Building C object tests/CMakeFiles/test_suite_cipher.chacha20.dir/test_suite_cipher.chacha20.c.o
[INFO] [stderr]   [ 75%] Building C object tests/CMakeFiles/test_suite_camellia.dir/test_suite_camellia.c.o
[INFO] [stderr]   [ 75%] Building C object tests/CMakeFiles/test_suite_error.dir/test_suite_error.c.o
[INFO] [stderr]   [ 75%] Building C object tests/CMakeFiles/test_suite_pkwrite.dir/test_suite_pkwrite.c.o
[INFO] [stderr]   [ 76%] Building C object tests/CMakeFiles/test_suite_asn1write.dir/test_suite_asn1write.c.o
[INFO] [stderr]   [ 77%] Building C object tests/CMakeFiles/test_suite_cipher.chachapoly.dir/test_suite_cipher.chachapoly.c.o
[INFO] [stderr]   [ 77%] Building C object tests/CMakeFiles/test_suite_ctr_drbg.dir/test_suite_ctr_drbg.c.o
[INFO] [stderr]   Scanning dependencies of target test_suite_gcm.aes128_en
[INFO] [stderr]   [ 77%] Linking C executable test_suite_psa_crypto_persistent_key
[INFO] [stderr]   Scanning dependencies of target test_suite_gcm.aes192_de
[INFO] [stderr]   [ 77%] Building C object tests/CMakeFiles/test_suite_memory_buffer_alloc.dir/test_suite_memory_buffer_alloc.c.o
[INFO] [stderr]   [ 77%] Building C object tests/CMakeFiles/test_suite_ecp.dir/test_suite_ecp.c.o
[INFO] [stderr]   [ 77%] Building C object tests/CMakeFiles/test_suite_ccm.dir/test_suite_ccm.c.o
[INFO] [stderr]   Scanning dependencies of target test_suite_gcm.aes256_de
[INFO] [stderr]   [ 78%] Building C object tests/CMakeFiles/test_suite_cipher.aes.dir/test_suite_cipher.aes.c.o
[INFO] [stderr]   [ 78%] Building C object tests/CMakeFiles/test_suite_gcm.camellia.dir/test_suite_gcm.camellia.c.o
[INFO] [stderr]   Scanning dependencies of target test_suite_ssl
[INFO] [stderr]   [ 78%] Building C object tests/CMakeFiles/test_suite_psa_crypto_slot_management.dir/test_suite_psa_crypto_slot_management.c.o
[INFO] [stderr]   [ 78%] Building C object tests/CMakeFiles/test_suite_mpi.dir/test_suite_mpi.c.o
[INFO] [stderr]   [ 78%] Building C object tests/CMakeFiles/test_suite_pk.dir/test_suite_pk.c.o
[INFO] [stderr]   [ 78%] Building C object tests/CMakeFiles/test_suite_hmac_drbg.misc.dir/test_suite_hmac_drbg.misc.c.o
[INFO] [stderr]   Scanning dependencies of target test_suite_net
[INFO] [stderr]   [ 78%] Building C object tests/CMakeFiles/test_suite_pkcs1_v21.dir/test_suite_pkcs1_v21.c.o
[INFO] [stderr]   Scanning dependencies of target test_suite_hmac_drbg.no_reseed
[INFO] [stderr]   Scanning dependencies of target test_suite_psa_crypto_storage_format.current
[INFO] [stderr]   [ 78%] Building C object tests/CMakeFiles/test_suite_hmac_drbg.pr.dir/test_suite_hmac_drbg.pr.c.o
[INFO] [stderr]   [ 79%] Building C object tests/CMakeFiles/test_suite_shax.dir/test_suite_shax.c.o
[INFO] [stderr]   [ 80%] Building C object tests/CMakeFiles/test_suite_gcm.aes128_en.dir/test_suite_gcm.aes128_en.c.o
[INFO] [stderr]   Scanning dependencies of target test_suite_oid
[INFO] [stderr]   Scanning dependencies of target test_suite_md
[INFO] [stderr]   [ 80%] Building C object tests/CMakeFiles/test_suite_gcm.aes256_de.dir/test_suite_gcm.aes256_de.c.o
[INFO] [stderr]   [ 80%] Linking C executable test_suite_psa_crypto_se_driver_hal_mocks
[INFO] [stderr]   [ 80%] Building C object tests/CMakeFiles/test_suite_gcm.aes192_de.dir/test_suite_gcm.aes192_de.c.o
[INFO] [stderr]   Scanning dependencies of target test_suite_hmac_drbg.nopr
[INFO] [stderr]   [ 81%] Building C object tests/CMakeFiles/test_suite_net.dir/test_suite_net.c.o
[INFO] [stderr]   Scanning dependencies of target test_suite_x509parse
[INFO] [stderr]   [ 81%] Building C object tests/CMakeFiles/test_suite_oid.dir/test_suite_oid.c.o
[INFO] [stderr]   [ 81%] Linking C executable test_suite_psa_crypto_storage_format.v0
[INFO] [stderr]   [ 81%] Building C object tests/CMakeFiles/test_suite_ssl.dir/test_suite_ssl.c.o
[INFO] [stderr]   [ 81%] Linking C executable test_suite_x509write
[INFO] [stderr]   [ 81%] Building C object tests/CMakeFiles/test_suite_hmac_drbg.no_reseed.dir/test_suite_hmac_drbg.no_reseed.c.o
[INFO] [stderr]   [ 82%] Linking C executable test_suite_poly1305
[INFO] [stderr]   [ 82%] Building C object tests/CMakeFiles/test_suite_psa_crypto_storage_format.current.dir/test_suite_psa_crypto_storage_format.current.c.o
[INFO] [stderr]   [ 83%] Linking C executable test_suite_random
[INFO] [stderr]   [ 84%] Building C object tests/CMakeFiles/test_suite_hmac_drbg.nopr.dir/test_suite_hmac_drbg.nopr.c.o
[INFO] [stderr]   [ 84%] Linking C executable test_suite_dhm
[INFO] [stderr]   [ 84%] Linking C executable test_suite_aes.cbc
[INFO] [stderr]   [ 84%] Building C object tests/CMakeFiles/test_suite_x509parse.dir/test_suite_x509parse.c.o
[INFO] [stderr]   [ 84%] Linking C executable test_suite_mdx
[INFO] [stderr]   [ 85%] Linking C executable test_suite_entropy
[INFO] [stderr]   [ 85%] Building C object tests/CMakeFiles/test_suite_md.dir/test_suite_md.c.o
[INFO] [stderr]   [ 85%] Linking C executable test_suite_cmac
[INFO] [stderr]   [ 85%] Linking C executable test_suite_hkdf
[INFO] [stderr]   [ 86%] Linking C executable test_suite_psa_crypto_se_driver_hal
[INFO] [stderr]   [ 86%] Linking C executable test_suite_base64
[INFO] [stderr]   [ 87%] Linking C executable test_suite_aes.ecb
[INFO] [stderr]   [ 87%] Linking C executable test_suite_pem
[INFO] [stderr]   [ 87%] Built target dh_server
[INFO] [stderr]   [ 88%] Linking C executable test_suite_cipher.null
[INFO] [stderr]   [ 87%] Linking C executable test_suite_cipher.des
[INFO] [stderr]   [ 88%] Linking C executable test_suite_gcm.misc
[INFO] [stderr]   [ 88%] Linking C executable test_suite_pkcs5
[INFO] [stderr]   [ 88%] Linking C executable test_suite_gcm.aes192_en
[INFO] [stderr]   [ 88%] Linking C executable test_suite_aes.xts
[INFO] [stderr]   [ 88%] Built target ssl_pthread_server
[INFO] [stderr]   [ 88%] Linking C executable test_suite_rsa
[INFO] [stderr]   [ 88%] Linking C executable test_suite_pkcs1_v15
[INFO] [stderr]   [ 88%] Linking C executable test_suite_pkparse
[INFO] [stderr]   [ 88%] Linking C executable test_suite_debug
[INFO] [stderr]   [ 88%] Linking C executable test_suite_pkwrite
[INFO] [stderr]   [ 88%] Linking C executable test_suite_psa_crypto_entropy
[INFO] [stderr]   [ 89%] Linking C executable test_suite_camellia
[INFO] [stderr]   [ 89%] Linking C executable test_suite_psa_crypto_init
[INFO] [stderr]   [ 90%] Linking C executable test_suite_aes.rest
[INFO] [stderr]   [ 90%] Linking C executable test_suite_psa_crypto_not_supported.generated
[INFO] [stderr]   [ 90%] Linking C executable test_suite_psa_crypto_attributes
[INFO] [stderr]   [ 91%] Linking C executable test_suite_des
[INFO] [stderr]   [ 91%] Linking C executable test_suite_psa_crypto_hash
[INFO] [stderr]   [ 92%] Linking C executable test_suite_mps
[INFO] [stderr]   [ 92%] Linking C executable test_suite_ecdh
[INFO] [stderr]   [ 92%] Linking C executable test_suite_error
[INFO] [stderr]   [ 92%] Linking C executable test_suite_asn1parse
[INFO] [stderr]   [ 92%] Linking C executable test_suite_cipher.nist_kw
[INFO] [stderr]   [ 92%] Linking C executable test_suite_nist_kw
[INFO] [stderr]   [ 92%] Linking C executable test_suite_psa_its
[INFO] [stderr]   [ 92%] Linking C executable test_suite_ecdsa
[INFO] [stderr]   [ 92%] Linking C executable test_suite_chachapoly
[INFO] [stderr]   [ 92%] Linking C executable test_suite_chacha20
[INFO] [stderr]   [ 92%] Linking C executable test_suite_asn1write
[INFO] [stderr]   [ 92%] Linking C executable test_suite_aes.cfb
[INFO] [stderr]   [ 92%] Linking C executable test_suite_gcm.aes256_en
[INFO] [stderr]   [ 92%] Linking C executable test_suite_ctr_drbg
[INFO] [stderr]   Scanning dependencies of target test_suite_cipher.gcm
[INFO] [stderr]   [ 92%] Linking C executable test_suite_psa_crypto_metadata
[INFO] [stderr]   [ 92%] Linking C executable test_suite_ecjpake
[INFO] [stderr]   [ 92%] Linking C executable test_suite_pkcs1_v21
[INFO] [stderr]   [ 92%] Linking C executable test_suite_aes.ofb
[INFO] [stderr]   [ 92%] Built target fuzz_x509crl
[INFO] [stderr]   [ 92%] Linking C executable test_suite_cipher.padding
[INFO] [stderr]   [ 92%] Linking C executable test_suite_memory_buffer_alloc
[INFO] [stderr]   [ 93%] Linking C executable test_suite_aria
[INFO] [stderr]   [ 93%] Linking C executable test_suite_gcm.aes128_de
[INFO] [stderr]   [ 93%] Linking C executable test_suite_cipher.chachapoly
[INFO] [stderr]   [ 93%] Linking C executable test_suite_cipher.misc
[INFO] [stderr]   [ 94%] Linking C executable test_suite_hmac_drbg.misc
[INFO] [stderr]   [ 94%] Built target ssl_context_info
[INFO] [stderr]   [ 94%] Linking C executable test_suite_gcm.camellia
[INFO] [stderr]   [ 94%] Built target dtls_client
[INFO] [stderr]   [ 94%] Linking C executable test_suite_hmac_drbg.pr
[INFO] [stderr]   [ 95%] Linking C executable test_suite_ccm
[INFO] [stderr]   [ 95%] Linking C executable test_suite_cipher.camellia
[INFO] [stderr]   [ 96%] Linking C executable test_suite_gcm.aes128_en
[INFO] [stderr]   [ 97%] Linking C executable test_suite_cipher.ccm
[INFO] [stderr]   [ 97%] Building C object tests/CMakeFiles/test_suite_cipher.gcm.dir/test_suite_cipher.gcm.c.o
[INFO] [stderr]   Scanning dependencies of target test_suite_psa_crypto
[INFO] [stderr]   [ 97%] Built target ssl_fork_server
[INFO] [stderr]   [ 97%] Linking C executable test_suite_ecp
[INFO] [stderr]   [ 97%] Linking C executable test_suite_cipher.aes
[INFO] [stderr]   [ 97%] Linking C executable test_suite_cipher.chacha20
[INFO] [stderr]   [ 97%] Linking C executable test_suite_pk
[INFO] [stderr]   [ 97%] Linking C executable test_suite_shax
[INFO] [stderr]   [ 98%] Built target mini_client
[INFO] [stderr]   [ 98%] Linking C executable test_suite_psa_crypto_slot_management
[INFO] [stderr]   [ 98%] Built target fuzz_pubkey
[INFO] [stderr]   [ 98%] Linking C executable test_suite_oid
[INFO] [stderr]   [ 98%] Built target ssl_mail_client
[INFO] [stderr]   [ 98%] Linking C executable test_suite_ssl
[INFO] [stderr]   [ 98%] Built target fuzz_server
[INFO] [stderr]   [ 98%] Linking C executable test_suite_hmac_drbg.no_reseed
[INFO] [stderr]   [ 98%] Built target cert_app
[INFO] [stderr]   [ 98%] Linking C executable test_suite_gcm.aes192_de
[INFO] [stderr]   [ 99%] Linking C executable test_suite_net
[INFO] [stderr]   [ 99%] Built target dtls_server
[INFO] [stderr]   [ 99%] Building C object tests/CMakeFiles/test_suite_psa_crypto.dir/test_suite_psa_crypto.c.o
[INFO] [stderr]   [ 99%] Linking C executable test_suite_mpi
[INFO] [stderr]   [ 99%] Built target selftest
[INFO] [stderr]   [ 99%] Linking C executable test_suite_psa_crypto_storage_format.current
[INFO] [stderr]   [ 99%] Built target fuzz_client
[INFO] [stderr]   [ 99%] Built target ssl_client1
[INFO] [stderr]   [100%] Linking C executable test_suite_gcm.aes256_de
[INFO] [stderr]   [ 99%] Built target fuzz_x509csr
[INFO] [stderr]   [100%] Built target udp_proxy
[INFO] [stderr]   [100%] Built target fuzz_privkey
[INFO] [stderr]   [100%] Built target dh_client
[INFO] [stderr]   [100%] Linking C executable test_suite_hmac_drbg.nopr
[INFO] [stderr]   [100%] Linking C executable test_suite_x509parse
[INFO] [stderr]   [100%] Built target ssl_server
[INFO] [stderr]   [100%] Built target fuzz_x509crt
[INFO] [stderr]   [100%] Built target fuzz_dtlsclient
[INFO] [stderr]   [100%] Built target test_suite_version
[INFO] [stderr]   [100%] Built target test_suite_psa_crypto_storage_format.misc
[INFO] [stderr]   [100%] Built target fuzz_dtlsserver
[INFO] [stderr]   [100%] Linking C executable test_suite_md
[INFO] [stderr]   [100%] Built target ssl_client2
[INFO] [stderr]   [100%] Built target ssl_server2
[INFO] [stderr]   [100%] Built target test_suite_timing
[INFO] [stderr]   [100%] Built target test_suite_psa_crypto_not_supported.misc
[INFO] [stderr]   [100%] Linking C executable test_suite_cipher.gcm
[INFO] [stderr]   [100%] Built target test_suite_psa_crypto_storage_format.v0
[INFO] [stderr]   [100%] Built target test_suite_psa_crypto_persistent_key
[INFO] [stderr]   [100%] Built target test_suite_random
[INFO] [stderr]   [100%] Built target test_suite_poly1305
[INFO] [stderr]   [100%] Built target test_suite_aes.cbc
[INFO] [stderr]   [100%] Built target test_suite_x509write
[INFO] [stderr]   [100%] Built target test_suite_psa_crypto_se_driver_hal
[INFO] [stderr]   [100%] Built target test_suite_memory_buffer_alloc
[INFO] [stderr]   [100%] Built target test_suite_gcm.camellia
[INFO] [stderr]   [100%] Built target test_suite_gcm.aes192_de
[INFO] [stderr]   [100%] Built target test_suite_aes.ofb
[INFO] [stderr]   [100%] Built target test_suite_mpi
[INFO] [stderr]   [100%] Built target test_suite_camellia
[INFO] [stderr]   [100%] Built target test_suite_gcm.aes256_de
[INFO] [stderr]   [100%] Built target test_suite_md
[INFO] [stderr]   [100%] Built target test_suite_hmac_drbg.pr
[INFO] [stderr]   [100%] Built target test_suite_gcm.aes128_en
[INFO] [stderr]   [100%] Built target test_suite_cipher.camellia
[INFO] [stderr]   [100%] Built target test_suite_net
[INFO] [stderr]   [100%] Built target test_suite_psa_crypto_slot_management
[INFO] [stderr]   [100%] Built target test_suite_aes.xts
[INFO] [stderr]   [100%] Built target test_suite_mps
[INFO] [stderr]   [100%] Built target test_suite_cipher.chachapoly
[INFO] [stderr]   [100%] Built target test_suite_shax
[INFO] [stderr]   [100%] Built target test_suite_cipher.aes
[INFO] [stderr]   [100%] Built target test_suite_ecp
[INFO] [stderr]   [100%] Built target test_suite_psa_crypto_init
[INFO] [stderr]   [100%] Built target test_suite_psa_crypto_metadata
[INFO] [stderr]   [100%] Built target test_suite_cipher.padding
[INFO] [stderr]   [100%] Built target test_suite_hmac_drbg.no_reseed
[INFO] [stderr]   [100%] Built target test_suite_psa_crypto_hash
[INFO] [stderr]   [100%] Built target test_suite_cipher.ccm
[INFO] [stderr]   [100%] Built target test_suite_cipher.gcm
[INFO] [stderr]   [100%] Built target test_suite_pkcs1_v15
[INFO] [stderr]   [100%] Built target test_suite_psa_its
[INFO] [stderr]   [100%] Built target test_suite_ecdsa
[INFO] [stderr]   [100%] Built target test_suite_psa_crypto_entropy
[INFO] [stderr]   [100%] Built target test_suite_pkparse
[INFO] [stderr]   [100%] Built target test_suite_x509parse
[INFO] [stderr]   [100%] Built target test_suite_asn1write
[INFO] [stderr]   [100%] Built target test_suite_debug
[INFO] [stderr]   [100%] Built target test_suite_hmac_drbg.misc
[INFO] [stderr]   [100%] Built target test_suite_psa_crypto_storage_format.current
[INFO] [stderr]   [100%] Built target test_suite_ssl
[INFO] [stderr]   [100%] Built target test_suite_gcm.aes256_en
[INFO] [stderr]   [100%] Built target test_suite_rsa
[INFO] [stderr]   [100%] Built target test_suite_pk
[INFO] [stderr]   [100%] Built target test_suite_ecdh
[INFO] [stderr]   [100%] Built target test_suite_hmac_drbg.nopr
[INFO] [stderr]   [100%] Built target test_suite_pkwrite
[INFO] [stderr]   [100%] Built target test_suite_ccm
[INFO] [stderr]   [100%] Built target test_suite_ctr_drbg
[INFO] [stderr]   [100%] Built target test_suite_cipher.misc
[INFO] [stderr]   [100%] Built target test_suite_cipher.chacha20
[INFO] [stderr] 
[INFO] [stderr]   --- stderr
[INFO] [stderr]   CMake Warning:
[INFO] [stderr]     Manually-specified variables were not used by the project:
[INFO] [stderr] 
[INFO] [stderr]       CMAKE_ASM_COMPILER
[INFO] [stderr]       CMAKE_ASM_FLAGS
[INFO] [stderr]       CMAKE_CXX_COMPILER
[INFO] [stderr]       CMAKE_CXX_FLAGS
[INFO] [stderr] 
[INFO] [stderr] 
[INFO] [stderr]   cc: fatal error: Killed signal terminated program cc1
[INFO] [stderr]   compilation terminated.
[INFO] [stderr]   make[2]: *** [tests/CMakeFiles/test_suite_psa_crypto.dir/build.make:73: tests/CMakeFiles/test_suite_psa_crypto.dir/test_suite_psa_crypto.c.o] Error 1
[INFO] [stderr]   make[1]: *** [CMakeFiles/Makefile2:3075: tests/CMakeFiles/test_suite_psa_crypto.dir/all] Error 2
[INFO] [stderr]   make[1]: *** Waiting for unfinished jobs....
[INFO] [stderr]   collect2: fatal error: ld terminated with signal 9 [Killed]
[INFO] [stderr]   compilation terminated.
[INFO] [stderr]   make[2]: *** [tests/CMakeFiles/test_suite_dhm.dir/build.make:129: tests/test_suite_dhm] Error 1
[INFO] [stderr]   make[2]: *** Deleting file 'tests/test_suite_dhm'
[INFO] [stderr]   make[1]: *** [CMakeFiles/Makefile2:3615: tests/CMakeFiles/test_suite_dhm.dir/all] Error 2
[INFO] [stderr]   collect2: fatal error: ld terminated with signal 9 [Killed]
[INFO] [stderr]   compilation terminated.
[INFO] [stderr]   make[2]: *** [tests/CMakeFiles/test_suite_aes.ecb.dir/build.make:129: tests/test_suite_aes.ecb] Error 1
[INFO] [stderr]   make[2]: *** Deleting file 'tests/test_suite_aes.ecb'
[INFO] [stderr]   make[1]: *** [CMakeFiles/Makefile2:4215: tests/CMakeFiles/test_suite_aes.ecb.dir/all] Error 2
[INFO] [stderr]   collect2: fatal error: ld terminated with signal 9 [Killed]
[INFO] [stderr]   compilation terminated.
[INFO] [stderr]   make[2]: *** [tests/CMakeFiles/test_suite_hkdf.dir/build.make:129: tests/test_suite_hkdf] Error 1
[INFO] [stderr]   make[2]: *** Deleting file 'tests/test_suite_hkdf'
[INFO] [stderr]   make[1]: *** [CMakeFiles/Makefile2:3255: tests/CMakeFiles/test_suite_hkdf.dir/all] Error 2
[INFO] [stderr]   collect2: fatal error: ld terminated with signal 9 [Killed]
[INFO] [stderr]   compilation terminated.
[INFO] [stderr]   make[2]: *** [tests/CMakeFiles/test_suite_gcm.aes192_en.dir/build.make:129: tests/test_suite_gcm.aes192_en] Error 1
[INFO] [stderr]   make[2]: *** Deleting file 'tests/test_suite_gcm.aes192_en'
[INFO] [stderr]   make[1]: *** [CMakeFiles/Makefile2:3345: tests/CMakeFiles/test_suite_gcm.aes192_en.dir/all] Error 2
[INFO] [stderr]   collect2: fatal error: ld terminated with signal 9 [Killed]
[INFO] [stderr]   compilation terminated.
[INFO] [stderr]   make[2]: *** [tests/CMakeFiles/test_suite_chachapoly.dir/build.make:129: tests/test_suite_chachapoly] Error 1
[INFO] [stderr]   make[2]: *** Deleting file 'tests/test_suite_chachapoly'
[INFO] [stderr]   make[1]: *** [CMakeFiles/Makefile2:3795: tests/CMakeFiles/test_suite_chachapoly.dir/all] Error 2
[INFO] [stderr]   collect2: fatal error: ld terminated with signal 9 [Killed]
[INFO] [stderr]   compilation terminated.
[INFO] [stderr]   make[2]: *** [tests/CMakeFiles/test_suite_cipher.null.dir/build.make:129: tests/test_suite_cipher.null] Error 1
[INFO] [stderr]   make[2]: *** Deleting file 'tests/test_suite_cipher.null'
[INFO] [stderr]   make[1]: *** [CMakeFiles/Makefile2:4455: tests/CMakeFiles/test_suite_cipher.null.dir/all] Error 2
[INFO] [stderr]   collect2: fatal error: ld terminated with signal 9 [Killed]
[INFO] [stderr]   compilation terminated.
[INFO] [stderr]   make[2]: *** [tests/CMakeFiles/test_suite_pkcs5.dir/build.make:129: tests/test_suite_pkcs5] Error 1
[INFO] [stderr]   make[2]: *** Deleting file 'tests/test_suite_pkcs5'
[INFO] [stderr]   make[1]: *** [CMakeFiles/Makefile2:4005: tests/CMakeFiles/test_suite_pkcs5.dir/all] Error 2
[INFO] [stderr]   collect2: fatal error: ld terminated with signal 9 [Killed]
[INFO] [stderr]   compilation terminated.
[INFO] [stderr]   make[2]: *** [tests/CMakeFiles/test_suite_psa_crypto_se_driver_hal_mocks.dir/build.make:129: tests/test_suite_psa_crypto_se_driver_hal_mocks] Error 1
[INFO] [stderr]   make[2]: *** Deleting file 'tests/test_suite_psa_crypto_se_driver_hal_mocks'
[INFO] [stderr]   make[1]: *** [CMakeFiles/Makefile2:2865: tests/CMakeFiles/test_suite_psa_crypto_se_driver_hal_mocks.dir/all] Error 2
[INFO] [stderr]   collect2: fatal error: ld terminated with signal 9 [Killed]
[INFO] [stderr]   compilation terminated.
[INFO] [stderr]   make[2]: *** [tests/CMakeFiles/test_suite_base64.dir/build.make:129: tests/test_suite_base64] Error 1
[INFO] [stderr]   make[2]: *** Deleting file 'tests/test_suite_base64'
[INFO] [stderr]   make[1]: *** [CMakeFiles/Makefile2:3555: tests/CMakeFiles/test_suite_base64.dir/all] Error 2
[INFO] [stderr]   collect2: fatal error: ld terminated with signal 9 [Killed]
[INFO] [stderr]   compilation terminated.
[INFO] [stderr]   make[2]: *** [tests/CMakeFiles/test_suite_pem.dir/build.make:129: tests/test_suite_pem] Error 1
[INFO] [stderr]   make[2]: *** Deleting file 'tests/test_suite_pem'
[INFO] [stderr]   make[1]: *** [CMakeFiles/Makefile2:4395: tests/CMakeFiles/test_suite_pem.dir/all] Error 2
[INFO] [stderr]   collect2: fatal error: ld terminated with signal 9 [Killed]
[INFO] [stderr]   compilation terminated.
[INFO] [stderr]   collect2: fatal error: ld terminated with signal 9 [Killed]
[INFO] [stderr]   compilation terminated.
[INFO] [stderr]   collect2: fatal error: ld terminated with signal 9 [Killed]
[INFO] [stderr]   compilation terminated.
[INFO] [stderr]   collect2: fatal error: ld terminated with signal 9 [Killed]
[INFO] [stderr]   compilation terminated.
[INFO] [stderr]   make[2]: *** [tests/CMakeFiles/test_suite_cmac.dir/build.make:129: tests/test_suite_cmac] Error 1
[INFO] [stderr]   make[2]: *** Deleting file 'tests/test_suite_cmac'
[INFO] [stderr]   make[2]: *** [tests/CMakeFiles/test_suite_psa_crypto_attributes.dir/build.make:129: tests/test_suite_psa_crypto_attributes] Error 1
[INFO] [stderr]   make[2]: *** Deleting file 'tests/test_suite_psa_crypto_attributes'
[INFO] [stderr]   make[1]: *** [CMakeFiles/Makefile2:3225: tests/CMakeFiles/test_suite_cmac.dir/all] Error 2
[INFO] [stderr]   make[2]: *** [tests/CMakeFiles/test_suite_mdx.dir/build.make:129: tests/test_suite_mdx] Error 1
[INFO] [stderr]   make[2]: *** Deleting file 'tests/test_suite_mdx'
[INFO] [stderr]   make[1]: *** [CMakeFiles/Makefile2:4875: tests/CMakeFiles/test_suite_psa_crypto_attributes.dir/all] Error 2
[INFO] [stderr]   make[2]: *** [tests/CMakeFiles/test_suite_cipher.des.dir/build.make:129: tests/test_suite_cipher.des] Error 1
[INFO] [stderr]   make[2]: *** Deleting file 'tests/test_suite_cipher.des'
[INFO] [stderr]   make[1]: *** [CMakeFiles/Makefile2:4065: tests/CMakeFiles/test_suite_cipher.des.dir/all] Error 2
[INFO] [stderr]   make[1]: *** [CMakeFiles/Makefile2:3825: tests/CMakeFiles/test_suite_mdx.dir/all] Error 2
[INFO] [stderr]   collect2: fatal error: ld terminated with signal 9 [Killed]
[INFO] [stderr]   compilation terminated.
[INFO] [stderr]   make[2]: *** [tests/CMakeFiles/test_suite_entropy.dir/build.make:129: tests/test_suite_entropy] Error 1
[INFO] [stderr]   make[2]: *** Deleting file 'tests/test_suite_entropy'
[INFO] [stderr]   make[1]: *** [CMakeFiles/Makefile2:4125: tests/CMakeFiles/test_suite_entropy.dir/all] Error 2
[INFO] [stderr]   collect2: fatal error: ld terminated with signal 9 [Killed]
[INFO] [stderr]   compilation terminated.
[INFO] [stderr]   make[2]: *** [tests/CMakeFiles/test_suite_gcm.misc.dir/build.make:129: tests/test_suite_gcm.misc] Error 1
[INFO] [stderr]   make[2]: *** Deleting file 'tests/test_suite_gcm.misc'
[INFO] [stderr]   make[1]: *** [CMakeFiles/Makefile2:4335: tests/CMakeFiles/test_suite_gcm.misc.dir/all] Error 2
[INFO] [stderr]   collect2: fatal error: ld terminated with signal 9 [Killed]
[INFO] [stderr]   compilation terminated.
[INFO] [stderr]   make[2]: *** [tests/CMakeFiles/test_suite_chacha20.dir/build.make:129: tests/test_suite_chacha20] Error 1
[INFO] [stderr]   make[2]: *** Deleting file 'tests/test_suite_chacha20'
[INFO] [stderr]   make[1]: *** [CMakeFiles/Makefile2:3405: tests/CMakeFiles/test_suite_chacha20.dir/all] Error 2
[INFO] [stderr]   collect2: fatal error: ld terminated with signal 9 [Killed]
[INFO] [stderr]   compilation terminated.
[INFO] [stderr]   make[2]: *** [tests/CMakeFiles/test_suite_psa_crypto_not_supported.generated.dir/build.make:129: tests/test_suite_psa_crypto_not_supported.generated] Error 1
[INFO] [stderr]   make[2]: *** Deleting file 'tests/test_suite_psa_crypto_not_supported.generated'
[INFO] [stderr]   make[1]: *** [CMakeFiles/Makefile2:2925: tests/CMakeFiles/test_suite_psa_crypto_not_supported.generated.dir/all] Error 2
[INFO] [stderr]   collect2: fatal error: ld terminated with signal 9 [Killed]
[INFO] [stderr]   compilation terminated.
[INFO] [stderr]   make[2]: *** [tests/CMakeFiles/test_suite_des.dir/build.make:129: tests/test_suite_des] Error 1
[INFO] [stderr]   make[2]: *** Deleting file 'tests/test_suite_des'
[INFO] [stderr]   make[1]: *** [CMakeFiles/Makefile2:4755: tests/CMakeFiles/test_suite_des.dir/all] Error 2
[INFO] [stderr]   collect2: fatal error: ld terminated with signal 9 [Killed]
[INFO] [stderr]   compilation terminated.
[INFO] [stderr]   make[2]: *** [tests/CMakeFiles/test_suite_aes.cfb.dir/build.make:129: tests/test_suite_aes.cfb] Error 1
[INFO] [stderr]   make[2]: *** Deleting file 'tests/test_suite_aes.cfb'
[INFO] [stderr]   make[1]: *** [CMakeFiles/Makefile2:4245: tests/CMakeFiles/test_suite_aes.cfb.dir/all] Error 2
[INFO] [stderr]   collect2: fatal error: ld terminated with signal 9 [Killed]
[INFO] [stderr]   compilation terminated.
[INFO] [stderr]   make[2]: *** [tests/CMakeFiles/test_suite_aes.rest.dir/build.make:129: tests/test_suite_aes.rest] Error 1
[INFO] [stderr]   make[2]: *** Deleting file 'tests/test_suite_aes.rest'
[INFO] [stderr]   make[1]: *** [CMakeFiles/Makefile2:4545: tests/CMakeFiles/test_suite_aes.rest.dir/all] Error 2
[INFO] [stderr]   collect2: fatal error: ld terminated with signal 9 [Killed]
[INFO] [stderr]   compilation terminated.
[INFO] [stderr]   make[2]: *** [tests/CMakeFiles/test_suite_gcm.aes128_de.dir/build.make:129: tests/test_suite_gcm.aes128_de] Error 1
[INFO] [stderr]   make[2]: *** Deleting file 'tests/test_suite_gcm.aes128_de'
[INFO] [stderr]   make[1]: *** [CMakeFiles/Makefile2:3525: tests/CMakeFiles/test_suite_gcm.aes128_de.dir/all] Error 2
[INFO] [stderr]   collect2: fatal error: ld terminated with signal 9 [Killed]
[INFO] [stderr]   compilation terminated.
[INFO] [stderr]   make[2]: *** [tests/CMakeFiles/test_suite_nist_kw.dir/build.make:129: tests/test_suite_nist_kw] Error 1
[INFO] [stderr]   make[2]: *** Deleting file 'tests/test_suite_nist_kw'
[INFO] [stderr]   make[1]: *** [CMakeFiles/Makefile2:4095: tests/CMakeFiles/test_suite_nist_kw.dir/all] Error 2
[INFO] [stderr]   collect2: fatal error: ld terminated with signal 9 [Killed]
[INFO] [stderr]   compilation terminated.
[INFO] [stderr]   make[2]: *** [tests/CMakeFiles/test_suite_ecjpake.dir/build.make:129: tests/test_suite_ecjpake] Error 1
[INFO] [stderr]   make[2]: *** Deleting file 'tests/test_suite_ecjpake'
[INFO] [stderr]   make[1]: *** [CMakeFiles/Makefile2:4605: tests/CMakeFiles/test_suite_ecjpake.dir/all] Error 2
[INFO] [stderr]   collect2: fatal error: ld terminated with signal 9 [Killed]
[INFO] [stderr]   compilation terminated.
[INFO] [stderr]   make[2]: *** [tests/CMakeFiles/test_suite_pkcs1_v21.dir/build.make:129: tests/test_suite_pkcs1_v21] Error 1
[INFO] [stderr]   make[2]: *** Deleting file 'tests/test_suite_pkcs1_v21'
[INFO] [stderr]   make[1]: *** [CMakeFiles/Makefile2:3135: tests/CMakeFiles/test_suite_pkcs1_v21.dir/all] Error 2
[INFO] [stderr]   collect2: fatal error: ld terminated with signal 9 [Killed]
[INFO] [stderr]   compilation terminated.
[INFO] [stderr]   collect2: fatal error: ld terminated with signal 9 [Killed]
[INFO] [stderr]   compilation terminated.
[INFO] [stderr]   make[2]: *** [tests/CMakeFiles/test_suite_cipher.nist_kw.dir/build.make:129: tests/test_suite_cipher.nist_kw] Error 1
[INFO] [stderr]   make[2]: *** Deleting file 'tests/test_suite_cipher.nist_kw'
[INFO] [stderr]   make[1]: *** [CMakeFiles/Makefile2:3285: tests/CMakeFiles/test_suite_cipher.nist_kw.dir/all] Error 2
[INFO] [stderr]   collect2: fatal error: ld terminated with signal 9 [Killed]
[INFO] [stderr]   compilation terminated.
[INFO] [stderr]   make[2]: *** [tests/CMakeFiles/test_suite_oid.dir/build.make:129: tests/test_suite_oid] Error 1
[INFO] [stderr]   make[2]: *** Deleting file 'tests/test_suite_oid'
[INFO] [stderr]   make[1]: *** [CMakeFiles/Makefile2:5295: tests/CMakeFiles/test_suite_oid.dir/all] Error 2
[INFO] [stderr]   make[2]: *** [tests/CMakeFiles/test_suite_asn1parse.dir/build.make:129: tests/test_suite_asn1parse] Error 1
[INFO] [stderr]   make[2]: *** Deleting file 'tests/test_suite_asn1parse'
[INFO] [stderr]   make[1]: *** [CMakeFiles/Makefile2:3375: tests/CMakeFiles/test_suite_asn1parse.dir/all] Error 2
[INFO] [stderr]   collect2: fatal error: ld terminated with signal 9 [Killed]
[INFO] [stderr]   compilation terminated.
[INFO] [stderr]   make[2]: *** [tests/CMakeFiles/test_suite_error.dir/build.make:129: tests/test_suite_error] Error 1
[INFO] [stderr]   make[2]: *** Deleting file 'tests/test_suite_error'
[INFO] [stderr]   make[1]: *** [CMakeFiles/Makefile2:4905: tests/CMakeFiles/test_suite_error.dir/all] Error 2
[INFO] [stderr]   collect2: fatal error: ld terminated with signal 9 [Killed]
[INFO] [stderr]   compilation terminated.
[INFO] [stderr]   make[2]: *** [tests/CMakeFiles/test_suite_aria.dir/build.make:129: tests/test_suite_aria] Error 1
[INFO] [stderr]   make[2]: *** Deleting file 'tests/test_suite_aria'
[INFO] [stderr]   make[1]: *** [CMakeFiles/Makefile2:4665: tests/CMakeFiles/test_suite_aria.dir/all] Error 2
[INFO] [stderr]   make: *** [Makefile:141: all] Error 2
[INFO] [stderr]   thread 'main' panicked at '
[INFO] [stderr]   command did not execute successfully, got: exit status: 2
[INFO] [stderr] 
[INFO] [stderr]   build script failed, must exit now', /opt/rustwide/cargo-home/registry/src/github.com-1ecc6299db9ec823/cmake-0.1.45/src/lib.rs:894:5
[INFO] [stderr]   stack backtrace:
[INFO] [stderr]      0:     0x560a9915a390 - std::backtrace_rs::backtrace::libunwind::trace::hff4d1766e93f64f1
[INFO] [stderr]                                  at /rustc/53fd98ca776cb875bc9e5514f56b52eb74f9e7a9/library/std/src/../../backtrace/src/backtrace/libunwind.rs:90:5
[INFO] [stderr]      1:     0x560a9915a390 - std::backtrace_rs::backtrace::trace_unsynchronized::h56bbc8eb78770bcb
[INFO] [stderr]                                  at /rustc/53fd98ca776cb875bc9e5514f56b52eb74f9e7a9/library/std/src/../../backtrace/src/backtrace/mod.rs:66:5
[INFO] [stderr]      2:     0x560a9915a390 - std::sys_common::backtrace::_print_fmt::h5c8e75464faca780
[INFO] [stderr]                                  at /rustc/53fd98ca776cb875bc9e5514f56b52eb74f9e7a9/library/std/src/sys_common/backtrace.rs:67:5
[INFO] [stderr]      3:     0x560a9915a390 - <std::sys_common::backtrace::_print::DisplayBacktrace as core::fmt::Display>::fmt::h48b88277def8b362
[INFO] [stderr]                                  at /rustc/53fd98ca776cb875bc9e5514f56b52eb74f9e7a9/library/std/src/sys_common/backtrace.rs:46:22
[INFO] [stderr]      4:     0x560a9918077c - core::fmt::write::h3381b3176fe2b3d3
[INFO] [stderr]                                  at /rustc/53fd98ca776cb875bc9e5514f56b52eb74f9e7a9/library/core/src/fmt/mod.rs:1115:17
[INFO] [stderr]      5:     0x560a99156925 - std::io::Write::write_fmt::hd42607e5d8e44db0
[INFO] [stderr]                                  at /rustc/53fd98ca776cb875bc9e5514f56b52eb74f9e7a9/library/std/src/io/mod.rs:1665:15
[INFO] [stderr]      6:     0x560a9915caeb - std::sys_common::backtrace::_print::ha537687d6c17dd0d
[INFO] [stderr]                                  at /rustc/53fd98ca776cb875bc9e5514f56b52eb74f9e7a9/library/std/src/sys_common/backtrace.rs:49:5
[INFO] [stderr]      7:     0x560a9915caeb - std::sys_common::backtrace::print::h61376ae57d131d72
[INFO] [stderr]                                  at /rustc/53fd98ca776cb875bc9e5514f56b52eb74f9e7a9/library/std/src/sys_common/backtrace.rs:36:9
[INFO] [stderr]      8:     0x560a9915caeb - std::panicking::default_hook::{{closure}}::h0f7208c0b9644a54
[INFO] [stderr]                                  at /rustc/53fd98ca776cb875bc9e5514f56b52eb74f9e7a9/library/std/src/panicking.rs:208:50
[INFO] [stderr]      9:     0x560a9915c5c1 - std::panicking::default_hook::hdac7fc06578c14ce
[INFO] [stderr]                                  at /rustc/53fd98ca776cb875bc9e5514f56b52eb74f9e7a9/library/std/src/panicking.rs:225:9
[INFO] [stderr]     10:     0x560a9915d1b4 - std::panicking::rust_panic_with_hook::h72b21c283da3d1ef
[INFO] [stderr]                                  at /rustc/53fd98ca776cb875bc9e5514f56b52eb74f9e7a9/library/std/src/panicking.rs:622:17
[INFO] [stderr]     11:     0x560a9915cc97 - std::panicking::begin_panic_handler::{{closure}}::he5778f1729cff84a
[INFO] [stderr]                                  at /rustc/53fd98ca776cb875bc9e5514f56b52eb74f9e7a9/library/std/src/panicking.rs:519:13
[INFO] [stderr]     12:     0x560a9915a86c - std::sys_common::backtrace::__rust_end_short_backtrace::h2d11ca8b453b4b1d
[INFO] [stderr]                                  at /rustc/53fd98ca776cb875bc9e5514f56b52eb74f9e7a9/library/std/src/sys_common/backtrace.rs:141:18
[INFO] [stderr]     13:     0x560a9915cbf9 - rust_begin_unwind
[INFO] [stderr]                                  at /rustc/53fd98ca776cb875bc9e5514f56b52eb74f9e7a9/library/std/src/panicking.rs:515:5
[INFO] [stderr]     14:     0x560a98bb5c1b - std::panicking::begin_panic_fmt::h746518bde832d259
[INFO] [stderr]                                  at /rustc/53fd98ca776cb875bc9e5514f56b52eb74f9e7a9/library/std/src/panicking.rs:457:5
[INFO] [stderr]     15:     0x560a990d5e73 - cmake::fail::h5b2ff5d8cd54107d
[INFO] [stderr]                                  at /opt/rustwide/cargo-home/registry/src/github.com-1ecc6299db9ec823/cmake-0.1.45/src/lib.rs:894:5
[INFO] [stderr]     16:     0x560a990d5881 - cmake::run::h16e653742ac936ee
[INFO] [stderr]                                  at /opt/rustwide/cargo-home/registry/src/github.com-1ecc6299db9ec823/cmake-0.1.45/src/lib.rs:872:9
[INFO] [stderr]     17:     0x560a990d32c1 - cmake::Config::build::h826ab55fb58b5948
[INFO] [stderr]                                  at /opt/rustwide/cargo-home/registry/src/github.com-1ecc6299db9ec823/cmake-0.1.45/src/lib.rs:778:9
[INFO] [stderr]     18:     0x560a98bb7c94 - build_script_build::operations::compile_mbed_crypto::hbef486c677bb905c
[INFO] [stderr]                                  at /opt/rustwide/workdir/build.rs:161:31
[INFO] [stderr]     19:     0x560a98bb84ae - build_script_build::operations::script_operations::h95c10ba96522233b
[INFO] [stderr]                                  at /opt/rustwide/workdir/build.rs:198:36
[INFO] [stderr]     20:     0x560a98bb9979 - build_script_build::main::h3f2f19d100fbedde
[INFO] [stderr]                                  at /opt/rustwide/workdir/build.rs:35:12
[INFO] [stderr]     21:     0x560a98bba6cb - core::ops::function::FnOnce::call_once::hf63b19882338d840
[INFO] [stderr]                                  at /rustc/53fd98ca776cb875bc9e5514f56b52eb74f9e7a9/library/core/src/ops/function.rs:227:5
[INFO] [stderr]     22:     0x560a98bba4ee - std::sys_common::backtrace::__rust_begin_short_backtrace::h819a791fae90748b
[INFO] [stderr]                                  at /rustc/53fd98ca776cb875bc9e5514f56b52eb74f9e7a9/library/std/src/sys_common/backtrace.rs:125:18
[INFO] [stderr]     23:     0x560a98bb9721 - std::rt::lang_start::{{closure}}::ha37a23b654cfd1e5
[INFO] [stderr]                                  at /rustc/53fd98ca776cb875bc9e5514f56b52eb74f9e7a9/library/std/src/rt.rs:63:18
[INFO] [stderr]     24:     0x560a9915d6ba - core::ops::function::impls::<impl core::ops::function::FnOnce<A> for &F>::call_once::ha88a7d1a4d24e549
[INFO] [stderr]                                  at /rustc/53fd98ca776cb875bc9e5514f56b52eb74f9e7a9/library/core/src/ops/function.rs:259:13
[INFO] [stderr]     25:     0x560a9915d6ba - std::panicking::try::do_call::hd3b1d7740607ccc7
[INFO] [stderr]                                  at /rustc/53fd98ca776cb875bc9e5514f56b52eb74f9e7a9/library/std/src/panicking.rs:401:40
[INFO] [stderr]     26:     0x560a9915d6ba - std::panicking::try::h0ee8c65ac7461507
[INFO] [stderr]                                  at /rustc/53fd98ca776cb875bc9e5514f56b52eb74f9e7a9/library/std/src/panicking.rs:365:19
[INFO] [stderr]     27:     0x560a9915d6ba - std::panic::catch_unwind::head47f0de4ccd838
[INFO] [stderr]                                  at /rustc/53fd98ca776cb875bc9e5514f56b52eb74f9e7a9/library/std/src/panic.rs:434:14
[INFO] [stderr]     28:     0x560a9915d6ba - std::rt::lang_start_internal::{{closure}}::hbc7de8ec820ac085
[INFO] [stderr]                                  at /rustc/53fd98ca776cb875bc9e5514f56b52eb74f9e7a9/library/std/src/rt.rs:45:48
[INFO] [stderr]     29:     0x560a9915d6ba - std::panicking::try::do_call::h2609e52e8bad4a7b
[INFO] [stderr]                                  at /rustc/53fd98ca776cb875bc9e5514f56b52eb74f9e7a9/library/std/src/panicking.rs:401:40
[INFO] [stderr]     30:     0x560a9915d6ba - std::panicking::try::hd0929f0b603e0389
[INFO] [stderr]                                  at /rustc/53fd98ca776cb875bc9e5514f56b52eb74f9e7a9/library/std/src/panicking.rs:365:19
[INFO] [stderr]     31:     0x560a9915d6ba - std::panic::catch_unwind::h27902b81c3e47571
[INFO] [stderr]                                  at /rustc/53fd98ca776cb875bc9e5514f56b52eb74f9e7a9/library/std/src/panic.rs:434:14
[INFO] [stderr]     32:     0x560a9915d6ba - std::rt::lang_start_internal::h3fb2d794dd391e3e
[INFO] [stderr]                                  at /rustc/53fd98ca776cb875bc9e5514f56b52eb74f9e7a9/library/std/src/rt.rs:45:20
[INFO] [stderr]     33:     0x560a98bb96f0 - std::rt::lang_start::h4beb9f410367260a
[INFO] [stderr]                                  at /rustc/53fd98ca776cb875bc9e5514f56b52eb74f9e7a9/library/std/src/rt.rs:62:5
[INFO] [stderr]     34:     0x560a98bb99cc - main
[INFO] [stderr]     35:     0x7f8742b2d0b3 - __libc_start_main
[INFO] [stderr]     36:     0x560a98bb713e - _start
[INFO] [stderr]     37:                0x0 - <unknown>
[INFO] running `Command { std: "docker" "inspect" "eb908bff85498c769450515fece5a983c04a76251bb21a4aae482751b39cc5b4", kill_on_drop: false }`
[INFO] running `Command { std: "docker" "rm" "-f" "eb908bff85498c769450515fece5a983c04a76251bb21a4aae482751b39cc5b4", kill_on_drop: false }`
[INFO] [stdout] eb908bff85498c769450515fece5a983c04a76251bb21a4aae482751b39cc5b4
