[INFO] fetching crate melib 0.6.2...
[INFO] testing melib-0.6.2 against 1.54.0 for beta-1.55-1
[INFO] extracting crate melib 0.6.2 into /workspace/builds/worker-19/source
[INFO] validating manifest of crates.io crate melib 0.6.2 on toolchain 1.54.0
[INFO] running `Command { std: "/workspace/cargo-home/bin/cargo" "+1.54.0" "metadata" "--manifest-path" "Cargo.toml" "--no-deps", kill_on_drop: false }`
[INFO] started tweaking crates.io crate melib 0.6.2
[INFO] finished tweaking crates.io crate melib 0.6.2
[INFO] tweaked toml for crates.io crate melib 0.6.2 written to /workspace/builds/worker-19/source/Cargo.toml
[INFO] running `Command { std: "/workspace/cargo-home/bin/cargo" "+1.54.0" "generate-lockfile" "--manifest-path" "Cargo.toml" "-Zno-index-update", kill_on_drop: false }`
[INFO] [stderr]     Blocking waiting for file lock on package cache
[INFO] running `Command { std: "/workspace/cargo-home/bin/cargo" "+1.54.0" "fetch" "--manifest-path" "Cargo.toml", kill_on_drop: false }`
[INFO] [stderr]     Blocking waiting for file lock on package cache
[INFO] [stderr]     Blocking waiting for file lock on package cache
[INFO] running `Command { std: "docker" "create" "-v" "/var/lib/crater-agent-workspace/builds/worker-19/target:/opt/rustwide/target:rw,Z" "-v" "/var/lib/crater-agent-workspace/builds/worker-19/source:/opt/rustwide/workdir:ro,Z" "-v" "/var/lib/crater-agent-workspace/cargo-home:/opt/rustwide/cargo-home:ro,Z" "-v" "/var/lib/crater-agent-workspace/rustup-home:/opt/rustwide/rustup-home:ro,Z" "-e" "SOURCE_DIR=/opt/rustwide/workdir" "-e" "CARGO_TARGET_DIR=/opt/rustwide/target" "-e" "CARGO_HOME=/opt/rustwide/cargo-home" "-e" "RUSTUP_HOME=/opt/rustwide/rustup-home" "-w" "/opt/rustwide/workdir" "-m" "1610612736" "--user" "0:0" "--network" "none" "ghcr.io/rust-lang/crates-build-env/linux@sha256:34b6a614d2c27851fe6cbf88fbd1137609cefab8b10d0615aaeb6fd47975d74e" "/opt/rustwide/cargo-home/bin/cargo" "+1.54.0" "metadata" "--no-deps" "--format-version=1", kill_on_drop: false }`
[INFO] [stdout] a825e28340ebd6f92c0bbeca4863ac50e62cb9041524a4a2a7eb7169963cdf67
[INFO] running `Command { std: "docker" "start" "-a" "a825e28340ebd6f92c0bbeca4863ac50e62cb9041524a4a2a7eb7169963cdf67", kill_on_drop: false }`
[INFO] running `Command { std: "docker" "inspect" "a825e28340ebd6f92c0bbeca4863ac50e62cb9041524a4a2a7eb7169963cdf67", kill_on_drop: false }`
[INFO] running `Command { std: "docker" "rm" "-f" "a825e28340ebd6f92c0bbeca4863ac50e62cb9041524a4a2a7eb7169963cdf67", kill_on_drop: false }`
[INFO] [stdout] a825e28340ebd6f92c0bbeca4863ac50e62cb9041524a4a2a7eb7169963cdf67
[INFO] running `Command { std: "docker" "create" "-v" "/var/lib/crater-agent-workspace/builds/worker-19/target:/opt/rustwide/target:rw,Z" "-v" "/var/lib/crater-agent-workspace/builds/worker-19/source:/opt/rustwide/workdir:ro,Z" "-v" "/var/lib/crater-agent-workspace/cargo-home:/opt/rustwide/cargo-home:ro,Z" "-v" "/var/lib/crater-agent-workspace/rustup-home:/opt/rustwide/rustup-home:ro,Z" "-e" "SOURCE_DIR=/opt/rustwide/workdir" "-e" "CARGO_TARGET_DIR=/opt/rustwide/target" "-e" "CARGO_INCREMENTAL=0" "-e" "RUST_BACKTRACE=full" "-e" "RUSTFLAGS=--cap-lints=warn" "-e" "CARGO_HOME=/opt/rustwide/cargo-home" "-e" "RUSTUP_HOME=/opt/rustwide/rustup-home" "-w" "/opt/rustwide/workdir" "-m" "1610612736" "--user" "0:0" "--network" "none" "ghcr.io/rust-lang/crates-build-env/linux@sha256:34b6a614d2c27851fe6cbf88fbd1137609cefab8b10d0615aaeb6fd47975d74e" "/opt/rustwide/cargo-home/bin/cargo" "+1.54.0" "build" "--frozen" "--message-format=json", kill_on_drop: false }`
[INFO] [stdout] a5e6bbd801154e46db08f5696145abf02a94314a4ab19ff33176c91fa78ff5b4
[INFO] running `Command { std: "docker" "start" "-a" "a5e6bbd801154e46db08f5696145abf02a94314a4ab19ff33176c91fa78ff5b4", kill_on_drop: false }`
[INFO] [stderr]    Compiling libc v0.2.98
[INFO] [stderr]    Compiling futures-core v0.3.16
[INFO] [stderr]    Compiling memchr v2.4.0
[INFO] [stderr]    Compiling log v0.4.14
[INFO] [stderr]    Compiling pin-project-lite v0.2.7
[INFO] [stderr]    Compiling futures-io v0.3.16
[INFO] [stderr]    Compiling slab v0.4.4
[INFO] [stderr]    Compiling once_cell v1.8.0
[INFO] [stderr]    Compiling syn v1.0.74
[INFO] [stderr]    Compiling cache-padded v1.1.1
[INFO] [stderr]    Compiling fastrand v1.5.0
[INFO] [stderr]    Compiling parking v2.0.0
[INFO] [stderr]    Compiling waker-fn v1.1.0
[INFO] [stderr]    Compiling cc v1.0.69
[INFO] [stderr]    Compiling maybe-uninit v2.0.0
[INFO] [stderr]    Compiling serde v1.0.127
[INFO] [stderr]    Compiling event-listener v2.5.1
[INFO] [stderr]    Compiling encoding_index_tests v0.1.4
[INFO] [stderr]    Compiling futures-channel v0.3.16
[INFO] [stderr]    Compiling proc-macro-nested v0.1.7
[INFO] [stderr]    Compiling futures-task v0.3.16
[INFO] [stderr]    Compiling async-task v4.0.3
[INFO] [stderr]    Compiling atomic-waker v1.0.0
[INFO] [stderr]    Compiling futures-sink v0.3.16
[INFO] [stderr]    Compiling signal-hook v0.3.9
[INFO] [stderr]    Compiling crc32fast v1.2.1
[INFO] [stderr]    Compiling foreign-types-shared v0.1.1
[INFO] [stderr]    Compiling openssl v0.10.35
[INFO] [stderr]    Compiling scopeguard v1.1.0
[INFO] [stderr]    Compiling pin-utils v0.1.0
[INFO] [stderr]    Compiling version_check v0.9.3
[INFO] [stderr]    Compiling lexical-core v0.7.6
[INFO] [stderr]    Compiling lazycell v1.3.0
[INFO] [stderr]    Compiling nix v0.17.0
[INFO] [stderr]    Compiling static_assertions v1.1.0
[INFO] [stderr]    Compiling adler v1.0.2
[INFO] [stderr]    Compiling arrayvec v0.5.2
[INFO] [stderr]    Compiling serde_derive v1.0.127
[INFO] [stderr]    Compiling same-file v1.0.6
[INFO] [stderr]    Compiling native-tls v0.2.7
[INFO] [stderr]    Compiling sha1 v0.6.0
[INFO] [stderr]    Compiling melib v0.6.2 (/opt/rustwide/workdir)
[INFO] [stderr]    Compiling hashbrown v0.11.2
[INFO] [stderr]    Compiling openssl-probe v0.1.4
[INFO] [stderr]    Compiling data-encoding v2.3.2
[INFO] [stderr]    Compiling base64 v0.12.3
[INFO] [stderr]    Compiling xdg-utils v0.3.2
[INFO] [stderr]    Compiling xdg v2.2.0
[INFO] [stderr]    Compiling unicode-segmentation v1.8.0
[INFO] [stderr]    Compiling crossbeam-utils v0.7.2
[INFO] [stderr]    Compiling futures-macro v0.3.16
[INFO] [stderr]    Compiling memoffset v0.5.6
[INFO] [stderr]    Compiling futures-util v0.3.16
[INFO] [stderr]    Compiling crossbeam-epoch v0.8.2
[INFO] [stderr]    Compiling miniz_oxide v0.4.4
[INFO] [stderr]    Compiling indexmap v1.7.0
[INFO] [stderr]    Compiling libsqlite3-sys v0.20.1
[INFO] [stderr]    Compiling libloading v0.6.7
[INFO] [stderr]    Compiling encoding-index-simpchinese v1.20141219.5
[INFO] [stderr]    Compiling encoding-index-singlebyte v1.20141219.5
[INFO] [stderr]    Compiling encoding-index-korean v1.20141219.5
[INFO] [stderr]    Compiling encoding-index-japanese v1.20141219.5
[INFO] [stderr]    Compiling encoding-index-tradchinese v1.20141219.5
[INFO] [stderr]    Compiling walkdir v2.3.2
[INFO] [stderr]    Compiling foreign-types v0.3.2
[INFO] [stderr]    Compiling concurrent-queue v1.2.2
[INFO] [stderr]    Compiling async-lock v2.4.0
[INFO] [stderr]    Compiling nom v5.1.2
[INFO] [stderr]    Compiling encoding v0.2.33
[INFO] [stderr]    Compiling async-channel v1.6.1
[INFO] [stderr]    Compiling futures-lite v1.12.0
[INFO] [stderr]    Compiling openssl-sys v0.9.65
[INFO] [stderr]    Compiling crossbeam-queue v0.2.3
[INFO] [stderr]    Compiling crossbeam-channel v0.4.4
[INFO] [stderr]    Compiling crossbeam-deque v0.7.4
[INFO] [stderr]    Compiling blocking v1.0.2
[INFO] [stderr]    Compiling async-executor v1.4.1
[INFO] [stderr]    Compiling polling v2.1.0
[INFO] [stderr]    Compiling socket2 v0.4.1
[INFO] [stderr]    Compiling iovec v0.1.4
[INFO] [stderr]    Compiling signal-hook-registry v1.4.0
[INFO] [stderr]    Compiling net2 v0.2.37
[INFO] [stderr]    Compiling inotify-sys v0.1.5
[INFO] [stderr]    Compiling filetime v0.2.14
[INFO] [stderr]    Compiling getrandom v0.2.3
[INFO] [stderr]    Compiling flate2 v1.0.20
[INFO] [stderr]    Compiling memmap v0.5.2
[INFO] [stderr]    Compiling crossbeam v0.7.3
[INFO] [stderr]    Compiling async-fs v1.5.0
[INFO] [stderr]    Compiling inotify v0.7.1
[INFO] [stderr]    Compiling mio v0.6.23
[INFO] [stderr]    Compiling async-io v1.6.0
[INFO] [stderr]    Compiling mio-extras v2.0.6
[INFO] [stderr]    Compiling async-process v1.1.0
[INFO] [stderr]    Compiling async-net v1.6.1
[INFO] [stderr]    Compiling notify v4.0.17
[INFO] [stderr]    Compiling smol v1.2.5
[INFO] [stderr]    Compiling smallvec v1.6.1
[INFO] [stderr]    Compiling bincode v1.3.3
[INFO] [stderr]    Compiling uuid v0.8.2
[INFO] [stderr]    Compiling rusqlite v0.24.2
[INFO] [stderr]    Compiling async-stream-impl v0.2.1
[INFO] [stderr]    Compiling async-stream v0.2.1
[INFO] [stderr]    Compiling futures-executor v0.3.16
[INFO] [stderr]    Compiling futures v0.3.16
[INFO] [stdout] warning: derive helper attribute is used before it is introduced
[INFO] [stdout]   --> src/conf.rs:77:3
[INFO] [stdout]    |
[INFO] [stdout] 77 | #[serde(default)]
[INFO] [stdout]    |   ^^^^^
[INFO] [stdout] 78 | #[derive(Debug, Clone, Serialize, Deserialize)]
[INFO] [stdout]    |                        --------- the attribute is introduced here
[INFO] [stdout]    |
[INFO] [stdout]    = note: `#[warn(legacy_derive_helpers)]` on by default
[INFO] [stdout]    = warning: this was previously accepted by the compiler but is being phased out; it will become a hard error in a future release!
[INFO] [stdout]    = note: for more information, see issue #79202 <https://github.com/rust-lang/rust/issues/79202>
[INFO] [stdout] 
[INFO] [stdout] 
[INFO] [stdout] warning: unnecessary trailing semicolon
[INFO] [stdout]    --> src/text_processing/line_break.rs:160:14
[INFO] [stdout]     |
[INFO] [stdout] 160 |             };
[INFO] [stdout]     |              ^ help: remove this semicolon
[INFO] [stdout]     |
[INFO] [stdout]     = note: `#[warn(redundant_semicolons)]` on by default
[INFO] [stdout] 
[INFO] [stdout] 
[INFO] [stdout] warning: unnecessary trailing semicolon
[INFO] [stdout]     --> src/backends/maildir/backend.rs:1134:10
[INFO] [stdout]      |
[INFO] [stdout] 1134 |         };
[INFO] [stdout]      |          ^ help: remove this semicolon
[INFO] [stdout] 
[INFO] [stdout] 
[INFO] [stdout] warning: 3 warnings emitted
[INFO] [stdout] 
[INFO] [stdout] 
[INFO] [stderr]     Finished dev [unoptimized + debuginfo] target(s) in 50.00s
[INFO] running `Command { std: "docker" "inspect" "a5e6bbd801154e46db08f5696145abf02a94314a4ab19ff33176c91fa78ff5b4", kill_on_drop: false }`
[INFO] running `Command { std: "docker" "rm" "-f" "a5e6bbd801154e46db08f5696145abf02a94314a4ab19ff33176c91fa78ff5b4", kill_on_drop: false }`
[INFO] [stdout] a5e6bbd801154e46db08f5696145abf02a94314a4ab19ff33176c91fa78ff5b4
[INFO] running `Command { std: "docker" "create" "-v" "/var/lib/crater-agent-workspace/builds/worker-19/target:/opt/rustwide/target:rw,Z" "-v" "/var/lib/crater-agent-workspace/builds/worker-19/source:/opt/rustwide/workdir:ro,Z" "-v" "/var/lib/crater-agent-workspace/cargo-home:/opt/rustwide/cargo-home:ro,Z" "-v" "/var/lib/crater-agent-workspace/rustup-home:/opt/rustwide/rustup-home:ro,Z" "-e" "SOURCE_DIR=/opt/rustwide/workdir" "-e" "CARGO_TARGET_DIR=/opt/rustwide/target" "-e" "CARGO_INCREMENTAL=0" "-e" "RUST_BACKTRACE=full" "-e" "RUSTFLAGS=--cap-lints=warn" "-e" "CARGO_HOME=/opt/rustwide/cargo-home" "-e" "RUSTUP_HOME=/opt/rustwide/rustup-home" "-w" "/opt/rustwide/workdir" "-m" "1610612736" "--user" "0:0" "--network" "none" "ghcr.io/rust-lang/crates-build-env/linux@sha256:34b6a614d2c27851fe6cbf88fbd1137609cefab8b10d0615aaeb6fd47975d74e" "/opt/rustwide/cargo-home/bin/cargo" "+1.54.0" "test" "--frozen" "--no-run" "--message-format=json", kill_on_drop: false }`
[INFO] [stdout] 9a5e2427da11814e82b4e7a2d7eedb6339fdb9352f23a93b7b177ea8e5a81a77
[INFO] running `Command { std: "docker" "start" "-a" "9a5e2427da11814e82b4e7a2d7eedb6339fdb9352f23a93b7b177ea8e5a81a77", kill_on_drop: false }`
[INFO] [stderr]    Compiling melib v0.6.2 (/opt/rustwide/workdir)
[INFO] [stdout] warning: derive helper attribute is used before it is introduced
[INFO] [stdout]   --> src/conf.rs:77:3
[INFO] [stdout]    |
[INFO] [stdout] 77 | #[serde(default)]
[INFO] [stdout]    |   ^^^^^
[INFO] [stdout] 78 | #[derive(Debug, Clone, Serialize, Deserialize)]
[INFO] [stdout]    |                        --------- the attribute is introduced here
[INFO] [stdout]    |
[INFO] [stdout]    = note: `#[warn(legacy_derive_helpers)]` on by default
[INFO] [stdout]    = warning: this was previously accepted by the compiler but is being phased out; it will become a hard error in a future release!
[INFO] [stdout]    = note: for more information, see issue #79202 <https://github.com/rust-lang/rust/issues/79202>
[INFO] [stdout] 
[INFO] [stdout] 
[INFO] [stdout] warning: unnecessary trailing semicolon
[INFO] [stdout]    --> src/text_processing/line_break.rs:160:14
[INFO] [stdout]     |
[INFO] [stdout] 160 |             };
[INFO] [stdout]     |              ^ help: remove this semicolon
[INFO] [stdout]     |
[INFO] [stdout]     = note: `#[warn(redundant_semicolons)]` on by default
[INFO] [stdout] 
[INFO] [stdout] 
[INFO] [stdout] warning: unnecessary trailing semicolon
[INFO] [stdout]     --> src/backends/maildir/backend.rs:1134:10
[INFO] [stdout]      |
[INFO] [stdout] 1134 |         };
[INFO] [stdout]      |          ^ help: remove this semicolon
[INFO] [stdout] 
[INFO] [stdout] 
[INFO] [stdout] warning: 3 warnings emitted
[INFO] [stdout] 
[INFO] [stdout] 
[INFO] [stdout] warning: derive helper attribute is used before it is introduced
[INFO] [stdout]   --> src/conf.rs:77:3
[INFO] [stdout]    |
[INFO] [stdout] 77 | #[serde(default)]
[INFO] [stdout]    |   ^^^^^
[INFO] [stdout] 78 | #[derive(Debug, Clone, Serialize, Deserialize)]
[INFO] [stdout]    |                        --------- the attribute is introduced here
[INFO] [stdout]    |
[INFO] [stdout]    = note: `#[warn(legacy_derive_helpers)]` on by default
[INFO] [stdout]    = warning: this was previously accepted by the compiler but is being phased out; it will become a hard error in a future release!
[INFO] [stdout]    = note: for more information, see issue #79202 <https://github.com/rust-lang/rust/issues/79202>
[INFO] [stdout] 
[INFO] [stdout] 
[INFO] [stdout] warning: unnecessary trailing semicolon
[INFO] [stdout]    --> src/text_processing/line_break.rs:160:14
[INFO] [stdout]     |
[INFO] [stdout] 160 |             };
[INFO] [stdout]     |              ^ help: remove this semicolon
[INFO] [stdout]     |
[INFO] [stdout]     = note: `#[warn(redundant_semicolons)]` on by default
[INFO] [stdout] 
[INFO] [stdout] 
[INFO] [stdout] warning: unused import: `std::convert::TryInto`
[INFO] [stdout]    --> src/backends/imap/protocol_parser.rs:863:9
[INFO] [stdout]     |
[INFO] [stdout] 863 |     use std::convert::TryInto;
[INFO] [stdout]     |         ^^^^^^^^^^^^^^^^^^^^^
[INFO] [stdout]     |
[INFO] [stdout]     = note: `#[warn(unused_imports)]` on by default
[INFO] [stdout] 
[INFO] [stdout] 
[INFO] [stdout] warning: unused import: `std::convert::TryInto`
[INFO] [stdout]     --> src/backends/imap/protocol_parser.rs:1055:9
[INFO] [stdout]      |
[INFO] [stdout] 1055 |     use std::convert::TryInto;
[INFO] [stdout]      |         ^^^^^^^^^^^^^^^^^^^^^
[INFO] [stdout] 
[INFO] [stdout] 
[INFO] [stdout] warning: unnecessary trailing semicolon
[INFO] [stdout]     --> src/backends/maildir/backend.rs:1134:10
[INFO] [stdout]      |
[INFO] [stdout] 1134 |         };
[INFO] [stdout]      |          ^ help: remove this semicolon
[INFO] [stdout] 
[INFO] [stdout] 
[INFO] [stdout] warning: unused import: `generic::*`
[INFO] [stdout]     --> src/email/parser.rs:2474:43
[INFO] [stdout]      |
[INFO] [stdout] 2474 |     use super::{address::*, encodings::*, generic::*, *};
[INFO] [stdout]      |                                           ^^^^^^^^^^
[INFO] [stdout] 
[INFO] [stdout] 
[INFO] [stdout] warning: unused variable: `words`
[INFO] [stdout]    --> src/email/compose/mime.rs:182:9
[INFO] [stdout]     |
[INFO] [stdout] 182 |     let words = "[Advcomparch] =?utf-8?b?zqPPhc68z4DOtc+BzrnPhs6/z4HOrCDPg861IGZs?=\n\t=?utf-8?b?dXNoIM67z4zOs8+JIG1pc3ByZWRpY3Rpb24gzrrO...
[INFO] [stdout]     |         ^^^^^ help: if this is intentional, prefix it with an underscore: `_words`
[INFO] [stdout]     |
[INFO] [stdout]     = note: `#[warn(unused_variables)]` on by default
[INFO] [stdout] 
[INFO] [stdout] 
[INFO] [stdout] warning: unused variable: `h`
[INFO] [stdout]     --> src/email/parser.rs:1203:14
[INFO] [stdout]      |
[INFO] [stdout] 1203 |         for (h, v) in headers {
[INFO] [stdout]      |              ^ help: if this is intentional, prefix it with an underscore: `_h`
[INFO] [stdout] 
[INFO] [stdout] 
[INFO] [stdout] warning: unused variable: `action_list`
[INFO] [stdout]     --> src/email/parser.rs:1204:24
[INFO] [stdout]      |
[INFO] [stdout] 1204 |             let (rest, action_list) = rfc_2369_list_headers_action_list(v).unwrap();
[INFO] [stdout]      |                        ^^^^^^^^^^^ help: if this is intentional, prefix it with an underscore: `_action_list`
[INFO] [stdout] 
[INFO] [stdout] 
[INFO] [stdout] warning: 9 warnings emitted
[INFO] [stdout] 
[INFO] [stdout] 
[INFO] [stderr]     Finished test [unoptimized + debuginfo] target(s) in 19.94s
[INFO] running `Command { std: "docker" "inspect" "9a5e2427da11814e82b4e7a2d7eedb6339fdb9352f23a93b7b177ea8e5a81a77", kill_on_drop: false }`
[INFO] running `Command { std: "docker" "rm" "-f" "9a5e2427da11814e82b4e7a2d7eedb6339fdb9352f23a93b7b177ea8e5a81a77", kill_on_drop: false }`
[INFO] [stdout] 9a5e2427da11814e82b4e7a2d7eedb6339fdb9352f23a93b7b177ea8e5a81a77
[INFO] running `Command { std: "docker" "create" "-v" "/var/lib/crater-agent-workspace/builds/worker-19/target:/opt/rustwide/target:rw,Z" "-v" "/var/lib/crater-agent-workspace/builds/worker-19/source:/opt/rustwide/workdir:ro,Z" "-v" "/var/lib/crater-agent-workspace/cargo-home:/opt/rustwide/cargo-home:ro,Z" "-v" "/var/lib/crater-agent-workspace/rustup-home:/opt/rustwide/rustup-home:ro,Z" "-e" "SOURCE_DIR=/opt/rustwide/workdir" "-e" "CARGO_TARGET_DIR=/opt/rustwide/target" "-e" "CARGO_INCREMENTAL=0" "-e" "RUST_BACKTRACE=full" "-e" "RUSTFLAGS=--cap-lints=warn" "-e" "CARGO_HOME=/opt/rustwide/cargo-home" "-e" "RUSTUP_HOME=/opt/rustwide/rustup-home" "-w" "/opt/rustwide/workdir" "-m" "1610612736" "--user" "0:0" "--network" "none" "ghcr.io/rust-lang/crates-build-env/linux@sha256:34b6a614d2c27851fe6cbf88fbd1137609cefab8b10d0615aaeb6fd47975d74e" "/opt/rustwide/cargo-home/bin/cargo" "+1.54.0" "test" "--frozen", kill_on_drop: false }`
[INFO] [stdout] 61ef7ef770ca46398e5545bd34c076666fb43fbfe41a2dc631c00b1d37b24e4a
[INFO] running `Command { std: "docker" "start" "-a" "61ef7ef770ca46398e5545bd34c076666fb43fbfe41a2dc631c00b1d37b24e4a", kill_on_drop: false }`
[INFO] [stderr] warning: derive helper attribute is used before it is introduced
[INFO] [stderr]   --> src/conf.rs:77:3
[INFO] [stderr]    |
[INFO] [stderr] 77 | #[serde(default)]
[INFO] [stderr]    |   ^^^^^
[INFO] [stderr] 78 | #[derive(Debug, Clone, Serialize, Deserialize)]
[INFO] [stderr]    |                        --------- the attribute is introduced here
[INFO] [stderr]    |
[INFO] [stderr]    = note: `#[warn(legacy_derive_helpers)]` on by default
[INFO] [stderr]    = warning: this was previously accepted by the compiler but is being phased out; it will become a hard error in a future release!
[INFO] [stderr]    = note: for more information, see issue #79202 <https://github.com/rust-lang/rust/issues/79202>
[INFO] [stderr] 
[INFO] [stderr] warning: unnecessary trailing semicolon
[INFO] [stderr]    --> src/text_processing/line_break.rs:160:14
[INFO] [stderr]     |
[INFO] [stderr] 160 |             };
[INFO] [stderr]     |              ^ help: remove this semicolon
[INFO] [stderr]     |
[INFO] [stderr]     = note: `#[warn(redundant_semicolons)]` on by default
[INFO] [stderr] 
[INFO] [stderr] warning: unnecessary trailing semicolon
[INFO] [stderr]     --> src/backends/maildir/backend.rs:1134:10
[INFO] [stderr]      |
[INFO] [stderr] 1134 |         };
[INFO] [stderr]      |          ^ help: remove this semicolon
[INFO] [stderr] 
[INFO] [stderr] warning: 3 warnings emitted
[INFO] [stderr] 
[INFO] [stderr] warning: derive helper attribute is used before it is introduced
[INFO] [stderr]   --> src/conf.rs:77:3
[INFO] [stderr]    |
[INFO] [stderr] 77 | #[serde(default)]
[INFO] [stderr]    |   ^^^^^
[INFO] [stderr] 78 | #[derive(Debug, Clone, Serialize, Deserialize)]
[INFO] [stderr]    |                        --------- the attribute is introduced here
[INFO] [stderr]    |
[INFO] [stderr]    = note: `#[warn(legacy_derive_helpers)]` on by default
[INFO] [stderr]    = warning: this was previously accepted by the compiler but is being phased out; it will become a hard error in a future release!
[INFO] [stderr]    = note: for more information, see issue #79202 <https://github.com/rust-lang/rust/issues/79202>
[INFO] [stderr] 
[INFO] [stderr] warning: unnecessary trailing semicolon
[INFO] [stderr]    --> src/text_processing/line_break.rs:160:14
[INFO] [stderr]     |
[INFO] [stderr] 160 |             };
[INFO] [stderr]     |              ^ help: remove this semicolon
[INFO] [stderr]     |
[INFO] [stderr]     = note: `#[warn(redundant_semicolons)]` on by default
[INFO] [stderr] 
[INFO] [stderr] warning: unused import: `std::convert::TryInto`
[INFO] [stderr]    --> src/backends/imap/protocol_parser.rs:863:9
[INFO] [stderr]     |
[INFO] [stderr] 863 |     use std::convert::TryInto;
[INFO] [stderr]     |         ^^^^^^^^^^^^^^^^^^^^^
[INFO] [stderr]     |
[INFO] [stderr]     = note: `#[warn(unused_imports)]` on by default
[INFO] [stderr] 
[INFO] [stderr] warning: unused import: `std::convert::TryInto`
[INFO] [stderr]     --> src/backends/imap/protocol_parser.rs:1055:9
[INFO] [stderr]      |
[INFO] [stderr] 1055 |     use std::convert::TryInto;
[INFO] [stderr]      |         ^^^^^^^^^^^^^^^^^^^^^
[INFO] [stderr] 
[INFO] [stderr] warning: unnecessary trailing semicolon
[INFO] [stderr]     --> src/backends/maildir/backend.rs:1134:10
[INFO] [stderr]      |
[INFO] [stderr] 1134 |         };
[INFO] [stderr]      |          ^ help: remove this semicolon
[INFO] [stderr] 
[INFO] [stderr] warning: unused import: `generic::*`
[INFO] [stderr]     --> src/email/parser.rs:2474:43
[INFO] [stderr]      |
[INFO] [stderr] 2474 |     use super::{address::*, encodings::*, generic::*, *};
[INFO] [stderr]      |                                           ^^^^^^^^^^
[INFO] [stderr] 
[INFO] [stderr] warning: unused variable: `words`
[INFO] [stderr]    --> src/email/compose/mime.rs:182:9
[INFO] [stderr]     |
[INFO] [stderr] 182 |     let words = "[Advcomparch] =?utf-8?b?zqPPhc68z4DOtc+BzrnPhs6/z4HOrCDPg861IGZs?=\n\t=?utf-8?b?dXNoIM67z4zOs8+JIG1pc3ByZWRpY3Rpb24gzrrO...
[INFO] [stderr]     |         ^^^^^ help: if this is intentional, prefix it with an underscore: `_words`
[INFO] [stderr]     |
[INFO] [stderr]     = note: `#[warn(unused_variables)]` on by default
[INFO] [stderr] 
[INFO] [stderr] warning: unused variable: `h`
[INFO] [stderr]     --> src/email/parser.rs:1203:14
[INFO] [stderr]      |
[INFO] [stderr] 1203 |         for (h, v) in headers {
[INFO] [stderr]      |              ^ help: if this is intentional, prefix it with an underscore: `_h`
[INFO] [stderr] 
[INFO] [stderr] warning: unused variable: `action_list`
[INFO] [stderr]     --> src/email/parser.rs:1204:24
[INFO] [stderr]      |
[INFO] [stderr] 1204 |             let (rest, action_list) = rfc_2369_list_headers_action_list(v).unwrap();
[INFO] [stderr]      |                        ^^^^^^^^^^^ help: if this is intentional, prefix it with an underscore: `_action_list`
[INFO] [stderr] 
[INFO] [stderr] warning: 9 warnings emitted
[INFO] [stderr] 
[INFO] [stderr]     Finished test [unoptimized + debuginfo] target(s) in 0.44s
[INFO] [stderr]      Running unittests (/opt/rustwide/target/debug/deps/melib-f0fb96e887439dfd)
[INFO] [stdout] 
[INFO] [stdout] running 34 tests
[INFO] [stdout] test addressbook::vcard::test_card ... ok
[INFO] [stdout] test backends::imap::managesieve::test_managesieve_capabilities ... ok
[INFO] [stdout] test backends::imap::protocol_parser::test_imap_search ... ok
[INFO] [stdout] test backends::imap::protocol_parser::test_imap_required_responses ... ok
[INFO] [stdout] test datetime::test_rfcs ... ok
[INFO] [stdout] test backends::imap::protocol_parser::test_select_response ... ok
[INFO] [stdout] test email::address::test_strbuilder ... ok
[INFO] [stdout] test email::compose::tests::test_attachments ... ok
[INFO] [stdout] test backends::imap::protocol_parser::test_untagged_responses ... ok
[INFO] [stdout] test datetime::test_timestamp ... ok
[INFO] [stdout] test addressbook::vcard::test_load_cards ... ok
[INFO] [stdout] test backends::test_lazy_count_set ... ok
[INFO] [stdout] test email::compose::tests::test_new ... ok
[INFO] [stdout] test email::parser::dates::test_date_new ... ok
[INFO] [stdout] test email::parser::generic::test_parser_cfws ... ok
[INFO] [stdout] test backends::imap::protocol_parser::test_imap_response ... ok
[INFO] [stdout] test email::headers::test_headers_case_sensitivity ... ok
[INFO] [stdout] test email::mailto::tests::test_mailto ... ok
[INFO] [stdout] test email::compose::mime::test_encode_header ... ok
[INFO] [stdout] test email::parser::tests::test_attachments ... ok
[INFO] [stdout] test email::parser::generic::test_phrase ... ok
[INFO] [stdout] test email::parser::mailing_lists::test_parser_rfc_2369_list ... ok
[INFO] [stdout] test email::parser::tests::test_msg_id ... ok
[INFO] [stdout] test email::parser::tests::test_address_list ... ok
[INFO] [stdout] test email::parser::tests::test_phrase ... ok
[INFO] [stdout] test email::parser::generic::test_parser_comment ... ok
[INFO] [stdout] test email::parser::tests::test_quoted_printable ... ok
[INFO] [stdout] test email::parser::tests::test_addresses ... ok
[INFO] [stderr]    Doc-tests melib
[INFO] [stdout] test text_processing::test_globmatch ... ok
[INFO] [stdout] test text_processing::search::test_search ... ok
[INFO] [stdout] test shellexpand::test_shellexpandtrait ... ok
[INFO] [stdout] test search::query_parser::test_query_parsing ... ok
[INFO] [stdout] test text_processing::line_break::tests::test_line_breaks ... ok
[INFO] [stdout] test text_processing::line_break::test_reflow ... ok
[INFO] [stdout] 
[INFO] [stdout] test result: ok. 34 passed; 0 failed; 0 ignored; 0 measured; 0 filtered out; finished in 0.15s
[INFO] [stdout] 
[INFO] [stderr] warning: unnecessary trailing semicolon
[INFO] [stderr]    --> /opt/rustwide/workdir/src/text_processing/line_break.rs:160:14
[INFO] [stderr]     |
[INFO] [stderr] 160 |             };
[INFO] [stderr]     |              ^ help: remove this semicolon
[INFO] [stderr]     |
[INFO] [stderr]     = note: `#[warn(redundant_semicolons)]` on by default
[INFO] [stderr] 
[INFO] [stderr] warning: unnecessary trailing semicolon
[INFO] [stderr]     --> /opt/rustwide/workdir/src/backends/maildir/backend.rs:1134:10
[INFO] [stderr]      |
[INFO] [stderr] 1134 |         };
[INFO] [stderr]      |          ^ help: remove this semicolon
[INFO] [stderr] 
[INFO] [stderr] warning: 2 warnings emitted
[INFO] [stderr] 
[INFO] [stdout] 
[INFO] [stdout] running 9 tests
[INFO] [stdout] test src/backends.rs - backends::BackendOp (line 409) ... ignored
[INFO] [stdout] test src/backends.rs - backends::BackendOp (line 416) ... ignored
[INFO] [stdout] test src/email/address.rs - email::address::Address (line 79) ... FAILED
[INFO] [stdout] test src/email/address.rs - email::address::Address::subaddress (line 246) ... FAILED
[INFO] [stdout] test src/datetime.rs - datetime (line 26) ... ok
[INFO] [stdout] test src/email/address.rs - email::address::Address (line 87) ... ok
[INFO] [stdout] test src/search.rs - search::query_parser::query (line 235) ... ok
[INFO] [stdout] test src/text_processing/line_break.rs - text_processing::line_break::LineBreakCandidateIter (line 139) ... ok
[INFO] [stdout] test src/email.rs - email (line 29) ... ok
[INFO] [stdout] 
[INFO] [stdout] failures:
[INFO] [stdout] 
[INFO] [stdout] ---- src/email/address.rs - email::address::Address (line 79) stdout ----
[INFO] [stdout] error: linking with `cc` failed: exit status: 1
[INFO] [stdout]   |
[INFO] [stdout]   = note: "cc" "-m64" "/tmp/rustdoctestCbedGm/rust_out.rust_out.7rcbfp3g-cgu.0.rcgu.o" "/tmp/rustdoctestCbedGm/rust_out.33dyzt1ekirinwy8.rcgu.o" "-Wl,--as-needed" "-L" "/opt/rustwide/target/debug/deps" "-L" "/opt/rustwide/target/debug/deps" "-L" "/opt/rustwide/rustup-home/toolchains/1.54.0-x86_64-unknown-linux-gnu/lib/rustlib/x86_64-unknown-linux-gnu/lib" "-Wl,-Bstatic" "/opt/rustwide/target/debug/deps/libmelib-34f5e8c405b74568.rlib" "/opt/rustwide/target/debug/deps/libbase64-e2a906ac29617111.rlib" "/opt/rustwide/target/debug/deps/liblibloading-4cbef60d97a68c9e.rlib" "/opt/rustwide/target/debug/deps/libbincode-d391fa0fd94ea418.rlib" "/opt/rustwide/target/debug/deps/libxdg-647441c92ee2915e.rlib" "/opt/rustwide/target/debug/deps/libasync_stream-487d7d8cc5b3b926.rlib" "/opt/rustwide/target/debug/deps/libnix-2fbc60471e36a252.rlib" "/opt/rustwide/target/debug/deps/libvoid-c3f770d6ee2d2f2c.rlib" "/opt/rustwide/target/debug/deps/librusqlite-d4c4fa6bc054d894.rlib" "/opt/rustwide/target/debug/deps/libfallible_streaming_iterator-146d1e002ea46a30.rlib" "/opt/rustwide/target/debug/deps/libfallible_iterator-5f396c49cf7e196f.rlib" "/opt/rustwide/target/debug/deps/libhashlink-c12bf3d3ad910601.rlib" "/opt/rustwide/target/debug/deps/libhashbrown-d70458254ef89d14.rlib" "/opt/rustwide/target/debug/deps/libahash-b65b262a71b5b48f.rlib" "/opt/rustwide/target/debug/deps/liblibsqlite3_sys-91c675c863757ee0.rlib" "/opt/rustwide/target/debug/deps/libflate2-006d683c99845351.rlib" "/opt/rustwide/target/debug/deps/libminiz_oxide-6d1f5d22fe94ee7f.rlib" "/opt/rustwide/target/debug/deps/libadler-21b6e26b0dda2395.rlib" "/opt/rustwide/target/debug/deps/libcrc32fast-e6a82e63ff40e00b.rlib" "/opt/rustwide/target/debug/deps/libmemmap-f29ba4acd479292e.rlib" "/opt/rustwide/target/debug/deps/libxdg_utils-d0ec77ee31d616e1.rlib" "/opt/rustwide/target/debug/deps/libuuid-db72e627afa1adc3.rlib" "/opt/rustwide/target/debug/deps/libgetrandom-fb20edfc0c7fade7.rlib" "/opt/rustwide/target/debug/deps/libsha1-2489abe97bc3c064.rlib" "/opt/rustwide/target/debug/deps/libsmol-2496e3b926b2cb89.rlib" "/opt/rustwide/target/debug/deps/libasync_process-4dd25ac52e0c12fc.rlib" "/opt/rustwide/target/debug/deps/libsignal_hook-72476ed604cd441c.rlib" "/opt/rustwide/target/debug/deps/libsignal_hook_registry-206271b3ce8badd9.rlib" "/opt/rustwide/target/debug/deps/libasync_net-9762eedad8d2c263.rlib" "/opt/rustwide/target/debug/deps/libasync_fs-f030137bd3544a87.rlib" "/opt/rustwide/target/debug/deps/libasync_lock-c2c3149f44ed208e.rlib" "/opt/rustwide/target/debug/deps/libblocking-2acfe36b0f1b59cd.rlib" "/opt/rustwide/target/debug/deps/libatomic_waker-a29226b4750a6e8f.rlib" "/opt/rustwide/target/debug/deps/libasync_channel-75e6876552785224.rlib" "/opt/rustwide/target/debug/deps/libevent_listener-66f4bbe0415ddc06.rlib" "/opt/rustwide/target/debug/deps/libasync_io-41a1cf7eda15e5e5.rlib" "/opt/rustwide/target/debug/deps/libpolling-f4fa115abc0c71fe.rlib" "/opt/rustwide/target/debug/deps/libsocket2-f95d02f7865c7c5d.rlib" "/opt/rustwide/target/debug/deps/libasync_executor-7788ddf84926a92f.rlib" "/opt/rustwide/target/debug/deps/libfutures_lite-4c9c3d314e7a9d09.rlib" "/opt/rustwide/target/debug/deps/libfastrand-90bf63f6c773be94.rlib" "/opt/rustwide/target/debug/deps/libwaker_fn-98995fcd02982c11.rlib" "/opt/rustwide/target/debug/deps/libparking-df9ebd4e18b38768.rlib" "/opt/rustwide/target/debug/deps/libconcurrent_queue-6f0cdc0cab5a7239.rlib" "/opt/rustwide/target/debug/deps/libcache_padded-3fcd07af16f2477d.rlib" "/opt/rustwide/target/debug/deps/libasync_task-17a9326dad44dda7.rlib" "/opt/rustwide/target/debug/deps/libsmallvec-bae30004d7f66bed.rlib" "/opt/rustwide/target/debug/deps/libindexmap-2a50efea056dc7fb.rlib" "/opt/rustwide/target/debug/deps/libhashbrown-8c5395ff9e9a0462.rlib" "/opt/rustwide/target/debug/deps/libserde-3e5cb1165c2c9095.rlib" "/opt/rustwide/target/debug/deps/libfutures-de645b325555612b.rlib" "/opt/rustwide/target/debug/deps/libfutures_executor-d067ba8e9bc9d637.rlib" "/opt/rustwide/target/debug/deps/libfutures_util-76f027d99d737c99.rlib" "/opt/rustwide/target/debug/deps/libfutures_io-0553c4ec4afdfdae.rlib" "/opt/rustwide/target/debug/deps/libfutures_channel-2de89f8ab8a61a78.rlib" "/opt/rustwide/target/debug/deps/libpin_project_lite-ed06e07546a7102f.rlib" "/opt/rustwide/target/debug/deps/libfutures_sink-dde56499d547c800.rlib" "/opt/rustwide/target/debug/deps/libfutures_task-5b8f6133e14601aa.rlib" "/opt/rustwide/target/debug/deps/libpin_utils-576e633f12357c97.rlib" "/opt/rustwide/target/debug/deps/libfutures_core-28804fd28ce97755.rlib" "/opt/rustwide/target/debug/deps/libnom-f951ec40c86607c5.rlib" "/opt/rustwide/target/debug/deps/liblexical_core-80a5588777ce8d87.rlib" "/opt/rustwide/target/debug/deps/libryu-059aa1fbb24cd15e.rlib" "/opt/rustwide/target/debug/deps/libstatic_assertions-3572c7a6c8acd33d.rlib" "/opt/rustwide/target/debug/deps/libarrayvec-c5c765cd34af79cd.rlib" "/opt/rustwide/target/debug/deps/libmemchr-0721f17babcb5610.rlib" "/opt/rustwide/target/debug/deps/libencoding-fef14dd4743b1bb4.rlib" "/opt/rustwide/target/debug/deps/libencoding_index_tradchinese-eb58b225a7758f45.rlib" "/opt/rustwide/target/debug/deps/libencoding_index_simpchinese-8fa9057498e06ead.rlib" "/opt/rustwide/target/debug/deps/libencoding_index_japanese-f166b2683668f42e.rlib" "/opt/rustwide/target/debug/deps/libencoding_index_korean-021993a344824d39.rlib" "/opt/rustwide/target/debug/deps/libencoding_index_singlebyte-6cd63b2c3d69a698.rlib" "/opt/rustwide/target/debug/deps/libdata_encoding-dc50ea28b6ca94a3.rlib" "/opt/rustwide/target/debug/deps/libnotify-50df3193122ecf7f.rlib" "/opt/rustwide/target/debug/deps/libwalkdir-e990d787991df0fa.rlib" "/opt/rustwide/target/debug/deps/libsame_file-6c7da3b22554f6bc.rlib" "/opt/rustwide/target/debug/deps/libinotify-06d7b7978b376a80.rlib" "/opt/rustwide/target/debug/deps/libinotify_sys-b7dbb8dc45f32c53.rlib" "/opt/rustwide/target/debug/deps/libmio_extras-f5aeeaec30d593a5.rlib" "/opt/rustwide/target/debug/deps/liblazycell-05b01983d1848580.rlib" "/opt/rustwide/target/debug/deps/libmio-8c70c431b07c7e5a.rlib" "/opt/rustwide/target/debug/deps/libslab-f0931e7482d64922.rlib" "/opt/rustwide/target/debug/deps/libiovec-7d567bee8dab5f27.rlib" "/opt/rustwide/target/debug/deps/libnet2-42d3f6236d073c48.rlib" "/opt/rustwide/target/debug/deps/libcfg_if-e7a28af79b261e75.rlib" "/opt/rustwide/target/debug/deps/libfiletime-34e729a1573ff01e.rlib" "/opt/rustwide/target/debug/deps/libnative_tls-bbbebc1e6030153a.rlib" "/opt/rustwide/target/debug/deps/libopenssl_probe-a7953e41b0152cb3.rlib" "/opt/rustwide/target/debug/deps/libopenssl-c3698c2df45b7431.rlib" "/opt/rustwide/target/debug/deps/libonce_cell-a76c90beb999d50a.rlib" "/opt/rustwide/target/debug/deps/libbitflags-f89ae4b715176e2d.rlib" "/opt/rustwide/target/debug/deps/libforeign_types-6dd7ccee81750d2f.rlib" "/opt/rustwide/target/debug/deps/libforeign_types_shared-1812f2e1ab1a4883.rlib" "/opt/rustwide/target/debug/deps/libopenssl_sys-ba0141eba6e60a20.rlib" "/opt/rustwide/target/debug/deps/liblibc-01feaa3f8fb69fd7.rlib" "/opt/rustwide/target/debug/deps/liblog-975203197fcf8dc1.rlib" "/opt/rustwide/target/debug/deps/libcfg_if-38c8a3e888ecb06a.rlib" "/opt/rustwide/target/debug/deps/libunicode_segmentation-bb2ad42c819b8773.rlib" "-Wl,--start-group" "/opt/rustwide/rustup-home/toolchains/1.54.0-x86_64-unknown-linux-gnu/lib/rustlib/x86_64-unknown-linux-gnu/lib/libstd-2420485b9e5ef5e1.rlib" "/opt/rustwide/rustup-home/toolchains/1.54.0-x86_64-unknown-linux-gnu/lib/rustlib/x86_64-unknown-linux-gnu/lib/libpanic_unwind-785e3cb61c4b1960.rlib" "/opt/rustwide/rustup-home/toolchains/1.54.0-x86_64-unknown-linux-gnu/lib/rustlib/x86_64-unknown-linux-gnu/lib/libminiz_oxide-087191a88bdaa22d.rlib" "/opt/rustwide/rustup-home/toolchains/1.54.0-x86_64-unknown-linux-gnu/lib/rustlib/x86_64-unknown-linux-gnu/lib/libadler-9981842c02975178.rlib" "/opt/rustwide/rustup-home/toolchains/1.54.0-x86_64-unknown-linux-gnu/lib/rustlib/x86_64-unknown-linux-gnu/lib/libobject-6fb405869b015fde.rlib" "/opt/rustwide/rustup-home/toolchains/1.54.0-x86_64-unknown-linux-gnu/lib/rustlib/x86_64-unknown-linux-gnu/lib/libaddr2line-d05c5c3c56004b7b.rlib" "/opt/rustwide/rustup-home/toolchains/1.54.0-x86_64-unknown-linux-gnu/lib/rustlib/x86_64-unknown-linux-gnu/lib/libgimli-42d74d2097528b38.rlib" "/opt/rustwide/rustup-home/toolchains/1.54.0-x86_64-unknown-linux-gnu/lib/rustlib/x86_64-unknown-linux-gnu/lib/libstd_detect-fb36534c113d2209.rlib" "/opt/rustwide/rustup-home/toolchains/1.54.0-x86_64-unknown-linux-gnu/lib/rustlib/x86_64-unknown-linux-gnu/lib/librustc_demangle-b56b9042c12b6535.rlib" "/opt/rustwide/rustup-home/toolchains/1.54.0-x86_64-unknown-linux-gnu/lib/rustlib/x86_64-unknown-linux-gnu/lib/libhashbrown-491902d6cb3e76df.rlib" "/opt/rustwide/rustup-home/toolchains/1.54.0-x86_64-unknown-linux-gnu/lib/rustlib/x86_64-unknown-linux-gnu/lib/librustc_std_workspace_alloc-61834e0981b8c367.rlib" "/opt/rustwide/rustup-home/toolchains/1.54.0-x86_64-unknown-linux-gnu/lib/rustlib/x86_64-unknown-linux-gnu/lib/libunwind-f78aa99d613a55bc.rlib" "/opt/rustwide/rustup-home/toolchains/1.54.0-x86_64-unknown-linux-gnu/lib/rustlib/x86_64-unknown-linux-gnu/lib/libcfg_if-53ee54cd7fed2c57.rlib" "/opt/rustwide/rustup-home/toolchains/1.54.0-x86_64-unknown-linux-gnu/lib/rustlib/x86_64-unknown-linux-gnu/lib/liblibc-544ecdbd6cda3c58.rlib" "/opt/rustwide/rustup-home/toolchains/1.54.0-x86_64-unknown-linux-gnu/lib/rustlib/x86_64-unknown-linux-gnu/lib/liballoc-379cc252b6943a79.rlib" "/opt/rustwide/rustup-home/toolchains/1.54.0-x86_64-unknown-linux-gnu/lib/rustlib/x86_64-unknown-linux-gnu/lib/librustc_std_workspace_core-8063eea38dcc5e62.rlib" "/opt/rustwide/rustup-home/toolchains/1.54.0-x86_64-unknown-linux-gnu/lib/rustlib/x86_64-unknown-linux-gnu/lib/libcore-5b228734afae15ee.rlib" "-Wl,--end-group" "/opt/rustwide/rustup-home/toolchains/1.54.0-x86_64-unknown-linux-gnu/lib/rustlib/x86_64-unknown-linux-gnu/lib/libcompiler_builtins-d6c7a399d95d173f.rlib" "-Wl,-Bdynamic" "-ldl" "-lsqlite3" "-lssl" "-lcrypto" "-lgcc_s" "-lutil" "-lrt" "-lpthread" "-lm" "-ldl" "-lc" "-Wl,--eh-frame-hdr" "-Wl,-znoexecstack" "-L" "/opt/rustwide/rustup-home/toolchains/1.54.0-x86_64-unknown-linux-gnu/lib/rustlib/x86_64-unknown-linux-gnu/lib" "-o" "/tmp/rustdoctestCbedGm/rust_out" "-Wl,--gc-sections" "-pie" "-Wl,-zrelro" "-Wl,-znow" "-nodefaultlibs"
[INFO] [stdout]   = note: collect2: fatal error: ld terminated with signal 9 [Killed]
[INFO] [stdout]           compilation terminated.
[INFO] [stdout]           
[INFO] [stdout] 
[INFO] [stdout] error: aborting due to previous error
[INFO] [stdout] 
[INFO] [stdout] Couldn't compile the test.
[INFO] [stdout] ---- src/email/address.rs - email::address::Address::subaddress (line 246) stdout ----
[INFO] [stdout] error: linking with `cc` failed: exit status: 1
[INFO] [stdout]   |
[INFO] [stdout]   = note: "cc" "-m64" "/tmp/rustdoctestvzbePv/rust_out.rust_out.7rcbfp3g-cgu.0.rcgu.o" "/tmp/rustdoctestvzbePv/rust_out.33dyzt1ekirinwy8.rcgu.o" "-Wl,--as-needed" "-L" "/opt/rustwide/target/debug/deps" "-L" "/opt/rustwide/target/debug/deps" "-L" "/opt/rustwide/rustup-home/toolchains/1.54.0-x86_64-unknown-linux-gnu/lib/rustlib/x86_64-unknown-linux-gnu/lib" "-Wl,-Bstatic" "/opt/rustwide/target/debug/deps/libmelib-34f5e8c405b74568.rlib" "/opt/rustwide/target/debug/deps/libbase64-e2a906ac29617111.rlib" "/opt/rustwide/target/debug/deps/liblibloading-4cbef60d97a68c9e.rlib" "/opt/rustwide/target/debug/deps/libbincode-d391fa0fd94ea418.rlib" "/opt/rustwide/target/debug/deps/libxdg-647441c92ee2915e.rlib" "/opt/rustwide/target/debug/deps/libasync_stream-487d7d8cc5b3b926.rlib" "/opt/rustwide/target/debug/deps/libnix-2fbc60471e36a252.rlib" "/opt/rustwide/target/debug/deps/libvoid-c3f770d6ee2d2f2c.rlib" "/opt/rustwide/target/debug/deps/librusqlite-d4c4fa6bc054d894.rlib" "/opt/rustwide/target/debug/deps/libfallible_streaming_iterator-146d1e002ea46a30.rlib" "/opt/rustwide/target/debug/deps/libfallible_iterator-5f396c49cf7e196f.rlib" "/opt/rustwide/target/debug/deps/libhashlink-c12bf3d3ad910601.rlib" "/opt/rustwide/target/debug/deps/libhashbrown-d70458254ef89d14.rlib" "/opt/rustwide/target/debug/deps/libahash-b65b262a71b5b48f.rlib" "/opt/rustwide/target/debug/deps/liblibsqlite3_sys-91c675c863757ee0.rlib" "/opt/rustwide/target/debug/deps/libflate2-006d683c99845351.rlib" "/opt/rustwide/target/debug/deps/libminiz_oxide-6d1f5d22fe94ee7f.rlib" "/opt/rustwide/target/debug/deps/libadler-21b6e26b0dda2395.rlib" "/opt/rustwide/target/debug/deps/libcrc32fast-e6a82e63ff40e00b.rlib" "/opt/rustwide/target/debug/deps/libmemmap-f29ba4acd479292e.rlib" "/opt/rustwide/target/debug/deps/libxdg_utils-d0ec77ee31d616e1.rlib" "/opt/rustwide/target/debug/deps/libuuid-db72e627afa1adc3.rlib" "/opt/rustwide/target/debug/deps/libgetrandom-fb20edfc0c7fade7.rlib" "/opt/rustwide/target/debug/deps/libsha1-2489abe97bc3c064.rlib" "/opt/rustwide/target/debug/deps/libsmol-2496e3b926b2cb89.rlib" "/opt/rustwide/target/debug/deps/libasync_process-4dd25ac52e0c12fc.rlib" "/opt/rustwide/target/debug/deps/libsignal_hook-72476ed604cd441c.rlib" "/opt/rustwide/target/debug/deps/libsignal_hook_registry-206271b3ce8badd9.rlib" "/opt/rustwide/target/debug/deps/libasync_net-9762eedad8d2c263.rlib" "/opt/rustwide/target/debug/deps/libasync_fs-f030137bd3544a87.rlib" "/opt/rustwide/target/debug/deps/libasync_lock-c2c3149f44ed208e.rlib" "/opt/rustwide/target/debug/deps/libblocking-2acfe36b0f1b59cd.rlib" "/opt/rustwide/target/debug/deps/libatomic_waker-a29226b4750a6e8f.rlib" "/opt/rustwide/target/debug/deps/libasync_channel-75e6876552785224.rlib" "/opt/rustwide/target/debug/deps/libevent_listener-66f4bbe0415ddc06.rlib" "/opt/rustwide/target/debug/deps/libasync_io-41a1cf7eda15e5e5.rlib" "/opt/rustwide/target/debug/deps/libpolling-f4fa115abc0c71fe.rlib" "/opt/rustwide/target/debug/deps/libsocket2-f95d02f7865c7c5d.rlib" "/opt/rustwide/target/debug/deps/libasync_executor-7788ddf84926a92f.rlib" "/opt/rustwide/target/debug/deps/libfutures_lite-4c9c3d314e7a9d09.rlib" "/opt/rustwide/target/debug/deps/libfastrand-90bf63f6c773be94.rlib" "/opt/rustwide/target/debug/deps/libwaker_fn-98995fcd02982c11.rlib" "/opt/rustwide/target/debug/deps/libparking-df9ebd4e18b38768.rlib" "/opt/rustwide/target/debug/deps/libconcurrent_queue-6f0cdc0cab5a7239.rlib" "/opt/rustwide/target/debug/deps/libcache_padded-3fcd07af16f2477d.rlib" "/opt/rustwide/target/debug/deps/libasync_task-17a9326dad44dda7.rlib" "/opt/rustwide/target/debug/deps/libsmallvec-bae30004d7f66bed.rlib" "/opt/rustwide/target/debug/deps/libindexmap-2a50efea056dc7fb.rlib" "/opt/rustwide/target/debug/deps/libhashbrown-8c5395ff9e9a0462.rlib" "/opt/rustwide/target/debug/deps/libserde-3e5cb1165c2c9095.rlib" "/opt/rustwide/target/debug/deps/libfutures-de645b325555612b.rlib" "/opt/rustwide/target/debug/deps/libfutures_executor-d067ba8e9bc9d637.rlib" "/opt/rustwide/target/debug/deps/libfutures_util-76f027d99d737c99.rlib" "/opt/rustwide/target/debug/deps/libfutures_io-0553c4ec4afdfdae.rlib" "/opt/rustwide/target/debug/deps/libfutures_channel-2de89f8ab8a61a78.rlib" "/opt/rustwide/target/debug/deps/libpin_project_lite-ed06e07546a7102f.rlib" "/opt/rustwide/target/debug/deps/libfutures_sink-dde56499d547c800.rlib" "/opt/rustwide/target/debug/deps/libfutures_task-5b8f6133e14601aa.rlib" "/opt/rustwide/target/debug/deps/libpin_utils-576e633f12357c97.rlib" "/opt/rustwide/target/debug/deps/libfutures_core-28804fd28ce97755.rlib" "/opt/rustwide/target/debug/deps/libnom-f951ec40c86607c5.rlib" "/opt/rustwide/target/debug/deps/liblexical_core-80a5588777ce8d87.rlib" "/opt/rustwide/target/debug/deps/libryu-059aa1fbb24cd15e.rlib" "/opt/rustwide/target/debug/deps/libstatic_assertions-3572c7a6c8acd33d.rlib" "/opt/rustwide/target/debug/deps/libarrayvec-c5c765cd34af79cd.rlib" "/opt/rustwide/target/debug/deps/libmemchr-0721f17babcb5610.rlib" "/opt/rustwide/target/debug/deps/libencoding-fef14dd4743b1bb4.rlib" "/opt/rustwide/target/debug/deps/libencoding_index_tradchinese-eb58b225a7758f45.rlib" "/opt/rustwide/target/debug/deps/libencoding_index_simpchinese-8fa9057498e06ead.rlib" "/opt/rustwide/target/debug/deps/libencoding_index_japanese-f166b2683668f42e.rlib" "/opt/rustwide/target/debug/deps/libencoding_index_korean-021993a344824d39.rlib" "/opt/rustwide/target/debug/deps/libencoding_index_singlebyte-6cd63b2c3d69a698.rlib" "/opt/rustwide/target/debug/deps/libdata_encoding-dc50ea28b6ca94a3.rlib" "/opt/rustwide/target/debug/deps/libnotify-50df3193122ecf7f.rlib" "/opt/rustwide/target/debug/deps/libwalkdir-e990d787991df0fa.rlib" "/opt/rustwide/target/debug/deps/libsame_file-6c7da3b22554f6bc.rlib" "/opt/rustwide/target/debug/deps/libinotify-06d7b7978b376a80.rlib" "/opt/rustwide/target/debug/deps/libinotify_sys-b7dbb8dc45f32c53.rlib" "/opt/rustwide/target/debug/deps/libmio_extras-f5aeeaec30d593a5.rlib" "/opt/rustwide/target/debug/deps/liblazycell-05b01983d1848580.rlib" "/opt/rustwide/target/debug/deps/libmio-8c70c431b07c7e5a.rlib" "/opt/rustwide/target/debug/deps/libslab-f0931e7482d64922.rlib" "/opt/rustwide/target/debug/deps/libiovec-7d567bee8dab5f27.rlib" "/opt/rustwide/target/debug/deps/libnet2-42d3f6236d073c48.rlib" "/opt/rustwide/target/debug/deps/libcfg_if-e7a28af79b261e75.rlib" "/opt/rustwide/target/debug/deps/libfiletime-34e729a1573ff01e.rlib" "/opt/rustwide/target/debug/deps/libnative_tls-bbbebc1e6030153a.rlib" "/opt/rustwide/target/debug/deps/libopenssl_probe-a7953e41b0152cb3.rlib" "/opt/rustwide/target/debug/deps/libopenssl-c3698c2df45b7431.rlib" "/opt/rustwide/target/debug/deps/libonce_cell-a76c90beb999d50a.rlib" "/opt/rustwide/target/debug/deps/libbitflags-f89ae4b715176e2d.rlib" "/opt/rustwide/target/debug/deps/libforeign_types-6dd7ccee81750d2f.rlib" "/opt/rustwide/target/debug/deps/libforeign_types_shared-1812f2e1ab1a4883.rlib" "/opt/rustwide/target/debug/deps/libopenssl_sys-ba0141eba6e60a20.rlib" "/opt/rustwide/target/debug/deps/liblibc-01feaa3f8fb69fd7.rlib" "/opt/rustwide/target/debug/deps/liblog-975203197fcf8dc1.rlib" "/opt/rustwide/target/debug/deps/libcfg_if-38c8a3e888ecb06a.rlib" "/opt/rustwide/target/debug/deps/libunicode_segmentation-bb2ad42c819b8773.rlib" "-Wl,--start-group" "/opt/rustwide/rustup-home/toolchains/1.54.0-x86_64-unknown-linux-gnu/lib/rustlib/x86_64-unknown-linux-gnu/lib/libstd-2420485b9e5ef5e1.rlib" "/opt/rustwide/rustup-home/toolchains/1.54.0-x86_64-unknown-linux-gnu/lib/rustlib/x86_64-unknown-linux-gnu/lib/libpanic_unwind-785e3cb61c4b1960.rlib" "/opt/rustwide/rustup-home/toolchains/1.54.0-x86_64-unknown-linux-gnu/lib/rustlib/x86_64-unknown-linux-gnu/lib/libminiz_oxide-087191a88bdaa22d.rlib" "/opt/rustwide/rustup-home/toolchains/1.54.0-x86_64-unknown-linux-gnu/lib/rustlib/x86_64-unknown-linux-gnu/lib/libadler-9981842c02975178.rlib" "/opt/rustwide/rustup-home/toolchains/1.54.0-x86_64-unknown-linux-gnu/lib/rustlib/x86_64-unknown-linux-gnu/lib/libobject-6fb405869b015fde.rlib" "/opt/rustwide/rustup-home/toolchains/1.54.0-x86_64-unknown-linux-gnu/lib/rustlib/x86_64-unknown-linux-gnu/lib/libaddr2line-d05c5c3c56004b7b.rlib" "/opt/rustwide/rustup-home/toolchains/1.54.0-x86_64-unknown-linux-gnu/lib/rustlib/x86_64-unknown-linux-gnu/lib/libgimli-42d74d2097528b38.rlib" "/opt/rustwide/rustup-home/toolchains/1.54.0-x86_64-unknown-linux-gnu/lib/rustlib/x86_64-unknown-linux-gnu/lib/libstd_detect-fb36534c113d2209.rlib" "/opt/rustwide/rustup-home/toolchains/1.54.0-x86_64-unknown-linux-gnu/lib/rustlib/x86_64-unknown-linux-gnu/lib/librustc_demangle-b56b9042c12b6535.rlib" "/opt/rustwide/rustup-home/toolchains/1.54.0-x86_64-unknown-linux-gnu/lib/rustlib/x86_64-unknown-linux-gnu/lib/libhashbrown-491902d6cb3e76df.rlib" "/opt/rustwide/rustup-home/toolchains/1.54.0-x86_64-unknown-linux-gnu/lib/rustlib/x86_64-unknown-linux-gnu/lib/librustc_std_workspace_alloc-61834e0981b8c367.rlib" "/opt/rustwide/rustup-home/toolchains/1.54.0-x86_64-unknown-linux-gnu/lib/rustlib/x86_64-unknown-linux-gnu/lib/libunwind-f78aa99d613a55bc.rlib" "/opt/rustwide/rustup-home/toolchains/1.54.0-x86_64-unknown-linux-gnu/lib/rustlib/x86_64-unknown-linux-gnu/lib/libcfg_if-53ee54cd7fed2c57.rlib" "/opt/rustwide/rustup-home/toolchains/1.54.0-x86_64-unknown-linux-gnu/lib/rustlib/x86_64-unknown-linux-gnu/lib/liblibc-544ecdbd6cda3c58.rlib" "/opt/rustwide/rustup-home/toolchains/1.54.0-x86_64-unknown-linux-gnu/lib/rustlib/x86_64-unknown-linux-gnu/lib/liballoc-379cc252b6943a79.rlib" "/opt/rustwide/rustup-home/toolchains/1.54.0-x86_64-unknown-linux-gnu/lib/rustlib/x86_64-unknown-linux-gnu/lib/librustc_std_workspace_core-8063eea38dcc5e62.rlib" "/opt/rustwide/rustup-home/toolchains/1.54.0-x86_64-unknown-linux-gnu/lib/rustlib/x86_64-unknown-linux-gnu/lib/libcore-5b228734afae15ee.rlib" "-Wl,--end-group" "/opt/rustwide/rustup-home/toolchains/1.54.0-x86_64-unknown-linux-gnu/lib/rustlib/x86_64-unknown-linux-gnu/lib/libcompiler_builtins-d6c7a399d95d173f.rlib" "-Wl,-Bdynamic" "-ldl" "-lsqlite3" "-lssl" "-lcrypto" "-lgcc_s" "-lutil" "-lrt" "-lpthread" "-lm" "-ldl" "-lc" "-Wl,--eh-frame-hdr" "-Wl,-znoexecstack" "-L" "/opt/rustwide/rustup-home/toolchains/1.54.0-x86_64-unknown-linux-gnu/lib/rustlib/x86_64-unknown-linux-gnu/lib" "-o" "/tmp/rustdoctestvzbePv/rust_out" "-Wl,--gc-sections" "-pie" "-Wl,-zrelro" "-Wl,-znow" "-nodefaultlibs"
[INFO] [stdout]   = note: collect2: fatal error: ld terminated with signal 9 [Killed]
[INFO] [stdout]           compilation terminated.
[INFO] [stdout]           
[INFO] [stdout] 
[INFO] [stdout] error: aborting due to previous error
[INFO] [stdout] 
[INFO] [stdout] Couldn't compile the test.
[INFO] [stdout] 
[INFO] [stdout] failures:
[INFO] [stdout]     src/email/address.rs - email::address::Address (line 79)
[INFO] [stdout]     src/email/address.rs - email::address::Address::subaddress (line 246)
[INFO] [stdout] 
[INFO] [stdout] test result: FAILED. 5 passed; 2 failed; 2 ignored; 0 measured; 0 filtered out; finished in 4.67s
[INFO] [stdout] 
[INFO] [stderr] error: test failed, to rerun pass '--doc'
[INFO] running `Command { std: "docker" "inspect" "61ef7ef770ca46398e5545bd34c076666fb43fbfe41a2dc631c00b1d37b24e4a", kill_on_drop: false }`
[INFO] running `Command { std: "docker" "rm" "-f" "61ef7ef770ca46398e5545bd34c076666fb43fbfe41a2dc631c00b1d37b24e4a", kill_on_drop: false }`
[INFO] [stdout] 61ef7ef770ca46398e5545bd34c076666fb43fbfe41a2dc631c00b1d37b24e4a
