[INFO] fetching crate mdbook-fluent 0.1.0...
[INFO] testing mdbook-fluent-0.1.0 against 1.54.0 for beta-1.55-1
[INFO] extracting crate mdbook-fluent 0.1.0 into /workspace/builds/worker-89/source
[INFO] validating manifest of crates.io crate mdbook-fluent 0.1.0 on toolchain 1.54.0
[INFO] running `Command { std: "/workspace/cargo-home/bin/cargo" "+1.54.0" "metadata" "--manifest-path" "Cargo.toml" "--no-deps", kill_on_drop: false }`
[INFO] started tweaking crates.io crate mdbook-fluent 0.1.0
[INFO] finished tweaking crates.io crate mdbook-fluent 0.1.0
[INFO] tweaked toml for crates.io crate mdbook-fluent 0.1.0 written to /workspace/builds/worker-89/source/Cargo.toml
[INFO] crate crates.io crate mdbook-fluent 0.1.0 already has a lockfile, it will not be regenerated
[INFO] running `Command { std: "/workspace/cargo-home/bin/cargo" "+1.54.0" "fetch" "--manifest-path" "Cargo.toml", kill_on_drop: false }`
[INFO] [stderr]     Blocking waiting for file lock on package cache
[INFO] [stderr]     Blocking waiting for file lock on package cache
[INFO] running `Command { std: "docker" "create" "-v" "/var/lib/crater-agent-workspace/builds/worker-89/target:/opt/rustwide/target:rw,Z" "-v" "/var/lib/crater-agent-workspace/builds/worker-89/source:/opt/rustwide/workdir:ro,Z" "-v" "/var/lib/crater-agent-workspace/cargo-home:/opt/rustwide/cargo-home:ro,Z" "-v" "/var/lib/crater-agent-workspace/rustup-home:/opt/rustwide/rustup-home:ro,Z" "-e" "SOURCE_DIR=/opt/rustwide/workdir" "-e" "CARGO_TARGET_DIR=/opt/rustwide/target" "-e" "CARGO_HOME=/opt/rustwide/cargo-home" "-e" "RUSTUP_HOME=/opt/rustwide/rustup-home" "-w" "/opt/rustwide/workdir" "-m" "1610612736" "--user" "0:0" "--network" "none" "ghcr.io/rust-lang/crates-build-env/linux@sha256:34b6a614d2c27851fe6cbf88fbd1137609cefab8b10d0615aaeb6fd47975d74e" "/opt/rustwide/cargo-home/bin/cargo" "+1.54.0" "metadata" "--no-deps" "--format-version=1", kill_on_drop: false }`
[INFO] [stdout] f46447cc335fa467380aa50974ade23931b6c362ee71f4eca5d18d7cdc8fa47d
[INFO] running `Command { std: "docker" "start" "-a" "f46447cc335fa467380aa50974ade23931b6c362ee71f4eca5d18d7cdc8fa47d", kill_on_drop: false }`
[INFO] running `Command { std: "docker" "inspect" "f46447cc335fa467380aa50974ade23931b6c362ee71f4eca5d18d7cdc8fa47d", kill_on_drop: false }`
[INFO] running `Command { std: "docker" "rm" "-f" "f46447cc335fa467380aa50974ade23931b6c362ee71f4eca5d18d7cdc8fa47d", kill_on_drop: false }`
[INFO] [stdout] f46447cc335fa467380aa50974ade23931b6c362ee71f4eca5d18d7cdc8fa47d
[INFO] running `Command { std: "docker" "create" "-v" "/var/lib/crater-agent-workspace/builds/worker-89/target:/opt/rustwide/target:rw,Z" "-v" "/var/lib/crater-agent-workspace/builds/worker-89/source:/opt/rustwide/workdir:ro,Z" "-v" "/var/lib/crater-agent-workspace/cargo-home:/opt/rustwide/cargo-home:ro,Z" "-v" "/var/lib/crater-agent-workspace/rustup-home:/opt/rustwide/rustup-home:ro,Z" "-e" "SOURCE_DIR=/opt/rustwide/workdir" "-e" "CARGO_TARGET_DIR=/opt/rustwide/target" "-e" "CARGO_INCREMENTAL=0" "-e" "RUST_BACKTRACE=full" "-e" "RUSTFLAGS=--cap-lints=warn" "-e" "CARGO_HOME=/opt/rustwide/cargo-home" "-e" "RUSTUP_HOME=/opt/rustwide/rustup-home" "-w" "/opt/rustwide/workdir" "-m" "1610612736" "--user" "0:0" "--network" "none" "ghcr.io/rust-lang/crates-build-env/linux@sha256:34b6a614d2c27851fe6cbf88fbd1137609cefab8b10d0615aaeb6fd47975d74e" "/opt/rustwide/cargo-home/bin/cargo" "+1.54.0" "build" "--frozen" "--message-format=json", kill_on_drop: false }`
[INFO] [stdout] d13252b1a906b0971cf4f31f9e42b5247ae43bf32c23b6eed27e18d4a73f0920
[INFO] running `Command { std: "docker" "start" "-a" "d13252b1a906b0971cf4f31f9e42b5247ae43bf32c23b6eed27e18d4a73f0920", kill_on_drop: false }`
[INFO] [stderr]     Blocking waiting for file lock on package cache
[INFO] [stderr]     Blocking waiting for file lock on package cache
[INFO] [stderr]    Compiling libc v0.2.68
[INFO] [stderr]    Compiling proc-macro2 v1.0.9
[INFO] [stderr]    Compiling syn v1.0.16
[INFO] [stderr]    Compiling getrandom v0.1.14
[INFO] [stderr]    Compiling byteorder v1.3.4
[INFO] [stderr]    Compiling serde v1.0.105
[INFO] [stderr]    Compiling smallvec v1.2.0
[INFO] [stderr]    Compiling siphasher v0.3.2
[INFO] [stderr]    Compiling ryu v1.0.3
[INFO] [stderr]    Compiling itoa v0.4.5
[INFO] [stderr]    Compiling memchr v2.3.3
[INFO] [stderr]    Compiling cc v1.0.50
[INFO] [stderr]    Compiling autocfg v1.0.0
[INFO] [stderr]    Compiling tinystr v0.3.2
[INFO] [stderr]    Compiling ucd-trie v0.1.3
[INFO] [stderr]    Compiling failure_derive v0.1.7
[INFO] [stderr]    Compiling language-tags v0.2.2
[INFO] [stderr]    Compiling regex-syntax v0.6.17
[INFO] [stderr]    Compiling quick-error v1.2.3
[INFO] [stderr]    Compiling same-file v1.0.6
[INFO] [stderr]    Compiling stable_deref_trait v1.1.1
[INFO] [stderr]    Compiling termcolor v1.1.0
[INFO] [stderr]    Compiling fluent-syntax v0.9.3
[INFO] [stderr]    Compiling open v1.4.0
[INFO] [stderr]    Compiling proc-macro2 v0.4.30
[INFO] [stderr]    Compiling rand_jitter v0.1.4
[INFO] [stderr]    Compiling syn v0.15.44
[INFO] [stderr]    Compiling typenum v1.11.2
[INFO] [stderr]    Compiling bitflags v1.2.1
[INFO] [stderr]    Compiling thread_local v1.0.1
[INFO] [stderr]    Compiling error-chain v0.12.2
[INFO] [stderr]    Compiling pulldown-cmark v0.6.1
[INFO] [stderr]    Compiling gitignore v1.0.6
[INFO] [stderr]    Compiling unicase v1.4.2
[INFO] [stderr]    Compiling rand_pcg v0.1.2
[INFO] [stderr]    Compiling rand_chacha v0.1.1
[INFO] [stderr]    Compiling rand v0.6.5
[INFO] [stderr]    Compiling httparse v1.3.4
[INFO] [stderr]    Compiling tendril v0.4.1
[INFO] [stderr]    Compiling typemap v0.3.3
[INFO] [stderr]    Compiling unicase v2.6.0
[INFO] [stderr]    Compiling log v0.3.9
[INFO] [stderr]    Compiling phf_shared v0.8.0
[INFO] [stderr]    Compiling unic-langid-impl v0.8.0
[INFO] [stderr]    Compiling walkdir v2.3.1
[INFO] [stderr]    Compiling pest v2.1.3
[INFO] [stderr]    Compiling unicode-normalization v0.1.12
[INFO] [stderr]    Compiling humantime v1.3.0
[INFO] [stderr]    Compiling mime v0.2.6
[INFO] [stderr]    Compiling phf v0.8.0
[INFO] [stderr]    Compiling plugin v0.2.6
[INFO] [stderr]    Compiling unic-langid v0.8.0
[INFO] [stderr]    Compiling num-traits v0.2.11
[INFO] [stderr]    Compiling num-integer v0.1.42
[INFO] [stderr]    Compiling quote v0.6.13
[INFO] [stderr]    Compiling intl_pluralrules v6.0.0
[INFO] [stderr]    Compiling fluent-langneg v0.12.1
[INFO] [stderr]    Compiling generic-array v0.12.3
[INFO] [stderr]    Compiling aho-corasick v0.7.10
[INFO] [stderr]    Compiling phf_shared v0.7.24
[INFO] [stderr]    Compiling backtrace-sys v0.1.34
[INFO] [stderr]    Compiling idna v0.1.5
[INFO] [stderr]    Compiling idna v0.2.0
[INFO] [stderr]    Compiling digest v0.8.1
[INFO] [stderr]    Compiling base64 v0.9.3
[INFO] [stderr]    Compiling fxhash v0.2.1
[INFO] [stderr]    Compiling block-buffer v0.7.3
[INFO] [stderr]    Compiling phf v0.7.24
[INFO] [stderr]    Compiling quote v1.0.3
[INFO] [stderr]    Compiling rand_os v0.1.3
[INFO] [stderr]    Compiling time v0.1.42
[INFO] [stderr]    Compiling iovec v0.1.4
[INFO] [stderr]    Compiling net2 v0.2.33
[INFO] [stderr]    Compiling num_cpus v1.12.0
[INFO] [stderr]    Compiling inotify-sys v0.1.3
[INFO] [stderr]    Compiling atty v0.2.14
[INFO] [stderr]    Compiling filetime v0.2.8
[INFO] [stderr]    Compiling pest_meta v2.1.3
[INFO] [stderr]    Compiling type-map v0.3.0
[INFO] [stderr]    Compiling sha-1 v0.8.2
[INFO] [stderr]    Compiling url v2.1.1
[INFO] [stderr]    Compiling rand_core v0.5.1
[INFO] [stderr]    Compiling url v1.7.2
[INFO] [stderr]    Compiling bytes v0.4.12
[INFO] [stderr]    Compiling intl-memoizer v0.4.0
[INFO] [stderr]    Compiling inotify v0.7.0
[INFO] [stderr]    Compiling clap v2.33.0
[INFO] [stderr]    Compiling regex v1.3.5
[INFO] [stderr]    Compiling rand_chacha v0.2.2
[INFO] [stderr]    Compiling rand_pcg v0.2.1
[INFO] [stderr]    Compiling mio v0.6.21
[INFO] [stderr]    Compiling chrono v0.4.11
[INFO] [stderr]    Compiling rand v0.7.3
[INFO] [stderr]    Compiling backtrace v0.3.45
[INFO] [stderr]    Compiling hyper v0.10.16
[INFO] [stderr]    Compiling phf_generator v0.7.24
[INFO] [stderr]    Compiling mio-extras v2.0.6
[INFO] [stderr]    Compiling phf_codegen v0.7.24
[INFO] [stderr]    Compiling env_logger v0.6.2
[INFO] [stderr]    Compiling mime_guess v1.8.8
[INFO] [stderr]    Compiling notify v4.0.15
[INFO] [stderr]    Compiling phf_generator v0.8.0
[INFO] [stderr]    Compiling ws v0.9.1
[INFO] [stderr]    Compiling tempfile v3.1.0
[INFO] [stderr]    Compiling string_cache_codegen v0.5.1
[INFO] [stderr]    Compiling phf_codegen v0.8.0
[INFO] [stderr]    Compiling serde_json v1.0.48
[INFO] [stderr]    Compiling string_cache v0.8.0
[INFO] [stderr]    Compiling toml v0.5.6
[INFO] [stderr]    Compiling iron v0.6.1
[INFO] [stderr]    Compiling mount v0.4.0
[INFO] [stderr]    Compiling staticfile v0.5.0
[INFO] [stderr]    Compiling darling_core v0.8.6
[INFO] [stderr]    Compiling synstructure v0.12.3
[INFO] [stderr]    Compiling pest_generator v2.1.3
[INFO] [stderr]    Compiling strum_macros v0.15.0
[INFO] [stderr]    Compiling darling_macro v0.8.6
[INFO] [stderr]    Compiling serde_derive v1.0.105
[INFO] [stderr]    Compiling html5ever v0.25.1
[INFO] [stderr]    Compiling rental-impl v0.5.5
[INFO] [stderr]    Compiling pest_derive v2.1.0
[INFO] [stderr]    Compiling darling v0.8.6
[INFO] [stderr]    Compiling handlebars v3.0.1
[INFO] [stderr]    Compiling toml-query_derive v0.9.2
[INFO] [stderr]    Compiling failure v0.1.7
[INFO] [stderr]    Compiling toml-query v0.9.2
[INFO] [stderr]    Compiling markup5ever v0.10.0
[INFO] [stderr]    Compiling elasticlunr-rs v2.3.6
[INFO] [stderr]    Compiling rental v0.5.5
[INFO] [stderr]    Compiling fluent-bundle v0.11.0
[INFO] [stderr]    Compiling fluent v0.11.0
[INFO] [stderr]    Compiling xml5ever v0.16.1
[INFO] [stderr]    Compiling markup5ever_rcdom v0.1.0
[INFO] [stderr]    Compiling ammonia v3.1.0
[INFO] [stderr]    Compiling mdbook v0.3.6
[INFO] [stderr]    Compiling mdbook-fluent v0.1.0 (/opt/rustwide/workdir)
[INFO] [stdout] warning: panic message contains braces
[INFO] [stdout]    --> src/lib.rs:159:45
[INFO] [stdout]     |
[INFO] [stdout] 159 | ...                   panic!("No closing #fluent \"}}\".");
[INFO] [stdout]     |                                                    ^^
[INFO] [stdout]     |
[INFO] [stdout]     = note: `#[warn(non_fmt_panic)]` on by default
[INFO] [stdout]     = note: this message is not used as a format string, but will be in Rust 2021
[INFO] [stdout] help: add a "{}" format string to use the message literally
[INFO] [stdout]     |
[INFO] [stdout] 159 |                                        panic!("{}", "No closing #fluent \"}}\".");
[INFO] [stdout]     |                                               ^^^^^
[INFO] [stdout] 
[INFO] [stdout] 
[INFO] [stdout] warning: 1 warning emitted
[INFO] [stdout] 
[INFO] [stdout] 
[INFO] [stderr]     Finished dev [unoptimized + debuginfo] target(s) in 45.79s
[INFO] running `Command { std: "docker" "inspect" "d13252b1a906b0971cf4f31f9e42b5247ae43bf32c23b6eed27e18d4a73f0920", kill_on_drop: false }`
[INFO] running `Command { std: "docker" "rm" "-f" "d13252b1a906b0971cf4f31f9e42b5247ae43bf32c23b6eed27e18d4a73f0920", kill_on_drop: false }`
[INFO] [stdout] d13252b1a906b0971cf4f31f9e42b5247ae43bf32c23b6eed27e18d4a73f0920
[INFO] running `Command { std: "docker" "create" "-v" "/var/lib/crater-agent-workspace/builds/worker-89/target:/opt/rustwide/target:rw,Z" "-v" "/var/lib/crater-agent-workspace/builds/worker-89/source:/opt/rustwide/workdir:ro,Z" "-v" "/var/lib/crater-agent-workspace/cargo-home:/opt/rustwide/cargo-home:ro,Z" "-v" "/var/lib/crater-agent-workspace/rustup-home:/opt/rustwide/rustup-home:ro,Z" "-e" "SOURCE_DIR=/opt/rustwide/workdir" "-e" "CARGO_TARGET_DIR=/opt/rustwide/target" "-e" "CARGO_INCREMENTAL=0" "-e" "RUST_BACKTRACE=full" "-e" "RUSTFLAGS=--cap-lints=warn" "-e" "CARGO_HOME=/opt/rustwide/cargo-home" "-e" "RUSTUP_HOME=/opt/rustwide/rustup-home" "-w" "/opt/rustwide/workdir" "-m" "1610612736" "--user" "0:0" "--network" "none" "ghcr.io/rust-lang/crates-build-env/linux@sha256:34b6a614d2c27851fe6cbf88fbd1137609cefab8b10d0615aaeb6fd47975d74e" "/opt/rustwide/cargo-home/bin/cargo" "+1.54.0" "test" "--frozen" "--no-run" "--message-format=json", kill_on_drop: false }`
[INFO] [stdout] 7af02e9abad1cdde95a5c7774aaf3aa27e1eb17ec4cd4895e1249e2c5e1ce361
[INFO] running `Command { std: "docker" "start" "-a" "7af02e9abad1cdde95a5c7774aaf3aa27e1eb17ec4cd4895e1249e2c5e1ce361", kill_on_drop: false }`
[INFO] [stderr]    Compiling mdbook-fluent v0.1.0 (/opt/rustwide/workdir)
[INFO] [stdout] warning: panic message contains braces
[INFO] [stdout]    --> src/lib.rs:159:45
[INFO] [stdout]     |
[INFO] [stdout] 159 | ...                   panic!("No closing #fluent \"}}\".");
[INFO] [stdout]     |                                                    ^^
[INFO] [stdout]     |
[INFO] [stdout]     = note: `#[warn(non_fmt_panic)]` on by default
[INFO] [stdout]     = note: this message is not used as a format string, but will be in Rust 2021
[INFO] [stdout] help: add a "{}" format string to use the message literally
[INFO] [stdout]     |
[INFO] [stdout] 159 |                                        panic!("{}", "No closing #fluent \"}}\".");
[INFO] [stdout]     |                                               ^^^^^
[INFO] [stdout] 
[INFO] [stdout] 
[INFO] [stdout] warning: 1 warning emitted
[INFO] [stdout] 
[INFO] [stdout] 
[INFO] [stdout] warning: panic message contains braces
[INFO] [stdout]    --> src/lib.rs:159:45
[INFO] [stdout]     |
[INFO] [stdout] 159 | ...                   panic!("No closing #fluent \"}}\".");
[INFO] [stdout]     |                                                    ^^
[INFO] [stdout]     |
[INFO] [stdout]     = note: `#[warn(non_fmt_panic)]` on by default
[INFO] [stdout]     = note: this message is not used as a format string, but will be in Rust 2021
[INFO] [stdout] help: add a "{}" format string to use the message literally
[INFO] [stdout]     |
[INFO] [stdout] 159 |                                        panic!("{}", "No closing #fluent \"}}\".");
[INFO] [stdout]     |                                               ^^^^^
[INFO] [stdout] 
[INFO] [stdout] 
[INFO] [stdout] warning: 1 warning emitted
[INFO] [stdout] 
[INFO] [stdout] 
[INFO] [stderr]     Finished test [unoptimized + debuginfo] target(s) in 5.48s
[INFO] running `Command { std: "docker" "inspect" "7af02e9abad1cdde95a5c7774aaf3aa27e1eb17ec4cd4895e1249e2c5e1ce361", kill_on_drop: false }`
[INFO] running `Command { std: "docker" "rm" "-f" "7af02e9abad1cdde95a5c7774aaf3aa27e1eb17ec4cd4895e1249e2c5e1ce361", kill_on_drop: false }`
[INFO] [stdout] 7af02e9abad1cdde95a5c7774aaf3aa27e1eb17ec4cd4895e1249e2c5e1ce361
[INFO] running `Command { std: "docker" "create" "-v" "/var/lib/crater-agent-workspace/builds/worker-89/target:/opt/rustwide/target:rw,Z" "-v" "/var/lib/crater-agent-workspace/builds/worker-89/source:/opt/rustwide/workdir:ro,Z" "-v" "/var/lib/crater-agent-workspace/cargo-home:/opt/rustwide/cargo-home:ro,Z" "-v" "/var/lib/crater-agent-workspace/rustup-home:/opt/rustwide/rustup-home:ro,Z" "-e" "SOURCE_DIR=/opt/rustwide/workdir" "-e" "CARGO_TARGET_DIR=/opt/rustwide/target" "-e" "CARGO_INCREMENTAL=0" "-e" "RUST_BACKTRACE=full" "-e" "RUSTFLAGS=--cap-lints=warn" "-e" "CARGO_HOME=/opt/rustwide/cargo-home" "-e" "RUSTUP_HOME=/opt/rustwide/rustup-home" "-w" "/opt/rustwide/workdir" "-m" "1610612736" "--user" "0:0" "--network" "none" "ghcr.io/rust-lang/crates-build-env/linux@sha256:34b6a614d2c27851fe6cbf88fbd1137609cefab8b10d0615aaeb6fd47975d74e" "/opt/rustwide/cargo-home/bin/cargo" "+1.54.0" "test" "--frozen", kill_on_drop: false }`
[INFO] [stdout] 95a1d1dee8a244e58020060a397967bb97906a0a6f655a481c46ab7aec5a0eaa
[INFO] running `Command { std: "docker" "start" "-a" "95a1d1dee8a244e58020060a397967bb97906a0a6f655a481c46ab7aec5a0eaa", kill_on_drop: false }`
[INFO] [stderr] warning: panic message contains braces
[INFO] [stderr]    --> src/lib.rs:159:45
[INFO] [stderr]     |
[INFO] [stderr] 159 | ...                   panic!("No closing #fluent \"}}\".");
[INFO] [stderr]     |                                                    ^^
[INFO] [stderr]     |
[INFO] [stderr]     = note: `#[warn(non_fmt_panic)]` on by default
[INFO] [stderr]     = note: this message is not used as a format string, but will be in Rust 2021
[INFO] [stderr] help: add a "{}" format string to use the message literally
[INFO] [stderr]     |
[INFO] [stderr] 159 |                                        panic!("{}", "No closing #fluent \"}}\".");
[INFO] [stderr]     |                                               ^^^^^
[INFO] [stderr] 
[INFO] [stderr] warning: 1 warning emitted
[INFO] [stderr] 
[INFO] [stderr] warning: panic message contains braces
[INFO] [stderr]    --> src/lib.rs:159:45
[INFO] [stderr]     |
[INFO] [stderr] 159 | ...                   panic!("No closing #fluent \"}}\".");
[INFO] [stderr]     |                                                    ^^
[INFO] [stderr]     |
[INFO] [stderr]     = note: `#[warn(non_fmt_panic)]` on by default
[INFO] [stderr]     = note: this message is not used as a format string, but will be in Rust 2021
[INFO] [stderr] help: add a "{}" format string to use the message literally
[INFO] [stderr]     |
[INFO] [stderr] 159 |                                        panic!("{}", "No closing #fluent \"}}\".");
[INFO] [stderr]     |                                               ^^^^^
[INFO] [stderr] 
[INFO] [stderr] warning: 1 warning emitted
[INFO] [stderr] 
[INFO] [stderr]     Finished test [unoptimized + debuginfo] target(s) in 0.12s
[INFO] [stderr]      Running unittests (/opt/rustwide/target/debug/deps/mdbook_fluent-3360cbd1383aed5e)
[INFO] [stdout] 
[INFO] [stderr]      Running unittests (/opt/rustwide/target/debug/deps/mdbook_fluent-7c0ba3df7afc8d79)
[INFO] [stdout] running 0 tests
[INFO] [stdout] 
[INFO] [stdout] test result: ok. 0 passed; 0 failed; 0 ignored; 0 measured; 0 filtered out; finished in 0.00s
[INFO] [stdout] 
[INFO] [stdout] 
[INFO] [stdout] running 0 tests
[INFO] [stdout] 
[INFO] [stdout] test result: ok. 0 passed; 0 failed; 0 ignored; 0 measured; 0 filtered out; finished in 0.00s
[INFO] [stdout] 
[INFO] [stderr]      Running tests/example_test.rs (/opt/rustwide/target/debug/deps/example_test-cfeecec73db66114)
[INFO] [stdout] 
[INFO] [stdout] running 1 test
[INFO] [stdout] test the_example_builds_without_errors ... FAILED
[INFO] [stdout] 
[INFO] [stdout] failures:
[INFO] [stdout] 
[INFO] [stdout] ---- the_example_builds_without_errors stdout ----
[INFO] [stdout] Example book root directory: "/opt/rustwide/workdir/examples/example"
[INFO] [stdout] File: "/opt/rustwide/workdir/examples/example/fluent/ch02.ftl"
[INFO] [stdout] File: "/opt/rustwide/workdir/examples/example/fluent/ch01.ftl"
[INFO] [stdout] Parsing 17,43
[INFO] [stdout] Parsing 90,119
[INFO] [stdout] Parsing 28,68
[INFO] [stdout] thread 'the_example_builds_without_errors' panicked at 'Build failed: Error(Msg("Rendering failed"), State { next_error: Some(Error(Msg("Unexpected error when constructing destination path"), State { next_error: Some(Os { code: 30, kind: Other, message: "Read-only file system" }), backtrace: InternalBacktrace { backtrace: Some(   0: error_chain::backtrace::imp::InternalBacktrace::new
[INFO] [stdout]              at /opt/rustwide/cargo-home/registry/src/github.com-1ecc6299db9ec823/error-chain-0.12.2/src/backtrace.rs:56
[INFO] [stdout]    1: core::ops::function::FnOnce::call_once
[INFO] [stdout]              at /rustc/a178d0322ce20e33eac124758e837cbd80a6f633/library/core/src/ops/function.rs:227
[INFO] [stdout]    2: core::option::Option<T>::unwrap_or_else
[INFO] [stdout]              at /rustc/a178d0322ce20e33eac124758e837cbd80a6f633/library/core/src/option.rs:429
[INFO] [stdout]    3: error_chain::State::new
[INFO] [stdout]              at /opt/rustwide/cargo-home/registry/src/github.com-1ecc6299db9ec823/error-chain-0.12.2/src/lib.rs:696
[INFO] [stdout]    4: <core::result::Result<T,E> as mdbook::errors::ResultExt<T>>::chain_err::{{closure}}
[INFO] [stdout]              at /opt/rustwide/cargo-home/registry/src/github.com-1ecc6299db9ec823/error-chain-0.12.2/src/error_chain.rs:434
[INFO] [stdout]    5: core::result::Result<T,E>::map_err
[INFO] [stdout]              at /rustc/a178d0322ce20e33eac124758e837cbd80a6f633/library/core/src/result.rs:591
[INFO] [stdout]    6: <core::result::Result<T,E> as mdbook::errors::ResultExt<T>>::chain_err
[INFO] [stdout]              at /opt/rustwide/cargo-home/registry/src/github.com-1ecc6299db9ec823/error-chain-0.12.2/src/error_chain.rs:433
[INFO] [stdout]    7: <mdbook::renderer::html_handlebars::hbs_renderer::HtmlHandlebars as mdbook::renderer::Renderer>::render
[INFO] [stdout]              at /opt/rustwide/cargo-home/registry/src/github.com-1ecc6299db9ec823/mdbook-0.3.6/src/renderer/html_handlebars/hbs_renderer.rs:334
[INFO] [stdout]    8: mdbook::book::MDBook::render
[INFO] [stdout]              at /opt/rustwide/cargo-home/registry/src/github.com-1ecc6299db9ec823/mdbook-0.3.6/src/book/mod.rs:217
[INFO] [stdout]    9: mdbook::book::MDBook::execute_build_process
[INFO] [stdout]              at /opt/rustwide/cargo-home/registry/src/github.com-1ecc6299db9ec823/mdbook-0.3.6/src/book/mod.rs:201
[INFO] [stdout]   10: mdbook::book::MDBook::build
[INFO] [stdout]              at /opt/rustwide/cargo-home/registry/src/github.com-1ecc6299db9ec823/mdbook-0.3.6/src/book/mod.rs:178
[INFO] [stdout]   11: example_test::the_example_builds_without_errors
[INFO] [stdout]              at tests/example_test.rs:17
[INFO] [stdout]   12: example_test::the_example_builds_without_errors::{{closure}}
[INFO] [stdout]              at tests/example_test.rs:9
[INFO] [stdout]   13: core::ops::function::FnOnce::call_once
[INFO] [stdout]              at /rustc/a178d0322ce20e33eac124758e837cbd80a6f633/library/core/src/ops/function.rs:227
[INFO] [stdout]   14: core::ops::function::FnOnce::call_once
[INFO] [stdout]              at /rustc/a178d0322ce20e33eac124758e837cbd80a6f633/library/core/src/ops/function.rs:227
[INFO] [stdout]       test::__rust_begin_short_backtrace
[INFO] [stdout]              at library/test/src/lib.rs:577
[INFO] [stdout]   15: <alloc::boxed::Box<F,A> as core::ops::function::FnOnce<Args>>::call_once
[INFO] [stdout]              at /rustc/a178d0322ce20e33eac124758e837cbd80a6f633/library/alloc/src/boxed.rs:1575
[INFO] [stdout]       <std::panic::AssertUnwindSafe<F> as core::ops::function::FnOnce<()>>::call_once
[INFO] [stdout]              at /rustc/a178d0322ce20e33eac124758e837cbd80a6f633/library/std/src/panic.rs:347
[INFO] [stdout]       std::panicking::try::do_call
[INFO] [stdout]              at /rustc/a178d0322ce20e33eac124758e837cbd80a6f633/library/std/src/panicking.rs:401
[INFO] [stdout]       std::panicking::try
[INFO] [stdout]              at /rustc/a178d0322ce20e33eac124758e837cbd80a6f633/library/std/src/panicking.rs:365
[INFO] [stdout]       std::panic::catch_unwind
[INFO] [stdout]              at /rustc/a178d0322ce20e33eac124758e837cbd80a6f633/library/std/src/panic.rs:434
[INFO] [stdout]       test::run_test_in_process
[INFO] [stdout]              at library/test/src/lib.rs:600
[INFO] [stdout]       test::run_test::run_test_inner::{{closure}}
[INFO] [stdout]              at library/test/src/lib.rs:492
[INFO] [stdout]   16: test::run_test::run_test_inner::{{closure}}
[INFO] [stdout]              at library/test/src/lib.rs:519
[INFO] [stdout]       std::sys_common::backtrace::__rust_begin_short_backtrace
[INFO] [stdout]              at /rustc/a178d0322ce20e33eac124758e837cbd80a6f633/library/std/src/sys_common/backtrace.rs:125
[INFO] [stdout]   17: std::thread::Builder::spawn_unchecked::{{closure}}::{{closure}}
[INFO] [stdout]              at /rustc/a178d0322ce20e33eac124758e837cbd80a6f633/library/std/src/thread/mod.rs:481
[INFO] [stdout]       <std::panic::AssertUnwindSafe<F> as core::ops::function::FnOnce<()>>::call_once
[INFO] [stdout]              at /rustc/a178d0322ce20e33eac124758e837cbd80a6f633/library/std/src/panic.rs:347
[INFO] [stdout]       std::panicking::try::do_call
[INFO] [stdout]              at /rustc/a178d0322ce20e33eac124758e837cbd80a6f633/library/std/src/panicking.rs:401
[INFO] [stdout]       std::panicking::try
[INFO] [stdout]              at /rustc/a178d0322ce20e33eac124758e837cbd80a6f633/library/std/src/panicking.rs:365
[INFO] [stdout]       std::panic::catch_unwind
[INFO] [stdout]              at /rustc/a178d0322ce20e33eac124758e837cbd80a6f633/library/std/src/panic.rs:434
[INFO] [stdout]       std::thread::Builder::spawn_unchecked::{{closure}}
[INFO] [stdout]              at /rustc/a178d0322ce20e33eac124758e837cbd80a6f633/library/std/src/thread/mod.rs:480
[INFO] [stdout]       core::ops::function::FnOnce::call_once{{vtable.shim}}
[INFO] [stdout]              at /rustc/a178d0322ce20e33eac124758e837cbd80a6f633/library/core/src/ops/function.rs:227
[INFO] [stdout]   18: <alloc::boxed::Box<F,A> as core::ops::function::FnOnce<Args>>::call_once
[INFO] [stdout]              at /rustc/a178d0322ce20e33eac124758e837cbd80a6f633/library/alloc/src/boxed.rs:1575
[INFO] [stdout]       <alloc::boxed::Box<F,A> as core::ops::function::FnOnce<Args>>::call_once
[INFO] [stdout]              at /rustc/a178d0322ce20e33eac124758e837cbd80a6f633/library/alloc/src/boxed.rs:1575
[INFO] [stdout]       std::sys::unix::thread::Thread::new::thread_start
[INFO] [stdout]              at library/std/src/sys/unix/thread.rs:71
[INFO] [stdout]   19: start_thread
[INFO] [stdout]   20: __clone
[INFO] [stdout] ) } })), backtrace: InternalBacktrace { backtrace: Some(   0: error_chain::backtrace::imp::InternalBacktrace::new
[INFO] [stdout]              at /opt/rustwide/cargo-home/registry/src/github.com-1ecc6299db9ec823/error-chain-0.12.2/src/backtrace.rs:56
[INFO] [stdout]    1: core::ops::function::FnOnce::call_once
[INFO] [stdout]              at /rustc/a178d0322ce20e33eac124758e837cbd80a6f633/library/core/src/ops/function.rs:227
[INFO] [stdout]    2: core::option::Option<T>::unwrap_or_else
[INFO] [stdout]              at /rustc/a178d0322ce20e33eac124758e837cbd80a6f633/library/core/src/option.rs:429
[INFO] [stdout]    3: error_chain::State::new
[INFO] [stdout]              at /opt/rustwide/cargo-home/registry/src/github.com-1ecc6299db9ec823/error-chain-0.12.2/src/lib.rs:696
[INFO] [stdout]    4: <core::result::Result<T,E> as mdbook::errors::ResultExt<T>>::chain_err::{{closure}}
[INFO] [stdout]              at /opt/rustwide/cargo-home/registry/src/github.com-1ecc6299db9ec823/error-chain-0.12.2/src/error_chain.rs:434
[INFO] [stdout]    5: core::result::Result<T,E>::map_err
[INFO] [stdout]              at /rustc/a178d0322ce20e33eac124758e837cbd80a6f633/library/core/src/result.rs:591
[INFO] [stdout]    6: <core::result::Result<T,E> as mdbook::errors::ResultExt<T>>::chain_err
[INFO] [stdout]              at /opt/rustwide/cargo-home/registry/src/github.com-1ecc6299db9ec823/error-chain-0.12.2/src/error_chain.rs:433
[INFO] [stdout]    7: <mdbook::renderer::html_handlebars::hbs_renderer::HtmlHandlebars as mdbook::renderer::Renderer>::render
[INFO] [stdout]              at /opt/rustwide/cargo-home/registry/src/github.com-1ecc6299db9ec823/mdbook-0.3.6/src/renderer/html_handlebars/hbs_renderer.rs:334
[INFO] [stdout]    8: mdbook::book::MDBook::render
[INFO] [stdout]              at /opt/rustwide/cargo-home/registry/src/github.com-1ecc6299db9ec823/mdbook-0.3.6/src/book/mod.rs:217
[INFO] [stdout]    9: mdbook::book::MDBook::execute_build_process
[INFO] [stdout]              at /opt/rustwide/cargo-home/registry/src/github.com-1ecc6299db9ec823/mdbook-0.3.6/src/book/mod.rs:201
[INFO] [stdout]   10: mdbook::book::MDBook::build
[INFO] [stdout]              at /opt/rustwide/cargo-home/registry/src/github.com-1ecc6299db9ec823/mdbook-0.3.6/src/book/mod.rs:178
[INFO] [stdout]   11: example_test::the_example_builds_without_errors
[INFO] [stdout]              at tests/example_test.rs:17
[INFO] [stdout]   12: example_test::the_example_builds_without_errors::{{closure}}
[INFO] [stdout]              at tests/example_test.rs:9
[INFO] [stdout]   13: core::ops::function::FnOnce::call_once
[INFO] [stdout]              at /rustc/a178d0322ce20e33eac124758e837cbd80a6f633/library/core/src/ops/function.rs:227
[INFO] [stdout]   14: core::ops::function::FnOnce::call_once
[INFO] [stdout]              at /rustc/a178d0322ce20e33eac124758e837cbd80a6f633/library/core/src/ops/function.rs:227
[INFO] [stdout]       test::__rust_begin_short_backtrace
[INFO] [stdout]              at library/test/src/lib.rs:577
[INFO] [stdout]   15: <alloc::boxed::Box<F,A> as core::ops::function::FnOnce<Args>>::call_once
[INFO] [stdout]              at /rustc/a178d0322ce20e33eac124758e837cbd80a6f633/library/alloc/src/boxed.rs:1575
[INFO] [stdout]       <std::panic::AssertUnwindSafe<F> as core::ops::function::FnOnce<()>>::call_once
[INFO] [stdout]              at /rustc/a178d0322ce20e33eac124758e837cbd80a6f633/library/std/src/panic.rs:347
[INFO] [stdout]       std::panicking::try::do_call
[INFO] [stdout]              at /rustc/a178d0322ce20e33eac124758e837cbd80a6f633/library/std/src/panicking.rs:401
[INFO] [stdout]       std::panicking::try
[INFO] [stdout]              at /rustc/a178d0322ce20e33eac124758e837cbd80a6f633/library/std/src/panicking.rs:365
[INFO] [stdout]       std::panic::catch_unwind
[INFO] [stdout]              at /rustc/a178d0322ce20e33eac124758e837cbd80a6f633/library/std/src/panic.rs:434
[INFO] [stdout]       test::run_test_in_process
[INFO] [stdout]              at library/test/src/lib.rs:600
[INFO] [stdout]       test::run_test::run_test_inner::{{closure}}
[INFO] [stdout]              at library/test/src/lib.rs:492
[INFO] [stdout]   16: test::run_test::run_test_inner::{{closure}}
[INFO] [stdout]              at library/test/src/lib.rs:519
[INFO] [stdout]       std::sys_common::backtrace::__rust_begin_short_backtrace
[INFO] [stdout]              at /rustc/a178d0322ce20e33eac124758e837cbd80a6f633/library/std/src/sys_common/backtrace.rs:125
[INFO] [stdout]   17: std::thread::Builder::spawn_unchecked::{{closure}}::{{closure}}
[INFO] [stdout]              at /rustc/a178d0322ce20e33eac124758e837cbd80a6f633/library/std/src/thread/mod.rs:481
[INFO] [stdout]       <std::panic::AssertUnwindSafe<F> as core::ops::function::FnOnce<()>>::call_once
[INFO] [stdout]              at /rustc/a178d0322ce20e33eac124758e837cbd80a6f633/library/std/src/panic.rs:347
[INFO] [stdout]       std::panicking::try::do_call
[INFO] [stdout]              at /rustc/a178d0322ce20e33eac124758e837cbd80a6f633/library/std/src/panicking.rs:401
[INFO] [stdout]       std::panicking::try
[INFO] [stdout]              at /rustc/a178d0322ce20e33eac124758e837cbd80a6f633/library/std/src/panicking.rs:365
[INFO] [stdout]       std::panic::catch_unwind
[INFO] [stdout]              at /rustc/a178d0322ce20e33eac124758e837cbd80a6f633/library/std/src/panic.rs:434
[INFO] [stdout]       std::thread::Builder::spawn_unchecked::{{closure}}
[INFO] [stdout]              at /rustc/a178d0322ce20e33eac124758e837cbd80a6f633/library/std/src/thread/mod.rs:480
[INFO] [stdout]       core::ops::function::FnOnce::call_once{{vtable.shim}}
[INFO] [stdout]              at /rustc/a178d0322ce20e33eac124758e837cbd80a6f633/library/core/src/ops/function.rs:227
[INFO] [stdout]   18: <alloc::boxed::Box<F,A> as core::ops::function::FnOnce<Args>>::call_once
[INFO] [stdout]              at /rustc/a178d0322ce20e33eac124758e837cbd80a6f633/library/alloc/src/boxed.rs:1575
[INFO] [stdout]       <alloc::boxed::Box<F,A> as core::ops::function::FnOnce<Args>>::call_once
[INFO] [stdout]              at /rustc/a178d0322ce20e33eac124758e837cbd80a6f633/library/alloc/src/boxed.rs:1575
[INFO] [stdout]       std::sys::unix::thread::Thread::new::thread_start
[INFO] [stdout]              at library/std/src/sys/unix/thread.rs:71
[INFO] [stdout]   19: start_thread
[INFO] [stdout]   20: __clone
[INFO] [stdout] ) } })', tests/example_test.rs:17:16
[INFO] [stdout] stack backtrace:
[INFO] [stdout]    0:     0x55a4d0acade0 - std::backtrace_rs::backtrace::libunwind::trace::h34055254b57d8e79
[INFO] [stdout]                                at /rustc/a178d0322ce20e33eac124758e837cbd80a6f633/library/std/src/../../backtrace/src/backtrace/libunwind.rs:90:5
[INFO] [stdout]    1:     0x55a4d0acade0 - std::backtrace_rs::backtrace::trace_unsynchronized::h8f1e3fbd9afff6ec
[INFO] [stdout]                                at /rustc/a178d0322ce20e33eac124758e837cbd80a6f633/library/std/src/../../backtrace/src/backtrace/mod.rs:66:5
[INFO] [stdout]    2:     0x55a4d0acade0 - std::sys_common::backtrace::_print_fmt::h3a99a796b770c360
[INFO] [stdout]                                at /rustc/a178d0322ce20e33eac124758e837cbd80a6f633/library/std/src/sys_common/backtrace.rs:67:5
[INFO] [stdout]    3:     0x55a4d0acade0 - <std::sys_common::backtrace::_print::DisplayBacktrace as core::fmt::Display>::fmt::h32d1f94a80615d18
[INFO] [stdout]                                at /rustc/a178d0322ce20e33eac124758e837cbd80a6f633/library/std/src/sys_common/backtrace.rs:46:22
[INFO] [stdout]    4:     0x55a4d0af136c - core::fmt::write::h306731c068f7162c
[INFO] [stdout]                                at /rustc/a178d0322ce20e33eac124758e837cbd80a6f633/library/core/src/fmt/mod.rs:1110:17
[INFO] [stdout]    5:     0x55a4d0ac6895 - std::io::Write::write_fmt::h87f19b0a2cd190bc
[INFO] [stdout]                                at /rustc/a178d0322ce20e33eac124758e837cbd80a6f633/library/std/src/io/mod.rs:1588:15
[INFO] [stdout]    6:     0x55a4d0acd39b - std::sys_common::backtrace::_print::h5abaa2601a852287
[INFO] [stdout]                                at /rustc/a178d0322ce20e33eac124758e837cbd80a6f633/library/std/src/sys_common/backtrace.rs:49:5
[INFO] [stdout]    7:     0x55a4d0acd39b - std::sys_common::backtrace::print::h8d81445442bb638f
[INFO] [stdout]                                at /rustc/a178d0322ce20e33eac124758e837cbd80a6f633/library/std/src/sys_common/backtrace.rs:36:9
[INFO] [stdout]    8:     0x55a4d0acd39b - std::panicking::default_hook::{{closure}}::hcfe804496a9fa747
[INFO] [stdout]                                at /rustc/a178d0322ce20e33eac124758e837cbd80a6f633/library/std/src/panicking.rs:208:50
[INFO] [stdout]    9:     0x55a4d0acceac - std::panicking::default_hook::hbea8e3ccf2ba8901
[INFO] [stdout]                                at /rustc/a178d0322ce20e33eac124758e837cbd80a6f633/library/std/src/panicking.rs:222:9
[INFO] [stdout]   10:     0x55a4d0acda64 - std::panicking::rust_panic_with_hook::h7ee9e1a2d0f8975a
[INFO] [stdout]                                at /rustc/a178d0322ce20e33eac124758e837cbd80a6f633/library/std/src/panicking.rs:622:17
[INFO] [stdout]   11:     0x55a4d0acd547 - std::panicking::begin_panic_handler::{{closure}}::h8ab3b4491718b2c7
[INFO] [stdout]                                at /rustc/a178d0322ce20e33eac124758e837cbd80a6f633/library/std/src/panicking.rs:519:13
[INFO] [stdout]   12:     0x55a4d0acb2dc - std::sys_common::backtrace::__rust_end_short_backtrace::hd489062ffa586a9f
[INFO] [stdout]                                at /rustc/a178d0322ce20e33eac124758e837cbd80a6f633/library/std/src/sys_common/backtrace.rs:141:18
[INFO] [stdout]   13:     0x55a4d0acd4a9 - rust_begin_unwind
[INFO] [stdout]                                at /rustc/a178d0322ce20e33eac124758e837cbd80a6f633/library/std/src/panicking.rs:515:5
[INFO] [stdout]   14:     0x55a4d02dde01 - core::panicking::panic_fmt::hca6330e3e14086b4
[INFO] [stdout]                                at /rustc/a178d0322ce20e33eac124758e837cbd80a6f633/library/core/src/panicking.rs:92:14
[INFO] [stdout]   15:     0x55a4d02ddef3 - core::result::unwrap_failed::h6160d2b4bfbb0e87
[INFO] [stdout]                                at /rustc/a178d0322ce20e33eac124758e837cbd80a6f633/library/core/src/result.rs:1355:5
[INFO] [stdout]   16:     0x55a4d04d725d - core::result::Result<T,E>::expect::h8453450fc0bc68ab
[INFO] [stdout]                                at /rustc/a178d0322ce20e33eac124758e837cbd80a6f633/library/core/src/result.rs:997:23
[INFO] [stdout]   17:     0x55a4d02e0841 - example_test::the_example_builds_without_errors::h16cccf5cc09d2146
[INFO] [stdout]                                at /opt/rustwide/workdir/tests/example_test.rs:17:5
[INFO] [stdout]   18:     0x55a4d02e060a - example_test::the_example_builds_without_errors::{{closure}}::hbe1f0e340f12e77a
[INFO] [stdout]                                at /opt/rustwide/workdir/tests/example_test.rs:9:1
[INFO] [stdout]   19:     0x55a4d02dfc9e - core::ops::function::FnOnce::call_once::h8057b65a4f188d6c
[INFO] [stdout]                                at /rustc/a178d0322ce20e33eac124758e837cbd80a6f633/library/core/src/ops/function.rs:227:5
[INFO] [stdout]   20:     0x55a4d0308ea3 - core::ops::function::FnOnce::call_once::h152e7e439ff59e19
[INFO] [stdout]                                at /rustc/a178d0322ce20e33eac124758e837cbd80a6f633/library/core/src/ops/function.rs:227:5
[INFO] [stdout]   21:     0x55a4d0308ea3 - test::__rust_begin_short_backtrace::h0908f3b1fdbb72ab
[INFO] [stdout]                                at /rustc/a178d0322ce20e33eac124758e837cbd80a6f633/library/test/src/lib.rs:577:5
[INFO] [stdout]   22:     0x55a4d0307960 - <alloc::boxed::Box<F,A> as core::ops::function::FnOnce<Args>>::call_once::hf6d2a51e5587546c
[INFO] [stdout]                                at /rustc/a178d0322ce20e33eac124758e837cbd80a6f633/library/alloc/src/boxed.rs:1575:9
[INFO] [stdout]   23:     0x55a4d0307960 - <std::panic::AssertUnwindSafe<F> as core::ops::function::FnOnce<()>>::call_once::h8af660f3a89ef593
[INFO] [stdout]                                at /rustc/a178d0322ce20e33eac124758e837cbd80a6f633/library/std/src/panic.rs:347:9
[INFO] [stdout]   24:     0x55a4d0307960 - std::panicking::try::do_call::hd36aef60f84b6d36
[INFO] [stdout]                                at /rustc/a178d0322ce20e33eac124758e837cbd80a6f633/library/std/src/panicking.rs:401:40
[INFO] [stdout]   25:     0x55a4d0307960 - std::panicking::try::h9932b4480e69817c
[INFO] [stdout]                                at /rustc/a178d0322ce20e33eac124758e837cbd80a6f633/library/std/src/panicking.rs:365:19
[INFO] [stdout]   26:     0x55a4d0307960 - std::panic::catch_unwind::h6aa177099cfff5f8
[INFO] [stdout]                                at /rustc/a178d0322ce20e33eac124758e837cbd80a6f633/library/std/src/panic.rs:434:14
[INFO] [stdout]   27:     0x55a4d0307960 - test::run_test_in_process::h5884d6f2d99e20c3
[INFO] [stdout]                                at /rustc/a178d0322ce20e33eac124758e837cbd80a6f633/library/test/src/lib.rs:600:18
[INFO] [stdout]   28:     0x55a4d0307960 - test::run_test::run_test_inner::{{closure}}::h6fdc58c6d5f5b6e3
[INFO] [stdout]                                at /rustc/a178d0322ce20e33eac124758e837cbd80a6f633/library/test/src/lib.rs:492:39
[INFO] [stdout]   29:     0x55a4d02e1012 - test::run_test::run_test_inner::{{closure}}::h408365d67a78ade8
[INFO] [stdout]                                at /rustc/a178d0322ce20e33eac124758e837cbd80a6f633/library/test/src/lib.rs:519:37
[INFO] [stdout]   30:     0x55a4d02e1012 - std::sys_common::backtrace::__rust_begin_short_backtrace::hb560b77c4f701523
[INFO] [stdout]                                at /rustc/a178d0322ce20e33eac124758e837cbd80a6f633/library/std/src/sys_common/backtrace.rs:125:18
[INFO] [stdout]   31:     0x55a4d02e4bc8 - std::thread::Builder::spawn_unchecked::{{closure}}::{{closure}}::hf2e7831dad93c597
[INFO] [stdout]                                at /rustc/a178d0322ce20e33eac124758e837cbd80a6f633/library/std/src/thread/mod.rs:481:17
[INFO] [stdout]   32:     0x55a4d02e4bc8 - <std::panic::AssertUnwindSafe<F> as core::ops::function::FnOnce<()>>::call_once::hd2e08783d8be4d02
[INFO] [stdout]                                at /rustc/a178d0322ce20e33eac124758e837cbd80a6f633/library/std/src/panic.rs:347:9
[INFO] [stdout]   33:     0x55a4d02e4bc8 - std::panicking::try::do_call::h062597b7acfd6b82
[INFO] [stdout]                                at /rustc/a178d0322ce20e33eac124758e837cbd80a6f633/library/std/src/panicking.rs:401:40
[INFO] [stdout]   34:     0x55a4d02e4bc8 - std::panicking::try::h0d7b79db04c14552
[INFO] [stdout]                                at /rustc/a178d0322ce20e33eac124758e837cbd80a6f633/library/std/src/panicking.rs:365:19
[INFO] [stdout]   35:     0x55a4d02e4bc8 - std::panic::catch_unwind::hb01a0b5e7c8cd43b
[INFO] [stdout]                                at /rustc/a178d0322ce20e33eac124758e837cbd80a6f633/library/std/src/panic.rs:434:14
[INFO] [stdout]   36:     0x55a4d02e4bc8 - std::thread::Builder::spawn_unchecked::{{closure}}::h5bde48cc887e0d1e
[INFO] [stdout]                                at /rustc/a178d0322ce20e33eac124758e837cbd80a6f633/library/std/src/thread/mod.rs:480:30
[INFO] [stdout]   37:     0x55a4d02e4bc8 - core::ops::function::FnOnce::call_once{{vtable.shim}}::h745ea30807a29e55
[INFO] [stdout]                                at /rustc/a178d0322ce20e33eac124758e837cbd80a6f633/library/core/src/ops/function.rs:227:5
[INFO] [stdout]   38:     0x55a4d0ad3ed7 - <alloc::boxed::Box<F,A> as core::ops::function::FnOnce<Args>>::call_once::h7ece6cfefaff1005
[INFO] [stdout]                                at /rustc/a178d0322ce20e33eac124758e837cbd80a6f633/library/alloc/src/boxed.rs:1575:9
[INFO] [stdout]   39:     0x55a4d0ad3ed7 - <alloc::boxed::Box<F,A> as core::ops::function::FnOnce<Args>>::call_once::hb8b48e55c21f193e
[INFO] [stdout]                                at /rustc/a178d0322ce20e33eac124758e837cbd80a6f633/library/alloc/src/boxed.rs:1575:9
[INFO] [stdout]   40:     0x55a4d0ad3ed7 - std::sys::unix::thread::Thread::new::thread_start::h8c7c4450dba62914
[INFO] [stdout]                                at /rustc/a178d0322ce20e33eac124758e837cbd80a6f633/library/std/src/sys/unix/thread.rs:71:17
[INFO] [stdout]   41:     0x7fb61643a609 - start_thread
[INFO] [stdout]   42:     0x7fb616212293 - clone
[INFO] [stdout]   43:                0x0 - <unknown>
[INFO] [stdout] 
[INFO] [stdout] 
[INFO] [stdout] failures:
[INFO] [stdout]     the_example_builds_without_errors
[INFO] [stdout] 
[INFO] [stdout] test result: FAILED. 0 passed; 1 failed; 0 ignored; 0 measured; 0 filtered out; finished in 0.58s
[INFO] [stdout] 
[INFO] [stderr] error: test failed, to rerun pass '--test example_test'
[INFO] running `Command { std: "docker" "inspect" "95a1d1dee8a244e58020060a397967bb97906a0a6f655a481c46ab7aec5a0eaa", kill_on_drop: false }`
[INFO] running `Command { std: "docker" "rm" "-f" "95a1d1dee8a244e58020060a397967bb97906a0a6f655a481c46ab7aec5a0eaa", kill_on_drop: false }`
[INFO] [stdout] 95a1d1dee8a244e58020060a397967bb97906a0a6f655a481c46ab7aec5a0eaa
