[INFO] fetching crate lifeline 0.6.1...
[INFO] testing lifeline-0.6.1 against beta-2021-08-01 for beta-1.55-1
[INFO] extracting crate lifeline 0.6.1 into /workspace/builds/worker-89/source
[INFO] validating manifest of crates.io crate lifeline 0.6.1 on toolchain beta-2021-08-01
[INFO] running `Command { std: "/workspace/cargo-home/bin/cargo" "+beta-2021-08-01" "metadata" "--manifest-path" "Cargo.toml" "--no-deps", kill_on_drop: false }`
[INFO] started tweaking crates.io crate lifeline 0.6.1
[INFO] removed 0 missing examples
[INFO] finished tweaking crates.io crate lifeline 0.6.1
[INFO] tweaked toml for crates.io crate lifeline 0.6.1 written to /workspace/builds/worker-89/source/Cargo.toml
[INFO] crate crates.io crate lifeline 0.6.1 already has a lockfile, it will not be regenerated
[INFO] running `Command { std: "/workspace/cargo-home/bin/cargo" "+beta-2021-08-01" "fetch" "--manifest-path" "Cargo.toml", kill_on_drop: false }`
[INFO] [stderr]     Blocking waiting for file lock on package cache
[INFO] [stderr]     Blocking waiting for file lock on package cache
[INFO] [stderr]  Downloading crates ...
[INFO] [stderr]   Downloaded value-bag v1.0.0-alpha.6
[INFO] [stderr]   Downloaded ctor v0.1.18
[INFO] [stderr]   Downloaded pollster v0.2.1
[INFO] [stderr]   Downloaded tokio v1.1.1
[INFO] [stderr]   Downloaded postage v0.4.0
[INFO] running `Command { std: "docker" "create" "-v" "/var/lib/crater-agent-workspace/builds/worker-89/target:/opt/rustwide/target:rw,Z" "-v" "/var/lib/crater-agent-workspace/builds/worker-89/source:/opt/rustwide/workdir:ro,Z" "-v" "/var/lib/crater-agent-workspace/cargo-home:/opt/rustwide/cargo-home:ro,Z" "-v" "/var/lib/crater-agent-workspace/rustup-home:/opt/rustwide/rustup-home:ro,Z" "-e" "SOURCE_DIR=/opt/rustwide/workdir" "-e" "CARGO_TARGET_DIR=/opt/rustwide/target" "-e" "CARGO_HOME=/opt/rustwide/cargo-home" "-e" "RUSTUP_HOME=/opt/rustwide/rustup-home" "-w" "/opt/rustwide/workdir" "-m" "1610612736" "--user" "0:0" "--network" "none" "ghcr.io/rust-lang/crates-build-env/linux@sha256:34b6a614d2c27851fe6cbf88fbd1137609cefab8b10d0615aaeb6fd47975d74e" "/opt/rustwide/cargo-home/bin/cargo" "+beta-2021-08-01" "metadata" "--no-deps" "--format-version=1", kill_on_drop: false }`
[INFO] [stdout] f3e077e2f5d0d5827e1721d9cef7880c142fb4f671ca587746b9cda23cf2ebb5
[INFO] running `Command { std: "docker" "start" "-a" "f3e077e2f5d0d5827e1721d9cef7880c142fb4f671ca587746b9cda23cf2ebb5", kill_on_drop: false }`
[INFO] running `Command { std: "docker" "inspect" "f3e077e2f5d0d5827e1721d9cef7880c142fb4f671ca587746b9cda23cf2ebb5", kill_on_drop: false }`
[INFO] running `Command { std: "docker" "rm" "-f" "f3e077e2f5d0d5827e1721d9cef7880c142fb4f671ca587746b9cda23cf2ebb5", kill_on_drop: false }`
[INFO] [stdout] f3e077e2f5d0d5827e1721d9cef7880c142fb4f671ca587746b9cda23cf2ebb5
[INFO] running `Command { std: "docker" "create" "-v" "/var/lib/crater-agent-workspace/builds/worker-89/target:/opt/rustwide/target:rw,Z" "-v" "/var/lib/crater-agent-workspace/builds/worker-89/source:/opt/rustwide/workdir:ro,Z" "-v" "/var/lib/crater-agent-workspace/cargo-home:/opt/rustwide/cargo-home:ro,Z" "-v" "/var/lib/crater-agent-workspace/rustup-home:/opt/rustwide/rustup-home:ro,Z" "-e" "SOURCE_DIR=/opt/rustwide/workdir" "-e" "CARGO_TARGET_DIR=/opt/rustwide/target" "-e" "CARGO_INCREMENTAL=0" "-e" "RUST_BACKTRACE=full" "-e" "RUSTFLAGS=--cap-lints=warn" "-e" "CARGO_HOME=/opt/rustwide/cargo-home" "-e" "RUSTUP_HOME=/opt/rustwide/rustup-home" "-w" "/opt/rustwide/workdir" "-m" "1610612736" "--user" "0:0" "--network" "none" "ghcr.io/rust-lang/crates-build-env/linux@sha256:34b6a614d2c27851fe6cbf88fbd1137609cefab8b10d0615aaeb6fd47975d74e" "/opt/rustwide/cargo-home/bin/cargo" "+beta-2021-08-01" "build" "--frozen" "--message-format=json", kill_on_drop: false }`
[INFO] [stdout] e96f1bc0f29b3e88bc45deebf6772beea454fde364cc69b405f4d4b4d920277e
[INFO] running `Command { std: "docker" "start" "-a" "e96f1bc0f29b3e88bc45deebf6772beea454fde364cc69b405f4d4b4d920277e", kill_on_drop: false }`
[INFO] [stderr]     Blocking waiting for file lock on package cache
[INFO] [stderr]    Compiling proc-macro2 v1.0.24
[INFO] [stderr]    Compiling unicode-xid v0.2.1
[INFO] [stderr]    Compiling syn v1.0.60
[INFO] [stderr]    Compiling libc v0.2.84
[INFO] [stderr]    Compiling memchr v2.3.4
[INFO] [stderr]    Compiling log v0.4.14
[INFO] [stderr]    Compiling pin-project-internal v0.4.27
[INFO] [stderr]    Compiling once_cell v1.5.2
[INFO] [stderr]    Compiling pin-project-lite v0.2.4
[INFO] [stderr]    Compiling anyhow v1.0.38
[INFO] [stderr]    Compiling futures-task v0.3.12
[INFO] [stderr]    Compiling futures-core v0.3.12
[INFO] [stderr]    Compiling regex-syntax v0.6.22
[INFO] [stderr]    Compiling pollster v0.2.1
[INFO] [stderr]    Compiling crossbeam-utils v0.8.1
[INFO] [stderr]    Compiling atomic v0.5.0
[INFO] [stderr]    Compiling tokio v1.1.1
[INFO] [stderr]    Compiling futures-util v0.3.12
[INFO] [stderr]    Compiling thread_local v1.1.2
[INFO] [stderr]    Compiling aho-corasick v0.7.15
[INFO] [stderr]    Compiling num_cpus v1.13.0
[INFO] [stderr]    Compiling quote v1.0.8
[INFO] [stderr]    Compiling crossbeam-queue v0.3.1
[INFO] [stderr]    Compiling regex v1.4.3
[INFO] [stderr]    Compiling pin-project-internal v1.0.4
[INFO] [stderr]    Compiling thiserror-impl v1.0.23
[INFO] [stderr]    Compiling tokio-macros v1.0.0
[INFO] [stderr]    Compiling async-trait v0.1.42
[INFO] [stderr]    Compiling thiserror v1.0.23
[INFO] [stderr]    Compiling pin-project v1.0.4
[INFO] [stderr]    Compiling pin-project v0.4.27
[INFO] [stderr]    Compiling postage v0.4.0
[INFO] [stderr]    Compiling lifeline v0.6.1 (/opt/rustwide/workdir)
[INFO] [stdout] warning: unused borrow that must be used
[INFO] [stdout]   --> src/spawn.rs:70:1
[INFO] [stdout]    |
[INFO] [stdout] 70 | #[pin_project]
[INFO] [stdout]    | ^^^^^^^^^^^^^^
[INFO] [stdout]    |
[INFO] [stdout]    = note: `#[warn(unused_must_use)]` on by default
[INFO] [stdout]    = note: this warning originates in the derive macro `::pin_project::__private::__PinProjectInternalDerive` (in Nightly builds, run with -Z macro-backtrace for more info)
[INFO] [stdout] 
[INFO] [stdout] 
[INFO] [stdout] warning: unused borrow that must be used
[INFO] [stdout]   --> src/spawn.rs:70:1
[INFO] [stdout]    |
[INFO] [stdout] 70 | #[pin_project]
[INFO] [stdout]    | ^^^^^^^^^^^^^^
[INFO] [stdout]    |
[INFO] [stdout]    = note: this warning originates in the derive macro `::pin_project::__private::__PinProjectInternalDerive` (in Nightly builds, run with -Z macro-backtrace for more info)
[INFO] [stdout] 
[INFO] [stdout] 
[INFO] [stdout] warning: 2 warnings emitted
[INFO] [stdout] 
[INFO] [stdout] 
[INFO] [stderr]     Finished dev [unoptimized + debuginfo] target(s) in 45.16s
[INFO] running `Command { std: "docker" "inspect" "e96f1bc0f29b3e88bc45deebf6772beea454fde364cc69b405f4d4b4d920277e", kill_on_drop: false }`
[INFO] running `Command { std: "docker" "rm" "-f" "e96f1bc0f29b3e88bc45deebf6772beea454fde364cc69b405f4d4b4d920277e", kill_on_drop: false }`
[INFO] [stdout] e96f1bc0f29b3e88bc45deebf6772beea454fde364cc69b405f4d4b4d920277e
[INFO] running `Command { std: "docker" "create" "-v" "/var/lib/crater-agent-workspace/builds/worker-89/target:/opt/rustwide/target:rw,Z" "-v" "/var/lib/crater-agent-workspace/builds/worker-89/source:/opt/rustwide/workdir:ro,Z" "-v" "/var/lib/crater-agent-workspace/cargo-home:/opt/rustwide/cargo-home:ro,Z" "-v" "/var/lib/crater-agent-workspace/rustup-home:/opt/rustwide/rustup-home:ro,Z" "-e" "SOURCE_DIR=/opt/rustwide/workdir" "-e" "CARGO_TARGET_DIR=/opt/rustwide/target" "-e" "CARGO_INCREMENTAL=0" "-e" "RUST_BACKTRACE=full" "-e" "RUSTFLAGS=--cap-lints=warn" "-e" "CARGO_HOME=/opt/rustwide/cargo-home" "-e" "RUSTUP_HOME=/opt/rustwide/rustup-home" "-w" "/opt/rustwide/workdir" "-m" "1610612736" "--user" "0:0" "--network" "none" "ghcr.io/rust-lang/crates-build-env/linux@sha256:34b6a614d2c27851fe6cbf88fbd1137609cefab8b10d0615aaeb6fd47975d74e" "/opt/rustwide/cargo-home/bin/cargo" "+beta-2021-08-01" "test" "--frozen" "--no-run" "--message-format=json", kill_on_drop: false }`
[INFO] [stdout] 2e97927add7642f85173a0a8dd09be816b8b551f6064a96456e73978f689e703
[INFO] running `Command { std: "docker" "start" "-a" "2e97927add7642f85173a0a8dd09be816b8b551f6064a96456e73978f689e703", kill_on_drop: false }`
[INFO] [stderr]    Compiling num-traits v0.2.14
[INFO] [stderr]    Compiling num-integer v0.1.44
[INFO] [stderr]    Compiling time v0.1.44
[INFO] [stderr]    Compiling atty v0.2.14
[INFO] [stdout] warning: unused borrow that must be used
[INFO] [stdout]   --> src/spawn.rs:70:1
[INFO] [stdout]    |
[INFO] [stdout] 70 | #[pin_project]
[INFO] [stdout]    | ^^^^^^^^^^^^^^
[INFO] [stdout]    |
[INFO] [stdout]    = note: `#[warn(unused_must_use)]` on by default
[INFO] [stdout]    = note: this warning originates in the derive macro `::pin_project::__private::__PinProjectInternalDerive` (in Nightly builds, run with -Z macro-backtrace for more info)
[INFO] [stdout] 
[INFO] [stdout] 
[INFO] [stdout] warning: unused borrow that must be used
[INFO] [stdout]   --> src/spawn.rs:70:1
[INFO] [stdout]    |
[INFO] [stdout] 70 | #[pin_project]
[INFO] [stdout]    | ^^^^^^^^^^^^^^
[INFO] [stdout]    |
[INFO] [stdout]    = note: this warning originates in the derive macro `::pin_project::__private::__PinProjectInternalDerive` (in Nightly builds, run with -Z macro-backtrace for more info)
[INFO] [stdout] 
[INFO] [stdout] 
[INFO] [stdout] warning: 2 warnings emitted
[INFO] [stdout] 
[INFO] [stdout] 
[INFO] [stderr]    Compiling colored v1.9.3
[INFO] [stderr]    Compiling chrono v0.4.19
[INFO] [stderr]    Compiling simple_logger v1.11.0
[INFO] [stderr]    Compiling lifeline v0.6.1 (/opt/rustwide/workdir)
[INFO] [stdout] warning: unused borrow that must be used
[INFO] [stdout]   --> src/spawn.rs:70:1
[INFO] [stdout]    |
[INFO] [stdout] 70 | #[pin_project]
[INFO] [stdout]    | ^^^^^^^^^^^^^^
[INFO] [stdout]    |
[INFO] [stdout]    = note: `#[warn(unused_must_use)]` on by default
[INFO] [stdout]    = note: this warning originates in the derive macro `::pin_project::__private::__PinProjectInternalDerive` (in Nightly builds, run with -Z macro-backtrace for more info)
[INFO] [stdout] 
[INFO] [stdout] 
[INFO] [stdout] warning: unused borrow that must be used
[INFO] [stdout]   --> src/spawn.rs:70:1
[INFO] [stdout]    |
[INFO] [stdout] 70 | #[pin_project]
[INFO] [stdout]    | ^^^^^^^^^^^^^^
[INFO] [stdout]    |
[INFO] [stdout]    = note: this warning originates in the derive macro `::pin_project::__private::__PinProjectInternalDerive` (in Nightly builds, run with -Z macro-backtrace for more info)
[INFO] [stdout] 
[INFO] [stdout] 
[INFO] [stdout] warning: 2 warnings emitted
[INFO] [stdout] 
[INFO] [stdout] 
[INFO] [stderr]     Finished test [unoptimized + debuginfo] target(s) in 7.02s
[INFO] running `Command { std: "docker" "inspect" "2e97927add7642f85173a0a8dd09be816b8b551f6064a96456e73978f689e703", kill_on_drop: false }`
[INFO] running `Command { std: "docker" "rm" "-f" "2e97927add7642f85173a0a8dd09be816b8b551f6064a96456e73978f689e703", kill_on_drop: false }`
[INFO] [stdout] 2e97927add7642f85173a0a8dd09be816b8b551f6064a96456e73978f689e703
[INFO] running `Command { std: "docker" "create" "-v" "/var/lib/crater-agent-workspace/builds/worker-89/target:/opt/rustwide/target:rw,Z" "-v" "/var/lib/crater-agent-workspace/builds/worker-89/source:/opt/rustwide/workdir:ro,Z" "-v" "/var/lib/crater-agent-workspace/cargo-home:/opt/rustwide/cargo-home:ro,Z" "-v" "/var/lib/crater-agent-workspace/rustup-home:/opt/rustwide/rustup-home:ro,Z" "-e" "SOURCE_DIR=/opt/rustwide/workdir" "-e" "CARGO_TARGET_DIR=/opt/rustwide/target" "-e" "CARGO_INCREMENTAL=0" "-e" "RUST_BACKTRACE=full" "-e" "RUSTFLAGS=--cap-lints=warn" "-e" "CARGO_HOME=/opt/rustwide/cargo-home" "-e" "RUSTUP_HOME=/opt/rustwide/rustup-home" "-w" "/opt/rustwide/workdir" "-m" "1610612736" "--user" "0:0" "--network" "none" "ghcr.io/rust-lang/crates-build-env/linux@sha256:34b6a614d2c27851fe6cbf88fbd1137609cefab8b10d0615aaeb6fd47975d74e" "/opt/rustwide/cargo-home/bin/cargo" "+beta-2021-08-01" "test" "--frozen", kill_on_drop: false }`
[INFO] [stdout] 350007e253cbd6d9905e963b85cafb7246bb90203bc43e982e42c8ea1a3067a1
[INFO] running `Command { std: "docker" "start" "-a" "350007e253cbd6d9905e963b85cafb7246bb90203bc43e982e42c8ea1a3067a1", kill_on_drop: false }`
[INFO] [stderr]     Blocking waiting for file lock on package cache
[INFO] [stderr] warning: unused borrow that must be used
[INFO] [stderr]   --> src/spawn.rs:70:1
[INFO] [stderr]    |
[INFO] [stderr] 70 | #[pin_project]
[INFO] [stderr]    | ^^^^^^^^^^^^^^
[INFO] [stderr]    |
[INFO] [stderr]    = note: `#[warn(unused_must_use)]` on by default
[INFO] [stderr]    = note: this warning originates in the derive macro `::pin_project::__private::__PinProjectInternalDerive` (in Nightly builds, run with -Z macro-backtrace for more info)
[INFO] [stderr] 
[INFO] [stderr] warning: unused borrow that must be used
[INFO] [stderr]   --> src/spawn.rs:70:1
[INFO] [stderr]    |
[INFO] [stderr] 70 | #[pin_project]
[INFO] [stderr]    | ^^^^^^^^^^^^^^
[INFO] [stderr]    |
[INFO] [stderr]    = note: this warning originates in the derive macro `::pin_project::__private::__PinProjectInternalDerive` (in Nightly builds, run with -Z macro-backtrace for more info)
[INFO] [stderr] 
[INFO] [stderr] warning: `lifeline` (lib) generated 2 warnings
[INFO] [stderr] warning: `lifeline` (lib test) generated 2 warnings (2 duplicates)
[INFO] [stderr]     Finished test [unoptimized + debuginfo] target(s) in 1.83s
[INFO] [stderr]      Running unittests (/opt/rustwide/target/debug/deps/lifeline-a1b6c3dff423030c)
[INFO] [stdout] 
[INFO] [stdout] running 2 tests
[INFO] [stdout] test spawn::tests::lifeline_running_completes ... ok
[INFO] [stdout] test spawn::tests::lifeline_running_await_times_out ... ok
[INFO] [stdout] 
[INFO] [stdout] test result: ok. 2 passed; 0 failed; 0 ignored; 0 measured; 0 filtered out; finished in 0.05s
[INFO] [stdout] 
[INFO] [stderr]    Doc-tests lifeline
[INFO] [stdout] 
[INFO] [stdout] running 26 tests
[INFO] [stdout] test src/bus.rs - bus::Message (line 15) ... FAILED
[INFO] [stdout] test src/bus.rs - bus::Bus::capacity (line 78) ... FAILED
[INFO] [stdout] test src/storage.rs - impl_channel_clone (line 116) ... ok
[INFO] [stdout] test src/bus.rs - bus::Bus::rx (line 107) ... FAILED
[INFO] [stdout] test src/bus.rs - bus::Bus::tx (line 136) ... FAILED
[INFO] [stdout] test src/request.rs - request::Request (line 7) ... FAILED
[INFO] [stdout] test src/test.rs - assert_completes (line 46) ... FAILED
[INFO] [stdout] test src/storage.rs - storage::Storage (line 7) ... ok
[INFO] [stdout] test src/service.rs - service::CarryFrom (line 101) ... ok
[INFO] [stdout] test src/test.rs - assert_times_out (line 88) ... FAILED
[INFO] [stdout] test src/test.rs - assert_completes (line 31) ... FAILED
[INFO] [stdout] test src/test.rs - assert_times_out (line 103) ... FAILED
[INFO] [stdout] test src/bus.rs - bus::Bus::resource (line 161) ... FAILED
[INFO] [stdout] test src/dyn_bus/macros.rs - lifeline_bus (line 18) ... ok
[INFO] [stdout] test src/service.rs - service::Task (line 194) ... ok
[INFO] [stdout] test src/dyn_bus/macros.rs - lifeline_bus (line 4) ... ok
[INFO] [stdout] test src/service.rs - service::Service (line 17) ... ok
[INFO] [stdout] test src/dyn_bus/macros.rs - lifeline_bus (line 24) ... ok
[INFO] [stdout] test src/storage.rs - impl_channel_take (line 72) ... ok
[INFO] [stdout] test src/spawn.rs - spawn::Lifeline (line 133) ... ok
[INFO] [stdout] test src/storage.rs - impl_storage_take (line 52) ... ok
[INFO] [stdout] test src/storage.rs - storage::Storage (line 21) ... ok
[INFO] [stdout] test src/bus.rs - bus::Bus (line 67) ... ok
[INFO] [stdout] test src/storage.rs - impl_storage_clone (line 95) ... ok
[INFO] [stdout] test src/lib.rs - (line 50) ... ok
[INFO] [stdout] test src/bus.rs - bus::Resource (line 45) ... ok
[INFO] [stdout] 
[INFO] [stdout] failures:
[INFO] [stdout] 
[INFO] [stdout] ---- src/bus.rs - bus::Message (line 15) stdout ----
[INFO] [stdout] Couldn't compile the test.
[INFO] [stdout] ---- src/bus.rs - bus::Bus::capacity (line 78) stdout ----
[INFO] [stdout] Couldn't compile the test.
[INFO] [stdout] ---- src/bus.rs - bus::Bus::rx (line 107) stdout ----
[INFO] [stdout] Couldn't compile the test.
[INFO] [stdout] ---- src/bus.rs - bus::Bus::tx (line 136) stdout ----
[INFO] [stdout] Couldn't compile the test.
[INFO] [stdout] ---- src/request.rs - request::Request (line 7) stdout ----
[INFO] [stdout] Couldn't compile the test.
[INFO] [stdout] ---- src/test.rs - assert_completes (line 46) stdout ----
[INFO] [stdout] Couldn't compile the test.
[INFO] [stdout] ---- src/test.rs - assert_times_out (line 88) stdout ----
[INFO] [stdout] Couldn't compile the test.
[INFO] [stdout] ---- src/test.rs - assert_completes (line 31) stdout ----
[INFO] [stdout] Couldn't compile the test.
[INFO] [stdout] ---- src/test.rs - assert_times_out (line 103) stdout ----
[INFO] [stdout] Couldn't compile the test.
[INFO] [stdout] ---- src/bus.rs - bus::Bus::resource (line 161) stdout ----
[INFO] [stdout] Couldn't compile the test.
[INFO] [stdout] 
[INFO] [stdout] failures:
[INFO] [stdout]     src/bus.rs - bus::Bus::capacity (line 78)
[INFO] [stdout]     src/bus.rs - bus::Bus::resource (line 161)
[INFO] [stdout]     src/bus.rs - bus::Bus::rx (line 107)
[INFO] [stdout]     src/bus.rs - bus::Bus::tx (line 136)
[INFO] [stdout]     src/bus.rs - bus::Message (line 15)
[INFO] [stdout]     src/request.rs - request::Request (line 7)
[INFO] [stdout]     src/test.rs - assert_completes (line 31)
[INFO] [stdout]     src/test.rs - assert_completes (line 46)
[INFO] [stdout]     src/test.rs - assert_times_out (line 103)
[INFO] [stdout]     src/test.rs - assert_times_out (line 88)
[INFO] [stdout] 
[INFO] [stdout] test result: FAILED. 16 passed; 10 failed; 0 ignored; 0 measured; 0 filtered out; finished in 3.73s
[INFO] [stdout] 
[INFO] [stderr] error: test failed, to rerun pass '--doc'
[INFO] running `Command { std: "docker" "inspect" "350007e253cbd6d9905e963b85cafb7246bb90203bc43e982e42c8ea1a3067a1", kill_on_drop: false }`
[INFO] running `Command { std: "docker" "rm" "-f" "350007e253cbd6d9905e963b85cafb7246bb90203bc43e982e42c8ea1a3067a1", kill_on_drop: false }`
[INFO] [stdout] 350007e253cbd6d9905e963b85cafb7246bb90203bc43e982e42c8ea1a3067a1
