[INFO] fetching crate jsyc-compiler 0.1.0...
[INFO] testing jsyc-compiler-0.1.0 against beta-2021-08-01 for beta-1.55-1
[INFO] extracting crate jsyc-compiler 0.1.0 into /workspace/builds/worker-5/source
[INFO] validating manifest of crates.io crate jsyc-compiler 0.1.0 on toolchain beta-2021-08-01
[INFO] running `Command { std: "/workspace/cargo-home/bin/cargo" "+beta-2021-08-01" "metadata" "--manifest-path" "Cargo.toml" "--no-deps", kill_on_drop: false }`
[INFO] started tweaking crates.io crate jsyc-compiler 0.1.0
[INFO] finished tweaking crates.io crate jsyc-compiler 0.1.0
[INFO] tweaked toml for crates.io crate jsyc-compiler 0.1.0 written to /workspace/builds/worker-5/source/Cargo.toml
[INFO] running `Command { std: "/workspace/cargo-home/bin/cargo" "+beta-2021-08-01" "generate-lockfile" "--manifest-path" "Cargo.toml" "-Zno-index-update", kill_on_drop: false }`
[INFO] running `Command { std: "/workspace/cargo-home/bin/cargo" "+beta-2021-08-01" "fetch" "--manifest-path" "Cargo.toml", kill_on_drop: false }`
[INFO] [stderr]  Downloading crates ...
[INFO] [stderr]   Downloaded unic-ucd-ident v0.7.0
[INFO] [stderr]   Downloaded ress v0.6.3
[INFO] [stderr]   Downloaded resast v0.2.1
[INFO] [stderr]   Downloaded ressa v0.5.2
[INFO] running `Command { std: "docker" "create" "-v" "/var/lib/crater-agent-workspace/builds/worker-5/target:/opt/rustwide/target:rw,Z" "-v" "/var/lib/crater-agent-workspace/builds/worker-5/source:/opt/rustwide/workdir:ro,Z" "-v" "/var/lib/crater-agent-workspace/cargo-home:/opt/rustwide/cargo-home:ro,Z" "-v" "/var/lib/crater-agent-workspace/rustup-home:/opt/rustwide/rustup-home:ro,Z" "-e" "SOURCE_DIR=/opt/rustwide/workdir" "-e" "CARGO_TARGET_DIR=/opt/rustwide/target" "-e" "CARGO_HOME=/opt/rustwide/cargo-home" "-e" "RUSTUP_HOME=/opt/rustwide/rustup-home" "-w" "/opt/rustwide/workdir" "-m" "1610612736" "--user" "0:0" "--network" "none" "ghcr.io/rust-lang/crates-build-env/linux@sha256:34b6a614d2c27851fe6cbf88fbd1137609cefab8b10d0615aaeb6fd47975d74e" "/opt/rustwide/cargo-home/bin/cargo" "+beta-2021-08-01" "metadata" "--no-deps" "--format-version=1", kill_on_drop: false }`
[INFO] [stdout] 57c1c46f926cf710e2d487bbb58a08b9a2a1b97197d581fbfc062e6a9cb38286
[INFO] [stderr] WARNING: Your kernel does not support swap limit capabilities or the cgroup is not mounted. Memory limited without swap.
[INFO] running `Command { std: "docker" "start" "-a" "57c1c46f926cf710e2d487bbb58a08b9a2a1b97197d581fbfc062e6a9cb38286", kill_on_drop: false }`
[INFO] running `Command { std: "docker" "inspect" "57c1c46f926cf710e2d487bbb58a08b9a2a1b97197d581fbfc062e6a9cb38286", kill_on_drop: false }`
[INFO] running `Command { std: "docker" "rm" "-f" "57c1c46f926cf710e2d487bbb58a08b9a2a1b97197d581fbfc062e6a9cb38286", kill_on_drop: false }`
[INFO] [stdout] 57c1c46f926cf710e2d487bbb58a08b9a2a1b97197d581fbfc062e6a9cb38286
[INFO] running `Command { std: "docker" "create" "-v" "/var/lib/crater-agent-workspace/builds/worker-5/target:/opt/rustwide/target:rw,Z" "-v" "/var/lib/crater-agent-workspace/builds/worker-5/source:/opt/rustwide/workdir:ro,Z" "-v" "/var/lib/crater-agent-workspace/cargo-home:/opt/rustwide/cargo-home:ro,Z" "-v" "/var/lib/crater-agent-workspace/rustup-home:/opt/rustwide/rustup-home:ro,Z" "-e" "SOURCE_DIR=/opt/rustwide/workdir" "-e" "CARGO_TARGET_DIR=/opt/rustwide/target" "-e" "CARGO_INCREMENTAL=0" "-e" "RUST_BACKTRACE=full" "-e" "RUSTFLAGS=--cap-lints=warn" "-e" "CARGO_HOME=/opt/rustwide/cargo-home" "-e" "RUSTUP_HOME=/opt/rustwide/rustup-home" "-w" "/opt/rustwide/workdir" "-m" "1610612736" "--user" "0:0" "--network" "none" "ghcr.io/rust-lang/crates-build-env/linux@sha256:34b6a614d2c27851fe6cbf88fbd1137609cefab8b10d0615aaeb6fd47975d74e" "/opt/rustwide/cargo-home/bin/cargo" "+beta-2021-08-01" "build" "--frozen" "--message-format=json", kill_on_drop: false }`
[INFO] [stdout] 624ee17d54d0c11f4ec184d48052d48845c3974e62dc072b1332153029d19c92
[INFO] [stderr] WARNING: Your kernel does not support swap limit capabilities or the cgroup is not mounted. Memory limited without swap.
[INFO] running `Command { std: "docker" "start" "-a" "624ee17d54d0c11f4ec184d48052d48845c3974e62dc072b1332153029d19c92", kill_on_drop: false }`
[INFO] [stderr]    Compiling unic-common v0.7.0
[INFO] [stderr]    Compiling unic-char-range v0.7.0
[INFO] [stderr]    Compiling resast v0.2.1
[INFO] [stderr]    Compiling combine v3.8.1
[INFO] [stderr]    Compiling backtrace v0.3.61
[INFO] [stderr]    Compiling env_logger v0.6.2
[INFO] [stderr]    Compiling unic-ucd-version v0.7.0
[INFO] [stderr]    Compiling unic-char-property v0.7.0
[INFO] [stderr]    Compiling unic-ucd-ident v0.7.0
[INFO] [stderr]    Compiling ress v0.6.3
[INFO] [stderr]    Compiling ressa v0.5.2
[INFO] [stderr]    Compiling jsyc-compiler v0.1.0 (/opt/rustwide/workdir)
[INFO] [stdout] warning: trait objects without an explicit `dyn` are deprecated
[INFO] [stdout]   --> src/error.rs:53:32
[INFO] [stdout]    |
[INFO] [stdout] 53 |     fn cause(&self) -> Option<&error::Error> {
[INFO] [stdout]    |                                ^^^^^^^^^^^^ help: use `dyn`: `dyn error::Error`
[INFO] [stdout]    |
[INFO] [stdout]    = note: `#[warn(bare_trait_objects)]` on by default
[INFO] [stdout]    = warning: this is accepted in the current edition (Rust 2018) but is a hard error in Rust 2021!
[INFO] [stdout]    = note: for more information, see issue #80165 <https://github.com/rust-lang/rust/issues/80165>
[INFO] [stdout] 
[INFO] [stdout] 
[INFO] [stdout] warning: panic message contains an unused formatting placeholder
[INFO] [stdout]    --> src/bytecode.rs:344:33
[INFO] [stdout]     |
[INFO] [stdout] 344 |             panic!("The string '{}' is too long. Encoded string may only have 65536 charachters.");
[INFO] [stdout]     |                                 ^^
[INFO] [stdout]     |
[INFO] [stdout]     = note: `#[warn(non_fmt_panics)]` on by default
[INFO] [stdout]     = note: this message is not used as a format string when given without arguments, but will be in Rust 2021
[INFO] [stdout] help: add the missing argument
[INFO] [stdout]     |
[INFO] [stdout] 344 |             panic!("The string '{}' is too long. Encoded string may only have 65536 charachters.", ...);
[INFO] [stdout]     |                                                                                                  ^^^^^
[INFO] [stdout] help: or add a "{}" format string to use the message literally
[INFO] [stdout]     |
[INFO] [stdout] 344 |             panic!("{}", "The string '{}' is too long. Encoded string may only have 65536 charachters.");
[INFO] [stdout]     |                    ^^^^^
[INFO] [stdout] 
[INFO] [stdout] 
[INFO] [stdout] warning: this method call resolves to `<&[T; N] as IntoIterator>::into_iter` (due to backwards compatibility), but will resolve to <[T; N] as IntoIterator>::into_iter in Rust 2021.
[INFO] [stdout]   --> src/instruction_set.rs:23:25
[INFO] [stdout]    |
[INFO] [stdout] 23 |                   VARINTS.into_iter()
[INFO] [stdout]    |                           ^^^^^^^^^
[INFO] [stdout] ...
[INFO] [stdout] 73 | / make_enum_helper!(
[INFO] [stdout] 74 | | enum CommonLiteral
[INFO] [stdout] 75 | | {
[INFO] [stdout] 76 | |     Num0,
[INFO] [stdout] ...  |
[INFO] [stdout] 79 | |     // EmptyString
[INFO] [stdout] 80 | | });
[INFO] [stdout]    | |___- in this macro invocation
[INFO] [stdout]    |
[INFO] [stdout]    = note: `#[warn(array_into_iter)]` on by default
[INFO] [stdout]    = warning: this changes meaning in Rust 2021
[INFO] [stdout]    = note: for more information, see issue #66145 <https://github.com/rust-lang/rust/issues/66145>
[INFO] [stdout]    = note: this warning originates in the macro `make_enum_helper` (in Nightly builds, run with -Z macro-backtrace for more info)
[INFO] [stdout] help: use `.iter()` instead of `.into_iter()` to avoid ambiguity
[INFO] [stdout]    |
[INFO] [stdout] 23 |                 VARINTS.iter()
[INFO] [stdout]    |                         ^^^^
[INFO] [stdout] help: or use `IntoIterator::into_iter(..)` instead of `.into_iter()` to explicitly iterate by value
[INFO] [stdout]    |
[INFO] [stdout] 23 |                 IntoIterator::into_iter(VARINTS)
[INFO] [stdout]    |                 ^^^^^^^^^^^^^^^^^^^^^^^^       ^
[INFO] [stdout] 
[INFO] [stdout] 
[INFO] [stdout] warning: this method call resolves to `<&[T; N] as IntoIterator>::into_iter` (due to backwards compatibility), but will resolve to <[T; N] as IntoIterator>::into_iter in Rust 2021.
[INFO] [stdout]    --> src/instruction_set.rs:23:25
[INFO] [stdout]     |
[INFO] [stdout] 23  |                   VARINTS.into_iter()
[INFO] [stdout]     |                           ^^^^^^^^^
[INFO] [stdout] ...
[INFO] [stdout] 123 | / make_enum_helper!(
[INFO] [stdout] 124 | | enum ReservedeRegister {
[INFO] [stdout] 125 | |     BytecodePointer,
[INFO] [stdout] 126 | |     BytecodeFuncReturn,
[INFO] [stdout] 127 | |     TrashRegister
[INFO] [stdout] 128 | | });
[INFO] [stdout]     | |___- in this macro invocation
[INFO] [stdout]     |
[INFO] [stdout]     = warning: this changes meaning in Rust 2021
[INFO] [stdout]     = note: for more information, see issue #66145 <https://github.com/rust-lang/rust/issues/66145>
[INFO] [stdout]     = note: this warning originates in the macro `make_enum_helper` (in Nightly builds, run with -Z macro-backtrace for more info)
[INFO] [stdout] help: use `.iter()` instead of `.into_iter()` to avoid ambiguity
[INFO] [stdout]     |
[INFO] [stdout] 23  |                 VARINTS.iter()
[INFO] [stdout]     |                         ^^^^
[INFO] [stdout] help: or use `IntoIterator::into_iter(..)` instead of `.into_iter()` to explicitly iterate by value
[INFO] [stdout]     |
[INFO] [stdout] 23  |                 IntoIterator::into_iter(VARINTS)
[INFO] [stdout]     |                 ^^^^^^^^^^^^^^^^^^^^^^^^       ^
[INFO] [stdout] 
[INFO] [stdout] 
[INFO] [stdout] warning: 4 warnings emitted
[INFO] [stdout] 
[INFO] [stdout] 
[INFO] [stderr]     Finished dev [unoptimized + debuginfo] target(s) in 27.55s
[INFO] running `Command { std: "docker" "inspect" "624ee17d54d0c11f4ec184d48052d48845c3974e62dc072b1332153029d19c92", kill_on_drop: false }`
[INFO] running `Command { std: "docker" "rm" "-f" "624ee17d54d0c11f4ec184d48052d48845c3974e62dc072b1332153029d19c92", kill_on_drop: false }`
[INFO] [stdout] 624ee17d54d0c11f4ec184d48052d48845c3974e62dc072b1332153029d19c92
[INFO] running `Command { std: "docker" "create" "-v" "/var/lib/crater-agent-workspace/builds/worker-5/target:/opt/rustwide/target:rw,Z" "-v" "/var/lib/crater-agent-workspace/builds/worker-5/source:/opt/rustwide/workdir:ro,Z" "-v" "/var/lib/crater-agent-workspace/cargo-home:/opt/rustwide/cargo-home:ro,Z" "-v" "/var/lib/crater-agent-workspace/rustup-home:/opt/rustwide/rustup-home:ro,Z" "-e" "SOURCE_DIR=/opt/rustwide/workdir" "-e" "CARGO_TARGET_DIR=/opt/rustwide/target" "-e" "CARGO_INCREMENTAL=0" "-e" "RUST_BACKTRACE=full" "-e" "RUSTFLAGS=--cap-lints=warn" "-e" "CARGO_HOME=/opt/rustwide/cargo-home" "-e" "RUSTUP_HOME=/opt/rustwide/rustup-home" "-w" "/opt/rustwide/workdir" "-m" "1610612736" "--user" "0:0" "--network" "none" "ghcr.io/rust-lang/crates-build-env/linux@sha256:34b6a614d2c27851fe6cbf88fbd1137609cefab8b10d0615aaeb6fd47975d74e" "/opt/rustwide/cargo-home/bin/cargo" "+beta-2021-08-01" "test" "--frozen" "--no-run" "--message-format=json", kill_on_drop: false }`
[INFO] [stderr] WARNING: Your kernel does not support swap limit capabilities or the cgroup is not mounted. Memory limited without swap.
[INFO] [stdout] f73b9dad6ef6c462f8ad20fe4938ab992d7aca078be3668578c81d477fa54178
[INFO] running `Command { std: "docker" "start" "-a" "f73b9dad6ef6c462f8ad20fe4938ab992d7aca078be3668578c81d477fa54178", kill_on_drop: false }`
[INFO] [stderr]    Compiling jsyc-compiler v0.1.0 (/opt/rustwide/workdir)
[INFO] [stdout] warning: trait objects without an explicit `dyn` are deprecated
[INFO] [stdout]   --> src/error.rs:53:32
[INFO] [stdout]    |
[INFO] [stdout] 53 |     fn cause(&self) -> Option<&error::Error> {
[INFO] [stdout]    |                                ^^^^^^^^^^^^ help: use `dyn`: `dyn error::Error`
[INFO] [stdout]    |
[INFO] [stdout]    = note: `#[warn(bare_trait_objects)]` on by default
[INFO] [stdout]    = warning: this is accepted in the current edition (Rust 2018) but is a hard error in Rust 2021!
[INFO] [stdout]    = note: for more information, see issue #80165 <https://github.com/rust-lang/rust/issues/80165>
[INFO] [stdout] 
[INFO] [stdout] 
[INFO] [stdout] warning: panic message contains an unused formatting placeholder
[INFO] [stdout]    --> src/bytecode.rs:344:33
[INFO] [stdout]     |
[INFO] [stdout] 344 |             panic!("The string '{}' is too long. Encoded string may only have 65536 charachters.");
[INFO] [stdout]     |                                 ^^
[INFO] [stdout]     |
[INFO] [stdout]     = note: `#[warn(non_fmt_panics)]` on by default
[INFO] [stdout]     = note: this message is not used as a format string when given without arguments, but will be in Rust 2021
[INFO] [stdout] help: add the missing argument
[INFO] [stdout]     |
[INFO] [stdout] 344 |             panic!("The string '{}' is too long. Encoded string may only have 65536 charachters.", ...);
[INFO] [stdout]     |                                                                                                  ^^^^^
[INFO] [stdout] help: or add a "{}" format string to use the message literally
[INFO] [stdout]     |
[INFO] [stdout] 344 |             panic!("{}", "The string '{}' is too long. Encoded string may only have 65536 charachters.");
[INFO] [stdout]     |                    ^^^^^
[INFO] [stdout] 
[INFO] [stdout] 
[INFO] [stdout] warning: this method call resolves to `<&[T; N] as IntoIterator>::into_iter` (due to backwards compatibility), but will resolve to <[T; N] as IntoIterator>::into_iter in Rust 2021.
[INFO] [stdout]   --> src/instruction_set.rs:23:25
[INFO] [stdout]    |
[INFO] [stdout] 23 |                   VARINTS.into_iter()
[INFO] [stdout]    |                           ^^^^^^^^^
[INFO] [stdout] ...
[INFO] [stdout] 73 | / make_enum_helper!(
[INFO] [stdout] 74 | | enum CommonLiteral
[INFO] [stdout] 75 | | {
[INFO] [stdout] 76 | |     Num0,
[INFO] [stdout] ...  |
[INFO] [stdout] 79 | |     // EmptyString
[INFO] [stdout] 80 | | });
[INFO] [stdout]    | |___- in this macro invocation
[INFO] [stdout]    |
[INFO] [stdout]    = note: `#[warn(array_into_iter)]` on by default
[INFO] [stdout]    = warning: this changes meaning in Rust 2021
[INFO] [stdout]    = note: for more information, see issue #66145 <https://github.com/rust-lang/rust/issues/66145>
[INFO] [stdout]    = note: this warning originates in the macro `make_enum_helper` (in Nightly builds, run with -Z macro-backtrace for more info)
[INFO] [stdout] help: use `.iter()` instead of `.into_iter()` to avoid ambiguity
[INFO] [stdout]    |
[INFO] [stdout] 23 |                 VARINTS.iter()
[INFO] [stdout]    |                         ^^^^
[INFO] [stdout] help: or use `IntoIterator::into_iter(..)` instead of `.into_iter()` to explicitly iterate by value
[INFO] [stdout]    |
[INFO] [stdout] 23 |                 IntoIterator::into_iter(VARINTS)
[INFO] [stdout]    |                 ^^^^^^^^^^^^^^^^^^^^^^^^       ^
[INFO] [stdout] 
[INFO] [stdout] 
[INFO] [stdout] warning: this method call resolves to `<&[T; N] as IntoIterator>::into_iter` (due to backwards compatibility), but will resolve to <[T; N] as IntoIterator>::into_iter in Rust 2021.
[INFO] [stdout]    --> src/instruction_set.rs:23:25
[INFO] [stdout]     |
[INFO] [stdout] 23  |                   VARINTS.into_iter()
[INFO] [stdout]     |                           ^^^^^^^^^
[INFO] [stdout] ...
[INFO] [stdout] 123 | / make_enum_helper!(
[INFO] [stdout] 124 | | enum ReservedeRegister {
[INFO] [stdout] 125 | |     BytecodePointer,
[INFO] [stdout] 126 | |     BytecodeFuncReturn,
[INFO] [stdout] 127 | |     TrashRegister
[INFO] [stdout] 128 | | });
[INFO] [stdout]     | |___- in this macro invocation
[INFO] [stdout]     |
[INFO] [stdout]     = warning: this changes meaning in Rust 2021
[INFO] [stdout]     = note: for more information, see issue #66145 <https://github.com/rust-lang/rust/issues/66145>
[INFO] [stdout]     = note: this warning originates in the macro `make_enum_helper` (in Nightly builds, run with -Z macro-backtrace for more info)
[INFO] [stdout] help: use `.iter()` instead of `.into_iter()` to avoid ambiguity
[INFO] [stdout]     |
[INFO] [stdout] 23  |                 VARINTS.iter()
[INFO] [stdout]     |                         ^^^^
[INFO] [stdout] help: or use `IntoIterator::into_iter(..)` instead of `.into_iter()` to explicitly iterate by value
[INFO] [stdout]     |
[INFO] [stdout] 23  |                 IntoIterator::into_iter(VARINTS)
[INFO] [stdout]     |                 ^^^^^^^^^^^^^^^^^^^^^^^^       ^
[INFO] [stdout] 
[INFO] [stdout] 
[INFO] [stdout] warning: 4 warnings emitted
[INFO] [stdout] 
[INFO] [stdout] 
[INFO] [stdout] warning: trait objects without an explicit `dyn` are deprecated
[INFO] [stdout]   --> src/error.rs:53:32
[INFO] [stdout]    |
[INFO] [stdout] 53 |     fn cause(&self) -> Option<&error::Error> {
[INFO] [stdout]    |                                ^^^^^^^^^^^^ help: use `dyn`: `dyn error::Error`
[INFO] [stdout]    |
[INFO] [stdout]    = note: `#[warn(bare_trait_objects)]` on by default
[INFO] [stdout]    = warning: this is accepted in the current edition (Rust 2018) but is a hard error in Rust 2021!
[INFO] [stdout]    = note: for more information, see issue #80165 <https://github.com/rust-lang/rust/issues/80165>
[INFO] [stdout] 
[INFO] [stdout] 
[INFO] [stdout] warning: panic message contains an unused formatting placeholder
[INFO] [stdout]    --> src/bytecode.rs:344:33
[INFO] [stdout]     |
[INFO] [stdout] 344 |             panic!("The string '{}' is too long. Encoded string may only have 65536 charachters.");
[INFO] [stdout]     |                                 ^^
[INFO] [stdout]     |
[INFO] [stdout]     = note: `#[warn(non_fmt_panics)]` on by default
[INFO] [stdout]     = note: this message is not used as a format string when given without arguments, but will be in Rust 2021
[INFO] [stdout] help: add the missing argument
[INFO] [stdout]     |
[INFO] [stdout] 344 |             panic!("The string '{}' is too long. Encoded string may only have 65536 charachters.", ...);
[INFO] [stdout]     |                                                                                                  ^^^^^
[INFO] [stdout] help: or add a "{}" format string to use the message literally
[INFO] [stdout]     |
[INFO] [stdout] 344 |             panic!("{}", "The string '{}' is too long. Encoded string may only have 65536 charachters.");
[INFO] [stdout]     |                    ^^^^^
[INFO] [stdout] 
[INFO] [stdout] 
[INFO] [stdout] warning: this method call resolves to `<&[T; N] as IntoIterator>::into_iter` (due to backwards compatibility), but will resolve to <[T; N] as IntoIterator>::into_iter in Rust 2021.
[INFO] [stdout]   --> src/instruction_set.rs:23:25
[INFO] [stdout]    |
[INFO] [stdout] 23 |                   VARINTS.into_iter()
[INFO] [stdout]    |                           ^^^^^^^^^
[INFO] [stdout] ...
[INFO] [stdout] 35 | /     make_enum_helper!(
[INFO] [stdout] 36 | |         enum TestEnumA {
[INFO] [stdout] 37 | |             A,
[INFO] [stdout] 38 | |             B,
[INFO] [stdout] 39 | |             C
[INFO] [stdout] 40 | |         }
[INFO] [stdout] 41 | |     );
[INFO] [stdout]    | |______- in this macro invocation
[INFO] [stdout]    |
[INFO] [stdout]    = note: `#[warn(array_into_iter)]` on by default
[INFO] [stdout]    = warning: this changes meaning in Rust 2021
[INFO] [stdout]    = note: for more information, see issue #66145 <https://github.com/rust-lang/rust/issues/66145>
[INFO] [stdout]    = note: this warning originates in the macro `make_enum_helper` (in Nightly builds, run with -Z macro-backtrace for more info)
[INFO] [stdout] help: use `.iter()` instead of `.into_iter()` to avoid ambiguity
[INFO] [stdout]    |
[INFO] [stdout] 23 |                 VARINTS.iter()
[INFO] [stdout]    |                         ^^^^
[INFO] [stdout] help: or use `IntoIterator::into_iter(..)` instead of `.into_iter()` to explicitly iterate by value
[INFO] [stdout]    |
[INFO] [stdout] 23 |                 IntoIterator::into_iter(VARINTS)
[INFO] [stdout]    |                 ^^^^^^^^^^^^^^^^^^^^^^^^       ^
[INFO] [stdout] 
[INFO] [stdout] 
[INFO] [stdout] warning: this method call resolves to `<&[T; N] as IntoIterator>::into_iter` (due to backwards compatibility), but will resolve to <[T; N] as IntoIterator>::into_iter in Rust 2021.
[INFO] [stdout]   --> src/instruction_set.rs:23:25
[INFO] [stdout]    |
[INFO] [stdout] 23 |                   VARINTS.into_iter()
[INFO] [stdout]    |                           ^^^^^^^^^
[INFO] [stdout] ...
[INFO] [stdout] 56 | /     make_enum_helper!(
[INFO] [stdout] 57 | |         enum TestEnumB {
[INFO] [stdout] 58 | |             A
[INFO] [stdout] 59 | |         }
[INFO] [stdout] 60 | |     );
[INFO] [stdout]    | |______- in this macro invocation
[INFO] [stdout]    |
[INFO] [stdout]    = warning: this changes meaning in Rust 2021
[INFO] [stdout]    = note: for more information, see issue #66145 <https://github.com/rust-lang/rust/issues/66145>
[INFO] [stdout]    = note: this warning originates in the macro `make_enum_helper` (in Nightly builds, run with -Z macro-backtrace for more info)
[INFO] [stdout] help: use `.iter()` instead of `.into_iter()` to avoid ambiguity
[INFO] [stdout]    |
[INFO] [stdout] 23 |                 VARINTS.iter()
[INFO] [stdout]    |                         ^^^^
[INFO] [stdout] help: or use `IntoIterator::into_iter(..)` instead of `.into_iter()` to explicitly iterate by value
[INFO] [stdout]    |
[INFO] [stdout] 23 |                 IntoIterator::into_iter(VARINTS)
[INFO] [stdout]    |                 ^^^^^^^^^^^^^^^^^^^^^^^^       ^
[INFO] [stdout] 
[INFO] [stdout] 
[INFO] [stdout] warning: this method call resolves to `<&[T; N] as IntoIterator>::into_iter` (due to backwards compatibility), but will resolve to <[T; N] as IntoIterator>::into_iter in Rust 2021.
[INFO] [stdout]   --> src/instruction_set.rs:23:25
[INFO] [stdout]    |
[INFO] [stdout] 23 |                   VARINTS.into_iter()
[INFO] [stdout]    |                           ^^^^^^^^^
[INFO] [stdout] ...
[INFO] [stdout] 73 | / make_enum_helper!(
[INFO] [stdout] 74 | | enum CommonLiteral
[INFO] [stdout] 75 | | {
[INFO] [stdout] 76 | |     Num0,
[INFO] [stdout] ...  |
[INFO] [stdout] 79 | |     // EmptyString
[INFO] [stdout] 80 | | });
[INFO] [stdout]    | |___- in this macro invocation
[INFO] [stdout]    |
[INFO] [stdout]    = warning: this changes meaning in Rust 2021
[INFO] [stdout]    = note: for more information, see issue #66145 <https://github.com/rust-lang/rust/issues/66145>
[INFO] [stdout]    = note: this warning originates in the macro `make_enum_helper` (in Nightly builds, run with -Z macro-backtrace for more info)
[INFO] [stdout] help: use `.iter()` instead of `.into_iter()` to avoid ambiguity
[INFO] [stdout]    |
[INFO] [stdout] 23 |                 VARINTS.iter()
[INFO] [stdout]    |                         ^^^^
[INFO] [stdout] help: or use `IntoIterator::into_iter(..)` instead of `.into_iter()` to explicitly iterate by value
[INFO] [stdout]    |
[INFO] [stdout] 23 |                 IntoIterator::into_iter(VARINTS)
[INFO] [stdout]    |                 ^^^^^^^^^^^^^^^^^^^^^^^^       ^
[INFO] [stdout] 
[INFO] [stdout] 
[INFO] [stdout] warning: this method call resolves to `<&[T; N] as IntoIterator>::into_iter` (due to backwards compatibility), but will resolve to <[T; N] as IntoIterator>::into_iter in Rust 2021.
[INFO] [stdout]    --> src/instruction_set.rs:23:25
[INFO] [stdout]     |
[INFO] [stdout] 23  |                   VARINTS.into_iter()
[INFO] [stdout]     |                           ^^^^^^^^^
[INFO] [stdout] ...
[INFO] [stdout] 123 | / make_enum_helper!(
[INFO] [stdout] 124 | | enum ReservedeRegister {
[INFO] [stdout] 125 | |     BytecodePointer,
[INFO] [stdout] 126 | |     BytecodeFuncReturn,
[INFO] [stdout] 127 | |     TrashRegister
[INFO] [stdout] 128 | | });
[INFO] [stdout]     | |___- in this macro invocation
[INFO] [stdout]     |
[INFO] [stdout]     = warning: this changes meaning in Rust 2021
[INFO] [stdout]     = note: for more information, see issue #66145 <https://github.com/rust-lang/rust/issues/66145>
[INFO] [stdout]     = note: this warning originates in the macro `make_enum_helper` (in Nightly builds, run with -Z macro-backtrace for more info)
[INFO] [stdout] help: use `.iter()` instead of `.into_iter()` to avoid ambiguity
[INFO] [stdout]     |
[INFO] [stdout] 23  |                 VARINTS.iter()
[INFO] [stdout]     |                         ^^^^
[INFO] [stdout] help: or use `IntoIterator::into_iter(..)` instead of `.into_iter()` to explicitly iterate by value
[INFO] [stdout]     |
[INFO] [stdout] 23  |                 IntoIterator::into_iter(VARINTS)
[INFO] [stdout]     |                 ^^^^^^^^^^^^^^^^^^^^^^^^       ^
[INFO] [stdout] 
[INFO] [stdout] 
[INFO] [stdout] warning: 6 warnings emitted
[INFO] [stdout] 
[INFO] [stdout] 
[INFO] [stderr]     Finished test [unoptimized + debuginfo] target(s) in 4.76s
[INFO] running `Command { std: "docker" "inspect" "f73b9dad6ef6c462f8ad20fe4938ab992d7aca078be3668578c81d477fa54178", kill_on_drop: false }`
[INFO] running `Command { std: "docker" "rm" "-f" "f73b9dad6ef6c462f8ad20fe4938ab992d7aca078be3668578c81d477fa54178", kill_on_drop: false }`
[INFO] [stdout] f73b9dad6ef6c462f8ad20fe4938ab992d7aca078be3668578c81d477fa54178
[INFO] running `Command { std: "docker" "create" "-v" "/var/lib/crater-agent-workspace/builds/worker-5/target:/opt/rustwide/target:rw,Z" "-v" "/var/lib/crater-agent-workspace/builds/worker-5/source:/opt/rustwide/workdir:ro,Z" "-v" "/var/lib/crater-agent-workspace/cargo-home:/opt/rustwide/cargo-home:ro,Z" "-v" "/var/lib/crater-agent-workspace/rustup-home:/opt/rustwide/rustup-home:ro,Z" "-e" "SOURCE_DIR=/opt/rustwide/workdir" "-e" "CARGO_TARGET_DIR=/opt/rustwide/target" "-e" "CARGO_INCREMENTAL=0" "-e" "RUST_BACKTRACE=full" "-e" "RUSTFLAGS=--cap-lints=warn" "-e" "CARGO_HOME=/opt/rustwide/cargo-home" "-e" "RUSTUP_HOME=/opt/rustwide/rustup-home" "-w" "/opt/rustwide/workdir" "-m" "1610612736" "--user" "0:0" "--network" "none" "ghcr.io/rust-lang/crates-build-env/linux@sha256:34b6a614d2c27851fe6cbf88fbd1137609cefab8b10d0615aaeb6fd47975d74e" "/opt/rustwide/cargo-home/bin/cargo" "+beta-2021-08-01" "test" "--frozen", kill_on_drop: false }`
[INFO] [stdout] a0039c34882164a25ff43ec0e50bb07e753b65ee78f056a311300ee2f7a16955
[INFO] [stderr] WARNING: Your kernel does not support swap limit capabilities or the cgroup is not mounted. Memory limited without swap.
[INFO] running `Command { std: "docker" "start" "-a" "a0039c34882164a25ff43ec0e50bb07e753b65ee78f056a311300ee2f7a16955", kill_on_drop: false }`
[INFO] [stderr] warning: trait objects without an explicit `dyn` are deprecated
[INFO] [stderr]   --> src/error.rs:53:32
[INFO] [stderr]    |
[INFO] [stderr] 53 |     fn cause(&self) -> Option<&error::Error> {
[INFO] [stderr]    |                                ^^^^^^^^^^^^ help: use `dyn`: `dyn error::Error`
[INFO] [stderr]    |
[INFO] [stderr]    = note: `#[warn(bare_trait_objects)]` on by default
[INFO] [stderr]    = warning: this is accepted in the current edition (Rust 2018) but is a hard error in Rust 2021!
[INFO] [stderr]    = note: for more information, see issue #80165 <https://github.com/rust-lang/rust/issues/80165>
[INFO] [stderr] 
[INFO] [stderr] warning: panic message contains an unused formatting placeholder
[INFO] [stderr]    --> src/bytecode.rs:344:33
[INFO] [stderr]     |
[INFO] [stderr] 344 |             panic!("The string '{}' is too long. Encoded string may only have 65536 charachters.");
[INFO] [stderr]     |                                 ^^
[INFO] [stderr]     |
[INFO] [stderr]     = note: `#[warn(non_fmt_panics)]` on by default
[INFO] [stderr]     = note: this message is not used as a format string when given without arguments, but will be in Rust 2021
[INFO] [stderr] help: add the missing argument
[INFO] [stderr]     |
[INFO] [stderr] 344 |             panic!("The string '{}' is too long. Encoded string may only have 65536 charachters.", ...);
[INFO] [stderr]     |                                                                                                  ^^^^^
[INFO] [stderr] help: or add a "{}" format string to use the message literally
[INFO] [stderr]     |
[INFO] [stderr] 344 |             panic!("{}", "The string '{}' is too long. Encoded string may only have 65536 charachters.");
[INFO] [stderr]     |                    ^^^^^
[INFO] [stderr] 
[INFO] [stderr] warning: this method call resolves to `<&[T; N] as IntoIterator>::into_iter` (due to backwards compatibility), but will resolve to <[T; N] as IntoIterator>::into_iter in Rust 2021.
[INFO] [stderr]   --> src/instruction_set.rs:23:25
[INFO] [stderr]    |
[INFO] [stderr] 23 |                   VARINTS.into_iter()
[INFO] [stderr]    |                           ^^^^^^^^^
[INFO] [stderr] ...
[INFO] [stderr] 73 | / make_enum_helper!(
[INFO] [stderr] 74 | | enum CommonLiteral
[INFO] [stderr] 75 | | {
[INFO] [stderr] 76 | |     Num0,
[INFO] [stderr] ...  |
[INFO] [stderr] 79 | |     // EmptyString
[INFO] [stderr] 80 | | });
[INFO] [stderr]    | |___- in this macro invocation
[INFO] [stderr]    |
[INFO] [stderr]    = note: `#[warn(array_into_iter)]` on by default
[INFO] [stderr]    = warning: this changes meaning in Rust 2021
[INFO] [stderr]    = note: for more information, see issue #66145 <https://github.com/rust-lang/rust/issues/66145>
[INFO] [stderr]    = note: this warning originates in the macro `make_enum_helper` (in Nightly builds, run with -Z macro-backtrace for more info)
[INFO] [stderr] help: use `.iter()` instead of `.into_iter()` to avoid ambiguity
[INFO] [stderr]    |
[INFO] [stderr] 23 |                 VARINTS.iter()
[INFO] [stderr]    |                         ^^^^
[INFO] [stderr] help: or use `IntoIterator::into_iter(..)` instead of `.into_iter()` to explicitly iterate by value
[INFO] [stderr]    |
[INFO] [stderr] 23 |                 IntoIterator::into_iter(VARINTS)
[INFO] [stderr]    |                 ^^^^^^^^^^^^^^^^^^^^^^^^       ^
[INFO] [stderr] 
[INFO] [stderr] warning: this method call resolves to `<&[T; N] as IntoIterator>::into_iter` (due to backwards compatibility), but will resolve to <[T; N] as IntoIterator>::into_iter in Rust 2021.
[INFO] [stderr]    --> src/instruction_set.rs:23:25
[INFO] [stderr]     |
[INFO] [stderr] 23  |                   VARINTS.into_iter()
[INFO] [stderr]     |                           ^^^^^^^^^
[INFO] [stderr] ...
[INFO] [stderr] 123 | / make_enum_helper!(
[INFO] [stderr] 124 | | enum ReservedeRegister {
[INFO] [stderr] 125 | |     BytecodePointer,
[INFO] [stderr] 126 | |     BytecodeFuncReturn,
[INFO] [stderr] 127 | |     TrashRegister
[INFO] [stderr] 128 | | });
[INFO] [stderr]     | |___- in this macro invocation
[INFO] [stderr]     |
[INFO] [stderr]     = warning: this changes meaning in Rust 2021
[INFO] [stderr]     = note: for more information, see issue #66145 <https://github.com/rust-lang/rust/issues/66145>
[INFO] [stderr]     = note: this warning originates in the macro `make_enum_helper` (in Nightly builds, run with -Z macro-backtrace for more info)
[INFO] [stderr] help: use `.iter()` instead of `.into_iter()` to avoid ambiguity
[INFO] [stderr]     |
[INFO] [stderr] 23  |                 VARINTS.iter()
[INFO] [stderr]     |                         ^^^^
[INFO] [stderr] help: or use `IntoIterator::into_iter(..)` instead of `.into_iter()` to explicitly iterate by value
[INFO] [stderr]     |
[INFO] [stderr] 23  |                 IntoIterator::into_iter(VARINTS)
[INFO] [stderr]     |                 ^^^^^^^^^^^^^^^^^^^^^^^^       ^
[INFO] [stderr] 
[INFO] [stderr] warning: this method call resolves to `<&[T; N] as IntoIterator>::into_iter` (due to backwards compatibility), but will resolve to <[T; N] as IntoIterator>::into_iter in Rust 2021.
[INFO] [stderr]   --> src/instruction_set.rs:23:25
[INFO] [stderr]    |
[INFO] [stderr] 23 |                   VARINTS.into_iter()
[INFO] [stderr]    |                           ^^^^^^^^^
[INFO] [stderr] ...
[INFO] [stderr] 35 | /     make_enum_helper!(
[INFO] [stderr] 36 | |         enum TestEnumA {
[INFO] [stderr] 37 | |             A,
[INFO] [stderr] 38 | |             B,
[INFO] [stderr] 39 | |             C
[INFO] [stderr] 40 | |         }
[INFO] [stderr] 41 | |     );
[INFO] [stderr]    | |______- in this macro invocation
[INFO] [stderr]    |
[INFO] [stderr]    = note: `#[warn(array_into_iter)]` on by default
[INFO] [stderr]    = warning: this changes meaning in Rust 2021
[INFO] [stderr]    = note: for more information, see issue #66145 <https://github.com/rust-lang/rust/issues/66145>
[INFO] [stderr]    = note: this warning originates in the macro `make_enum_helper` (in Nightly builds, run with -Z macro-backtrace for more info)
[INFO] [stderr] help: use `.iter()` instead of `.into_iter()` to avoid ambiguity
[INFO] [stderr]    |
[INFO] [stderr] 23 |                 VARINTS.iter()
[INFO] [stderr]    |                         ^^^^
[INFO] [stderr] help: or use `IntoIterator::into_iter(..)` instead of `.into_iter()` to explicitly iterate by value
[INFO] [stderr]    |
[INFO] [stderr] 23 |                 IntoIterator::into_iter(VARINTS)
[INFO] [stderr]    |                 ^^^^^^^^^^^^^^^^^^^^^^^^       ^
[INFO] [stderr] 
[INFO] [stderr] warning: this method call resolves to `<&[T; N] as IntoIterator>::into_iter` (due to backwards compatibility), but will resolve to <[T; N] as IntoIterator>::into_iter in Rust 2021.
[INFO] [stderr]   --> src/instruction_set.rs:23:25
[INFO] [stderr]    |
[INFO] [stderr] 23 |                   VARINTS.into_iter()
[INFO] [stderr]    |                           ^^^^^^^^^
[INFO] [stderr] ...
[INFO] [stderr] 56 | /     make_enum_helper!(
[INFO] [stderr] 57 | |         enum TestEnumB {
[INFO] [stderr] 58 | |             A
[INFO] [stderr] 59 | |         }
[INFO] [stderr] 60 | |     );
[INFO] [stderr]    | |______- in this macro invocation
[INFO] [stderr]    |
[INFO] [stderr]    = warning: this changes meaning in Rust 2021
[INFO] [stderr]    = note: for more information, see issue #66145 <https://github.com/rust-lang/rust/issues/66145>
[INFO] [stderr]    = note: this warning originates in the macro `make_enum_helper` (in Nightly builds, run with -Z macro-backtrace for more info)
[INFO] [stderr] help: use `.iter()` instead of `.into_iter()` to avoid ambiguity
[INFO] [stderr]    |
[INFO] [stderr] 23 |                 VARINTS.iter()
[INFO] [stderr]    |                         ^^^^
[INFO] [stderr] help: or use `IntoIterator::into_iter(..)` instead of `.into_iter()` to explicitly iterate by value
[INFO] [stderr]    |
[INFO] [stderr] 23 |                 IntoIterator::into_iter(VARINTS)
[INFO] [stderr]    |                 ^^^^^^^^^^^^^^^^^^^^^^^^       ^
[INFO] [stderr] 
[INFO] [stderr] warning: this method call resolves to `<&[T; N] as IntoIterator>::into_iter` (due to backwards compatibility), but will resolve to <[T; N] as IntoIterator>::into_iter in Rust 2021.
[INFO] [stderr]   --> src/instruction_set.rs:23:25
[INFO] [stderr]    |
[INFO] [stderr] 23 |                   VARINTS.into_iter()
[INFO] [stderr]    |                           ^^^^^^^^^
[INFO] [stderr] ...
[INFO] [stderr] 73 | / make_enum_helper!(
[INFO] [stderr] 74 | | enum CommonLiteral
[INFO] [stderr] 75 | | {
[INFO] [stderr] 76 | |     Num0,
[INFO] [stderr] ...  |
[INFO] [stderr] 79 | |     // EmptyString
[INFO] [stderr] 80 | | });
[INFO] [stderr]    | |___- in this macro invocation
[INFO] [stderr]    |
[INFO] [stderr]    = warning: this changes meaning in Rust 2021
[INFO] [stderr]    = note: for more information, see issue #66145 <https://github.com/rust-lang/rust/issues/66145>
[INFO] [stderr]    = note: this warning originates in the macro `make_enum_helper` (in Nightly builds, run with -Z macro-backtrace for more info)
[INFO] [stderr] help: use `.iter()` instead of `.into_iter()` to avoid ambiguity
[INFO] [stderr]    |
[INFO] [stderr] 23 |                 VARINTS.iter()
[INFO] [stderr]    |                         ^^^^
[INFO] [stderr] help: or use `IntoIterator::into_iter(..)` instead of `.into_iter()` to explicitly iterate by value
[INFO] [stderr]    |
[INFO] [stderr] 23 |                 IntoIterator::into_iter(VARINTS)
[INFO] [stderr]    |                 ^^^^^^^^^^^^^^^^^^^^^^^^       ^
[INFO] [stderr] 
[INFO] [stderr] warning: `jsyc-compiler` (lib) generated 4 warnings
[INFO] [stderr] warning: `jsyc-compiler` (lib test) generated 6 warnings (3 duplicates)
[INFO] [stderr]     Finished test [unoptimized + debuginfo] target(s) in 0.04s
[INFO] [stderr]      Running unittests (/opt/rustwide/target/debug/deps/jsyc_compiler-e285d1431c2fc7cb)
[INFO] [stdout] 
[INFO] [stdout] running 13 tests
[INFO] [stdout] test bytecode::test_bytecode_literal_from_literal ... ok
[INFO] [stdout] test bytecode::test_encode_float_num ... ok
[INFO] [stdout] test bytecode::test_encode_registers_array ... ok
[INFO] [stdout] test bytecode::test_encode_string ... ok
[INFO] [stdout] test compiler::test_bytecode_compile_var_decl ... ok
[INFO] [stdout] test instruction_set::test_make_enum_helper ... ok
[INFO] [stdout] test scope::test_scopes ... ok
[INFO] [stdout] test bytecode::test_last_op_is_return ... ok
[INFO] [stdout] test bytecode::test_format_print ... ok
[INFO] [stdout] test bytecode::test_command ... ok
[INFO] [stdout] test bytecode::test_encode_long_num ... ok
[INFO] [stdout] test bytecode::test_instrution_to_byte ... ok
[INFO] [stdout] test bytecode::test_bytecode_to_bytes ... ok
[INFO] [stdout] 
[INFO] [stdout] test result: ok. 13 passed; 0 failed; 0 ignored; 0 measured; 0 filtered out; finished in 0.01s
[INFO] [stdout] 
[INFO] [stderr]      Running tests/lib.rs (/opt/rustwide/target/debug/deps/lib-c6faba26604d1eb7)
[INFO] [stdout] 
[INFO] [stdout] running 13 tests
[INFO] [stdout] test test_compiler_api ... ok
[INFO] [stdout] test test_assigmnet_expr ... ok
[INFO] [stdout] test test_cond_expr ... ok
[INFO] [stdout] test test_array_expr ... ok
[INFO] [stdout] test test_unary_expr ... ok
[INFO] [stdout] test test_compile_js_func_call ... ok
[INFO] [stdout] test test_member_expr ... ok
[INFO] [stdout] test test_compile_empty_js ... ok
[INFO] [stdout] test test_unsupported_exprs ... ok
[INFO] [stdout] test test_bytecode_func_calls ... ok
[INFO] [stdout] test test_compile_js_decls ... ok
[INFO] [stdout] test test_unsupported_stmts ... ok
[INFO] [stdout] test test_jump_stmts ... ok
[INFO] [stdout] 
[INFO] [stdout] test result: ok. 13 passed; 0 failed; 0 ignored; 0 measured; 0 filtered out; finished in 0.05s
[INFO] [stdout] 
[INFO] [stderr]    Doc-tests jsyc-compiler
[INFO] [stdout] 
[INFO] [stdout] running 6 tests
[INFO] [stdout] test src/bytecode.rs - bytecode::Bytecode (line 509) ... FAILED
[INFO] [stdout] test src/bytecode.rs - bytecode::Operation (line 438) ... ok
[INFO] [stdout] test src/jshelper.rs - jshelper::JSSourceCode (line 7) ... ok
[INFO] [stdout] test src/compiler.rs - compiler::BytecodeCompiler::compile (line 152) ... ok
[INFO] [stdout] test src/jshelper.rs - jshelper::JSAst (line 29) ... ok
[INFO] [stdout] test src/compiler.rs - compiler::BytecodeCompiler (line 94) ... ok
[INFO] [stdout] 
[INFO] [stdout] failures:
[INFO] [stdout] 
[INFO] [stdout] ---- src/bytecode.rs - bytecode::Bytecode (line 509) stdout ----
[INFO] [stdout] error: linking with `cc` failed: exit status: 1
[INFO] [stdout]   |
[INFO] [stdout]   = note: "cc" "-m64" "/tmp/rustdoctesttNN58k/rust_out.rust_out.1376475e-cgu.0.rcgu.o" "/tmp/rustdoctesttNN58k/rust_out.3oi7hjnjienb8flc.rcgu.o" "-Wl,--as-needed" "-L" "/opt/rustwide/target/debug/deps" "-L" "/opt/rustwide/target/debug/deps" "-L" "/opt/rustwide/rustup-home/toolchains/beta-2021-08-01-x86_64-unknown-linux-gnu/lib/rustlib/x86_64-unknown-linux-gnu/lib" "-Wl,-Bstatic" "/opt/rustwide/target/debug/deps/libjsyc_compiler-715ec5dbea8253a5.rlib" "/opt/rustwide/target/debug/deps/libbase64-f1235afada8474ea.rlib" "/opt/rustwide/target/debug/deps/libressa-d030bdc3b1c4218d.rlib" "/opt/rustwide/target/debug/deps/libresast-c14f084acda0f229.rlib" "/opt/rustwide/target/debug/deps/libenv_logger-1cc7a744e30a2383.rlib" "/opt/rustwide/target/debug/deps/libregex-83dd496f7b9d809d.rlib" "/opt/rustwide/target/debug/deps/libaho_corasick-5149d791dc2a7a9c.rlib" "/opt/rustwide/target/debug/deps/libregex_syntax-b1f5a8f2fb571c3f.rlib" "/opt/rustwide/target/debug/deps/libatty-d141500b2c69a7c6.rlib" "/opt/rustwide/target/debug/deps/libhumantime-948ffd822b1013e1.rlib" "/opt/rustwide/target/debug/deps/libquick_error-9b86aa0409ef900d.rlib" "/opt/rustwide/target/debug/deps/libtermcolor-f4f8fa367f63a313.rlib" "/opt/rustwide/target/debug/deps/libbacktrace-41917ead901ece2d.rlib" "/opt/rustwide/target/debug/deps/libminiz_oxide-0bdb5fa25f371614.rlib" "/opt/rustwide/target/debug/deps/libadler-7d22ef6d37ef0175.rlib" "/opt/rustwide/target/debug/deps/libobject-0dc8bf490e40e505.rlib" "/opt/rustwide/target/debug/deps/liblibc-3b814ac62542650c.rlib" "/opt/rustwide/target/debug/deps/libaddr2line-b936c714e4d1078d.rlib" "/opt/rustwide/target/debug/deps/libgimli-49523202187b59f9.rlib" "/opt/rustwide/target/debug/deps/librustc_demangle-91cfc1fbd8493277.rlib" "/opt/rustwide/target/debug/deps/libress-5d54c41e3cff2e7e.rlib" "/opt/rustwide/target/debug/deps/libunic_ucd_ident-485985ffaaa296c2.rlib" "/opt/rustwide/target/debug/deps/libunic_ucd_version-ab7b96bc71195884.rlib" "/opt/rustwide/target/debug/deps/libunic_common-e5fc8489537eea9f.rlib" "/opt/rustwide/target/debug/deps/libunic_char_property-63c838ab4c0aed0f.rlib" "/opt/rustwide/target/debug/deps/libunic_char_range-225d5b283b4747ae.rlib" "/opt/rustwide/target/debug/deps/liblog-18e19f5b5787b169.rlib" "/opt/rustwide/target/debug/deps/libcfg_if-0d27f345b2a6a3cd.rlib" "/opt/rustwide/target/debug/deps/libcombine-b1d539bb8c99b3df.rlib" "/opt/rustwide/target/debug/deps/libascii-52363745a984c668.rlib" "/opt/rustwide/target/debug/deps/libunreachable-4166b29cda7c01f7.rlib" "/opt/rustwide/target/debug/deps/libvoid-a8f0b9c91ed5e34c.rlib" "/opt/rustwide/target/debug/deps/libmemchr-e321b598155a4daa.rlib" "/opt/rustwide/target/debug/deps/libeither-83518bc8c89bba45.rlib" "/opt/rustwide/target/debug/deps/libbyteorder-f30fa083324a1476.rlib" "-Wl,--start-group" "/opt/rustwide/rustup-home/toolchains/beta-2021-08-01-x86_64-unknown-linux-gnu/lib/rustlib/x86_64-unknown-linux-gnu/lib/libstd-197d933f09d9a590.rlib" "/opt/rustwide/rustup-home/toolchains/beta-2021-08-01-x86_64-unknown-linux-gnu/lib/rustlib/x86_64-unknown-linux-gnu/lib/libpanic_unwind-46a006cddfd334f0.rlib" "/opt/rustwide/rustup-home/toolchains/beta-2021-08-01-x86_64-unknown-linux-gnu/lib/rustlib/x86_64-unknown-linux-gnu/lib/libminiz_oxide-5b9870310e470b38.rlib" "/opt/rustwide/rustup-home/toolchains/beta-2021-08-01-x86_64-unknown-linux-gnu/lib/rustlib/x86_64-unknown-linux-gnu/lib/libadler-260022ba8f1ab4ee.rlib" "/opt/rustwide/rustup-home/toolchains/beta-2021-08-01-x86_64-unknown-linux-gnu/lib/rustlib/x86_64-unknown-linux-gnu/lib/libobject-71377435a799394f.rlib" "/opt/rustwide/rustup-home/toolchains/beta-2021-08-01-x86_64-unknown-linux-gnu/lib/rustlib/x86_64-unknown-linux-gnu/lib/libaddr2line-658ee5924fde57cd.rlib" "/opt/rustwide/rustup-home/toolchains/beta-2021-08-01-x86_64-unknown-linux-gnu/lib/rustlib/x86_64-unknown-linux-gnu/lib/libgimli-9e8627da6bd1b94a.rlib" "/opt/rustwide/rustup-home/toolchains/beta-2021-08-01-x86_64-unknown-linux-gnu/lib/rustlib/x86_64-unknown-linux-gnu/lib/libstd_detect-19fdaac49f59be84.rlib" "/opt/rustwide/rustup-home/toolchains/beta-2021-08-01-x86_64-unknown-linux-gnu/lib/rustlib/x86_64-unknown-linux-gnu/lib/librustc_demangle-cb00e2691ea45905.rlib" "/opt/rustwide/rustup-home/toolchains/beta-2021-08-01-x86_64-unknown-linux-gnu/lib/rustlib/x86_64-unknown-linux-gnu/lib/libhashbrown-50f6726defae5ae1.rlib" "/opt/rustwide/rustup-home/toolchains/beta-2021-08-01-x86_64-unknown-linux-gnu/lib/rustlib/x86_64-unknown-linux-gnu/lib/librustc_std_workspace_alloc-2afc16311deea26e.rlib" "/opt/rustwide/rustup-home/toolchains/beta-2021-08-01-x86_64-unknown-linux-gnu/lib/rustlib/x86_64-unknown-linux-gnu/lib/libunwind-bb5cb0fe086ee8cf.rlib" "/opt/rustwide/rustup-home/toolchains/beta-2021-08-01-x86_64-unknown-linux-gnu/lib/rustlib/x86_64-unknown-linux-gnu/lib/libcfg_if-896053247b5dfd0b.rlib" "/opt/rustwide/rustup-home/toolchains/beta-2021-08-01-x86_64-unknown-linux-gnu/lib/rustlib/x86_64-unknown-linux-gnu/lib/liblibc-735e1f2ac3cf23be.rlib" "/opt/rustwide/rustup-home/toolchains/beta-2021-08-01-x86_64-unknown-linux-gnu/lib/rustlib/x86_64-unknown-linux-gnu/lib/liballoc-9dfb6622644c732c.rlib" "/opt/rustwide/rustup-home/toolchains/beta-2021-08-01-x86_64-unknown-linux-gnu/lib/rustlib/x86_64-unknown-linux-gnu/lib/librustc_std_workspace_core-beea7d9617fe25c5.rlib" "/opt/rustwide/rustup-home/toolchains/beta-2021-08-01-x86_64-unknown-linux-gnu/lib/rustlib/x86_64-unknown-linux-gnu/lib/libcore-8ef7dd43fc671f88.rlib" "-Wl,--end-group" "/opt/rustwide/rustup-home/toolchains/beta-2021-08-01-x86_64-unknown-linux-gnu/lib/rustlib/x86_64-unknown-linux-gnu/lib/libcompiler_builtins-a9a3b2ad67977f47.rlib" "-Wl,-Bdynamic" "-lc" "-lm" "-lrt" "-lpthread" "-lgcc_s" "-lutil" "-lrt" "-lpthread" "-lm" "-ldl" "-lc" "-Wl,--eh-frame-hdr" "-Wl,-znoexecstack" "-L" "/opt/rustwide/rustup-home/toolchains/beta-2021-08-01-x86_64-unknown-linux-gnu/lib/rustlib/x86_64-unknown-linux-gnu/lib" "-o" "/tmp/rustdoctesttNN58k/rust_out" "-Wl,--gc-sections" "-pie" "-Wl,-zrelro" "-Wl,-znow" "-nodefaultlibs"
[INFO] [stdout]   = note: collect2: fatal error: ld terminated with signal 9 [Killed]
[INFO] [stdout]           compilation terminated.
[INFO] [stdout]           
[INFO] [stdout] 
[INFO] [stdout] error: aborting due to previous error
[INFO] [stdout] 
[INFO] [stdout] Couldn't compile the test.
[INFO] [stdout] 
[INFO] [stdout] failures:
[INFO] [stdout]     src/bytecode.rs - bytecode::Bytecode (line 509)
[INFO] [stdout] 
[INFO] [stdout] test result: FAILED. 5 passed; 1 failed; 0 ignored; 0 measured; 0 filtered out; finished in 3.31s
[INFO] [stdout] 
[INFO] [stderr] error: test failed, to rerun pass '--doc'
[INFO] running `Command { std: "docker" "inspect" "a0039c34882164a25ff43ec0e50bb07e753b65ee78f056a311300ee2f7a16955", kill_on_drop: false }`
[INFO] running `Command { std: "docker" "rm" "-f" "a0039c34882164a25ff43ec0e50bb07e753b65ee78f056a311300ee2f7a16955", kill_on_drop: false }`
[INFO] [stdout] a0039c34882164a25ff43ec0e50bb07e753b65ee78f056a311300ee2f7a16955
