[INFO] fetching crate google-logging2 2.0.4+20210325...
[INFO] testing google-logging2-2.0.4+20210325 against beta-2021-08-01 for beta-1.55-1
[INFO] extracting crate google-logging2 2.0.4+20210325 into /workspace/builds/worker-114/source
[INFO] validating manifest of crates.io crate google-logging2 2.0.4+20210325 on toolchain beta-2021-08-01
[INFO] running `Command { std: "/workspace/cargo-home/bin/cargo" "+beta-2021-08-01" "metadata" "--manifest-path" "Cargo.toml" "--no-deps", kill_on_drop: false }`
[INFO] started tweaking crates.io crate google-logging2 2.0.4+20210325
[INFO] finished tweaking crates.io crate google-logging2 2.0.4+20210325
[INFO] tweaked toml for crates.io crate google-logging2 2.0.4+20210325 written to /workspace/builds/worker-114/source/Cargo.toml
[INFO] running `Command { std: "/workspace/cargo-home/bin/cargo" "+beta-2021-08-01" "generate-lockfile" "--manifest-path" "Cargo.toml" "-Zno-index-update", kill_on_drop: false }`
[INFO] [stderr]     Blocking waiting for file lock on package cache
[INFO] running `Command { std: "/workspace/cargo-home/bin/cargo" "+beta-2021-08-01" "fetch" "--manifest-path" "Cargo.toml", kill_on_drop: false }`
[INFO] [stderr]     Blocking waiting for file lock on package cache
[INFO] [stderr]     Blocking waiting for file lock on package cache
[INFO] running `Command { std: "docker" "create" "-v" "/var/lib/crater-agent-workspace/builds/worker-114/target:/opt/rustwide/target:rw,Z" "-v" "/var/lib/crater-agent-workspace/builds/worker-114/source:/opt/rustwide/workdir:ro,Z" "-v" "/var/lib/crater-agent-workspace/cargo-home:/opt/rustwide/cargo-home:ro,Z" "-v" "/var/lib/crater-agent-workspace/rustup-home:/opt/rustwide/rustup-home:ro,Z" "-e" "SOURCE_DIR=/opt/rustwide/workdir" "-e" "CARGO_TARGET_DIR=/opt/rustwide/target" "-e" "CARGO_HOME=/opt/rustwide/cargo-home" "-e" "RUSTUP_HOME=/opt/rustwide/rustup-home" "-w" "/opt/rustwide/workdir" "-m" "1610612736" "--user" "0:0" "--network" "none" "ghcr.io/rust-lang/crates-build-env/linux@sha256:34b6a614d2c27851fe6cbf88fbd1137609cefab8b10d0615aaeb6fd47975d74e" "/opt/rustwide/cargo-home/bin/cargo" "+beta-2021-08-01" "metadata" "--no-deps" "--format-version=1", kill_on_drop: false }`
[INFO] [stdout] 0e9903664a172e8995dbc9e17bfd2b1874ba799fd0e11964c430675f7aa01216
[INFO] running `Command { std: "docker" "start" "-a" "0e9903664a172e8995dbc9e17bfd2b1874ba799fd0e11964c430675f7aa01216", kill_on_drop: false }`
[INFO] running `Command { std: "docker" "inspect" "0e9903664a172e8995dbc9e17bfd2b1874ba799fd0e11964c430675f7aa01216", kill_on_drop: false }`
[INFO] running `Command { std: "docker" "rm" "-f" "0e9903664a172e8995dbc9e17bfd2b1874ba799fd0e11964c430675f7aa01216", kill_on_drop: false }`
[INFO] [stdout] 0e9903664a172e8995dbc9e17bfd2b1874ba799fd0e11964c430675f7aa01216
[INFO] running `Command { std: "docker" "create" "-v" "/var/lib/crater-agent-workspace/builds/worker-114/target:/opt/rustwide/target:rw,Z" "-v" "/var/lib/crater-agent-workspace/builds/worker-114/source:/opt/rustwide/workdir:ro,Z" "-v" "/var/lib/crater-agent-workspace/cargo-home:/opt/rustwide/cargo-home:ro,Z" "-v" "/var/lib/crater-agent-workspace/rustup-home:/opt/rustwide/rustup-home:ro,Z" "-e" "SOURCE_DIR=/opt/rustwide/workdir" "-e" "CARGO_TARGET_DIR=/opt/rustwide/target" "-e" "CARGO_INCREMENTAL=0" "-e" "RUST_BACKTRACE=full" "-e" "RUSTFLAGS=--cap-lints=warn" "-e" "CARGO_HOME=/opt/rustwide/cargo-home" "-e" "RUSTUP_HOME=/opt/rustwide/rustup-home" "-w" "/opt/rustwide/workdir" "-m" "1610612736" "--user" "0:0" "--network" "none" "ghcr.io/rust-lang/crates-build-env/linux@sha256:34b6a614d2c27851fe6cbf88fbd1137609cefab8b10d0615aaeb6fd47975d74e" "/opt/rustwide/cargo-home/bin/cargo" "+beta-2021-08-01" "build" "--frozen" "--message-format=json", kill_on_drop: false }`
[INFO] [stdout] 2be2fad7dacbfcd6190792389e2643f67e61c0d949497f4c7fc1f66bdf85db1a
[INFO] running `Command { std: "docker" "start" "-a" "2be2fad7dacbfcd6190792389e2643f67e61c0d949497f4c7fc1f66bdf85db1a", kill_on_drop: false }`
[INFO] [stderr]    Compiling autocfg v1.0.1
[INFO] [stderr]    Compiling proc-macro2 v1.0.28
[INFO] [stderr]    Compiling libc v0.2.98
[INFO] [stderr]    Compiling unicode-xid v0.2.2
[INFO] [stderr]    Compiling syn v1.0.74
[INFO] [stderr]    Compiling log v0.4.14
[INFO] [stderr]    Compiling cfg-if v1.0.0
[INFO] [stderr]    Compiling memchr v2.4.0
[INFO] [stderr]    Compiling pin-project-lite v0.2.7
[INFO] [stderr]    Compiling futures-core v0.3.16
[INFO] [stderr]    Compiling cc v1.0.69
[INFO] [stderr]    Compiling proc-macro-hack v0.5.19
[INFO] [stderr]    Compiling untrusted v0.7.1
[INFO] [stderr]    Compiling once_cell v1.8.0
[INFO] [stderr]    Compiling proc-macro-nested v0.1.7
[INFO] [stderr]    Compiling spin v0.5.2
[INFO] [stderr]    Compiling bytes v1.0.1
[INFO] [stderr]    Compiling futures-task v0.3.16
[INFO] [stderr]    Compiling futures-sink v0.3.16
[INFO] [stderr]    Compiling futures-channel v0.3.16
[INFO] [stderr]    Compiling matches v0.1.8
[INFO] [stderr]    Compiling pin-utils v0.1.0
[INFO] [stderr]    Compiling futures-io v0.3.16
[INFO] [stderr]    Compiling slab v0.4.4
[INFO] [stderr]    Compiling itoa v0.4.7
[INFO] [stderr]    Compiling tinyvec_macros v0.1.0
[INFO] [stderr]    Compiling lazy_static v1.4.0
[INFO] [stderr]    Compiling fnv v1.0.7
[INFO] [stderr]    Compiling serde_derive v1.0.127
[INFO] [stderr]    Compiling serde v1.0.127
[INFO] [stderr]    Compiling base64 v0.13.0
[INFO] [stderr]    Compiling hashbrown v0.11.2
[INFO] [stderr]    Compiling httparse v1.4.1
[INFO] [stderr]    Compiling try-lock v0.2.3
[INFO] [stderr]    Compiling ryu v1.0.5
[INFO] [stderr]    Compiling tower-service v0.3.1
[INFO] [stderr]    Compiling serde_json v1.0.66
[INFO] [stderr]    Compiling openssl-probe v0.1.4
[INFO] [stderr]    Compiling httpdate v1.0.1
[INFO] [stderr]    Compiling percent-encoding v2.1.0
[INFO] [stderr]    Compiling percent-encoding v1.0.1
[INFO] [stderr]    Compiling seahash v4.1.0
[INFO] [stderr]    Compiling either v1.6.1
[INFO] [stderr]    Compiling tracing-core v0.1.18
[INFO] [stderr]    Compiling unicode-bidi v0.3.5
[INFO] [stderr]    Compiling itertools v0.10.1
[INFO] [stderr]    Compiling tinyvec v1.3.1
[INFO] [stderr]    Compiling futures-macro v0.3.16
[INFO] [stderr]    Compiling futures-util v0.3.16
[INFO] [stderr]    Compiling tokio v1.9.0
[INFO] [stderr]    Compiling indexmap v1.7.0
[INFO] [stderr]    Compiling num-traits v0.2.14
[INFO] [stderr]    Compiling num-integer v0.1.44
[INFO] [stderr]    Compiling form_urlencoded v1.0.1
[INFO] [stderr]    Compiling tracing v0.1.26
[INFO] [stderr]    Compiling http v0.2.4
[INFO] [stderr]    Compiling want v0.3.0
[INFO] [stderr]    Compiling log v0.3.9
[INFO] [stderr]    Compiling ring v0.16.20
[INFO] [stderr]    Compiling mime v0.2.6
[INFO] [stderr]    Compiling mio v0.7.13
[INFO] [stderr]    Compiling socket2 v0.4.1
[INFO] [stderr]    Compiling time v0.1.44
[INFO] [stderr]    Compiling quote v1.0.9
[INFO] [stderr]    Compiling unicode-normalization v0.1.19
[INFO] [stderr]    Compiling http-body v0.4.2
[INFO] [stderr]    Compiling idna v0.2.3
[INFO] [stderr]    Compiling idna v0.1.5
[INFO] [stderr]    Compiling url v2.2.2
[INFO] [stderr]    Compiling url v1.7.2
[INFO] [stderr]    Compiling sct v0.6.1
[INFO] [stderr]    Compiling webpki v0.21.4
[INFO] [stderr]    Compiling ct-logs v0.8.0
[INFO] [stderr]    Compiling rustls v0.19.1
[INFO] [stderr]    Compiling tokio-macros v1.3.0
[INFO] [stderr]    Compiling rustls-native-certs v0.5.0
[INFO] [stderr]    Compiling futures-executor v0.3.16
[INFO] [stderr]    Compiling futures v0.3.16
[INFO] [stderr]    Compiling tokio-util v0.6.7
[INFO] [stderr]    Compiling tokio-rustls v0.22.0
[INFO] [stderr]    Compiling h2 v0.3.3
[INFO] [stderr]    Compiling chrono v0.4.19
[INFO] [stderr]    Compiling hyper v0.14.11
[INFO] [stderr]    Compiling hyper-rustls v0.22.1
[INFO] [stderr]    Compiling yup-oauth2 v5.1.0
[INFO] [stderr]    Compiling google-logging2 v2.0.4+20210325 (/opt/rustwide/workdir)
[INFO] [stderr]     Finished dev [unoptimized + debuginfo] target(s) in 59.09s
[INFO] running `Command { std: "docker" "inspect" "2be2fad7dacbfcd6190792389e2643f67e61c0d949497f4c7fc1f66bdf85db1a", kill_on_drop: false }`
[INFO] running `Command { std: "docker" "rm" "-f" "2be2fad7dacbfcd6190792389e2643f67e61c0d949497f4c7fc1f66bdf85db1a", kill_on_drop: false }`
[INFO] [stdout] 2be2fad7dacbfcd6190792389e2643f67e61c0d949497f4c7fc1f66bdf85db1a
[INFO] running `Command { std: "docker" "create" "-v" "/var/lib/crater-agent-workspace/builds/worker-114/target:/opt/rustwide/target:rw,Z" "-v" "/var/lib/crater-agent-workspace/builds/worker-114/source:/opt/rustwide/workdir:ro,Z" "-v" "/var/lib/crater-agent-workspace/cargo-home:/opt/rustwide/cargo-home:ro,Z" "-v" "/var/lib/crater-agent-workspace/rustup-home:/opt/rustwide/rustup-home:ro,Z" "-e" "SOURCE_DIR=/opt/rustwide/workdir" "-e" "CARGO_TARGET_DIR=/opt/rustwide/target" "-e" "CARGO_INCREMENTAL=0" "-e" "RUST_BACKTRACE=full" "-e" "RUSTFLAGS=--cap-lints=warn" "-e" "CARGO_HOME=/opt/rustwide/cargo-home" "-e" "RUSTUP_HOME=/opt/rustwide/rustup-home" "-w" "/opt/rustwide/workdir" "-m" "1610612736" "--user" "0:0" "--network" "none" "ghcr.io/rust-lang/crates-build-env/linux@sha256:34b6a614d2c27851fe6cbf88fbd1137609cefab8b10d0615aaeb6fd47975d74e" "/opt/rustwide/cargo-home/bin/cargo" "+beta-2021-08-01" "test" "--frozen" "--no-run" "--message-format=json", kill_on_drop: false }`
[INFO] [stdout] 98beb2358ebdb01a9f29abcc8ca546dee0c0f568dea3efb22f531a4968a7ddb0
[INFO] running `Command { std: "docker" "start" "-a" "98beb2358ebdb01a9f29abcc8ca546dee0c0f568dea3efb22f531a4968a7ddb0", kill_on_drop: false }`
[INFO] [stderr]    Compiling google-logging2 v2.0.4+20210325 (/opt/rustwide/workdir)
[INFO] [stderr]     Finished test [unoptimized + debuginfo] target(s) in 10.33s
[INFO] running `Command { std: "docker" "inspect" "98beb2358ebdb01a9f29abcc8ca546dee0c0f568dea3efb22f531a4968a7ddb0", kill_on_drop: false }`
[INFO] running `Command { std: "docker" "rm" "-f" "98beb2358ebdb01a9f29abcc8ca546dee0c0f568dea3efb22f531a4968a7ddb0", kill_on_drop: false }`
[INFO] [stdout] 98beb2358ebdb01a9f29abcc8ca546dee0c0f568dea3efb22f531a4968a7ddb0
[INFO] running `Command { std: "docker" "create" "-v" "/var/lib/crater-agent-workspace/builds/worker-114/target:/opt/rustwide/target:rw,Z" "-v" "/var/lib/crater-agent-workspace/builds/worker-114/source:/opt/rustwide/workdir:ro,Z" "-v" "/var/lib/crater-agent-workspace/cargo-home:/opt/rustwide/cargo-home:ro,Z" "-v" "/var/lib/crater-agent-workspace/rustup-home:/opt/rustwide/rustup-home:ro,Z" "-e" "SOURCE_DIR=/opt/rustwide/workdir" "-e" "CARGO_TARGET_DIR=/opt/rustwide/target" "-e" "CARGO_INCREMENTAL=0" "-e" "RUST_BACKTRACE=full" "-e" "RUSTFLAGS=--cap-lints=warn" "-e" "CARGO_HOME=/opt/rustwide/cargo-home" "-e" "RUSTUP_HOME=/opt/rustwide/rustup-home" "-w" "/opt/rustwide/workdir" "-m" "1610612736" "--user" "0:0" "--network" "none" "ghcr.io/rust-lang/crates-build-env/linux@sha256:34b6a614d2c27851fe6cbf88fbd1137609cefab8b10d0615aaeb6fd47975d74e" "/opt/rustwide/cargo-home/bin/cargo" "+beta-2021-08-01" "test" "--frozen", kill_on_drop: false }`
[INFO] [stdout] e2a690f5743b6fdc51c93143717c442a2c1290626ce0bb35d6a342b5914fbdf9
[INFO] running `Command { std: "docker" "start" "-a" "e2a690f5743b6fdc51c93143717c442a2c1290626ce0bb35d6a342b5914fbdf9", kill_on_drop: false }`
[INFO] [stderr]     Blocking waiting for file lock on package cache
[INFO] [stderr]     Finished test [unoptimized + debuginfo] target(s) in 0.20s
[INFO] [stderr]      Running unittests (/opt/rustwide/target/debug/deps/google_logging2-f3281b067a3f1f47)
[INFO] [stdout] 
[INFO] [stdout] running 0 tests
[INFO] [stdout] 
[INFO] [stdout] test result: ok. 0 passed; 0 failed; 0 ignored; 0 measured; 0 filtered out; finished in 0.00s
[INFO] [stdout] 
[INFO] [stderr]    Doc-tests google-logging2
[INFO] [stdout] 
[INFO] [stdout] running 156 tests
[INFO] [stdout] test src/api.rs - api::FolderLocationBucketViewDeleteCall (line 15574) - compile ... ok
[INFO] [stdout] test src/api.rs - api::BillingAccountBucketGetCall (line 4708) - compile ... ok
[INFO] [stdout] test src/api.rs - api::FolderLocationBucketCreateCall (line 16672) - compile ... ok
[INFO] [stdout] test src/api.rs - api::BillingAccountBucketViewGetCall (line 4450) - compile ... ok
[INFO] [stdout] test src/api.rs - api::FolderLocationBucketViewListCall (line 16090) - compile ... ok
[INFO] [stdout] test src/api.rs - api::OrganizationGetCmekSettingCall (line 32922) - compile ... ok
[INFO] [stdout] test src/api.rs - api::BillingAccountLocationBucketViewListCall (line 6910) - compile ... ok
[INFO] [stdout] test src/api.rs - api::BillingAccountSinkCreateCall (line 10027) - compile ... ok
[INFO] [stdout] test src/api.rs - api::BillingAccountExclusionDeleteCall (line 5254) - compile ... ok
[INFO] [stdout] test src/api.rs - api::LocationBucketCreateCall (line 22585) - compile ... ok
[INFO] [stdout] test src/api.rs - api::FolderExclusionCreateCall (line 13888) - compile ... ok
[INFO] [stdout] test src/api.rs - api::BillingAccountSinkPatchCall (line 11125) - compile ... ok
[INFO] [stdout] test src/api.rs - api::FolderSinkUpdateCall (line 20875) - compile ... ok
[INFO] [stdout] test src/api.rs - api::FolderSinkDeleteCall (line 19765) - compile ... ok
[INFO] [stdout] test src/api.rs - api::BillingAccountExclusionListCall (line 5770) - compile ... ok
[INFO] [stdout] test src/api.rs - api::Logging (line 68) - compile ... ok
[INFO] [stdout] test src/api.rs - api::BillingAccountExclusionCreateCall (line 4966) - compile ... ok
[INFO] [stdout] test src/api.rs - api::ExclusionPatchCall (line 13588) - compile ... ok
[INFO] [stdout] test src/api.rs - api::OrganizationMethods (line 3039) - compile ... ok
[INFO] [stdout] test src/api.rs - api::FolderLocationBucketDeleteCall (line 16972) - compile ... ok
[INFO] [stdout] test src/api.rs - api::FolderLocationBucketViewGetCall (line 15832) - compile ... ok
[INFO] [stdout] test src/api.rs - api::FolderSinkCreateCall (line 19465) - compile ... ok
[INFO] [stdout] test src/api.rs - api::ProjectExclusionDeleteCall (line 33768) - compile ... ok
[INFO] [stdout] test src/api.rs - api::FolderLocationBucketViewCreateCall (line 15274) - compile ... ok
[INFO] [stdout] test src/api.rs - api::ExclusionCreateCall (line 12502) - compile ... ok
[INFO] [stdout] test src/api.rs - api::BillingAccountMethods (line 1330) - compile ... ok
[INFO] [stdout] test src/api.rs - api::ProjectLocationBucketViewCreateCall (line 34866) - compile ... ok
[INFO] [stdout] test src/api.rs - api::LocationBucketViewGetCall (line 21745) - compile ... ok
[INFO] [stdout] test src/api.rs - api::OrganizationLocationBucketUndeleteCall (line 29805) - compile ... ok
[INFO] [stdout] test src/api.rs - api::BillingAccountLocationGetCall (line 8920) - compile ... ok
[INFO] [stdout] test src/api.rs - api::BillingAccountLocationBucketUndeleteCall (line 8632) - compile ... ok
[INFO] [stdout] test src/api.rs - api::BillingAccountLocationBucketViewPatchCall (line 7192) - compile ... ok
[INFO] [stdout] test src/api.rs - api::ProjectLocationBucketCreateCall (line 36264) - compile ... ok
[INFO] [stdout] test src/api.rs - api::ProjectExclusionCreateCall (line 33480) - compile ... ok
[INFO] [stdout] test src/api.rs - api::FolderSinkListCall (line 20281) - compile ... ok
[INFO] [stdout] test src/api.rs - api::LocationListCall (line 24529) - compile ... ok
[INFO] [stdout] test src/api.rs - api::BillingAccountLogListCall (line 9730) - compile ... ok
[INFO] [stdout] test src/api.rs - api::MonitoredResourceDescriptorMethods (line 2982) - compile ... ok
[INFO] [stdout] test src/api.rs - api::BillingAccountExclusionGetCall (line 5512) - compile ... ok
[INFO] [stdout] test src/lib.rs - (line 71) ... ignored
[INFO] [stdout] test src/api.rs - api::MethodGetCmekSettingCall (line 43563) - compile ... FAILED
[INFO] [stdout] test src/api.rs - api::BillingAccountLocationBucketCreateCall (line 7492) - compile ... FAILED
[INFO] [stdout] test src/api.rs - api::BillingAccountSinkDeleteCall (line 10327) - compile ... FAILED
[INFO] [stdout] test src/api.rs - api::BillingAccountLocationBucketDeleteCall (line 7792) - compile ... FAILED
[INFO] [stdout] test src/api.rs - api::ProjectExclusionGetCall (line 34026) - compile ... FAILED
[INFO] [stdout] test src/api.rs - api::OrganizationSinkUpdateCall (line 32610) - compile ... FAILED
[INFO] [stdout] test src/api.rs - api::FolderLocationBucketViewPatchCall (line 16372) - compile ... FAILED
[INFO] [stdout] test src/api.rs - api::LocationBucketViewPatchCall (line 22285) - compile ... ok
[INFO] [stdout] test src/api.rs - api::BillingAccountLocationBucketListCall (line 8050) - compile ... FAILED
[INFO] [stdout] test src/api.rs - api::ProjectSinkDeleteCall (line 40731) - compile ... FAILED
[INFO] [stdout] test src/api.rs - api::FolderMethods (line 2088) - compile ... ok
[INFO] [stdout] test src/api.rs - api::OrganizationLogDeleteCall (line 30645) - compile ... ok
[INFO] [stdout] test src/api.rs - api::OrganizationSinkListCall (line 32016) - compile ... ok
[INFO] [stdout] test src/api.rs - api::ExclusionMethods (line 1953) - compile ... ok
[INFO] [stdout] test src/api.rs - api::LogMethods (line 2902) - compile ... ok
[INFO] [stdout] test src/api.rs - api::ExclusionDeleteCall (line 12790) - compile ... FAILED
[INFO] [stdout] test src/api.rs - api::ProjectSinkPatchCall (line 41529) - compile ... FAILED
[INFO] [stdout] test src/api.rs - api::BillingAccountLogDeleteCall (line 9472) - compile ... FAILED
[INFO] [stdout] test src/api.rs - api::ProjectMetricListCall (line 39861) - compile ... FAILED
[INFO] [stdout] test src/api.rs - api::FolderExclusionDeleteCall (line 14176) - compile ... FAILED
[INFO] [stdout] test src/api.rs - api::LocationBucketUndeleteCall (line 23983) - compile ... FAILED
[INFO] [stdout] test src/api.rs - api::BillingAccountLocationListCall (line 9178) - compile ... FAILED
[INFO] [stdout] test src/api.rs - api::OrganizationExclusionGetCall (line 26169) - compile ... FAILED
[INFO] [stdout] test src/api.rs - api::LocationBucketPatchCall (line 23683) - compile ... FAILED
[INFO] [stdout] test src/api.rs - api::OrganizationSinkPatchCall (line 32298) - compile ... ok
[INFO] [stdout] test src/api.rs - api::LogListCall (line 25081) - compile ... ok
[INFO] [stdout] test src/api.rs - api::EntryWriteCall (line 12251) - compile ... FAILED
[INFO] [stdout] test src/api.rs - api::FolderLocationListCall (line 18616) - compile ... FAILED
[INFO] [stdout] test src/api.rs - api::BillingAccountLocationBucketPatchCall (line 8332) - compile ... FAILED
[INFO] [stdout] test src/api.rs - api::ProjectLocationBucketListCall (line 37080) - compile ... ok
[INFO] [stdout] test src/api.rs - api::FolderLocationBucketListCall (line 17488) - compile ... ok
[INFO] [stdout] test src/api.rs - api::SinkGetCall (line 42711) - compile ... ok
[INFO] [stdout] test src/api.rs - api::LocationBucketViewCreateCall (line 21187) - compile ... ok
[INFO] [stdout] test src/api.rs - api::ProjectMethods (line 3605) - compile ... ok
[INFO] [stdout] test src/api.rs - api::MonitoredResourceDescriptorListCall (line 25378) - compile ... ok
[INFO] [stdout] test src/api.rs - api::OrganizationLocationBucketViewCreateCall (line 27009) - compile ... ok
[INFO] [stdout] test src/api.rs - api::ProjectSinkListCall (line 41247) - compile ... ok
[INFO] [stdout] test src/api.rs - api::OrganizationExclusionDeleteCall (line 25911) - compile ... FAILED
[INFO] [stdout] test src/api.rs - api::OrganizationSinkGetCall (line 31758) - compile ... ok
[INFO] [stdout] test src/api.rs - api::OrganizationExclusionCreateCall (line 25623) - compile ... FAILED
[INFO] [stdout] test src/api.rs - api::ProjectLocationBucketViewListCall (line 35682) - compile ... FAILED
[INFO] [stdout] test src/api.rs - api::FolderLocationBucketUndeleteCall (line 18070) - compile ... ok
[INFO] [stdout] test src/api.rs - api::LocationBucketViewListCall (line 22003) - compile ... FAILED
[INFO] [stdout] test src/api.rs - api::OrganizationLocationBucketDeleteCall (line 28707) - compile ... FAILED
[INFO] [stdout] test src/api.rs - api::ProjectLocationBucketGetCall (line 36822) - compile ... FAILED
[INFO] [stdout] test src/api.rs - api::FolderLogListCall (line 19168) - compile ... FAILED
[INFO] [stdout] test src/api.rs - api::SinkDeleteCall (line 42453) - compile ... ok
[INFO] [stdout] test src/api.rs - api::ProjectExclusionPatchCall (line 34566) - compile ... ok
[INFO] [stdout] test src/api.rs - api::OrganizationLocationBucketViewGetCall (line 27567) - compile ... ok
[INFO] [stdout] test src/api.rs - api::ProjectExclusionListCall (line 34284) - compile ... ok
[INFO] [stdout] test src/api.rs - api::OrganizationExclusionPatchCall (line 26709) - compile ... FAILED
[INFO] [stdout] test src/api.rs - api::ProjectMetricUpdateCall (line 40143) - compile ... FAILED
[INFO] [stdout] test src/api.rs - api::EntryTailCall (line 12000) - compile ... ok
[INFO] [stdout] test src/api.rs - api::SinkUpdateCall (line 43251) - compile ... ok
[INFO] [stdout] test src/api.rs - api::SinkMethods (line 4225) - compile ... ok
[INFO] [stdout] test src/api.rs - api::OrganizationExclusionListCall (line 26427) - compile ... FAILED
[INFO] [stdout] test src/api.rs - api::LocationBucketViewDeleteCall (line 21487) - compile ... ok
[INFO] [stdout] test src/api.rs - api::MethodMethods (line 4362) - compile ... ok
[INFO] [stdout] test src/api.rs - api::ProjectLocationGetCall (line 37950) - compile ... ok
[INFO] [stdout] test src/api.rs - api::MethodUpdateCmekSettingCall (line 43821) - compile ... ok
[INFO] [stdout] test src/api.rs - api::ProjectLocationBucketUndeleteCall (line 37662) - compile ... ok
[INFO] [stdout] test src/api.rs - api::LocationGetCall (line 24271) - compile ... ok
[INFO] [stdout] test src/api.rs - api::EntryListCall (line 11749) - compile ... ok
[INFO] [stdout] test src/api.rs - api::FolderExclusionListCall (line 14692) - compile ... ok
[INFO] [stdout] test src/api.rs - api::FolderSinkGetCall (line 20023) - compile ... FAILED
[INFO] [stdout] test src/api.rs - api::ExclusionListCall (line 13306) - compile ... FAILED
[INFO] [stdout] test src/api.rs - api::OrganizationUpdateCmekSettingCall (line 33180) - compile ... ok
[INFO] [stdout] test src/api.rs - api::BillingAccountSinkListCall (line 10843) - compile ... ok
[INFO] [stdout] test src/api.rs - api::OrganizationLocationBucketCreateCall (line 28407) - compile ... FAILED
[INFO] [stdout] test src/api.rs - api::LogDeleteCall (line 24823) - compile ... ok
[INFO] [stdout] test src/api.rs - api::EntryMethods (line 1859) - compile ... ok
[INFO] [stdout] test src/api.rs - api::LocationBucketListCall (line 23401) - compile ... FAILED
[INFO] [stdout] test src/api.rs - api::FolderExclusionPatchCall (line 14974) - compile ... ok
[INFO] [stdout] test src/api.rs - api::OrganizationLocationBucketViewListCall (line 27825) - compile ... ok
[INFO] [stdout] test src/api.rs - api::ExclusionGetCall (line 13048) - compile ... ok
[INFO] [stdout] test src/api.rs - api::OrganizationSinkCreateCall (line 31200) - compile ... ok
[INFO] [stdout] test src/api.rs - api::OrganizationLocationBucketViewPatchCall (line 28107) - compile ... ok
[INFO] [stdout] test src/api.rs - api::ProjectLocationBucketDeleteCall (line 36564) - compile ... ok
[INFO] [stdout] test src/api.rs - api::ProjectMetricDeleteCall (line 39345) - compile ... ok
[INFO] [stdout] test src/api.rs - api::FolderLocationBucketPatchCall (line 17770) - compile ... ok
[INFO] [stdout] test src/api.rs - api::ProjectSinkGetCall (line 40989) - compile ... ok
[INFO] [stdout] test src/api.rs - api::ProjectLocationBucketPatchCall (line 37362) - compile ... ok
[INFO] [stdout] test src/api.rs - api::ProjectSinkUpdateCall (line 41841) - compile ... ok
[INFO] [stdout] test src/api.rs - api::OrganizationSinkDeleteCall (line 31500) - compile ... ok
[INFO] [stdout] test src/api.rs - api::BillingAccountSinkGetCall (line 10585) - compile ... ok
[INFO] [stdout] test src/api.rs - api::ProjectLocationListCall (line 38208) - compile ... FAILED
[INFO] [stdout] test src/api.rs - api::FolderExclusionGetCall (line 14434) - compile ... ok
[INFO] [stdout] test src/api.rs - api::BillingAccountSinkUpdateCall (line 11437) - compile ... ok
[INFO] [stdout] test src/api.rs - api::OrganizationLogListCall (line 30903) - compile ... ok
[INFO] [stdout] test src/api.rs - api::LocationBucketGetCall (line 23143) - compile ... ok
[INFO] [stdout] test src/api.rs - api::BillingAccountLocationBucketViewDeleteCall (line 6652) - compile ... ok
[INFO] [stdout] test src/api.rs - api::OrganizationLocationGetCall (line 30093) - compile ... ok
[INFO] [stdout] test src/api.rs - api::FolderLocationGetCall (line 18358) - compile ... FAILED
[INFO] [stdout] test src/api.rs - api::OrganizationLocationBucketGetCall (line 28965) - compile ... ok
[INFO] [stdout] test src/api.rs - api::FolderLogDeleteCall (line 18910) - compile ... ok
[INFO] [stdout] test src/api.rs - api::ProjectSinkCreateCall (line 40431) - compile ... ok
[INFO] [stdout] test src/api.rs - api::FolderLocationBucketGetCall (line 17230) - compile ... ok
[INFO] [stdout] test src/api.rs - api::OrganizationLocationListCall (line 30351) - compile ... ok
[INFO] [stdout] test src/api.rs - api::LocationBucketDeleteCall (line 22885) - compile ... ok
[INFO] [stdout] test src/api.rs - api::FolderSinkPatchCall (line 20563) - compile ... ok
[INFO] [stdout] test src/api.rs - api::LocationMethods (line 2617) - compile ... ok
[INFO] [stdout] test src/api.rs - api::ProjectMetricGetCall (line 39603) - compile ... ok
[INFO] [stdout] test src/lib.rs - (line 131) - compile ... ok
[INFO] [stdout] test src/api.rs - api::ProjectLogListCall (line 38760) - compile ... ok
[INFO] [stdout] test src/api.rs - api::SinkCreateCall (line 42153) - compile ... ok
[INFO] [stdout] test src/api.rs - api::OrganizationLocationBucketPatchCall (line 29505) - compile ... ok
[INFO] [stdout] test src/api.rs - api::ProjectLocationBucketViewDeleteCall (line 35166) - compile ... ok
[INFO] [stdout] test src/api.rs - api::ProjectLocationBucketViewGetCall (line 35424) - compile ... ok
[INFO] [stdout] test src/api.rs - api::OrganizationLocationBucketViewDeleteCall (line 27309) - compile ... ok
[INFO] [stdout] test src/api.rs - api::ProjectMetricCreateCall (line 39057) - compile ... ok
[INFO] [stdout] test src/api.rs - api::ProjectLocationBucketViewPatchCall (line 35964) - compile ... ok
[INFO] [stdout] test src/api.rs - api::BillingAccountExclusionPatchCall (line 6052) - compile ... ok
[INFO] [stdout] test src/api.rs - api::OrganizationLocationBucketListCall (line 29223) - compile ... ok
[INFO] [stdout] test src/api.rs - api::BillingAccountLocationBucketViewCreateCall (line 6352) - compile ... ok
[INFO] [stdout] test src/api.rs - api::ProjectLogDeleteCall (line 38502) - compile ... ok
[INFO] [stdout] test src/api.rs - api::SinkListCall (line 42969) - compile ... ok
[INFO] [stdout] 
[INFO] [stdout] failures:
[INFO] [stdout] 
[INFO] [stdout] ---- src/api.rs - api::MethodGetCmekSettingCall (line 43563) stdout ----
[INFO] [stdout] Couldn't compile the test.
[INFO] [stdout] ---- src/api.rs - api::BillingAccountLocationBucketCreateCall (line 7492) stdout ----
[INFO] [stdout] Couldn't compile the test.
[INFO] [stdout] ---- src/api.rs - api::BillingAccountSinkDeleteCall (line 10327) stdout ----
[INFO] [stdout] Couldn't compile the test.
[INFO] [stdout] ---- src/api.rs - api::BillingAccountLocationBucketDeleteCall (line 7792) stdout ----
[INFO] [stdout] Couldn't compile the test.
[INFO] [stdout] ---- src/api.rs - api::ProjectExclusionGetCall (line 34026) stdout ----
[INFO] [stdout] Couldn't compile the test.
[INFO] [stdout] ---- src/api.rs - api::OrganizationSinkUpdateCall (line 32610) stdout ----
[INFO] [stdout] Couldn't compile the test.
[INFO] [stdout] ---- src/api.rs - api::FolderLocationBucketViewPatchCall (line 16372) stdout ----
[INFO] [stdout] Couldn't compile the test.
[INFO] [stdout] ---- src/api.rs - api::BillingAccountLocationBucketListCall (line 8050) stdout ----
[INFO] [stdout] Couldn't compile the test.
[INFO] [stdout] ---- src/api.rs - api::ProjectSinkDeleteCall (line 40731) stdout ----
[INFO] [stdout] Couldn't compile the test.
[INFO] [stdout] ---- src/api.rs - api::ExclusionDeleteCall (line 12790) stdout ----
[INFO] [stdout] Couldn't compile the test.
[INFO] [stdout] ---- src/api.rs - api::ProjectSinkPatchCall (line 41529) stdout ----
[INFO] [stdout] Couldn't compile the test.
[INFO] [stdout] ---- src/api.rs - api::BillingAccountLogDeleteCall (line 9472) stdout ----
[INFO] [stdout] Couldn't compile the test.
[INFO] [stdout] ---- src/api.rs - api::ProjectMetricListCall (line 39861) stdout ----
[INFO] [stdout] Couldn't compile the test.
[INFO] [stdout] ---- src/api.rs - api::FolderExclusionDeleteCall (line 14176) stdout ----
[INFO] [stdout] Couldn't compile the test.
[INFO] [stdout] ---- src/api.rs - api::LocationBucketUndeleteCall (line 23983) stdout ----
[INFO] [stdout] Couldn't compile the test.
[INFO] [stdout] ---- src/api.rs - api::BillingAccountLocationListCall (line 9178) stdout ----
[INFO] [stdout] Couldn't compile the test.
[INFO] [stdout] ---- src/api.rs - api::OrganizationExclusionGetCall (line 26169) stdout ----
[INFO] [stdout] Couldn't compile the test.
[INFO] [stdout] ---- src/api.rs - api::LocationBucketPatchCall (line 23683) stdout ----
[INFO] [stdout] Couldn't compile the test.
[INFO] [stdout] ---- src/api.rs - api::EntryWriteCall (line 12251) stdout ----
[INFO] [stdout] Couldn't compile the test.
[INFO] [stdout] ---- src/api.rs - api::FolderLocationListCall (line 18616) stdout ----
[INFO] [stdout] Couldn't compile the test.
[INFO] [stdout] ---- src/api.rs - api::BillingAccountLocationBucketPatchCall (line 8332) stdout ----
[INFO] [stdout] Couldn't compile the test.
[INFO] [stdout] ---- src/api.rs - api::OrganizationExclusionDeleteCall (line 25911) stdout ----
[INFO] [stdout] Couldn't compile the test.
[INFO] [stdout] ---- src/api.rs - api::OrganizationExclusionCreateCall (line 25623) stdout ----
[INFO] [stdout] Couldn't compile the test.
[INFO] [stdout] ---- src/api.rs - api::ProjectLocationBucketViewListCall (line 35682) stdout ----
[INFO] [stdout] Couldn't compile the test.
[INFO] [stdout] ---- src/api.rs - api::LocationBucketViewListCall (line 22003) stdout ----
[INFO] [stdout] Couldn't compile the test.
[INFO] [stdout] ---- src/api.rs - api::OrganizationLocationBucketDeleteCall (line 28707) stdout ----
[INFO] [stdout] Couldn't compile the test.
[INFO] [stdout] ---- src/api.rs - api::ProjectLocationBucketGetCall (line 36822) stdout ----
[INFO] [stdout] Couldn't compile the test.
[INFO] [stdout] ---- src/api.rs - api::FolderLogListCall (line 19168) stdout ----
[INFO] [stdout] Couldn't compile the test.
[INFO] [stdout] ---- src/api.rs - api::OrganizationExclusionPatchCall (line 26709) stdout ----
[INFO] [stdout] Couldn't compile the test.
[INFO] [stdout] ---- src/api.rs - api::ProjectMetricUpdateCall (line 40143) stdout ----
[INFO] [stdout] Couldn't compile the test.
[INFO] [stdout] ---- src/api.rs - api::OrganizationExclusionListCall (line 26427) stdout ----
[INFO] [stdout] Couldn't compile the test.
[INFO] [stdout] ---- src/api.rs - api::FolderSinkGetCall (line 20023) stdout ----
[INFO] [stdout] Couldn't compile the test.
[INFO] [stdout] ---- src/api.rs - api::ExclusionListCall (line 13306) stdout ----
[INFO] [stdout] Couldn't compile the test.
[INFO] [stdout] ---- src/api.rs - api::OrganizationLocationBucketCreateCall (line 28407) stdout ----
[INFO] [stdout] Couldn't compile the test.
[INFO] [stdout] ---- src/api.rs - api::LocationBucketListCall (line 23401) stdout ----
[INFO] [stdout] Couldn't compile the test.
[INFO] [stdout] ---- src/api.rs - api::ProjectLocationListCall (line 38208) stdout ----
[INFO] [stdout] Couldn't compile the test.
[INFO] [stdout] ---- src/api.rs - api::FolderLocationGetCall (line 18358) stdout ----
[INFO] [stdout] Couldn't compile the test.
[INFO] [stdout] 
[INFO] [stdout] failures:
[INFO] [stdout]     src/api.rs - api::BillingAccountLocationBucketCreateCall (line 7492)
[INFO] [stdout]     src/api.rs - api::BillingAccountLocationBucketDeleteCall (line 7792)
[INFO] [stdout]     src/api.rs - api::BillingAccountLocationBucketListCall (line 8050)
[INFO] [stdout]     src/api.rs - api::BillingAccountLocationBucketPatchCall (line 8332)
[INFO] [stdout]     src/api.rs - api::BillingAccountLocationListCall (line 9178)
[INFO] [stdout]     src/api.rs - api::BillingAccountLogDeleteCall (line 9472)
[INFO] [stdout]     src/api.rs - api::BillingAccountSinkDeleteCall (line 10327)
[INFO] [stdout]     src/api.rs - api::EntryWriteCall (line 12251)
[INFO] [stdout]     src/api.rs - api::ExclusionDeleteCall (line 12790)
[INFO] [stdout]     src/api.rs - api::ExclusionListCall (line 13306)
[INFO] [stdout]     src/api.rs - api::FolderExclusionDeleteCall (line 14176)
[INFO] [stdout]     src/api.rs - api::FolderLocationBucketViewPatchCall (line 16372)
[INFO] [stdout]     src/api.rs - api::FolderLocationGetCall (line 18358)
[INFO] [stdout]     src/api.rs - api::FolderLocationListCall (line 18616)
[INFO] [stdout]     src/api.rs - api::FolderLogListCall (line 19168)
[INFO] [stdout]     src/api.rs - api::FolderSinkGetCall (line 20023)
[INFO] [stdout]     src/api.rs - api::LocationBucketListCall (line 23401)
[INFO] [stdout]     src/api.rs - api::LocationBucketPatchCall (line 23683)
[INFO] [stdout]     src/api.rs - api::LocationBucketUndeleteCall (line 23983)
[INFO] [stdout]     src/api.rs - api::LocationBucketViewListCall (line 22003)
[INFO] [stdout]     src/api.rs - api::MethodGetCmekSettingCall (line 43563)
[INFO] [stdout]     src/api.rs - api::OrganizationExclusionCreateCall (line 25623)
[INFO] [stdout]     src/api.rs - api::OrganizationExclusionDeleteCall (line 25911)
[INFO] [stdout]     src/api.rs - api::OrganizationExclusionGetCall (line 26169)
[INFO] [stdout]     src/api.rs - api::OrganizationExclusionListCall (line 26427)
[INFO] [stdout]     src/api.rs - api::OrganizationExclusionPatchCall (line 26709)
[INFO] [stdout]     src/api.rs - api::OrganizationLocationBucketCreateCall (line 28407)
[INFO] [stdout]     src/api.rs - api::OrganizationLocationBucketDeleteCall (line 28707)
[INFO] [stdout]     src/api.rs - api::OrganizationSinkUpdateCall (line 32610)
[INFO] [stdout]     src/api.rs - api::ProjectExclusionGetCall (line 34026)
[INFO] [stdout]     src/api.rs - api::ProjectLocationBucketGetCall (line 36822)
[INFO] [stdout]     src/api.rs - api::ProjectLocationBucketViewListCall (line 35682)
[INFO] [stdout]     src/api.rs - api::ProjectLocationListCall (line 38208)
[INFO] [stdout]     src/api.rs - api::ProjectMetricListCall (line 39861)
[INFO] [stdout]     src/api.rs - api::ProjectMetricUpdateCall (line 40143)
[INFO] [stdout]     src/api.rs - api::ProjectSinkDeleteCall (line 40731)
[INFO] [stdout]     src/api.rs - api::ProjectSinkPatchCall (line 41529)
[INFO] [stdout] 
[INFO] [stdout] test result: FAILED. 118 passed; 37 failed; 1 ignored; 0 measured; 0 filtered out; finished in 3.29s
[INFO] [stdout] 
[INFO] [stderr] error: test failed, to rerun pass '--doc'
[INFO] running `Command { std: "docker" "inspect" "e2a690f5743b6fdc51c93143717c442a2c1290626ce0bb35d6a342b5914fbdf9", kill_on_drop: false }`
[INFO] running `Command { std: "docker" "rm" "-f" "e2a690f5743b6fdc51c93143717c442a2c1290626ce0bb35d6a342b5914fbdf9", kill_on_drop: false }`
[INFO] [stdout] e2a690f5743b6fdc51c93143717c442a2c1290626ce0bb35d6a342b5914fbdf9
