[INFO] fetching crate google-drive2 2.0.4+20210322...
[INFO] testing google-drive2-2.0.4+20210322 against beta-2021-08-01 for beta-1.55-1
[INFO] extracting crate google-drive2 2.0.4+20210322 into /workspace/builds/worker-41/source
[INFO] validating manifest of crates.io crate google-drive2 2.0.4+20210322 on toolchain beta-2021-08-01
[INFO] running `Command { std: "/workspace/cargo-home/bin/cargo" "+beta-2021-08-01" "metadata" "--manifest-path" "Cargo.toml" "--no-deps", kill_on_drop: false }`
[INFO] started tweaking crates.io crate google-drive2 2.0.4+20210322
[INFO] finished tweaking crates.io crate google-drive2 2.0.4+20210322
[INFO] tweaked toml for crates.io crate google-drive2 2.0.4+20210322 written to /workspace/builds/worker-41/source/Cargo.toml
[INFO] running `Command { std: "/workspace/cargo-home/bin/cargo" "+beta-2021-08-01" "generate-lockfile" "--manifest-path" "Cargo.toml" "-Zno-index-update", kill_on_drop: false }`
[INFO] [stderr]     Blocking waiting for file lock on package cache
[INFO] running `Command { std: "/workspace/cargo-home/bin/cargo" "+beta-2021-08-01" "fetch" "--manifest-path" "Cargo.toml", kill_on_drop: false }`
[INFO] [stderr]     Blocking waiting for file lock on package cache
[INFO] [stderr]     Blocking waiting for file lock on package cache
[INFO] running `Command { std: "docker" "create" "-v" "/var/lib/crater-agent-workspace/builds/worker-41/target:/opt/rustwide/target:rw,Z" "-v" "/var/lib/crater-agent-workspace/builds/worker-41/source:/opt/rustwide/workdir:ro,Z" "-v" "/var/lib/crater-agent-workspace/cargo-home:/opt/rustwide/cargo-home:ro,Z" "-v" "/var/lib/crater-agent-workspace/rustup-home:/opt/rustwide/rustup-home:ro,Z" "-e" "SOURCE_DIR=/opt/rustwide/workdir" "-e" "CARGO_TARGET_DIR=/opt/rustwide/target" "-e" "CARGO_HOME=/opt/rustwide/cargo-home" "-e" "RUSTUP_HOME=/opt/rustwide/rustup-home" "-w" "/opt/rustwide/workdir" "-m" "1610612736" "--user" "0:0" "--network" "none" "ghcr.io/rust-lang/crates-build-env/linux@sha256:34b6a614d2c27851fe6cbf88fbd1137609cefab8b10d0615aaeb6fd47975d74e" "/opt/rustwide/cargo-home/bin/cargo" "+beta-2021-08-01" "metadata" "--no-deps" "--format-version=1", kill_on_drop: false }`
[INFO] [stdout] cd3eea25a5098f1e6dd02db64c41690c5223ef7543ee4822d4d5a6abc5779b2c
[INFO] running `Command { std: "docker" "start" "-a" "cd3eea25a5098f1e6dd02db64c41690c5223ef7543ee4822d4d5a6abc5779b2c", kill_on_drop: false }`
[INFO] running `Command { std: "docker" "inspect" "cd3eea25a5098f1e6dd02db64c41690c5223ef7543ee4822d4d5a6abc5779b2c", kill_on_drop: false }`
[INFO] running `Command { std: "docker" "rm" "-f" "cd3eea25a5098f1e6dd02db64c41690c5223ef7543ee4822d4d5a6abc5779b2c", kill_on_drop: false }`
[INFO] [stdout] cd3eea25a5098f1e6dd02db64c41690c5223ef7543ee4822d4d5a6abc5779b2c
[INFO] running `Command { std: "docker" "create" "-v" "/var/lib/crater-agent-workspace/builds/worker-41/target:/opt/rustwide/target:rw,Z" "-v" "/var/lib/crater-agent-workspace/builds/worker-41/source:/opt/rustwide/workdir:ro,Z" "-v" "/var/lib/crater-agent-workspace/cargo-home:/opt/rustwide/cargo-home:ro,Z" "-v" "/var/lib/crater-agent-workspace/rustup-home:/opt/rustwide/rustup-home:ro,Z" "-e" "SOURCE_DIR=/opt/rustwide/workdir" "-e" "CARGO_TARGET_DIR=/opt/rustwide/target" "-e" "CARGO_INCREMENTAL=0" "-e" "RUST_BACKTRACE=full" "-e" "RUSTFLAGS=--cap-lints=warn" "-e" "CARGO_HOME=/opt/rustwide/cargo-home" "-e" "RUSTUP_HOME=/opt/rustwide/rustup-home" "-w" "/opt/rustwide/workdir" "-m" "1610612736" "--user" "0:0" "--network" "none" "ghcr.io/rust-lang/crates-build-env/linux@sha256:34b6a614d2c27851fe6cbf88fbd1137609cefab8b10d0615aaeb6fd47975d74e" "/opt/rustwide/cargo-home/bin/cargo" "+beta-2021-08-01" "build" "--frozen" "--message-format=json", kill_on_drop: false }`
[INFO] [stdout] 4e4ab86d2cdf903185aef5cb2ae01128bdb35abb5aeb1181448b67aa71c2b9c4
[INFO] running `Command { std: "docker" "start" "-a" "4e4ab86d2cdf903185aef5cb2ae01128bdb35abb5aeb1181448b67aa71c2b9c4", kill_on_drop: false }`
[INFO] [stderr]    Compiling proc-macro2 v1.0.28
[INFO] [stderr]    Compiling unicode-xid v0.2.2
[INFO] [stderr]    Compiling libc v0.2.98
[INFO] [stderr]    Compiling syn v1.0.74
[INFO] [stderr]    Compiling memchr v2.4.0
[INFO] [stderr]    Compiling pin-project-lite v0.2.7
[INFO] [stderr]    Compiling cc v1.0.69
[INFO] [stderr]    Compiling futures-core v0.3.16
[INFO] [stderr]    Compiling futures-task v0.3.16
[INFO] [stderr]    Compiling futures-channel v0.3.16
[INFO] [stderr]    Compiling once_cell v1.8.0
[INFO] [stderr]    Compiling futures-sink v0.3.16
[INFO] [stderr]    Compiling futures-io v0.3.16
[INFO] [stderr]    Compiling slab v0.4.4
[INFO] [stderr]    Compiling serde_derive v1.0.127
[INFO] [stderr]    Compiling hashbrown v0.11.2
[INFO] [stderr]    Compiling serde v1.0.127
[INFO] [stderr]    Compiling httparse v1.4.1
[INFO] [stderr]    Compiling openssl-probe v0.1.4
[INFO] [stderr]    Compiling httpdate v1.0.1
[INFO] [stderr]    Compiling serde_json v1.0.66
[INFO] [stderr]    Compiling futures-macro v0.3.16
[INFO] [stderr]    Compiling tokio v1.9.0
[INFO] [stderr]    Compiling futures-util v0.3.16
[INFO] [stderr]    Compiling indexmap v1.7.0
[INFO] [stderr]    Compiling tinyvec v1.3.1
[INFO] [stderr]    Compiling tracing-core v0.1.18
[INFO] [stderr]    Compiling itertools v0.10.1
[INFO] [stderr]    Compiling http-body v0.4.2
[INFO] [stderr]    Compiling tracing v0.1.26
[INFO] [stderr]    Compiling quote v1.0.9
[INFO] [stderr]    Compiling unicode-normalization v0.1.19
[INFO] [stderr]    Compiling mio v0.7.13
[INFO] [stderr]    Compiling socket2 v0.4.1
[INFO] [stderr]    Compiling time v0.1.44
[INFO] [stderr]    Compiling ring v0.16.20
[INFO] [stderr]    Compiling idna v0.2.3
[INFO] [stderr]    Compiling idna v0.1.5
[INFO] [stderr]    Compiling url v1.7.2
[INFO] [stderr]    Compiling url v2.2.2
[INFO] [stderr]    Compiling tokio-macros v1.3.0
[INFO] [stderr]    Compiling sct v0.6.1
[INFO] [stderr]    Compiling webpki v0.21.4
[INFO] [stderr]    Compiling ct-logs v0.8.0
[INFO] [stderr]    Compiling rustls v0.19.1
[INFO] [stderr]    Compiling rustls-native-certs v0.5.0
[INFO] [stderr]    Compiling futures-executor v0.3.16
[INFO] [stderr]    Compiling futures v0.3.16
[INFO] [stderr]    Compiling tokio-util v0.6.7
[INFO] [stderr]    Compiling tokio-rustls v0.22.0
[INFO] [stderr]    Compiling h2 v0.3.3
[INFO] [stderr]    Compiling chrono v0.4.19
[INFO] [stderr]    Compiling hyper v0.14.11
[INFO] [stderr]    Compiling hyper-rustls v0.22.1
[INFO] [stderr]    Compiling yup-oauth2 v5.1.0
[INFO] [stderr]    Compiling google-drive2 v2.0.4+20210322 (/opt/rustwide/workdir)
[INFO] [stdout] warning: unused variable: `url`
[INFO] [stdout]      --> src/api.rs:13511:25
[INFO] [stdout]       |
[INFO] [stdout] 13511 |                     let url = upload_url.as_ref().and_then(|s| Some(url::Url::parse(s).unwrap())).unwrap();
[INFO] [stdout]       |                         ^^^ help: if this is intentional, prefix it with an underscore: `_url`
[INFO] [stdout]       |
[INFO] [stdout]       = note: `#[warn(unused_variables)]` on by default
[INFO] [stdout] 
[INFO] [stdout] 
[INFO] [stdout] warning: unused variable: `url`
[INFO] [stdout]      --> src/api.rs:16003:25
[INFO] [stdout]       |
[INFO] [stdout] 16003 |                     let url = upload_url.as_ref().and_then(|s| Some(url::Url::parse(s).unwrap())).unwrap();
[INFO] [stdout]       |                         ^^^ help: if this is intentional, prefix it with an underscore: `_url`
[INFO] [stdout] 
[INFO] [stdout] 
[INFO] [stdout] warning: 2 warnings emitted
[INFO] [stdout] 
[INFO] [stdout] 
[INFO] [stderr]     Finished dev [unoptimized + debuginfo] target(s) in 37.89s
[INFO] running `Command { std: "docker" "inspect" "4e4ab86d2cdf903185aef5cb2ae01128bdb35abb5aeb1181448b67aa71c2b9c4", kill_on_drop: false }`
[INFO] running `Command { std: "docker" "rm" "-f" "4e4ab86d2cdf903185aef5cb2ae01128bdb35abb5aeb1181448b67aa71c2b9c4", kill_on_drop: false }`
[INFO] [stdout] 4e4ab86d2cdf903185aef5cb2ae01128bdb35abb5aeb1181448b67aa71c2b9c4
[INFO] running `Command { std: "docker" "create" "-v" "/var/lib/crater-agent-workspace/builds/worker-41/target:/opt/rustwide/target:rw,Z" "-v" "/var/lib/crater-agent-workspace/builds/worker-41/source:/opt/rustwide/workdir:ro,Z" "-v" "/var/lib/crater-agent-workspace/cargo-home:/opt/rustwide/cargo-home:ro,Z" "-v" "/var/lib/crater-agent-workspace/rustup-home:/opt/rustwide/rustup-home:ro,Z" "-e" "SOURCE_DIR=/opt/rustwide/workdir" "-e" "CARGO_TARGET_DIR=/opt/rustwide/target" "-e" "CARGO_INCREMENTAL=0" "-e" "RUST_BACKTRACE=full" "-e" "RUSTFLAGS=--cap-lints=warn" "-e" "CARGO_HOME=/opt/rustwide/cargo-home" "-e" "RUSTUP_HOME=/opt/rustwide/rustup-home" "-w" "/opt/rustwide/workdir" "-m" "1610612736" "--user" "0:0" "--network" "none" "ghcr.io/rust-lang/crates-build-env/linux@sha256:34b6a614d2c27851fe6cbf88fbd1137609cefab8b10d0615aaeb6fd47975d74e" "/opt/rustwide/cargo-home/bin/cargo" "+beta-2021-08-01" "test" "--frozen" "--no-run" "--message-format=json", kill_on_drop: false }`
[INFO] [stdout] f8a890f9efc26cda15742c9139cf20159ceaaddff693d85a1186758aa46ff7fd
[INFO] running `Command { std: "docker" "start" "-a" "f8a890f9efc26cda15742c9139cf20159ceaaddff693d85a1186758aa46ff7fd", kill_on_drop: false }`
[INFO] [stderr]     Blocking waiting for file lock on package cache
[INFO] [stderr]    Compiling google-drive2 v2.0.4+20210322 (/opt/rustwide/workdir)
[INFO] [stdout] warning: unused variable: `url`
[INFO] [stdout]      --> src/api.rs:13511:25
[INFO] [stdout]       |
[INFO] [stdout] 13511 |                     let url = upload_url.as_ref().and_then(|s| Some(url::Url::parse(s).unwrap())).unwrap();
[INFO] [stdout]       |                         ^^^ help: if this is intentional, prefix it with an underscore: `_url`
[INFO] [stdout]       |
[INFO] [stdout]       = note: `#[warn(unused_variables)]` on by default
[INFO] [stdout] 
[INFO] [stdout] 
[INFO] [stdout] warning: unused variable: `url`
[INFO] [stdout]      --> src/api.rs:16003:25
[INFO] [stdout]       |
[INFO] [stdout] 16003 |                     let url = upload_url.as_ref().and_then(|s| Some(url::Url::parse(s).unwrap())).unwrap();
[INFO] [stdout]       |                         ^^^ help: if this is intentional, prefix it with an underscore: `_url`
[INFO] [stdout] 
[INFO] [stdout] 
[INFO] [stdout] warning: 2 warnings emitted
[INFO] [stdout] 
[INFO] [stdout] 
[INFO] [stdout] warning: unused variable: `url`
[INFO] [stdout]      --> src/api.rs:13511:25
[INFO] [stdout]       |
[INFO] [stdout] 13511 |                     let url = upload_url.as_ref().and_then(|s| Some(url::Url::parse(s).unwrap())).unwrap();
[INFO] [stdout]       |                         ^^^ help: if this is intentional, prefix it with an underscore: `_url`
[INFO] [stdout]       |
[INFO] [stdout]       = note: `#[warn(unused_variables)]` on by default
[INFO] [stdout] 
[INFO] [stdout] 
[INFO] [stdout] warning: unused variable: `url`
[INFO] [stdout]      --> src/api.rs:16003:25
[INFO] [stdout]       |
[INFO] [stdout] 16003 |                     let url = upload_url.as_ref().and_then(|s| Some(url::Url::parse(s).unwrap())).unwrap();
[INFO] [stdout]       |                         ^^^ help: if this is intentional, prefix it with an underscore: `_url`
[INFO] [stdout] 
[INFO] [stdout] 
[INFO] [stdout] warning: 2 warnings emitted
[INFO] [stdout] 
[INFO] [stdout] 
[INFO] [stderr]     Finished test [unoptimized + debuginfo] target(s) in 9.69s
[INFO] running `Command { std: "docker" "inspect" "f8a890f9efc26cda15742c9139cf20159ceaaddff693d85a1186758aa46ff7fd", kill_on_drop: false }`
[INFO] running `Command { std: "docker" "rm" "-f" "f8a890f9efc26cda15742c9139cf20159ceaaddff693d85a1186758aa46ff7fd", kill_on_drop: false }`
[INFO] [stdout] f8a890f9efc26cda15742c9139cf20159ceaaddff693d85a1186758aa46ff7fd
[INFO] running `Command { std: "docker" "create" "-v" "/var/lib/crater-agent-workspace/builds/worker-41/target:/opt/rustwide/target:rw,Z" "-v" "/var/lib/crater-agent-workspace/builds/worker-41/source:/opt/rustwide/workdir:ro,Z" "-v" "/var/lib/crater-agent-workspace/cargo-home:/opt/rustwide/cargo-home:ro,Z" "-v" "/var/lib/crater-agent-workspace/rustup-home:/opt/rustwide/rustup-home:ro,Z" "-e" "SOURCE_DIR=/opt/rustwide/workdir" "-e" "CARGO_TARGET_DIR=/opt/rustwide/target" "-e" "CARGO_INCREMENTAL=0" "-e" "RUST_BACKTRACE=full" "-e" "RUSTFLAGS=--cap-lints=warn" "-e" "CARGO_HOME=/opt/rustwide/cargo-home" "-e" "RUSTUP_HOME=/opt/rustwide/rustup-home" "-w" "/opt/rustwide/workdir" "-m" "1610612736" "--user" "0:0" "--network" "none" "ghcr.io/rust-lang/crates-build-env/linux@sha256:34b6a614d2c27851fe6cbf88fbd1137609cefab8b10d0615aaeb6fd47975d74e" "/opt/rustwide/cargo-home/bin/cargo" "+beta-2021-08-01" "test" "--frozen", kill_on_drop: false }`
[INFO] [stdout] ce86d45b698b2232e7f1849c624cfcf26560aee73e8d829458648ea1d1f5f4ac
[INFO] running `Command { std: "docker" "start" "-a" "ce86d45b698b2232e7f1849c624cfcf26560aee73e8d829458648ea1d1f5f4ac", kill_on_drop: false }`
[INFO] [stderr] warning: unused variable: `url`
[INFO] [stderr]      --> src/api.rs:13511:25
[INFO] [stderr]       |
[INFO] [stderr] 13511 |                     let url = upload_url.as_ref().and_then(|s| Some(url::Url::parse(s).unwrap())).unwrap();
[INFO] [stderr]       |                         ^^^ help: if this is intentional, prefix it with an underscore: `_url`
[INFO] [stderr]       |
[INFO] [stderr]       = note: `#[warn(unused_variables)]` on by default
[INFO] [stderr] 
[INFO] [stderr] warning: unused variable: `url`
[INFO] [stderr]      --> src/api.rs:16003:25
[INFO] [stderr]       |
[INFO] [stderr] 16003 |                     let url = upload_url.as_ref().and_then(|s| Some(url::Url::parse(s).unwrap())).unwrap();
[INFO] [stderr]       |                         ^^^ help: if this is intentional, prefix it with an underscore: `_url`
[INFO] [stderr] 
[INFO] [stderr] warning: `google-drive2` (lib) generated 2 warnings
[INFO] [stderr] warning: `google-drive2` (lib test) generated 2 warnings (2 duplicates)
[INFO] [stderr]     Finished test [unoptimized + debuginfo] target(s) in 0.18s
[INFO] [stderr]      Running unittests (/opt/rustwide/target/debug/deps/google_drive2-c0ea737f80eeb813)
[INFO] [stdout] 
[INFO] [stdout] running 0 tests
[INFO] [stdout] 
[INFO] [stdout] test result: ok. 0 passed; 0 failed; 0 ignored; 0 measured; 0 filtered out; finished in 0.00s
[INFO] [stdout] 
[INFO] [stderr]    Doc-tests google-drive2
[INFO] [stdout] 
[INFO] [stdout] running 89 tests
[INFO] [stdout] test src/lib.rs - (line 94) ... ignored
[INFO] [stdout] test src/api.rs - api::RevisionListCall (line 24009) - compile ... FAILED
[INFO] [stdout] test src/api.rs - api::DriveHub (line 84) - compile ... FAILED
[INFO] [stdout] test src/api.rs - api::AboutMethods (line 2467) - compile ... ok
[INFO] [stdout] test src/api.rs - api::PermissionListCall (line 19048) - compile ... ok
[INFO] [stdout] test src/api.rs - api::ChangeGetStartPageTokenCall (line 5631) - compile ... ok
[INFO] [stdout] test src/api.rs - api::ChildrenGetCall (line 7195) - compile ... ok
[INFO] [stdout] test src/api.rs - api::ChannelMethods (line 2737) - compile ... ok
[INFO] [stdout] test src/api.rs - api::AppGetCall (line 4830) - compile ... ok
[INFO] [stdout] test src/api.rs - api::ParentListCall (line 17599) - compile ... ok
[INFO] [stdout] test src/api.rs - api::CommentDeleteCall (line 8071) - compile ... ok
[INFO] [stdout] test src/api.rs - api::PropertyMethods (line 3956) - compile ... ok
[INFO] [stdout] test src/api.rs - api::PermissionInsertCall (line 18684) - compile ... FAILED
[INFO] [stdout] test src/api.rs - api::TeamdriveListCall (line 25627) - compile ... FAILED
[INFO] [stdout] test src/api.rs - api::FileTrashCall (line 15003) - compile ... FAILED
[INFO] [stdout] test src/api.rs - api::PropertyUpdateCall (line 21445) - compile ... FAILED
[INFO] [stdout] test src/api.rs - api::FileUpdateCall (line 15575) - compile ... FAILED
[INFO] [stdout] test src/api.rs - api::AppListCall (line 5080) - compile ... ok
[INFO] [stdout] test src/api.rs - api::CommentGetCall (line 8322) - compile ... ok
[INFO] [stdout] test src/api.rs - api::FileWatchCall (line 16378) - compile ... ok
[INFO] [stdout] test src/api.rs - api::ChangeWatchCall (line 6281) - compile ... ok
[INFO] [stdout] test src/api.rs - api::FileInsertCall (line 13330) - compile ... ok
[INFO] [stdout] test src/api.rs - api::ChildrenListCall (line 7773) - compile ... ok
[INFO] [stdout] test src/api.rs - api::DriveHideCall (line 10259) - compile ... ok
[INFO] [stdout] test src/api.rs - api::AppMethods (line 2525) - compile ... ok
[INFO] [stdout] test src/api.rs - api::ChildrenInsertCall (line 7457) - compile ... FAILED
[INFO] [stdout] test src/api.rs - api::CommentInsertCall (line 8596) - compile ... ok
[INFO] [stdout] test src/api.rs - api::FileDeleteCall (line 11987) - compile ... ok
[INFO] [stdout] test src/api.rs - api::FileExportCall (line 12483) - compile ... ok
[INFO] [stdout] test src/api.rs - api::PermissionGetCall (line 18136) - compile ... ok
[INFO] [stdout] test src/api.rs - api::ChangeGetCall (line 5333) - compile ... FAILED
[INFO] [stdout] test src/api.rs - api::PropertyInsertCall (line 20611) - compile ... FAILED
[INFO] [stdout] test src/api.rs - api::FileGenerateIdCall (line 12734) - compile ... ok
[INFO] [stdout] test src/api.rs - api::DriveListCall (line 10768) - compile ... ok
[INFO] [stdout] test src/api.rs - api::CommentMethods (line 2922) - compile ... ok
[INFO] [stdout] test src/api.rs - api::FileMethods (line 3253) - compile ... ok
[INFO] [stdout] test src/api.rs - api::RevisionDeleteCall (line 23496) - compile ... ok
[INFO] [stdout] test src/api.rs - api::DriveGetCall (line 9997) - compile ... ok
[INFO] [stdout] test src/api.rs - api::CommentUpdateCall (line 9466) - compile ... ok
[INFO] [stdout] test src/api.rs - api::ReplyDeleteCall (line 21749) - compile ... ok
[INFO] [stdout] test src/api.rs - api::FileTouchCall (line 14717) - compile ... ok
[INFO] [stdout] test src/api.rs - api::TeamdriveDeleteCall (line 24867) - compile ... ok
[INFO] [stdout] test src/api.rs - api::ReplyInsertCall (line 22298) - compile ... ok
[INFO] [stdout] test src/api.rs - api::ParentGetCall (line 17021) - compile ... ok
[INFO] [stdout] test src/api.rs - api::FileUntrashCall (line 15289) - compile ... FAILED
[INFO] [stdout] test src/api.rs - api::FileGetCall (line 12980) - compile ... FAILED
[INFO] [stdout] test src/api.rs - api::PropertyListCall (line 20891) - compile ... ok
[INFO] [stdout] test src/api.rs - api::ChangeMethods (line 2600) - compile ... ok
[INFO] [stdout] test src/api.rs - api::ParentMethods (line 3630) - compile ... ok
[INFO] [stdout] test src/api.rs - api::PermissionMethods (line 3751) - compile ... ok
[INFO] [stdout] test src/api.rs - api::ChildrenDeleteCall (line 6932) - compile ... ok
[INFO] [stdout] test src/api.rs - api::ChildrenMethods (line 2797) - compile ... ok
[INFO] [stdout] test src/api.rs - api::PropertyGetCall (line 20337) - compile ... ok
[INFO] [stdout] test src/api.rs - api::DriveDeleteCall (line 9758) - compile ... ok
[INFO] [stdout] test src/api.rs - api::FileListCall (line 13836) - compile ... FAILED
[INFO] [stdout] test src/api.rs - api::RevisionMethods (line 4294) - compile ... ok
[INFO] [stdout] test src/api.rs - api::PermissionPatchCall (line 19370) - compile ... ok
[INFO] [stdout] test src/api.rs - api::PermissionGetIdForEmailCall (line 18434) - compile ... ok
[INFO] [stdout] test src/api.rs - api::FileEmptyTrashCall (line 12262) - compile ... ok
[INFO] [stdout] test src/api.rs - api::ParentDeleteCall (line 16758) - compile ... ok
[INFO] [stdout] test src/api.rs - api::RevisionUpdateCall (line 24575) - compile ... ok
[INFO] [stdout] test src/lib.rs - (line 137) - compile ... FAILED
[INFO] [stdout] test src/api.rs - api::CommentPatchCall (line 9174) - compile ... FAILED
[INFO] [stdout] test src/api.rs - api::DriveInsertCall (line 10509) - compile ... FAILED
[INFO] [stdout] test src/api.rs - api::ChangeListCall (line 5896) - compile ... FAILED
[INFO] [stdout] test src/api.rs - api::ReplyGetCall (line 22012) - compile ... ok
[INFO] [stdout] test src/api.rs - api::CommentListCall (line 8876) - compile ... ok
[INFO] [stdout] test src/api.rs - api::ReplyMethods (line 4119) - compile ... ok
[INFO] [stdout] test src/api.rs - api::ChannelStopCall (line 6696) - compile ... ok
[INFO] [stdout] test src/api.rs - api::TeamdriveInsertCall (line 25368) - compile ... ok
[INFO] [stdout] test src/api.rs - api::ReplyUpdateCall (line 23192) - compile ... ok
[INFO] [stdout] test src/api.rs - api::TeamdriveMethods (line 4436) - compile ... ok
[INFO] [stdout] test src/api.rs - api::FilePatchCall (line 14233) - compile ... ok
[INFO] [stdout] test src/api.rs - api::PermissionDeleteCall (line 17849) - compile ... ok
[INFO] [stdout] test src/api.rs - api::PermissionUpdateCall (line 19722) - compile ... ok
[INFO] [stdout] test src/api.rs - api::ParentInsertCall (line 17283) - compile ... ok
[INFO] [stdout] test src/api.rs - api::DriveUpdateCall (line 11283) - compile ... ok
[INFO] [stdout] test src/api.rs - api::TeamdriveUpdateCall (line 25892) - compile ... ok
[INFO] [stdout] test src/api.rs - api::ReplyPatchCall (line 22888) - compile ... ok
[INFO] [stdout] test src/api.rs - api::AboutGetCall (line 4577) - compile ... ok
[INFO] [stdout] test src/api.rs - api::TeamdriveGetCall (line 25106) - compile ... ok
[INFO] [stdout] test src/api.rs - api::PropertyDeleteCall (line 20074) - compile ... ok
[INFO] [stdout] test src/api.rs - api::DriveUnhideCall (line 11033) - compile ... ok
[INFO] [stdout] test src/api.rs - api::DriveMethods (line 3086) - compile ... ok
[INFO] [stdout] test src/api.rs - api::FileCopyCall (line 11575) - compile ... ok
[INFO] [stdout] test src/api.rs - api::PropertyPatchCall (line 21141) - compile ... ok
[INFO] [stdout] test src/api.rs - api::RevisionGetCall (line 23747) - compile ... ok
[INFO] [stdout] test src/api.rs - api::ReplyListCall (line 22590) - compile ... ok
[INFO] [stdout] test src/api.rs - api::RevisionPatchCall (line 24283) - compile ... ok
[INFO] [stdout] 
[INFO] [stdout] failures:
[INFO] [stdout] 
[INFO] [stdout] ---- src/api.rs - api::RevisionListCall (line 24009) stdout ----
[INFO] [stdout] Couldn't compile the test.
[INFO] [stdout] ---- src/api.rs - api::DriveHub (line 84) stdout ----
[INFO] [stdout] Couldn't compile the test.
[INFO] [stdout] ---- src/api.rs - api::PermissionInsertCall (line 18684) stdout ----
[INFO] [stdout] Couldn't compile the test.
[INFO] [stdout] ---- src/api.rs - api::TeamdriveListCall (line 25627) stdout ----
[INFO] [stdout] Couldn't compile the test.
[INFO] [stdout] ---- src/api.rs - api::FileTrashCall (line 15003) stdout ----
[INFO] [stdout] Couldn't compile the test.
[INFO] [stdout] ---- src/api.rs - api::PropertyUpdateCall (line 21445) stdout ----
[INFO] [stdout] Couldn't compile the test.
[INFO] [stdout] ---- src/api.rs - api::FileUpdateCall (line 15575) stdout ----
[INFO] [stdout] Couldn't compile the test.
[INFO] [stdout] ---- src/api.rs - api::ChildrenInsertCall (line 7457) stdout ----
[INFO] [stdout] Couldn't compile the test.
[INFO] [stdout] ---- src/api.rs - api::ChangeGetCall (line 5333) stdout ----
[INFO] [stdout] Couldn't compile the test.
[INFO] [stdout] ---- src/api.rs - api::PropertyInsertCall (line 20611) stdout ----
[INFO] [stdout] Couldn't compile the test.
[INFO] [stdout] ---- src/api.rs - api::FileUntrashCall (line 15289) stdout ----
[INFO] [stdout] Couldn't compile the test.
[INFO] [stdout] ---- src/api.rs - api::FileGetCall (line 12980) stdout ----
[INFO] [stdout] Couldn't compile the test.
[INFO] [stdout] ---- src/api.rs - api::FileListCall (line 13836) stdout ----
[INFO] [stdout] Couldn't compile the test.
[INFO] [stdout] ---- src/lib.rs - (line 137) stdout ----
[INFO] [stdout] Couldn't compile the test.
[INFO] [stdout] ---- src/api.rs - api::CommentPatchCall (line 9174) stdout ----
[INFO] [stdout] Couldn't compile the test.
[INFO] [stdout] ---- src/api.rs - api::DriveInsertCall (line 10509) stdout ----
[INFO] [stdout] Couldn't compile the test.
[INFO] [stdout] ---- src/api.rs - api::ChangeListCall (line 5896) stdout ----
[INFO] [stdout] Couldn't compile the test.
[INFO] [stdout] 
[INFO] [stdout] failures:
[INFO] [stdout]     src/api.rs - api::ChangeGetCall (line 5333)
[INFO] [stdout]     src/api.rs - api::ChangeListCall (line 5896)
[INFO] [stdout]     src/api.rs - api::ChildrenInsertCall (line 7457)
[INFO] [stdout]     src/api.rs - api::CommentPatchCall (line 9174)
[INFO] [stdout]     src/api.rs - api::DriveHub (line 84)
[INFO] [stdout]     src/api.rs - api::DriveInsertCall (line 10509)
[INFO] [stdout]     src/api.rs - api::FileGetCall (line 12980)
[INFO] [stdout]     src/api.rs - api::FileListCall (line 13836)
[INFO] [stdout]     src/api.rs - api::FileTrashCall (line 15003)
[INFO] [stdout]     src/api.rs - api::FileUntrashCall (line 15289)
[INFO] [stdout]     src/api.rs - api::FileUpdateCall (line 15575)
[INFO] [stdout]     src/api.rs - api::PermissionInsertCall (line 18684)
[INFO] [stdout]     src/api.rs - api::PropertyInsertCall (line 20611)
[INFO] [stdout]     src/api.rs - api::PropertyUpdateCall (line 21445)
[INFO] [stdout]     src/api.rs - api::RevisionListCall (line 24009)
[INFO] [stdout]     src/api.rs - api::TeamdriveListCall (line 25627)
[INFO] [stdout]     src/lib.rs - (line 137)
[INFO] [stdout] 
[INFO] [stdout] test result: FAILED. 71 passed; 17 failed; 1 ignored; 0 measured; 0 filtered out; finished in 6.55s
[INFO] [stdout] 
[INFO] [stderr] error: test failed, to rerun pass '--doc'
[INFO] running `Command { std: "docker" "inspect" "ce86d45b698b2232e7f1849c624cfcf26560aee73e8d829458648ea1d1f5f4ac", kill_on_drop: false }`
[INFO] running `Command { std: "docker" "rm" "-f" "ce86d45b698b2232e7f1849c624cfcf26560aee73e8d829458648ea1d1f5f4ac", kill_on_drop: false }`
[INFO] [stdout] ce86d45b698b2232e7f1849c624cfcf26560aee73e8d829458648ea1d1f5f4ac
