[INFO] fetching crate byte-unit 4.0.12...
[INFO] testing byte-unit-4.0.12 against beta-2021-08-01 for beta-1.55-1
[INFO] extracting crate byte-unit 4.0.12 into /workspace/builds/worker-99/source
[INFO] validating manifest of crates.io crate byte-unit 4.0.12 on toolchain beta-2021-08-01
[INFO] running `Command { std: "/workspace/cargo-home/bin/cargo" "+beta-2021-08-01" "metadata" "--manifest-path" "Cargo.toml" "--no-deps", kill_on_drop: false }`
[INFO] started tweaking crates.io crate byte-unit 4.0.12
[INFO] finished tweaking crates.io crate byte-unit 4.0.12
[INFO] tweaked toml for crates.io crate byte-unit 4.0.12 written to /workspace/builds/worker-99/source/Cargo.toml
[INFO] running `Command { std: "/workspace/cargo-home/bin/cargo" "+beta-2021-08-01" "generate-lockfile" "--manifest-path" "Cargo.toml" "-Zno-index-update", kill_on_drop: false }`
[INFO] running `Command { std: "/workspace/cargo-home/bin/cargo" "+beta-2021-08-01" "fetch" "--manifest-path" "Cargo.toml", kill_on_drop: false }`
[INFO] running `Command { std: "docker" "create" "-v" "/var/lib/crater-agent-workspace/builds/worker-99/target:/opt/rustwide/target:rw,Z" "-v" "/var/lib/crater-agent-workspace/builds/worker-99/source:/opt/rustwide/workdir:ro,Z" "-v" "/var/lib/crater-agent-workspace/cargo-home:/opt/rustwide/cargo-home:ro,Z" "-v" "/var/lib/crater-agent-workspace/rustup-home:/opt/rustwide/rustup-home:ro,Z" "-e" "SOURCE_DIR=/opt/rustwide/workdir" "-e" "CARGO_TARGET_DIR=/opt/rustwide/target" "-e" "CARGO_HOME=/opt/rustwide/cargo-home" "-e" "RUSTUP_HOME=/opt/rustwide/rustup-home" "-w" "/opt/rustwide/workdir" "-m" "1610612736" "--user" "0:0" "--network" "none" "ghcr.io/rust-lang/crates-build-env/linux@sha256:34b6a614d2c27851fe6cbf88fbd1137609cefab8b10d0615aaeb6fd47975d74e" "/opt/rustwide/cargo-home/bin/cargo" "+beta-2021-08-01" "metadata" "--no-deps" "--format-version=1", kill_on_drop: false }`
[INFO] [stdout] 3e3a8a0f26e75aa6b12cff9af274d36025d3f9f626e674153a7f1074c84211e9
[INFO] running `Command { std: "docker" "start" "-a" "3e3a8a0f26e75aa6b12cff9af274d36025d3f9f626e674153a7f1074c84211e9", kill_on_drop: false }`
[INFO] running `Command { std: "docker" "inspect" "3e3a8a0f26e75aa6b12cff9af274d36025d3f9f626e674153a7f1074c84211e9", kill_on_drop: false }`
[INFO] running `Command { std: "docker" "rm" "-f" "3e3a8a0f26e75aa6b12cff9af274d36025d3f9f626e674153a7f1074c84211e9", kill_on_drop: false }`
[INFO] [stdout] 3e3a8a0f26e75aa6b12cff9af274d36025d3f9f626e674153a7f1074c84211e9
[INFO] running `Command { std: "docker" "create" "-v" "/var/lib/crater-agent-workspace/builds/worker-99/target:/opt/rustwide/target:rw,Z" "-v" "/var/lib/crater-agent-workspace/builds/worker-99/source:/opt/rustwide/workdir:ro,Z" "-v" "/var/lib/crater-agent-workspace/cargo-home:/opt/rustwide/cargo-home:ro,Z" "-v" "/var/lib/crater-agent-workspace/rustup-home:/opt/rustwide/rustup-home:ro,Z" "-e" "SOURCE_DIR=/opt/rustwide/workdir" "-e" "CARGO_TARGET_DIR=/opt/rustwide/target" "-e" "CARGO_INCREMENTAL=0" "-e" "RUST_BACKTRACE=full" "-e" "RUSTFLAGS=--cap-lints=warn" "-e" "CARGO_HOME=/opt/rustwide/cargo-home" "-e" "RUSTUP_HOME=/opt/rustwide/rustup-home" "-w" "/opt/rustwide/workdir" "-m" "1610612736" "--user" "0:0" "--network" "none" "ghcr.io/rust-lang/crates-build-env/linux@sha256:34b6a614d2c27851fe6cbf88fbd1137609cefab8b10d0615aaeb6fd47975d74e" "/opt/rustwide/cargo-home/bin/cargo" "+beta-2021-08-01" "build" "--frozen" "--message-format=json", kill_on_drop: false }`
[INFO] [stdout] 9543babe2690e32088f362dd36b838080901e73ea080f321de0594472944e8e4
[INFO] running `Command { std: "docker" "start" "-a" "9543babe2690e32088f362dd36b838080901e73ea080f321de0594472944e8e4", kill_on_drop: false }`
[INFO] [stderr]     Blocking waiting for file lock on package cache
[INFO] [stderr]    Compiling utf8-width v0.1.5
[INFO] [stderr]    Compiling byte-unit v4.0.12 (/opt/rustwide/workdir)
[INFO] [stderr]     Finished dev [unoptimized + debuginfo] target(s) in 1.46s
[INFO] running `Command { std: "docker" "inspect" "9543babe2690e32088f362dd36b838080901e73ea080f321de0594472944e8e4", kill_on_drop: false }`
[INFO] running `Command { std: "docker" "rm" "-f" "9543babe2690e32088f362dd36b838080901e73ea080f321de0594472944e8e4", kill_on_drop: false }`
[INFO] [stdout] 9543babe2690e32088f362dd36b838080901e73ea080f321de0594472944e8e4
[INFO] running `Command { std: "docker" "create" "-v" "/var/lib/crater-agent-workspace/builds/worker-99/target:/opt/rustwide/target:rw,Z" "-v" "/var/lib/crater-agent-workspace/builds/worker-99/source:/opt/rustwide/workdir:ro,Z" "-v" "/var/lib/crater-agent-workspace/cargo-home:/opt/rustwide/cargo-home:ro,Z" "-v" "/var/lib/crater-agent-workspace/rustup-home:/opt/rustwide/rustup-home:ro,Z" "-e" "SOURCE_DIR=/opt/rustwide/workdir" "-e" "CARGO_TARGET_DIR=/opt/rustwide/target" "-e" "CARGO_INCREMENTAL=0" "-e" "RUST_BACKTRACE=full" "-e" "RUSTFLAGS=--cap-lints=warn" "-e" "CARGO_HOME=/opt/rustwide/cargo-home" "-e" "RUSTUP_HOME=/opt/rustwide/rustup-home" "-w" "/opt/rustwide/workdir" "-m" "1610612736" "--user" "0:0" "--network" "none" "ghcr.io/rust-lang/crates-build-env/linux@sha256:34b6a614d2c27851fe6cbf88fbd1137609cefab8b10d0615aaeb6fd47975d74e" "/opt/rustwide/cargo-home/bin/cargo" "+beta-2021-08-01" "test" "--frozen" "--no-run" "--message-format=json", kill_on_drop: false }`
[INFO] [stdout] 5785654bf6cd3bfcd589e9f950100a123b17957caead996d92014fb6d23a9667
[INFO] running `Command { std: "docker" "start" "-a" "5785654bf6cd3bfcd589e9f950100a123b17957caead996d92014fb6d23a9667", kill_on_drop: false }`
[INFO] [stderr]    Compiling byte-unit v4.0.12 (/opt/rustwide/workdir)
[INFO] [stderr]     Finished test [unoptimized + debuginfo] target(s) in 0.93s
[INFO] running `Command { std: "docker" "inspect" "5785654bf6cd3bfcd589e9f950100a123b17957caead996d92014fb6d23a9667", kill_on_drop: false }`
[INFO] running `Command { std: "docker" "rm" "-f" "5785654bf6cd3bfcd589e9f950100a123b17957caead996d92014fb6d23a9667", kill_on_drop: false }`
[INFO] [stdout] 5785654bf6cd3bfcd589e9f950100a123b17957caead996d92014fb6d23a9667
[INFO] running `Command { std: "docker" "create" "-v" "/var/lib/crater-agent-workspace/builds/worker-99/target:/opt/rustwide/target:rw,Z" "-v" "/var/lib/crater-agent-workspace/builds/worker-99/source:/opt/rustwide/workdir:ro,Z" "-v" "/var/lib/crater-agent-workspace/cargo-home:/opt/rustwide/cargo-home:ro,Z" "-v" "/var/lib/crater-agent-workspace/rustup-home:/opt/rustwide/rustup-home:ro,Z" "-e" "SOURCE_DIR=/opt/rustwide/workdir" "-e" "CARGO_TARGET_DIR=/opt/rustwide/target" "-e" "CARGO_INCREMENTAL=0" "-e" "RUST_BACKTRACE=full" "-e" "RUSTFLAGS=--cap-lints=warn" "-e" "CARGO_HOME=/opt/rustwide/cargo-home" "-e" "RUSTUP_HOME=/opt/rustwide/rustup-home" "-w" "/opt/rustwide/workdir" "-m" "1610612736" "--user" "0:0" "--network" "none" "ghcr.io/rust-lang/crates-build-env/linux@sha256:34b6a614d2c27851fe6cbf88fbd1137609cefab8b10d0615aaeb6fd47975d74e" "/opt/rustwide/cargo-home/bin/cargo" "+beta-2021-08-01" "test" "--frozen", kill_on_drop: false }`
[INFO] [stdout] b69c3794c1debb3e5763e676d1f52489215617478ec33d549d5581c1601d1e5b
[INFO] running `Command { std: "docker" "start" "-a" "b69c3794c1debb3e5763e676d1f52489215617478ec33d549d5581c1601d1e5b", kill_on_drop: false }`
[INFO] [stderr]     Finished test [unoptimized + debuginfo] target(s) in 0.25s
[INFO] [stdout] 
[INFO] [stderr]      Running unittests (/opt/rustwide/target/debug/deps/byte_unit-bb2853c183c5a05b)
[INFO] [stdout] running 0 tests
[INFO] [stderr]    Doc-tests byte-unit
[INFO] [stdout] 
[INFO] [stdout] test result: ok. 0 passed; 0 failed; 0 ignored; 0 measured; 0 filtered out; finished in 0.00s
[INFO] [stdout] 
[INFO] [stdout] 
[INFO] [stdout] running 63 tests
[INFO] [stdout] test src/adjusted_byte.rs - adjusted_byte::AdjustedByte::cmp (line 171) ... ok
[INFO] [stdout] test src/adjusted_byte.rs - adjusted_byte::AdjustedByte::cmp (line 160) ... ok
[INFO] [stdout] test src/lib.rs - (line 37) ... FAILED
[INFO] [stdout] test src/lib.rs - (line 73) ... FAILED
[INFO] [stdout] test src/byte.rs - byte::Byte::get_appropriate_unit (line 405) ... FAILED
[INFO] [stdout] test src/byte.rs - byte::Byte::get_appropriate_unit (line 393) ... FAILED
[INFO] [stdout] test src/byte_unit.rs - byte_unit::ByteUnit::as_str (line 92) ... FAILED
[INFO] [stdout] test src/byte.rs - byte::Byte::from_str (line 136) ... FAILED
[INFO] [stdout] test src/macros.rs - n_tib_bytes (line 229) ... ok
[INFO] [stdout] test src/byte.rs - byte::Byte::get_bytes (line 288) ... FAILED
[INFO] [stderr] error: test failed, to rerun pass '--doc'
[INFO] [stderr] 
[INFO] [stderr] Caused by:
[INFO] [stderr]   process didn't exit successfully: `rustdoc --edition=2018 --crate-type lib --crate-name byte_unit --test /opt/rustwide/workdir/src/lib.rs -L dependency=/opt/rustwide/target/debug/deps -L dependency=/opt/rustwide/target/debug/deps --extern byte_unit=/opt/rustwide/target/debug/deps/libbyte_unit-5b862487d8c8bd4d.rlib --extern utf8_width=/opt/rustwide/target/debug/deps/libutf8_width-f7645fba0b5b20da.rlib -C embed-bitcode=no --cfg 'feature="default"' --cfg 'feature="std"' --cfg 'feature="u128"' --error-format human` (signal: 9, SIGKILL: kill)
[INFO] running `Command { std: "docker" "inspect" "b69c3794c1debb3e5763e676d1f52489215617478ec33d549d5581c1601d1e5b", kill_on_drop: false }`
[INFO] running `Command { std: "docker" "rm" "-f" "b69c3794c1debb3e5763e676d1f52489215617478ec33d549d5581c1601d1e5b", kill_on_drop: false }`
[INFO] [stdout] b69c3794c1debb3e5763e676d1f52489215617478ec33d549d5581c1601d1e5b
