[INFO] fetching crate bendy 0.4.0-beta.1...
[INFO] testing bendy-0.4.0-beta.1 against beta-2021-08-01 for beta-1.55-1
[INFO] extracting crate bendy 0.4.0-beta.1 into /workspace/builds/worker-0/source
[INFO] validating manifest of crates.io crate bendy 0.4.0-beta.1 on toolchain beta-2021-08-01
[INFO] running `Command { std: "/workspace/cargo-home/bin/cargo" "+beta-2021-08-01" "metadata" "--manifest-path" "Cargo.toml" "--no-deps", kill_on_drop: false }`
[INFO] started tweaking crates.io crate bendy 0.4.0-beta.1
[INFO] removed 0 missing examples
[INFO] removed 0 missing tests
[INFO] finished tweaking crates.io crate bendy 0.4.0-beta.1
[INFO] tweaked toml for crates.io crate bendy 0.4.0-beta.1 written to /workspace/builds/worker-0/source/Cargo.toml
[INFO] crate crates.io crate bendy 0.4.0-beta.1 already has a lockfile, it will not be regenerated
[INFO] running `Command { std: "/workspace/cargo-home/bin/cargo" "+beta-2021-08-01" "fetch" "--manifest-path" "Cargo.toml", kill_on_drop: false }`
[INFO] [stderr]     Blocking waiting for file lock on package cache
[INFO] [stderr]     Blocking waiting for file lock on package cache
[INFO] running `Command { std: "docker" "create" "-v" "/var/lib/crater-agent-workspace/builds/worker-0/target:/opt/rustwide/target:rw,Z" "-v" "/var/lib/crater-agent-workspace/builds/worker-0/source:/opt/rustwide/workdir:ro,Z" "-v" "/var/lib/crater-agent-workspace/cargo-home:/opt/rustwide/cargo-home:ro,Z" "-v" "/var/lib/crater-agent-workspace/rustup-home:/opt/rustwide/rustup-home:ro,Z" "-e" "SOURCE_DIR=/opt/rustwide/workdir" "-e" "CARGO_TARGET_DIR=/opt/rustwide/target" "-e" "CARGO_HOME=/opt/rustwide/cargo-home" "-e" "RUSTUP_HOME=/opt/rustwide/rustup-home" "-w" "/opt/rustwide/workdir" "-m" "1610612736" "--user" "0:0" "--network" "none" "ghcr.io/rust-lang/crates-build-env/linux@sha256:34b6a614d2c27851fe6cbf88fbd1137609cefab8b10d0615aaeb6fd47975d74e" "/opt/rustwide/cargo-home/bin/cargo" "+beta-2021-08-01" "metadata" "--no-deps" "--format-version=1", kill_on_drop: false }`
[INFO] [stdout] 8863184970cd50a3c80c262bebf3a5784335398b2f88e5a9ebc02d84baec0e60
[INFO] running `Command { std: "docker" "start" "-a" "8863184970cd50a3c80c262bebf3a5784335398b2f88e5a9ebc02d84baec0e60", kill_on_drop: false }`
[INFO] running `Command { std: "docker" "inspect" "8863184970cd50a3c80c262bebf3a5784335398b2f88e5a9ebc02d84baec0e60", kill_on_drop: false }`
[INFO] running `Command { std: "docker" "rm" "-f" "8863184970cd50a3c80c262bebf3a5784335398b2f88e5a9ebc02d84baec0e60", kill_on_drop: false }`
[INFO] [stdout] 8863184970cd50a3c80c262bebf3a5784335398b2f88e5a9ebc02d84baec0e60
[INFO] running `Command { std: "docker" "create" "-v" "/var/lib/crater-agent-workspace/builds/worker-0/target:/opt/rustwide/target:rw,Z" "-v" "/var/lib/crater-agent-workspace/builds/worker-0/source:/opt/rustwide/workdir:ro,Z" "-v" "/var/lib/crater-agent-workspace/cargo-home:/opt/rustwide/cargo-home:ro,Z" "-v" "/var/lib/crater-agent-workspace/rustup-home:/opt/rustwide/rustup-home:ro,Z" "-e" "SOURCE_DIR=/opt/rustwide/workdir" "-e" "CARGO_TARGET_DIR=/opt/rustwide/target" "-e" "CARGO_INCREMENTAL=0" "-e" "RUST_BACKTRACE=full" "-e" "RUSTFLAGS=--cap-lints=warn" "-e" "CARGO_HOME=/opt/rustwide/cargo-home" "-e" "RUSTUP_HOME=/opt/rustwide/rustup-home" "-w" "/opt/rustwide/workdir" "-m" "1610612736" "--user" "0:0" "--network" "none" "ghcr.io/rust-lang/crates-build-env/linux@sha256:34b6a614d2c27851fe6cbf88fbd1137609cefab8b10d0615aaeb6fd47975d74e" "/opt/rustwide/cargo-home/bin/cargo" "+beta-2021-08-01" "build" "--frozen" "--message-format=json", kill_on_drop: false }`
[INFO] [stdout] accb8fba80c9117d872fcd9afa59be542aca044d3df1138028b4598551d5f562
[INFO] running `Command { std: "docker" "start" "-a" "accb8fba80c9117d872fcd9afa59be542aca044d3df1138028b4598551d5f562", kill_on_drop: false }`
[INFO] [stderr]    Compiling proc-macro2 v1.0.27
[INFO] [stderr]    Compiling syn v1.0.72
[INFO] [stderr]    Compiling doc-comment v0.3.3
[INFO] [stderr]    Compiling rustversion v1.0.5
[INFO] [stderr]    Compiling quote v1.0.9
[INFO] [stderr]    Compiling snafu-derive v0.6.10
[INFO] [stderr]    Compiling snafu v0.6.10
[INFO] [stderr]    Compiling bendy v0.4.0-beta.1 (/opt/rustwide/workdir)
[INFO] [stderr]     Finished dev [unoptimized + debuginfo] target(s) in 12.61s
[INFO] running `Command { std: "docker" "inspect" "accb8fba80c9117d872fcd9afa59be542aca044d3df1138028b4598551d5f562", kill_on_drop: false }`
[INFO] running `Command { std: "docker" "rm" "-f" "accb8fba80c9117d872fcd9afa59be542aca044d3df1138028b4598551d5f562", kill_on_drop: false }`
[INFO] [stdout] accb8fba80c9117d872fcd9afa59be542aca044d3df1138028b4598551d5f562
[INFO] running `Command { std: "docker" "create" "-v" "/var/lib/crater-agent-workspace/builds/worker-0/target:/opt/rustwide/target:rw,Z" "-v" "/var/lib/crater-agent-workspace/builds/worker-0/source:/opt/rustwide/workdir:ro,Z" "-v" "/var/lib/crater-agent-workspace/cargo-home:/opt/rustwide/cargo-home:ro,Z" "-v" "/var/lib/crater-agent-workspace/rustup-home:/opt/rustwide/rustup-home:ro,Z" "-e" "SOURCE_DIR=/opt/rustwide/workdir" "-e" "CARGO_TARGET_DIR=/opt/rustwide/target" "-e" "CARGO_INCREMENTAL=0" "-e" "RUST_BACKTRACE=full" "-e" "RUSTFLAGS=--cap-lints=warn" "-e" "CARGO_HOME=/opt/rustwide/cargo-home" "-e" "RUSTUP_HOME=/opt/rustwide/rustup-home" "-w" "/opt/rustwide/workdir" "-m" "1610612736" "--user" "0:0" "--network" "none" "ghcr.io/rust-lang/crates-build-env/linux@sha256:34b6a614d2c27851fe6cbf88fbd1137609cefab8b10d0615aaeb6fd47975d74e" "/opt/rustwide/cargo-home/bin/cargo" "+beta-2021-08-01" "test" "--frozen" "--no-run" "--message-format=json", kill_on_drop: false }`
[INFO] [stdout] b4f28a6cdb7b9d7f91f037ffbd700942ef606d9fc0ed3977b092f5e22032d9c3
[INFO] running `Command { std: "docker" "start" "-a" "b4f28a6cdb7b9d7f91f037ffbd700942ef606d9fc0ed3977b092f5e22032d9c3", kill_on_drop: false }`
[INFO] [stderr]    Compiling memchr v2.4.0
[INFO] [stderr]    Compiling serde_derive v1.0.126
[INFO] [stderr]    Compiling regex-syntax v0.6.25
[INFO] [stderr]    Compiling aho-corasick v0.7.18
[INFO] [stderr]    Compiling regex v1.5.4
[INFO] [stderr]    Compiling bendy v0.4.0-beta.1 (/opt/rustwide/workdir)
[INFO] [stderr]     Finished test [unoptimized + debuginfo] target(s) in 16.20s
[INFO] running `Command { std: "docker" "inspect" "b4f28a6cdb7b9d7f91f037ffbd700942ef606d9fc0ed3977b092f5e22032d9c3", kill_on_drop: false }`
[INFO] running `Command { std: "docker" "rm" "-f" "b4f28a6cdb7b9d7f91f037ffbd700942ef606d9fc0ed3977b092f5e22032d9c3", kill_on_drop: false }`
[INFO] [stdout] b4f28a6cdb7b9d7f91f037ffbd700942ef606d9fc0ed3977b092f5e22032d9c3
[INFO] running `Command { std: "docker" "create" "-v" "/var/lib/crater-agent-workspace/builds/worker-0/target:/opt/rustwide/target:rw,Z" "-v" "/var/lib/crater-agent-workspace/builds/worker-0/source:/opt/rustwide/workdir:ro,Z" "-v" "/var/lib/crater-agent-workspace/cargo-home:/opt/rustwide/cargo-home:ro,Z" "-v" "/var/lib/crater-agent-workspace/rustup-home:/opt/rustwide/rustup-home:ro,Z" "-e" "SOURCE_DIR=/opt/rustwide/workdir" "-e" "CARGO_TARGET_DIR=/opt/rustwide/target" "-e" "CARGO_INCREMENTAL=0" "-e" "RUST_BACKTRACE=full" "-e" "RUSTFLAGS=--cap-lints=warn" "-e" "CARGO_HOME=/opt/rustwide/cargo-home" "-e" "RUSTUP_HOME=/opt/rustwide/rustup-home" "-w" "/opt/rustwide/workdir" "-m" "1610612736" "--user" "0:0" "--network" "none" "ghcr.io/rust-lang/crates-build-env/linux@sha256:34b6a614d2c27851fe6cbf88fbd1137609cefab8b10d0615aaeb6fd47975d74e" "/opt/rustwide/cargo-home/bin/cargo" "+beta-2021-08-01" "test" "--frozen", kill_on_drop: false }`
[INFO] [stdout] 0f52ea9318e0d5ce336dabd3f10b06d8ef10a082cf4d2e04f526070241679d59
[INFO] running `Command { std: "docker" "start" "-a" "0f52ea9318e0d5ce336dabd3f10b06d8ef10a082cf4d2e04f526070241679d59", kill_on_drop: false }`
[INFO] [stderr]     Finished test [unoptimized + debuginfo] target(s) in 0.02s
[INFO] [stderr]      Running unittests (/opt/rustwide/target/debug/deps/bendy-6245122d39fb26fd)
[INFO] [stdout] 
[INFO] [stdout] running 45 tests
[INFO] [stdout] test decoding::decoder::test::bytes_or_else_should_not_work_on_other_types ... ok
[INFO] [stdout] test decoding::decoder::test::bytes_or_else_should_work_on_bytes ... ok
[INFO] [stdout] test decoding::decoder::test::bytes_or_should_work_on_bytes ... ok
[INFO] [stdout] test decoding::decoder::test::bytes_or_should_not_work_on_other_types ... ok
[INFO] [stdout] test decoding::decoder::test::dict_drop_should_consume_struct ... ok
[INFO] [stdout] test decoding::decoder::test::dictionary_or_else_should_not_work_on_other_types ... ok
[INFO] [stdout] test decoding::decoder::test::dictionary_or_else_should_work_on_dict ... ok
[INFO] [stdout] test decoding::decoder::test::dictionary_or_should_not_work_on_other_types ... ok
[INFO] [stdout] test decoding::decoder::test::dictionary_or_should_work_on_dict ... ok
[INFO] [stdout] test decoding::decoder::test::integer_str_or_else_should_not_work_on_other_types ... ok
[INFO] [stdout] test decoding::decoder::test::integer_str_or_else_should_work_on_int ... ok
[INFO] [stdout] test decoding::decoder::test::integer_str_or_should_not_work_on_other_types ... ok
[INFO] [stdout] test decoding::decoder::test::integer_str_or_should_work_on_int ... ok
[INFO] [stdout] test decoding::decoder::test::list_or_else_should_not_work_on_other_types ... ok
[INFO] [stdout] test decoding::decoder::test::list_or_should_not_work_on_other_types ... ok
[INFO] [stdout] test decoding::decoder::test::list_or_should_work_on_list ... ok
[INFO] [stdout] test decoding::decoder::test::list_or_else_should_work_on_list ... ok
[INFO] [stdout] test decoding::decoder::test::list_drop_should_consume_struct ... ok
[INFO] [stdout] test decoding::decoder::test::negative_numbers_and_zero_should_parse ... ok
[INFO] [stdout] test decoding::decoder::test::leading_zeros_are_illegal ... ok
[INFO] [stdout] test decoding::decoder::test::recursion_bounds_should_be_tight ... ok
[INFO] [stdout] test decoding::decoder::test::ints_must_have_bodies ... ok
[INFO] [stdout] test decoding::decoder::test::map_keys_must_ascend ... ok
[INFO] [stdout] test decoding::decoder::test::map_keys_must_be_strings ... ok
[INFO] [stdout] test decoding::decoder::test::map_keys_must_be_unique ... ok
[INFO] [stdout] test decoding::decoder::test::simple_bdecode_tokenization ... ok
[INFO] [stdout] test decoding::decoder::test::map_keys_must_have_values ... ok
[INFO] [stdout] test decoding::decoder::test::short_list_should_fail ... ok
[INFO] [stdout] test decoding::decoder::test::negative_zero_is_illegal ... ok
[INFO] [stdout] test decoding::decoder::test::strings_must_have_bodies ... ok
[INFO] [stdout] test decoding::decoder::test::short_int_should_fail ... ok
[INFO] [stdout] test decoding::decoder::test::short_dict_should_fail ... ok
[INFO] [stdout] test decoding::from_bencode::test::from_bencode_to_string_should_work_with_valid_input ... ok
[INFO] [stdout] test encoding::encoder::test::emit_cb_must_emit ... ok
[INFO] [stdout] test decoding::from_bencode::test::from_bencode_to_as_string_should_work_with_valid_input ... ok
[INFO] [stdout] test encoding::encoder::test::simple_encoding_works ... ok
[INFO] [stdout] test encoding::to_bencode::test::simple_encodable_works ... ok
[INFO] [stdout] test value::tests::bytes ... ok
[INFO] [stdout] test value::tests::dict ... ok
[INFO] [stdout] test value::tests::integer ... ok
[INFO] [stdout] test value::tests::list ... ok
[INFO] [stdout] test decoding::decoder::test::recursion_should_be_limited ... ok
[INFO] [stdout] test decoding::from_bencode::test::from_bencode_to_as_string_should_fail_for_dictionary - should panic ... ok
[INFO] [stdout] test decoding::from_bencode::test::from_bencode_to_as_string_should_fail_for_integer - should panic ... ok
[INFO] [stdout] test decoding::from_bencode::test::from_bencode_to_as_string_should_fail_for_list - should panic ... ok
[INFO] [stdout] 
[INFO] [stdout] test result: ok. 45 passed; 0 failed; 0 ignored; 0 measured; 0 filtered out; finished in 0.05s
[INFO] [stdout] 
[INFO] [stderr]      Running tests/core_test.rs (/opt/rustwide/target/debug/deps/core_test-f4367587f55b806c)
[INFO] [stdout] 
[INFO] [stdout] running 10 tests
[INFO] [stderr]      Running tests/struct_codec.rs (/opt/rustwide/target/debug/deps/struct_codec-30f449118e8d4cd0)
[INFO] [stdout] test illegal_dictionary_encodings ... ok
[INFO] [stdout] test illegal_integer_encodings ... ok
[INFO] [stdout] test illegal_list_encodings ... ok
[INFO] [stdout] test illegal_string_encodings ... ok
[INFO] [stdout] test integer_test_pairs ... ok
[INFO] [stdout] test list_test_pairs ... ok
[INFO] [stdout] test map_test_pairs ... ok
[INFO] [stdout] test mixed_use_list_pairs ... ok
[INFO] [stdout] test string_test_pairs ... ok
[INFO] [stdout] test mixed_use_dict_pairs ... ok
[INFO] [stdout] 
[INFO] [stdout] test result: ok. 10 passed; 0 failed; 0 ignored; 0 measured; 0 filtered out; finished in 0.01s
[INFO] [stdout] 
[INFO] [stdout] 
[INFO] [stdout] running 3 tests
[INFO] [stdout] test should_encode_struct ... ok
[INFO] [stdout] test should_decode_struct ... ok
[INFO] [stdout] test validate_round_trip ... ok
[INFO] [stdout] 
[INFO] [stdout] test result: ok. 3 passed; 0 failed; 0 ignored; 0 measured; 0 filtered out; finished in 0.00s
[INFO] [stdout] 
[INFO] [stderr]    Doc-tests bendy
[INFO] [stdout] 
[INFO] [stdout] running 35 tests
[INFO] [stdout] test src/lib.rs - _ (line 312) ... FAILED
[INFO] [stdout] test src/lib.rs - _ (line 350) ... FAILED
[INFO] [stdout] test src/lib.rs - _ (line 517) ... FAILED
[INFO] [stdout] test src/lib.rs - _ (line 386) ... FAILED
[INFO] [stdout] test src/lib.rs - _ (line 420) ... FAILED
[INFO] [stdout] test src/lib.rs - _ (line 182) ... FAILED
[INFO] [stdout] test src/decoding/object.rs - decoding::object::Object::try_into_integer (line 192) ... FAILED
[INFO] [stdout] test src/lib.rs - _ (line 459) ... FAILED
[INFO] [stdout] test src/decoding/object.rs - decoding::object::Object::integer_or (line 129) ... FAILED
[INFO] [stdout] test src/decoding/object.rs - decoding::object::Object::dictionary_or (line 313) ... FAILED
[INFO] [stdout] test src/decoding/object.rs - decoding::object::Object::bytes_or_else (line 68) ... FAILED
[INFO] [stdout] test src/lib.rs - _ (line 283) ... FAILED
[INFO] [stdout] test src/lib.rs - _ (line 587) ... ok
[INFO] [stdout] test src/lib.rs - _ (line 211) ... ok
[INFO] [stdout] test src/encoding.rs - encoding (line 42) ... ok
[INFO] [stdout] test src/decoding.rs - decoding (line 18) ... ok
[INFO] [stdout] test src/lib.rs - _ (line 153) ... ok
[INFO] [stdout] test src/lib.rs - _ (line 121) ... ok
[INFO] [stdout] test src/decoding/object.rs - decoding::object::Object::list_or_else (line 249) ... ok
[INFO] [stdout] test src/decoding/object.rs - decoding::object::Object::list_or (line 219) ... ok
[INFO] [stdout] test src/decoding.rs - decoding (line 54) ... ok
[INFO] [stdout] test src/decoding/object.rs - decoding::object::Object::try_into_bytes (line 102) ... ok
[INFO] [stdout] test src/encoding.rs - encoding (line 89) ... ok
[INFO] [stdout] test src/decoding.rs - decoding (line 30) ... ok
[INFO] [stdout] test src/decoding/object.rs - decoding::object::Object::try_into_list (line 284) ... ok
[INFO] [stdout] test src/encoding/encoder.rs - encoding::encoder::Encoder::emit_dict (line 128) ... ok
[INFO] [stdout] test src/decoding/object.rs - decoding::object::Object::try_into_dictionary (line 380) ... ok
[INFO] [stdout] test src/decoding/object.rs - decoding::object::Object::bytes_or (line 41) ... ok
[INFO] [stdout] test src/decoding/object.rs - decoding::object::Object::dictionary_or_else (line 343) ... ok
[INFO] [stdout] test src/lib.rs - _ (line 248) ... ok
[INFO] [stdout] test src/encoding/encoder.rs - encoding::encoder::Encoder::emit_list (line 153) ... ok
[INFO] [stdout] test src/decoding/object.rs - decoding::object::Object::integer_or_else (line 157) ... ok
[INFO] [stdout] test src/encoding.rs - encoding (line 8) ... ok
[INFO] [stdout] test src/decoding.rs - decoding (line 6) ... ok
[INFO] [stdout] test src/encoding/encoder.rs - encoding::encoder::Encoder::emit_and_sort_dict (line 179) ... ok
[INFO] [stdout] 
[INFO] [stdout] failures:
[INFO] [stdout] 
[INFO] [stdout] ---- src/lib.rs - _ (line 312) stdout ----
[INFO] [stdout] Couldn't compile the test.
[INFO] [stdout] ---- src/lib.rs - _ (line 350) stdout ----
[INFO] [stdout] Couldn't compile the test.
[INFO] [stdout] ---- src/lib.rs - _ (line 517) stdout ----
[INFO] [stdout] Couldn't compile the test.
[INFO] [stdout] ---- src/lib.rs - _ (line 386) stdout ----
[INFO] [stdout] Couldn't compile the test.
[INFO] [stdout] ---- src/lib.rs - _ (line 420) stdout ----
[INFO] [stdout] Couldn't compile the test.
[INFO] [stdout] ---- src/lib.rs - _ (line 182) stdout ----
[INFO] [stdout] Couldn't compile the test.
[INFO] [stdout] ---- src/decoding/object.rs - decoding::object::Object::try_into_integer (line 192) stdout ----
[INFO] [stdout] Couldn't compile the test.
[INFO] [stdout] ---- src/lib.rs - _ (line 459) stdout ----
[INFO] [stdout] Couldn't compile the test.
[INFO] [stdout] ---- src/decoding/object.rs - decoding::object::Object::integer_or (line 129) stdout ----
[INFO] [stdout] Couldn't compile the test.
[INFO] [stdout] ---- src/decoding/object.rs - decoding::object::Object::dictionary_or (line 313) stdout ----
[INFO] [stdout] Couldn't compile the test.
[INFO] [stdout] ---- src/decoding/object.rs - decoding::object::Object::bytes_or_else (line 68) stdout ----
[INFO] [stdout] Couldn't compile the test.
[INFO] [stdout] ---- src/lib.rs - _ (line 283) stdout ----
[INFO] [stdout] Couldn't compile the test.
[INFO] [stdout] 
[INFO] [stdout] failures:
[INFO] [stdout]     src/decoding/object.rs - decoding::object::Object::bytes_or_else (line 68)
[INFO] [stdout]     src/decoding/object.rs - decoding::object::Object::dictionary_or (line 313)
[INFO] [stdout]     src/decoding/object.rs - decoding::object::Object::integer_or (line 129)
[INFO] [stdout]     src/decoding/object.rs - decoding::object::Object::try_into_integer (line 192)
[INFO] [stdout]     src/lib.rs - _ (line 182)
[INFO] [stdout]     src/lib.rs - _ (line 283)
[INFO] [stdout]     src/lib.rs - _ (line 312)
[INFO] [stdout]     src/lib.rs - _ (line 350)
[INFO] [stdout]     src/lib.rs - _ (line 386)
[INFO] [stdout]     src/lib.rs - _ (line 420)
[INFO] [stdout]     src/lib.rs - _ (line 459)
[INFO] [stdout]     src/lib.rs - _ (line 517)
[INFO] [stdout] 
[INFO] [stdout] test result: FAILED. 23 passed; 12 failed; 0 ignored; 0 measured; 0 filtered out; finished in 2.41s
[INFO] [stdout] 
[INFO] [stderr] error: test failed, to rerun pass '--doc'
[INFO] running `Command { std: "docker" "inspect" "0f52ea9318e0d5ce336dabd3f10b06d8ef10a082cf4d2e04f526070241679d59", kill_on_drop: false }`
[INFO] running `Command { std: "docker" "rm" "-f" "0f52ea9318e0d5ce336dabd3f10b06d8ef10a082cf4d2e04f526070241679d59", kill_on_drop: false }`
[INFO] [stdout] 0f52ea9318e0d5ce336dabd3f10b06d8ef10a082cf4d2e04f526070241679d59
