[INFO] fetching crate agora 0.0.1...
[INFO] testing agora-0.0.1 against 1.54.0 for beta-1.55-1
[INFO] extracting crate agora 0.0.1 into /workspace/builds/worker-93/source
[INFO] validating manifest of crates.io crate agora 0.0.1 on toolchain 1.54.0
[INFO] running `Command { std: "/workspace/cargo-home/bin/cargo" "+1.54.0" "metadata" "--manifest-path" "Cargo.toml" "--no-deps", kill_on_drop: false }`
[INFO] removed /workspace/builds/worker-93/source/rust-toolchain
[INFO] started tweaking crates.io crate agora 0.0.1
[INFO] removed 0 missing tests
[INFO] finished tweaking crates.io crate agora 0.0.1
[INFO] tweaked toml for crates.io crate agora 0.0.1 written to /workspace/builds/worker-93/source/Cargo.toml
[INFO] crate crates.io crate agora 0.0.1 already has a lockfile, it will not be regenerated
[INFO] running `Command { std: "/workspace/cargo-home/bin/cargo" "+1.54.0" "fetch" "--manifest-path" "Cargo.toml", kill_on_drop: false }`
[INFO] [stderr]     Blocking waiting for file lock on package cache
[INFO] [stderr]     Blocking waiting for file lock on package cache
[INFO] running `Command { std: "docker" "create" "-v" "/var/lib/crater-agent-workspace/builds/worker-93/target:/opt/rustwide/target:rw,Z" "-v" "/var/lib/crater-agent-workspace/builds/worker-93/source:/opt/rustwide/workdir:ro,Z" "-v" "/var/lib/crater-agent-workspace/cargo-home:/opt/rustwide/cargo-home:ro,Z" "-v" "/var/lib/crater-agent-workspace/rustup-home:/opt/rustwide/rustup-home:ro,Z" "-e" "SOURCE_DIR=/opt/rustwide/workdir" "-e" "CARGO_TARGET_DIR=/opt/rustwide/target" "-e" "CARGO_HOME=/opt/rustwide/cargo-home" "-e" "RUSTUP_HOME=/opt/rustwide/rustup-home" "-w" "/opt/rustwide/workdir" "-m" "1610612736" "--user" "0:0" "--network" "none" "ghcr.io/rust-lang/crates-build-env/linux@sha256:34b6a614d2c27851fe6cbf88fbd1137609cefab8b10d0615aaeb6fd47975d74e" "/opt/rustwide/cargo-home/bin/cargo" "+1.54.0" "metadata" "--no-deps" "--format-version=1", kill_on_drop: false }`
[INFO] [stdout] a4af65bb05fbb803c271eeab4f4841612713d823b431de75d6762b2f16481531
[INFO] running `Command { std: "docker" "start" "-a" "a4af65bb05fbb803c271eeab4f4841612713d823b431de75d6762b2f16481531", kill_on_drop: false }`
[INFO] running `Command { std: "docker" "inspect" "a4af65bb05fbb803c271eeab4f4841612713d823b431de75d6762b2f16481531", kill_on_drop: false }`
[INFO] running `Command { std: "docker" "rm" "-f" "a4af65bb05fbb803c271eeab4f4841612713d823b431de75d6762b2f16481531", kill_on_drop: false }`
[INFO] [stdout] a4af65bb05fbb803c271eeab4f4841612713d823b431de75d6762b2f16481531
[INFO] running `Command { std: "docker" "create" "-v" "/var/lib/crater-agent-workspace/builds/worker-93/target:/opt/rustwide/target:rw,Z" "-v" "/var/lib/crater-agent-workspace/builds/worker-93/source:/opt/rustwide/workdir:ro,Z" "-v" "/var/lib/crater-agent-workspace/cargo-home:/opt/rustwide/cargo-home:ro,Z" "-v" "/var/lib/crater-agent-workspace/rustup-home:/opt/rustwide/rustup-home:ro,Z" "-e" "SOURCE_DIR=/opt/rustwide/workdir" "-e" "CARGO_TARGET_DIR=/opt/rustwide/target" "-e" "CARGO_INCREMENTAL=0" "-e" "RUST_BACKTRACE=full" "-e" "RUSTFLAGS=--cap-lints=warn" "-e" "CARGO_HOME=/opt/rustwide/cargo-home" "-e" "RUSTUP_HOME=/opt/rustwide/rustup-home" "-w" "/opt/rustwide/workdir" "-m" "1610612736" "--user" "0:0" "--network" "none" "ghcr.io/rust-lang/crates-build-env/linux@sha256:34b6a614d2c27851fe6cbf88fbd1137609cefab8b10d0615aaeb6fd47975d74e" "/opt/rustwide/cargo-home/bin/cargo" "+1.54.0" "build" "--frozen" "--message-format=json", kill_on_drop: false }`
[INFO] [stdout] dd3fb59cb016b486e657acd6fa1d81ebc76bf0ac5c414ecd6e72836690ace73b
[INFO] running `Command { std: "docker" "start" "-a" "dd3fb59cb016b486e657acd6fa1d81ebc76bf0ac5c414ecd6e72836690ace73b", kill_on_drop: false }`
[INFO] [stderr]     Blocking waiting for file lock on package cache
[INFO] [stderr]    Compiling proc-macro2 v1.0.26
[INFO] [stderr]    Compiling unicode-xid v0.2.1
[INFO] [stderr]    Compiling syn v1.0.70
[INFO] [stderr]    Compiling version_check v0.9.3
[INFO] [stderr]    Compiling libc v0.2.94
[INFO] [stderr]    Compiling memchr v2.4.0
[INFO] [stderr]    Compiling autocfg v1.0.1
[INFO] [stderr]    Compiling pin-project-lite v0.2.6
[INFO] [stderr]    Compiling log v0.4.14
[INFO] [stderr]    Compiling cfg-if v1.0.0
[INFO] [stderr]    Compiling proc-macro-hack v0.5.19
[INFO] [stderr]    Compiling proc-macro-nested v0.1.7
[INFO] [stderr]    Compiling futures-core v0.3.14
[INFO] [stderr]    Compiling futures-sink v0.3.14
[INFO] [stderr]    Compiling bytes v1.0.1
[INFO] [stderr]    Compiling futures-io v0.3.14
[INFO] [stderr]    Compiling slab v0.4.3
[INFO] [stderr]    Compiling pin-utils v0.1.0
[INFO] [stderr]    Compiling futures-task v0.3.14
[INFO] [stderr]    Compiling lazy_static v1.4.0
[INFO] [stderr]    Compiling itoa v0.4.7
[INFO] [stderr]    Compiling same-file v1.0.6
[INFO] [stderr]    Compiling fnv v1.0.7
[INFO] [stderr]    Compiling bitflags v1.2.1
[INFO] [stderr]    Compiling unicode-width v0.1.8
[INFO] [stderr]    Compiling hashbrown v0.9.1
[INFO] [stderr]    Compiling doc-comment v0.3.3
[INFO] [stderr]    Compiling httparse v1.4.0
[INFO] [stderr]    Compiling unicode-segmentation v1.7.1
[INFO] [stderr]    Compiling vec_map v0.8.2
[INFO] [stderr]    Compiling tower-service v0.3.1
[INFO] [stderr]    Compiling maud_htmlescape v0.17.0
[INFO] [stderr]    Compiling ansi_term v0.11.0
[INFO] [stderr]    Compiling strsim v0.8.0
[INFO] [stderr]    Compiling try-lock v0.2.3
[INFO] [stderr]    Compiling tower-layer v0.3.1
[INFO] [stderr]    Compiling httpdate v1.0.0
[INFO] [stderr]    Compiling mime v0.3.16
[INFO] [stderr]    Compiling percent-encoding v2.1.0
[INFO] [stderr]    Compiling heck v0.3.2
[INFO] [stderr]    Compiling futures-channel v0.3.14
[INFO] [stderr]    Compiling proc-macro-error-attr v1.0.4
[INFO] [stderr]    Compiling proc-macro-error v1.0.4
[INFO] [stderr]    Compiling unicase v2.6.0
[INFO] [stderr]    Compiling textwrap v0.11.0
[INFO] [stderr]    Compiling tracing-core v0.1.17
[INFO] [stderr]    Compiling tokio v1.5.0
[INFO] [stderr]    Compiling indexmap v1.6.2
[INFO] [stderr]    Compiling num_cpus v1.13.0
[INFO] [stderr]    Compiling atty v0.2.14
[INFO] [stderr]    Compiling socket2 v0.4.0
[INFO] [stderr]    Compiling walkdir v2.3.2
[INFO] [stderr]    Compiling http v0.2.4
[INFO] [stderr]    Compiling mio v0.7.11
[INFO] [stderr]    Compiling want v0.3.0
[INFO] [stderr]    Compiling quote v1.0.9
[INFO] [stderr]    Compiling clap v2.33.3
[INFO] [stderr]    Compiling mime_guess v2.0.3
[INFO] [stderr]    Compiling rust-embed-utils v5.1.0
[INFO] [stderr]    Compiling http-body v0.4.1
[INFO] [stderr]    Compiling futures-macro v0.3.14
[INFO] [stderr]    Compiling tokio-macros v1.1.0
[INFO] [stderr]    Compiling tracing-attributes v0.1.15
[INFO] [stderr]    Compiling pin-project-internal v1.0.7
[INFO] [stderr]    Compiling snafu-derive v0.6.10
[INFO] [stderr]    Compiling structopt-derive v0.4.14
[INFO] [stderr]    Compiling maud_macros v0.22.2
[INFO] [stderr]    Compiling rust-embed-impl v5.9.0
[INFO] [stderr]    Compiling maud v0.22.2
[INFO] [stderr]    Compiling rust-embed v5.9.0
[INFO] [stderr]    Compiling tracing v0.1.25
[INFO] [stderr]    Compiling futures-util v0.3.14
[INFO] [stderr]    Compiling pin-project v1.0.7
[INFO] [stderr]    Compiling structopt v0.3.21
[INFO] [stderr]    Compiling snafu v0.6.10
[INFO] [stderr]    Compiling futures-executor v0.3.14
[INFO] [stderr]    Compiling tokio-util v0.6.6
[INFO] [stderr]    Compiling tower v0.4.6
[INFO] [stderr]    Compiling futures v0.3.14
[INFO] [stderr]    Compiling h2 v0.3.2
[INFO] [stderr]    Compiling hyper v0.14.7
[INFO] [stderr]    Compiling agora v0.0.1 (/opt/rustwide/workdir)
[INFO] [stderr]     Finished dev [unoptimized + debuginfo] target(s) in 1m 03s
[INFO] running `Command { std: "docker" "inspect" "dd3fb59cb016b486e657acd6fa1d81ebc76bf0ac5c414ecd6e72836690ace73b", kill_on_drop: false }`
[INFO] running `Command { std: "docker" "rm" "-f" "dd3fb59cb016b486e657acd6fa1d81ebc76bf0ac5c414ecd6e72836690ace73b", kill_on_drop: false }`
[INFO] [stdout] dd3fb59cb016b486e657acd6fa1d81ebc76bf0ac5c414ecd6e72836690ace73b
[INFO] running `Command { std: "docker" "create" "-v" "/var/lib/crater-agent-workspace/builds/worker-93/target:/opt/rustwide/target:rw,Z" "-v" "/var/lib/crater-agent-workspace/builds/worker-93/source:/opt/rustwide/workdir:ro,Z" "-v" "/var/lib/crater-agent-workspace/cargo-home:/opt/rustwide/cargo-home:ro,Z" "-v" "/var/lib/crater-agent-workspace/rustup-home:/opt/rustwide/rustup-home:ro,Z" "-e" "SOURCE_DIR=/opt/rustwide/workdir" "-e" "CARGO_TARGET_DIR=/opt/rustwide/target" "-e" "CARGO_INCREMENTAL=0" "-e" "RUST_BACKTRACE=full" "-e" "RUSTFLAGS=--cap-lints=warn" "-e" "CARGO_HOME=/opt/rustwide/cargo-home" "-e" "RUSTUP_HOME=/opt/rustwide/rustup-home" "-w" "/opt/rustwide/workdir" "-m" "1610612736" "--user" "0:0" "--network" "none" "ghcr.io/rust-lang/crates-build-env/linux@sha256:34b6a614d2c27851fe6cbf88fbd1137609cefab8b10d0615aaeb6fd47975d74e" "/opt/rustwide/cargo-home/bin/cargo" "+1.54.0" "test" "--frozen" "--no-run" "--message-format=json", kill_on_drop: false }`
[INFO] [stdout] 87f35e2efd561d1bb0600210c2238987a8e69859e08b52521604ef579bb1488e
[INFO] running `Command { std: "docker" "start" "-a" "87f35e2efd561d1bb0600210c2238987a8e69859e08b52521604ef579bb1488e", kill_on_drop: false }`
[INFO] [stderr]     Blocking waiting for file lock on package cache
[INFO] [stderr]     Blocking waiting for file lock on package cache
[INFO] [stderr]    Compiling syn v1.0.70
[INFO] [stderr]    Compiling libc v0.2.94
[INFO] [stderr]    Compiling getrandom v0.1.16
[INFO] [stderr]    Compiling ppv-lite86 v0.2.10
[INFO] [stderr]    Compiling siphasher v0.3.5
[INFO] [stderr]    Compiling cc v1.0.67
[INFO] [stderr]    Compiling pkg-config v0.3.19
[INFO] [stderr]    Compiling matches v0.1.8
[INFO] [stderr]    Compiling serde v1.0.125
[INFO] [stderr]    Compiling new_debug_unreachable v1.0.4
[INFO] [stderr]    Compiling openssl v0.10.34
[INFO] [stderr]    Compiling getrandom v0.2.2
[INFO] [stderr]    Compiling foreign-types-shared v0.1.1
[INFO] [stderr]    Compiling precomputed-hash v0.1.1
[INFO] [stderr]    Compiling native-tls v0.2.7
[INFO] [stderr]    Compiling mac v0.1.1
[INFO] [stderr]    Compiling once_cell v1.7.2
[INFO] [stderr]    Compiling tinyvec_macros v0.1.0
[INFO] [stderr]    Compiling dtoa v0.4.8
[INFO] [stderr]    Compiling openssl-probe v0.1.2
[INFO] [stderr]    Compiling ryu v1.0.5
[INFO] [stderr]    Compiling utf-8 v0.7.6
[INFO] [stderr]    Compiling byteorder v1.4.3
[INFO] [stderr]    Compiling encoding_rs v0.8.28
[INFO] [stderr]    Compiling stable_deref_trait v1.2.0
[INFO] [stderr]    Compiling nodrop v0.1.14
[INFO] [stderr]    Compiling convert_case v0.4.0
[INFO] [stderr]    Compiling smallvec v1.6.1
[INFO] [stderr]    Compiling thin-slice v0.1.1
[INFO] [stderr]    Compiling diff v0.1.12
[INFO] [stderr]    Compiling remove_dir_all v0.5.3
[INFO] [stderr]    Compiling base64 v0.13.0
[INFO] [stderr]    Compiling ego-tree v0.6.2
[INFO] [stderr]    Compiling ipnet v2.3.0
[INFO] [stderr]    Compiling ansi_term v0.12.1
[INFO] [stderr]    Compiling executable-path v1.0.0
[INFO] [stderr]    Compiling guard v0.5.1
[INFO] [stderr]    Compiling getopts v0.2.21
[INFO] [stderr]    Compiling futf v0.1.4
[INFO] [stderr]    Compiling form_urlencoded v1.0.1
[INFO] [stderr]    Compiling unicode-bidi v0.3.5
[INFO] [stderr]    Compiling foreign-types v0.3.2
[INFO] [stderr]    Compiling tinyvec v1.2.0
[INFO] [stderr]    Compiling phf_shared v0.8.0
[INFO] [stderr]    Compiling servo_arc v0.1.1
[INFO] [stderr]    Compiling dtoa-short v0.3.3
[INFO] [stderr]    Compiling tendril v0.4.2
[INFO] [stderr]    Compiling pretty_assertions v0.7.2
[INFO] [stderr]    Compiling fxhash v0.2.1
[INFO] [stderr]    Compiling openssl-sys v0.9.63
[INFO] [stderr]    Compiling unicode-normalization v0.1.17
[INFO] [stderr]    Compiling rand_core v0.5.1
[INFO] [stderr]    Compiling rand_chacha v0.2.2
[INFO] [stderr]    Compiling rand_pcg v0.2.1
[INFO] [stderr]    Compiling rand v0.7.3
[INFO] [stderr]    Compiling num_cpus v1.13.0
[INFO] [stderr]    Compiling mio v0.7.11
[INFO] [stderr]    Compiling socket2 v0.4.0
[INFO] [stderr]    Compiling atty v0.2.14
[INFO] [stderr]    Compiling nix v0.20.0
[INFO] [stderr]    Compiling rand_core v0.6.2
[INFO] [stderr]    Compiling clap v2.33.3
[INFO] [stderr]    Compiling idna v0.2.3
[INFO] [stderr]    Compiling rand_chacha v0.3.0
[INFO] [stderr]    Compiling rand v0.8.3
[INFO] [stderr]    Compiling url v2.2.1
[INFO] [stderr]    Compiling phf_generator v0.8.0
[INFO] [stderr]    Compiling phf_codegen v0.8.0
[INFO] [stderr]    Compiling string_cache_codegen v0.5.1
[INFO] [stderr]    Compiling selectors v0.22.0
[INFO] [stderr]    Compiling tempfile v3.2.0
[INFO] [stderr]    Compiling string_cache v0.8.1
[INFO] [stderr]    Compiling serde_urlencoded v0.7.0
[INFO] [stderr]    Compiling markup5ever v0.10.1
[INFO] [stderr]    Compiling proc-macro-error v1.0.4
[INFO] [stderr]    Compiling futures-macro v0.3.14
[INFO] [stderr]    Compiling tokio-macros v1.1.0
[INFO] [stderr]    Compiling tracing-attributes v0.1.15
[INFO] [stderr]    Compiling pin-project-internal v1.0.7
[INFO] [stderr]    Compiling phf_macros v0.8.0
[INFO] [stderr]    Compiling cssparser v0.27.2
[INFO] [stderr]    Compiling cssparser-macros v0.6.0
[INFO] [stderr]    Compiling html5ever v0.25.1
[INFO] [stderr]    Compiling structopt-derive v0.4.14
[INFO] [stderr]    Compiling snafu-derive v0.6.10
[INFO] [stderr]    Compiling maud_macros v0.22.2
[INFO] [stderr]    Compiling derive_more v0.99.13
[INFO] [stderr]    Compiling rust-embed-impl v5.9.0
[INFO] [stderr]    Compiling maud v0.22.2
[INFO] [stderr]    Compiling rust-embed v5.9.0
[INFO] [stderr]    Compiling phf v0.8.0
[INFO] [stderr]    Compiling tokio v1.5.0
[INFO] [stderr]    Compiling futures-util v0.3.14
[INFO] [stderr]    Compiling structopt v0.3.21
[INFO] [stderr]    Compiling tracing v0.1.25
[INFO] [stderr]    Compiling snafu v0.6.10
[INFO] [stderr]    Compiling pin-project v1.0.7
[INFO] [stderr]    Compiling futures-executor v0.3.14
[INFO] [stderr]    Compiling futures v0.3.14
[INFO] [stderr]    Compiling scraper v0.12.0
[INFO] [stderr]    Compiling tokio-util v0.6.6
[INFO] [stderr]    Compiling tokio-native-tls v0.3.0
[INFO] [stderr]    Compiling tower v0.4.6
[INFO] [stderr]    Compiling h2 v0.3.2
[INFO] [stderr]    Compiling hyper v0.14.7
[INFO] [stderr]    Compiling hyper-tls v0.5.0
[INFO] [stderr]    Compiling agora v0.0.1 (/opt/rustwide/workdir)
[INFO] [stderr]    Compiling reqwest v0.11.3
[INFO] [stderr]     Finished test [unoptimized + debuginfo] target(s) in 1m 03s
[INFO] running `Command { std: "docker" "inspect" "87f35e2efd561d1bb0600210c2238987a8e69859e08b52521604ef579bb1488e", kill_on_drop: false }`
[INFO] running `Command { std: "docker" "rm" "-f" "87f35e2efd561d1bb0600210c2238987a8e69859e08b52521604ef579bb1488e", kill_on_drop: false }`
[INFO] [stdout] 87f35e2efd561d1bb0600210c2238987a8e69859e08b52521604ef579bb1488e
[INFO] running `Command { std: "docker" "create" "-v" "/var/lib/crater-agent-workspace/builds/worker-93/target:/opt/rustwide/target:rw,Z" "-v" "/var/lib/crater-agent-workspace/builds/worker-93/source:/opt/rustwide/workdir:ro,Z" "-v" "/var/lib/crater-agent-workspace/cargo-home:/opt/rustwide/cargo-home:ro,Z" "-v" "/var/lib/crater-agent-workspace/rustup-home:/opt/rustwide/rustup-home:ro,Z" "-e" "SOURCE_DIR=/opt/rustwide/workdir" "-e" "CARGO_TARGET_DIR=/opt/rustwide/target" "-e" "CARGO_INCREMENTAL=0" "-e" "RUST_BACKTRACE=full" "-e" "RUSTFLAGS=--cap-lints=warn" "-e" "CARGO_HOME=/opt/rustwide/cargo-home" "-e" "RUSTUP_HOME=/opt/rustwide/rustup-home" "-w" "/opt/rustwide/workdir" "-m" "1610612736" "--user" "0:0" "--network" "none" "ghcr.io/rust-lang/crates-build-env/linux@sha256:34b6a614d2c27851fe6cbf88fbd1137609cefab8b10d0615aaeb6fd47975d74e" "/opt/rustwide/cargo-home/bin/cargo" "+1.54.0" "test" "--frozen", kill_on_drop: false }`
[INFO] [stdout] b7ef0a1ad6cb6b85436c52b3873968a83ee023d679418fab99174baaea373e6f
[INFO] running `Command { std: "docker" "start" "-a" "b7ef0a1ad6cb6b85436c52b3873968a83ee023d679418fab99174baaea373e6f", kill_on_drop: false }`
[INFO] [stderr]     Finished test [unoptimized + debuginfo] target(s) in 0.55s
[INFO] [stderr]      Running unittests (/opt/rustwide/target/debug/deps/agora-3d77804dbc05470f)
[INFO] [stdout] 
[INFO] [stdout] running 45 tests
[INFO] [stdout] test input_path::tests::iter_prefixes_for_empty_inputs ... ok
[INFO] [stdout] test input_path::tests::join_file_path_removes_trailing_slashes ... ok
[INFO] [stdout] test input_path::tests::iter_prefixes_iterates_from_base_dir_to_file ... ok
[INFO] [stdout] test input_path::tests::join_relative_removes_trailing_slashes ... ok
[INFO] [stdout] test file_stream::tests::file_stream_yields_file_contents ... ok
[INFO] [stdout] test input_path::tests::new_removes_trailing_slashes ... ok
[INFO] [stdout] test server::tests::listen_on_localhost_by_default_in_tests ... ok
[INFO] [stdout] test server::tests::address_resolution_failure_error ... ok
[INFO] [stdout] test request_handler::tests::disallow_parent_path_component ... ok
[INFO] [stdout] test request_handler::tests::server_aborts_when_directory_does_not_exist ... ok
[INFO] [stdout] test request_handler::tests::disallow_absolute_path ... ok
[INFO] [stdout] test request_handler::tests::disallow_listing_directories_via_intermediate_symlinks ... ok
[INFO] [stdout] test request_handler::tests::index_route_status_code_is_200 ... ok
[INFO] [stdout] test request_handler::tests::downloaded_files_have_correct_content_type ... ok
[INFO] [stdout] test request_handler::tests::index_route_contains_title ... ok
[INFO] [stdout] test request_handler::tests::disallow_file_downloads_via_intermediate_symlinks ... ok
[INFO] [stdout] test request_handler::tests::disallow_file_downloads_via_symlinks ... ok
[INFO] [stdout] test request_handler::tests::redirects_correctly_for_two_layers_of_subdirectories ... ok
[INFO] [stdout] test request_handler::tests::listed_files_have_download_links ... ok
[INFO] [stdout] test request_handler::tests::listed_files_can_be_played_in_browser ... ok
[INFO] [stdout] test request_handler::tests::requesting_files_with_trailing_slash_redirects ... ok
[INFO] [stdout] test request_handler::tests::listing_contains_multiple_files ... ok
[INFO] [stdout] test request_handler::tests::listing_contains_file ... ok
[INFO] [stdout] test request_handler::tests::unknown_files_have_no_content_type ... ok
[INFO] [stdout] test request_handler::tests::missing_asset_not_found ... ok
[INFO] [stdout] test request_handler::tests::listing_is_sorted_alphabetically ... ok
[INFO] [stdout] test request_handler::tests::configure_source_directory ... ok
[INFO] [stdout] test request_handler::tests::listings_are_not_cached ... ok
[INFO] [stdout] test tests::configure_port ... ok
[INFO] [stdout] test request_handler::tests::serves_static_assets ... ok
[INFO] [stdout] test request_handler::tests::sets_mime_types_for_static_assets ... ok
[INFO] [stdout] test request_handler::tests::file_errors_are_associated_with_file_path ... ok
[INFO] [stdout] test request_handler::tests::remove_symlinks_from_listings ... ok
[INFO] [stdout] test request_handler::tests::disallow_listing_directories_via_symlinks ... ok
[INFO] [stdout] test request_handler::tests::disallow_empty_path_component ... ok
[INFO] [stdout] test request_handler::tests::listed_files_have_percent_encoded_hrefs ... ok
[INFO] [stdout] test request_handler::tests::unknown_route_status_code_is_404 ... ok
[INFO] [stdout] test request_handler::tests::no_trailing_slash_redirects_to_trailing_slash ... ok
[INFO] [stdout] test request_handler::tests::index_route_redirects_to_files ... ok
[INFO] [stdout] test request_handler::tests::filenames_with_spaces ... ok
[INFO] [stdout] test request_handler::tests::downloaded_files_are_streamed ... ok
[INFO] [stdout] test request_handler::tests::files_are_not_cached ... ok
[INFO] [stdout] test request_handler::tests::return_404_for_missing_files ... ok
[INFO] [stdout] test request_handler::tests::errors_in_request_handling_cause_500_status_codes ... FAILED
[INFO] [stdout] test request_handler::tests::subdirectories_appear_in_listings ... ok
[INFO] [stdout] 
[INFO] [stdout] failures:
[INFO] [stdout] 
[INFO] [stdout] ---- request_handler::tests::errors_in_request_handling_cause_500_status_codes stdout ----
[INFO] [stdout] Listening on 127.0.0.1:34345
[INFO] [stdout] thread 'request_handler::tests::errors_in_request_handling_cause_500_status_codes' panicked at 'assertion failed: `(left == right)`
[INFO] [stdout] 
[INFO] [stdout] [1mDiff[0m [31m< left[0m / [32mright >[0m :
[INFO] [stdout] [31m<[0m[1;48;5;52;31m2[0m[31m00[0m
[INFO] [stdout] [32m>[0m[1;48;5;22;32m5[0m[32m00[0m
[INFO] [stdout] 
[INFO] [stdout] ', src/request_handler.rs:235:7
[INFO] [stdout] stack backtrace:
[INFO] [stdout]    0:     0x55d1db696c50 - std::backtrace_rs::backtrace::libunwind::trace::h34055254b57d8e79
[INFO] [stdout]                                at /rustc/a178d0322ce20e33eac124758e837cbd80a6f633/library/std/src/../../backtrace/src/backtrace/libunwind.rs:90:5
[INFO] [stdout]    1:     0x55d1db696c50 - std::backtrace_rs::backtrace::trace_unsynchronized::h8f1e3fbd9afff6ec
[INFO] [stdout]                                at /rustc/a178d0322ce20e33eac124758e837cbd80a6f633/library/std/src/../../backtrace/src/backtrace/mod.rs:66:5
[INFO] [stdout]    2:     0x55d1db696c50 - std::sys_common::backtrace::_print_fmt::h3a99a796b770c360
[INFO] [stdout]                                at /rustc/a178d0322ce20e33eac124758e837cbd80a6f633/library/std/src/sys_common/backtrace.rs:67:5
[INFO] [stdout]    3:     0x55d1db696c50 - <std::sys_common::backtrace::_print::DisplayBacktrace as core::fmt::Display>::fmt::h32d1f94a80615d18
[INFO] [stdout]                                at /rustc/a178d0322ce20e33eac124758e837cbd80a6f633/library/std/src/sys_common/backtrace.rs:46:22
[INFO] [stdout]    4:     0x55d1db6bd3dc - core::fmt::write::h306731c068f7162c
[INFO] [stdout]                                at /rustc/a178d0322ce20e33eac124758e837cbd80a6f633/library/core/src/fmt/mod.rs:1110:17
[INFO] [stdout]    5:     0x55d1db68f975 - std::io::Write::write_fmt::h87f19b0a2cd190bc
[INFO] [stdout]                                at /rustc/a178d0322ce20e33eac124758e837cbd80a6f633/library/std/src/io/mod.rs:1588:15
[INFO] [stdout]    6:     0x55d1db6992cb - std::sys_common::backtrace::_print::h5abaa2601a852287
[INFO] [stdout]                                at /rustc/a178d0322ce20e33eac124758e837cbd80a6f633/library/std/src/sys_common/backtrace.rs:49:5
[INFO] [stdout]    7:     0x55d1db6992cb - std::sys_common::backtrace::print::h8d81445442bb638f
[INFO] [stdout]                                at /rustc/a178d0322ce20e33eac124758e837cbd80a6f633/library/std/src/sys_common/backtrace.rs:36:9
[INFO] [stdout]    8:     0x55d1db6992cb - std::panicking::default_hook::{{closure}}::hcfe804496a9fa747
[INFO] [stdout]                                at /rustc/a178d0322ce20e33eac124758e837cbd80a6f633/library/std/src/panicking.rs:208:50
[INFO] [stdout]    9:     0x55d1db698ddc - std::panicking::default_hook::hbea8e3ccf2ba8901
[INFO] [stdout]                                at /rustc/a178d0322ce20e33eac124758e837cbd80a6f633/library/std/src/panicking.rs:222:9
[INFO] [stdout]   10:     0x55d1db699994 - std::panicking::rust_panic_with_hook::h7ee9e1a2d0f8975a
[INFO] [stdout]                                at /rustc/a178d0322ce20e33eac124758e837cbd80a6f633/library/std/src/panicking.rs:622:17
[INFO] [stdout]   11:     0x55d1db699477 - std::panicking::begin_panic_handler::{{closure}}::h8ab3b4491718b2c7
[INFO] [stdout]                                at /rustc/a178d0322ce20e33eac124758e837cbd80a6f633/library/std/src/panicking.rs:519:13
[INFO] [stdout]   12:     0x55d1db69714c - std::sys_common::backtrace::__rust_end_short_backtrace::hd489062ffa586a9f
[INFO] [stdout]                                at /rustc/a178d0322ce20e33eac124758e837cbd80a6f633/library/std/src/sys_common/backtrace.rs:141:18
[INFO] [stdout]   13:     0x55d1db6993d9 - rust_begin_unwind
[INFO] [stdout]                                at /rustc/a178d0322ce20e33eac124758e837cbd80a6f633/library/std/src/panicking.rs:515:5
[INFO] [stdout]   14:     0x55d1dac3f01b - std::panicking::begin_panic_fmt::h5479575e112541f8
[INFO] [stdout]                                at /rustc/a178d0322ce20e33eac124758e837cbd80a6f633/library/std/src/panicking.rs:457:5
[INFO] [stdout]   15:     0x55d1dad7b245 - agora::request_handler::tests::errors_in_request_handling_cause_500_status_codes::{{closure}}::{{closure}}::h638d37895e13a742
[INFO] [stdout]                                at /opt/rustwide/workdir/src/request_handler.rs:235:7
[INFO] [stdout]   16:     0x55d1dadbe9fb - <core::future::from_generator::GenFuture<T> as core::future::future::Future>::poll::h3b6e38ba08534f15
[INFO] [stdout]                                at /rustc/a178d0322ce20e33eac124758e837cbd80a6f633/library/core/src/future/mod.rs:80:19
[INFO] [stdout]   17:     0x55d1dae70aa5 - agora::test_utils::test_with_environment::{{closure}}::hc9cf8f58cfeff288
[INFO] [stdout]                                at /opt/rustwide/workdir/src/test_utils.rs:61:7
[INFO] [stdout]   18:     0x55d1dadc02d3 - <core::future::from_generator::GenFuture<T> as core::future::future::Future>::poll::h726a4f80bff4ce26
[INFO] [stdout]                                at /rustc/a178d0322ce20e33eac124758e837cbd80a6f633/library/core/src/future/mod.rs:80:19
[INFO] [stdout]   19:     0x55d1daddb61c - <core::pin::Pin<P> as core::future::future::Future>::poll::h745879c6b93514aa
[INFO] [stdout]                                at /rustc/a178d0322ce20e33eac124758e837cbd80a6f633/library/core/src/future/future.rs:119:9
[INFO] [stdout]   20:     0x55d1dad501bc - tokio::runtime::basic_scheduler::Inner<P>::block_on::{{closure}}::{{closure}}::h56a08ef2b6873ece
[INFO] [stdout]                                at /opt/rustwide/cargo-home/registry/src/github.com-1ecc6299db9ec823/tokio-1.5.0/src/runtime/basic_scheduler.rs:213:62
[INFO] [stdout]   21:     0x55d1dad1d289 - tokio::coop::with_budget::{{closure}}::he8bae88b83a3efbe
[INFO] [stdout]                                at /opt/rustwide/cargo-home/registry/src/github.com-1ecc6299db9ec823/tokio-1.5.0/src/coop.rs:106:9
[INFO] [stdout]   22:     0x55d1dad9f375 - std::thread::local::LocalKey<T>::try_with::hd594b0017dfbcd29
[INFO] [stdout]                                at /rustc/a178d0322ce20e33eac124758e837cbd80a6f633/library/std/src/thread/local.rs:400:16
[INFO] [stdout]   23:     0x55d1dad8ef2c - std::thread::local::LocalKey<T>::with::h8cb6c9b48da54679
[INFO] [stdout]                                at /rustc/a178d0322ce20e33eac124758e837cbd80a6f633/library/std/src/thread/local.rs:376:9
[INFO] [stdout]   24:     0x55d1dad375ed - tokio::coop::with_budget::h4f4c6c214ee5c21f
[INFO] [stdout]                                at /opt/rustwide/cargo-home/registry/src/github.com-1ecc6299db9ec823/tokio-1.5.0/src/coop.rs:99:5
[INFO] [stdout]   25:     0x55d1dad375ed - tokio::coop::budget::hc95814dd27f158a9
[INFO] [stdout]                                at /opt/rustwide/cargo-home/registry/src/github.com-1ecc6299db9ec823/tokio-1.5.0/src/coop.rs:76:5
[INFO] [stdout]   26:     0x55d1dad375ed - tokio::runtime::basic_scheduler::Inner<P>::block_on::{{closure}}::h1e4170cd346d0633
[INFO] [stdout]                                at /opt/rustwide/cargo-home/registry/src/github.com-1ecc6299db9ec823/tokio-1.5.0/src/runtime/basic_scheduler.rs:213:39
[INFO] [stdout]   27:     0x55d1dad6d228 - tokio::runtime::basic_scheduler::enter::{{closure}}::hfcf7928873c0df1c
[INFO] [stdout]                                at /opt/rustwide/cargo-home/registry/src/github.com-1ecc6299db9ec823/tokio-1.5.0/src/runtime/basic_scheduler.rs:323:29
[INFO] [stdout]   28:     0x55d1dadb349c - tokio::macros::scoped_tls::ScopedKey<T>::set::h1299df82668c21cb
[INFO] [stdout]                                at /opt/rustwide/cargo-home/registry/src/github.com-1ecc6299db9ec823/tokio-1.5.0/src/macros/scoped_tls.rs:61:9
[INFO] [stdout]   29:     0x55d1dad64ed8 - tokio::runtime::basic_scheduler::enter::h123f5b4fe4fef4de
[INFO] [stdout]                                at /opt/rustwide/cargo-home/registry/src/github.com-1ecc6299db9ec823/tokio-1.5.0/src/runtime/basic_scheduler.rs:323:5
[INFO] [stdout]   30:     0x55d1dad32a85 - tokio::runtime::basic_scheduler::Inner<P>::block_on::h553994a03e4e1c1b
[INFO] [stdout]                                at /opt/rustwide/cargo-home/registry/src/github.com-1ecc6299db9ec823/tokio-1.5.0/src/runtime/basic_scheduler.rs:202:9
[INFO] [stdout]   31:     0x55d1dad52fc9 - tokio::runtime::basic_scheduler::InnerGuard<P>::block_on::h4b92c37cc7eea6e8
[INFO] [stdout]                                at /opt/rustwide/cargo-home/registry/src/github.com-1ecc6299db9ec823/tokio-1.5.0/src/runtime/basic_scheduler.rs:481:9
[INFO] [stdout]   32:     0x55d1dad58b18 - tokio::runtime::basic_scheduler::BasicScheduler<P>::block_on::h7e2c4ca858850edb
[INFO] [stdout]                                at /opt/rustwide/cargo-home/registry/src/github.com-1ecc6299db9ec823/tokio-1.5.0/src/runtime/basic_scheduler.rs:162:24
[INFO] [stdout]   33:     0x55d1dae497cf - tokio::runtime::Runtime::block_on::h8c71d98009508610
[INFO] [stdout]                                at /opt/rustwide/cargo-home/registry/src/github.com-1ecc6299db9ec823/tokio-1.5.0/src/runtime/mod.rs:450:46
[INFO] [stdout]   34:     0x55d1dae5b421 - agora::test_utils::test_with_environment::hf85a6b6d31cbcde5
[INFO] [stdout]                                at /opt/rustwide/workdir/src/test_utils.rs:51:3
[INFO] [stdout]   35:     0x55d1dae53aff - agora::test_utils::test_with_arguments::h1357811bdbf49269
[INFO] [stdout]                                at /opt/rustwide/workdir/src/test_utils.rs:43:3
[INFO] [stdout]   36:     0x55d1dae5284c - agora::test_utils::test::hc48d5273d633a563
[INFO] [stdout]                                at /opt/rustwide/workdir/src/test_utils.rs:27:3
[INFO] [stdout]   37:     0x55d1dad7aabe - agora::request_handler::tests::errors_in_request_handling_cause_500_status_codes::hd1c2025467634373
[INFO] [stdout]                                at /opt/rustwide/workdir/src/request_handler.rs:225:18
[INFO] [stdout]   38:     0x55d1dad7aa9a - agora::request_handler::tests::errors_in_request_handling_cause_500_status_codes::{{closure}}::he9b44ecb9250fe1d
[INFO] [stdout]                                at /opt/rustwide/workdir/src/request_handler.rs:222:3
[INFO] [stdout]   39:     0x55d1daccb1be - core::ops::function::FnOnce::call_once::hb06f185e6b29df5c
[INFO] [stdout]                                at /rustc/a178d0322ce20e33eac124758e837cbd80a6f633/library/core/src/ops/function.rs:227:5
[INFO] [stdout]   40:     0x55d1daed4a33 - core::ops::function::FnOnce::call_once::h152e7e439ff59e19
[INFO] [stdout]                                at /rustc/a178d0322ce20e33eac124758e837cbd80a6f633/library/core/src/ops/function.rs:227:5
[INFO] [stdout]   41:     0x55d1daed4a33 - test::__rust_begin_short_backtrace::h0908f3b1fdbb72ab
[INFO] [stdout]                                at /rustc/a178d0322ce20e33eac124758e837cbd80a6f633/library/test/src/lib.rs:577:5
[INFO] [stdout]   42:     0x55d1daed34f0 - <alloc::boxed::Box<F,A> as core::ops::function::FnOnce<Args>>::call_once::hf6d2a51e5587546c
[INFO] [stdout]                                at /rustc/a178d0322ce20e33eac124758e837cbd80a6f633/library/alloc/src/boxed.rs:1575:9
[INFO] [stdout]   43:     0x55d1daed34f0 - <std::panic::AssertUnwindSafe<F> as core::ops::function::FnOnce<()>>::call_once::h8af660f3a89ef593
[INFO] [stdout]                                at /rustc/a178d0322ce20e33eac124758e837cbd80a6f633/library/std/src/panic.rs:347:9
[INFO] [stdout]   44:     0x55d1daed34f0 - std::panicking::try::do_call::hd36aef60f84b6d36
[INFO] [stdout]                                at /rustc/a178d0322ce20e33eac124758e837cbd80a6f633/library/std/src/panicking.rs:401:40
[INFO] [stdout]   45:     0x55d1daed34f0 - std::panicking::try::h9932b4480e69817c
[INFO] [stdout]                                at /rustc/a178d0322ce20e33eac124758e837cbd80a6f633/library/std/src/panicking.rs:365:19
[INFO] [stdout]   46:     0x55d1daed34f0 - std::panic::catch_unwind::h6aa177099cfff5f8
[INFO] [stdout]                                at /rustc/a178d0322ce20e33eac124758e837cbd80a6f633/library/std/src/panic.rs:434:14
[INFO] [stdout]   47:     0x55d1daed34f0 - test::run_test_in_process::h5884d6f2d99e20c3
[INFO] [stdout]                                at /rustc/a178d0322ce20e33eac124758e837cbd80a6f633/library/test/src/lib.rs:600:18
[INFO] [stdout]   48:     0x55d1daed34f0 - test::run_test::run_test_inner::{{closure}}::h6fdc58c6d5f5b6e3
[INFO] [stdout]                                at /rustc/a178d0322ce20e33eac124758e837cbd80a6f633/library/test/src/lib.rs:492:39
[INFO] [stdout]   49:     0x55d1daeacba2 - test::run_test::run_test_inner::{{closure}}::h408365d67a78ade8
[INFO] [stdout]                                at /rustc/a178d0322ce20e33eac124758e837cbd80a6f633/library/test/src/lib.rs:519:37
[INFO] [stdout]   50:     0x55d1daeacba2 - std::sys_common::backtrace::__rust_begin_short_backtrace::hb560b77c4f701523
[INFO] [stdout]                                at /rustc/a178d0322ce20e33eac124758e837cbd80a6f633/library/std/src/sys_common/backtrace.rs:125:18
[INFO] [stdout]   51:     0x55d1daeb0758 - std::thread::Builder::spawn_unchecked::{{closure}}::{{closure}}::hf2e7831dad93c597
[INFO] [stdout]                                at /rustc/a178d0322ce20e33eac124758e837cbd80a6f633/library/std/src/thread/mod.rs:481:17
[INFO] [stdout]   52:     0x55d1daeb0758 - <std::panic::AssertUnwindSafe<F> as core::ops::function::FnOnce<()>>::call_once::hd2e08783d8be4d02
[INFO] [stdout]                                at /rustc/a178d0322ce20e33eac124758e837cbd80a6f633/library/std/src/panic.rs:347:9
[INFO] [stdout]   53:     0x55d1daeb0758 - std::panicking::try::do_call::h062597b7acfd6b82
[INFO] [stdout]                                at /rustc/a178d0322ce20e33eac124758e837cbd80a6f633/library/std/src/panicking.rs:401:40
[INFO] [stdout]   54:     0x55d1daeb0758 - std::panicking::try::h0d7b79db04c14552
[INFO] [stdout]                                at /rustc/a178d0322ce20e33eac124758e837cbd80a6f633/library/std/src/panicking.rs:365:19
[INFO] [stdout]   55:     0x55d1daeb0758 - std::panic::catch_unwind::hb01a0b5e7c8cd43b
[INFO] [stdout]                                at /rustc/a178d0322ce20e33eac124758e837cbd80a6f633/library/std/src/panic.rs:434:14
[INFO] [stdout]   56:     0x55d1daeb0758 - std::thread::Builder::spawn_unchecked::{{closure}}::h5bde48cc887e0d1e
[INFO] [stdout]                                at /rustc/a178d0322ce20e33eac124758e837cbd80a6f633/library/std/src/thread/mod.rs:480:30
[INFO] [stdout]   57:     0x55d1daeb0758 - core::ops::function::FnOnce::call_once{{vtable.shim}}::h745ea30807a29e55
[INFO] [stdout]                                at /rustc/a178d0322ce20e33eac124758e837cbd80a6f633/library/core/src/ops/function.rs:227:5
[INFO] [stdout]   58:     0x55d1db6a0017 - <alloc::boxed::Box<F,A> as core::ops::function::FnOnce<Args>>::call_once::h7ece6cfefaff1005
[INFO] [stdout]                                at /rustc/a178d0322ce20e33eac124758e837cbd80a6f633/library/alloc/src/boxed.rs:1575:9
[INFO] [stdout]   59:     0x55d1db6a0017 - <alloc::boxed::Box<F,A> as core::ops::function::FnOnce<Args>>::call_once::hb8b48e55c21f193e
[INFO] [stdout]                                at /rustc/a178d0322ce20e33eac124758e837cbd80a6f633/library/alloc/src/boxed.rs:1575:9
[INFO] [stdout]   60:     0x55d1db6a0017 - std::sys::unix::thread::Thread::new::thread_start::h8c7c4450dba62914
[INFO] [stdout]                                at /rustc/a178d0322ce20e33eac124758e837cbd80a6f633/library/std/src/sys/unix/thread.rs:71:17
[INFO] [stdout]   61:     0x7fbeac5bf609 - start_thread
[INFO] [stdout]   62:     0x7fbeac38f293 - clone
[INFO] [stdout]   63:                0x0 - <unknown>
[INFO] [stdout] 
[INFO] [stdout] 
[INFO] [stdout] failures:
[INFO] [stdout]     request_handler::tests::errors_in_request_handling_cause_500_status_codes
[INFO] [stdout] 
[INFO] [stdout] test result: FAILED. 44 passed; 1 failed; 0 ignored; 0 measured; 0 filtered out; finished in 0.80s
[INFO] [stdout] 
[INFO] [stderr] error: test failed, to rerun pass '--bin agora'
[INFO] running `Command { std: "docker" "inspect" "b7ef0a1ad6cb6b85436c52b3873968a83ee023d679418fab99174baaea373e6f", kill_on_drop: false }`
[INFO] running `Command { std: "docker" "rm" "-f" "b7ef0a1ad6cb6b85436c52b3873968a83ee023d679418fab99174baaea373e6f", kill_on_drop: false }`
[INFO] [stdout] b7ef0a1ad6cb6b85436c52b3873968a83ee023d679418fab99174baaea373e6f
