[INFO] fetching crate actix-web-static-files 3.0.5...
[INFO] testing actix-web-static-files-3.0.5 against 1.54.0 for beta-1.55-1
[INFO] extracting crate actix-web-static-files 3.0.5 into /workspace/builds/worker-77/source
[INFO] validating manifest of crates.io crate actix-web-static-files 3.0.5 on toolchain 1.54.0
[INFO] running `Command { std: "/workspace/cargo-home/bin/cargo" "+1.54.0" "metadata" "--manifest-path" "Cargo.toml" "--no-deps", kill_on_drop: false }`
[INFO] started tweaking crates.io crate actix-web-static-files 3.0.5
[INFO] finished tweaking crates.io crate actix-web-static-files 3.0.5
[INFO] tweaked toml for crates.io crate actix-web-static-files 3.0.5 written to /workspace/builds/worker-77/source/Cargo.toml
[INFO] running `Command { std: "/workspace/cargo-home/bin/cargo" "+1.54.0" "generate-lockfile" "--manifest-path" "Cargo.toml" "-Zno-index-update", kill_on_drop: false }`
[INFO] running `Command { std: "/workspace/cargo-home/bin/cargo" "+1.54.0" "fetch" "--manifest-path" "Cargo.toml", kill_on_drop: false }`
[INFO] [stderr]     Blocking waiting for file lock on package cache
[INFO] [stderr]     Blocking waiting for file lock on package cache
[INFO] [stderr]  Downloading crates ...
[INFO] [stderr]   Downloaded path-matchers v1.0.2
[INFO] [stderr]   Downloaded change-detection v1.2.0
[INFO] running `Command { std: "docker" "create" "-v" "/var/lib/crater-agent-workspace/builds/worker-77/target:/opt/rustwide/target:rw,Z" "-v" "/var/lib/crater-agent-workspace/builds/worker-77/source:/opt/rustwide/workdir:ro,Z" "-v" "/var/lib/crater-agent-workspace/cargo-home:/opt/rustwide/cargo-home:ro,Z" "-v" "/var/lib/crater-agent-workspace/rustup-home:/opt/rustwide/rustup-home:ro,Z" "-e" "SOURCE_DIR=/opt/rustwide/workdir" "-e" "CARGO_TARGET_DIR=/opt/rustwide/target" "-e" "CARGO_HOME=/opt/rustwide/cargo-home" "-e" "RUSTUP_HOME=/opt/rustwide/rustup-home" "-w" "/opt/rustwide/workdir" "-m" "1610612736" "--user" "0:0" "--network" "none" "ghcr.io/rust-lang/crates-build-env/linux@sha256:34b6a614d2c27851fe6cbf88fbd1137609cefab8b10d0615aaeb6fd47975d74e" "/opt/rustwide/cargo-home/bin/cargo" "+1.54.0" "metadata" "--no-deps" "--format-version=1", kill_on_drop: false }`
[INFO] [stdout] 9fe07dd689e4d9ac4a9dfa55980511986091a790d9e69f5190f611b429d59427
[INFO] running `Command { std: "docker" "start" "-a" "9fe07dd689e4d9ac4a9dfa55980511986091a790d9e69f5190f611b429d59427", kill_on_drop: false }`
[INFO] running `Command { std: "docker" "inspect" "9fe07dd689e4d9ac4a9dfa55980511986091a790d9e69f5190f611b429d59427", kill_on_drop: false }`
[INFO] running `Command { std: "docker" "rm" "-f" "9fe07dd689e4d9ac4a9dfa55980511986091a790d9e69f5190f611b429d59427", kill_on_drop: false }`
[INFO] [stdout] 9fe07dd689e4d9ac4a9dfa55980511986091a790d9e69f5190f611b429d59427
[INFO] running `Command { std: "docker" "create" "-v" "/var/lib/crater-agent-workspace/builds/worker-77/target:/opt/rustwide/target:rw,Z" "-v" "/var/lib/crater-agent-workspace/builds/worker-77/source:/opt/rustwide/workdir:ro,Z" "-v" "/var/lib/crater-agent-workspace/cargo-home:/opt/rustwide/cargo-home:ro,Z" "-v" "/var/lib/crater-agent-workspace/rustup-home:/opt/rustwide/rustup-home:ro,Z" "-e" "SOURCE_DIR=/opt/rustwide/workdir" "-e" "CARGO_TARGET_DIR=/opt/rustwide/target" "-e" "CARGO_INCREMENTAL=0" "-e" "RUST_BACKTRACE=full" "-e" "RUSTFLAGS=--cap-lints=warn" "-e" "CARGO_HOME=/opt/rustwide/cargo-home" "-e" "RUSTUP_HOME=/opt/rustwide/rustup-home" "-w" "/opt/rustwide/workdir" "-m" "1610612736" "--user" "0:0" "--network" "none" "ghcr.io/rust-lang/crates-build-env/linux@sha256:34b6a614d2c27851fe6cbf88fbd1137609cefab8b10d0615aaeb6fd47975d74e" "/opt/rustwide/cargo-home/bin/cargo" "+1.54.0" "build" "--frozen" "--message-format=json", kill_on_drop: false }`
[INFO] [stdout] ffd91946b22ea7cdac755c466c673f4421bf2e26de581115c1761c5f2e531801
[INFO] running `Command { std: "docker" "start" "-a" "ffd91946b22ea7cdac755c466c673f4421bf2e26de581115c1761c5f2e531801", kill_on_drop: false }`
[INFO] [stderr]    Compiling syn v1.0.74
[INFO] [stderr]    Compiling proc-macro-hack v0.5.19
[INFO] [stderr]    Compiling futures-channel v0.3.16
[INFO] [stderr]    Compiling proc-macro-nested v0.1.7
[INFO] [stderr]    Compiling smallvec v1.6.1
[INFO] [stderr]    Compiling pin-project-internal v0.4.28
[INFO] [stderr]    Compiling convert_case v0.4.0
[INFO] [stderr]    Compiling getrandom v0.1.16
[INFO] [stderr]    Compiling copyless v0.1.5
[INFO] [stderr]    Compiling serde_derive v1.0.127
[INFO] [stderr]    Compiling unicode-segmentation v1.8.0
[INFO] [stderr]    Compiling async-trait v0.1.51
[INFO] [stderr]    Compiling either v1.6.1
[INFO] [stderr]    Compiling serde v1.0.127
[INFO] [stderr]    Compiling match_cfg v0.1.0
[INFO] [stderr]    Compiling const_fn v0.4.8
[INFO] [stderr]    Compiling quick-error v1.2.3
[INFO] [stderr]    Compiling serde_json v1.0.66
[INFO] [stderr]    Compiling regex-syntax v0.6.25
[INFO] [stderr]    Compiling opaque-debug v0.3.0
[INFO] [stderr]    Compiling byteorder v1.4.3
[INFO] [stderr]    Compiling cpufeatures v0.1.5
[INFO] [stderr]    Compiling language-tags v0.2.2
[INFO] [stderr]    Compiling path-slash v0.1.4
[INFO] [stderr]    Compiling futures-macro v0.3.16
[INFO] [stderr]    Compiling futures-util v0.3.16
[INFO] [stderr]    Compiling instant v0.1.10
[INFO] [stderr]    Compiling lock_api v0.4.4
[INFO] [stderr]    Compiling standback v0.2.17
[INFO] [stderr]    Compiling time v0.2.27
[INFO] [stderr]    Compiling cookie v0.14.4
[INFO] [stderr]    Compiling lru-cache v0.1.2
[INFO] [stderr]    Compiling bytestring v1.0.0
[INFO] [stderr]    Compiling signal-hook-registry v1.4.0
[INFO] [stderr]    Compiling aho-corasick v0.7.18
[INFO] [stderr]    Compiling threadpool v1.8.1
[INFO] [stderr]    Compiling digest v0.9.0
[INFO] [stderr]    Compiling block-buffer v0.9.0
[INFO] [stderr]    Compiling mio-uds v0.6.8
[INFO] [stderr]    Compiling hostname v0.3.1
[INFO] [stderr]    Compiling fxhash v0.2.1
[INFO] [stderr]    Compiling heck v0.3.3
[INFO] [stderr]    Compiling resolv-conf v0.7.0
[INFO] [stderr]    Compiling sha-1 v0.9.7
[INFO] [stderr]    Compiling parking_lot_core v0.8.3
[INFO] [stderr]    Compiling tokio v0.2.25
[INFO] [stderr]    Compiling regex v1.5.4
[INFO] [stderr]    Compiling derive_more v0.99.16
[INFO] [stderr]    Compiling actix-macros v0.1.3
[INFO] [stderr]    Compiling thiserror-impl v1.0.26
[INFO] [stderr]    Compiling pin-project-internal v1.0.8
[INFO] [stderr]    Compiling actix-web-codegen v0.4.0
[INFO] [stderr]    Compiling rand_core v0.5.1
[INFO] [stderr]    Compiling parking_lot v0.11.1
[INFO] [stderr]    Compiling time-macros-impl v0.1.2
[INFO] [stderr]    Compiling enum-as-inner v0.3.3
[INFO] [stderr]    Compiling tokio-util v0.3.1
[INFO] [stderr]    Compiling rand_chacha v0.2.2
[INFO] [stderr]    Compiling rand v0.7.3
[INFO] [stderr]    Compiling time-macros v0.1.1
[INFO] [stderr]    Compiling pin-project v0.4.28
[INFO] [stderr]    Compiling thiserror v1.0.26
[INFO] [stderr]    Compiling actix-codec v0.3.0
[INFO] [stderr]    Compiling pin-project v1.0.8
[INFO] [stderr]    Compiling tracing-futures v0.2.5
[INFO] [stderr]    Compiling actix-service v1.0.6
[INFO] [stderr]    Compiling futures v0.3.16
[INFO] [stderr]    Compiling h2 v0.2.7
[INFO] [stderr]    Compiling trust-dns-proto v0.19.7
[INFO] [stderr]    Compiling actix-threadpool v0.3.3
[INFO] [stderr]    Compiling actix-rt v1.1.1
[INFO] [stderr]    Compiling actix-utils v2.0.0
[INFO] [stderr]    Compiling trust-dns-resolver v0.19.7
[INFO] [stderr]    Compiling actix-server v1.0.4
[INFO] [stderr]    Compiling actix-tls v2.0.0
[INFO] [stderr]    Compiling actix-testing v1.0.1
[INFO] [stderr]    Compiling actix-connect v2.0.0
[INFO] [stderr]    Compiling serde_urlencoded v0.7.0
[INFO] [stderr]    Compiling actix-router v0.2.7
[INFO] [stderr]    Compiling actix-http v2.2.0
[INFO] [stderr]    Compiling awc v2.0.3
[INFO] [stderr]    Compiling actix-web v3.3.2
[INFO] [stderr]    Compiling actix-web-static-files v3.0.5 (/opt/rustwide/workdir)
[INFO] [stderr]     Finished dev [unoptimized + debuginfo] target(s) in 1m 17s
[INFO] running `Command { std: "docker" "inspect" "ffd91946b22ea7cdac755c466c673f4421bf2e26de581115c1761c5f2e531801", kill_on_drop: false }`
[INFO] running `Command { std: "docker" "rm" "-f" "ffd91946b22ea7cdac755c466c673f4421bf2e26de581115c1761c5f2e531801", kill_on_drop: false }`
[INFO] [stdout] ffd91946b22ea7cdac755c466c673f4421bf2e26de581115c1761c5f2e531801
[INFO] running `Command { std: "docker" "create" "-v" "/var/lib/crater-agent-workspace/builds/worker-77/target:/opt/rustwide/target:rw,Z" "-v" "/var/lib/crater-agent-workspace/builds/worker-77/source:/opt/rustwide/workdir:ro,Z" "-v" "/var/lib/crater-agent-workspace/cargo-home:/opt/rustwide/cargo-home:ro,Z" "-v" "/var/lib/crater-agent-workspace/rustup-home:/opt/rustwide/rustup-home:ro,Z" "-e" "SOURCE_DIR=/opt/rustwide/workdir" "-e" "CARGO_TARGET_DIR=/opt/rustwide/target" "-e" "CARGO_INCREMENTAL=0" "-e" "RUST_BACKTRACE=full" "-e" "RUSTFLAGS=--cap-lints=warn" "-e" "CARGO_HOME=/opt/rustwide/cargo-home" "-e" "RUSTUP_HOME=/opt/rustwide/rustup-home" "-w" "/opt/rustwide/workdir" "-m" "1610612736" "--user" "0:0" "--network" "none" "ghcr.io/rust-lang/crates-build-env/linux@sha256:34b6a614d2c27851fe6cbf88fbd1137609cefab8b10d0615aaeb6fd47975d74e" "/opt/rustwide/cargo-home/bin/cargo" "+1.54.0" "test" "--frozen" "--no-run" "--message-format=json", kill_on_drop: false }`
[INFO] [stdout] 567d70a02535644a1bf58a7ae32e232056e338be334fd5ae6e3af33028dc15ac
[INFO] running `Command { std: "docker" "start" "-a" "567d70a02535644a1bf58a7ae32e232056e338be334fd5ae6e3af33028dc15ac", kill_on_drop: false }`
[INFO] [stderr]     Blocking waiting for file lock on package cache
[INFO] [stderr]    Compiling actix-web-static-files v3.0.5 (/opt/rustwide/workdir)
[INFO] [stderr]     Finished test [unoptimized + debuginfo] target(s) in 1.88s
[INFO] running `Command { std: "docker" "inspect" "567d70a02535644a1bf58a7ae32e232056e338be334fd5ae6e3af33028dc15ac", kill_on_drop: false }`
[INFO] running `Command { std: "docker" "rm" "-f" "567d70a02535644a1bf58a7ae32e232056e338be334fd5ae6e3af33028dc15ac", kill_on_drop: false }`
[INFO] [stdout] 567d70a02535644a1bf58a7ae32e232056e338be334fd5ae6e3af33028dc15ac
[INFO] running `Command { std: "docker" "create" "-v" "/var/lib/crater-agent-workspace/builds/worker-77/target:/opt/rustwide/target:rw,Z" "-v" "/var/lib/crater-agent-workspace/builds/worker-77/source:/opt/rustwide/workdir:ro,Z" "-v" "/var/lib/crater-agent-workspace/cargo-home:/opt/rustwide/cargo-home:ro,Z" "-v" "/var/lib/crater-agent-workspace/rustup-home:/opt/rustwide/rustup-home:ro,Z" "-e" "SOURCE_DIR=/opt/rustwide/workdir" "-e" "CARGO_TARGET_DIR=/opt/rustwide/target" "-e" "CARGO_INCREMENTAL=0" "-e" "RUST_BACKTRACE=full" "-e" "RUSTFLAGS=--cap-lints=warn" "-e" "CARGO_HOME=/opt/rustwide/cargo-home" "-e" "RUSTUP_HOME=/opt/rustwide/rustup-home" "-w" "/opt/rustwide/workdir" "-m" "1610612736" "--user" "0:0" "--network" "none" "ghcr.io/rust-lang/crates-build-env/linux@sha256:34b6a614d2c27851fe6cbf88fbd1137609cefab8b10d0615aaeb6fd47975d74e" "/opt/rustwide/cargo-home/bin/cargo" "+1.54.0" "test" "--frozen", kill_on_drop: false }`
[INFO] [stdout] a55b87682eff003631fad167ca8c3e935433dcf3c19d1d07d3add38d160f64f4
[INFO] running `Command { std: "docker" "start" "-a" "a55b87682eff003631fad167ca8c3e935433dcf3c19d1d07d3add38d160f64f4", kill_on_drop: false }`
[INFO] [stderr]     Finished test [unoptimized + debuginfo] target(s) in 1.02s
[INFO] [stderr]      Running unittests (/opt/rustwide/target/debug/deps/actix_web_static_files-17c2173ecb17dfcc)
[INFO] [stdout] 
[INFO] [stdout] running 1 test
[INFO] [stdout] test r#impl::tests_error_impl::test_error_impl ... ok
[INFO] [stdout] 
[INFO] [stdout] test result: ok. 1 passed; 0 failed; 0 ignored; 0 measured; 0 filtered out; finished in 0.09s
[INFO] [stdout] 
[INFO] [stderr]    Doc-tests actix-web-static-files
[INFO] [stdout] 
[INFO] [stdout] running 4 tests
[INFO] [stdout] test src/impl.rs - r#impl::generate_resources (line 449) ... FAILED
[INFO] [stdout] test src/impl.rs - r#impl::ResourceFiles (line 35) ... ok
[INFO] [stdout] test src/impl.rs - r#impl::generate_resources (line 437) ... ok
[INFO] [stdout] test src/impl.rs - r#impl::resource_dir (line 374) ... ok
[INFO] [stdout] 
[INFO] [stdout] failures:
[INFO] [stdout] 
[INFO] [stdout] ---- src/impl.rs - r#impl::generate_resources (line 449) stdout ----
[INFO] [stdout] error: linking with `cc` failed: exit status: 1
[INFO] [stdout]   |
[INFO] [stdout]   = note: "cc" "-m64" "/tmp/rustdoctesttLrZ4k/rust_out.rust_out.7rcbfp3g-cgu.0.rcgu.o" "/tmp/rustdoctesttLrZ4k/rust_out.33dyzt1ekirinwy8.rcgu.o" "-Wl,--as-needed" "-L" "/opt/rustwide/target/debug/deps" "-L" "/opt/rustwide/target/debug/deps" "-L" "/opt/rustwide/rustup-home/toolchains/1.54.0-x86_64-unknown-linux-gnu/lib/rustlib/x86_64-unknown-linux-gnu/lib" "-Wl,-Bstatic" "/opt/rustwide/target/debug/deps/libactix_web_static_files-744646544cc64177.rlib" "/opt/rustwide/target/debug/deps/libmime_guess-6ab4efc8840367b4.rlib" "/opt/rustwide/target/debug/deps/libunicase-3712d2bec500204b.rlib" "/opt/rustwide/target/debug/deps/libpath_slash-f7a9867b25a53462.rlib" "/opt/rustwide/target/debug/deps/libactix_web-ea84af1b6178a635.rlib" "/opt/rustwide/target/debug/deps/libactix_tls-3dec85d1a231c54f.rlib" "/opt/rustwide/target/debug/deps/libawc-2c7f03e7105d3bde.rlib" "/opt/rustwide/target/debug/deps/libactix_server-784477238d42c598.rlib" "/opt/rustwide/target/debug/deps/libsocket2-0c3b28c80dea28ae.rlib" "/opt/rustwide/target/debug/deps/libactix_router-cb06a3a7bcee3670.rlib" "/opt/rustwide/target/debug/deps/libbytestring-405ece0cc60b8c36.rlib" "/opt/rustwide/target/debug/deps/libactix_http-19f01673e06b83fc.rlib" "/opt/rustwide/target/debug/deps/libbase64-5c7414cfb92860e8.rlib" "/opt/rustwide/target/debug/deps/libhttparse-1c870db38feb2e5b.rlib" "/opt/rustwide/target/debug/deps/libsha1-e9fb0c2a88e30ed4.rlib" "/opt/rustwide/target/debug/deps/libopaque_debug-45a15423c8ac1fee.rlib" "/opt/rustwide/target/debug/deps/libcpufeatures-bd8ae1a522dceefd.rlib" "/opt/rustwide/target/debug/deps/libblock_buffer-ca98df5ecfb40ab8.rlib" "/opt/rustwide/target/debug/deps/libdigest-cee9498d46fe27c0.rlib" "/opt/rustwide/target/debug/deps/libgeneric_array-7ec1671be0b15994.rlib" "/opt/rustwide/target/debug/deps/libtypenum-9959a671b08afc70.rlib" "/opt/rustwide/target/debug/deps/libserde_urlencoded-172f7378a1591fdf.rlib" "/opt/rustwide/target/debug/deps/libserde_json-83a4a0038f10f81b.rlib" "/opt/rustwide/target/debug/deps/libryu-059aa1fbb24cd15e.rlib" "/opt/rustwide/target/debug/deps/libcookie-04f8bcd2bf3c5de2.rlib" "/opt/rustwide/target/debug/deps/libserde-c39ce3e6ac5d8adf.rlib" "/opt/rustwide/target/debug/deps/libencoding_rs-51e21ce37bda7a9c.rlib" "/opt/rustwide/target/debug/deps/libregex-61169e0bd48871d5.rlib" "/opt/rustwide/target/debug/deps/libaho_corasick-daea6be397b1cb2b.rlib" "/opt/rustwide/target/debug/deps/libregex_syntax-b672c9191f2c7225.rlib" "/opt/rustwide/target/debug/deps/liblanguage_tags-13641c9fc2b3d6b6.rlib" "/opt/rustwide/target/debug/deps/libmime-12522ef5c2462da9.rlib" "/opt/rustwide/target/debug/deps/libtime-94a0bffee29171c3.rlib" "/opt/rustwide/target/debug/deps/libtime_macros-65da6a44f4baf568.rlib" "/opt/rustwide/target/debug/deps/libstandback-7f720039cbadcce4.rlib" "/opt/rustwide/target/debug/deps/libfxhash-c670b7590301c34e.rlib" "/opt/rustwide/target/debug/deps/libbyteorder-0c03c404070d92e6.rlib" "/opt/rustwide/target/debug/deps/libactix_utils-26540a45b25e18b6.rlib" "/opt/rustwide/target/debug/deps/libactix_connect-c237c07dc56e9f82.rlib" "/opt/rustwide/target/debug/deps/libtrust_dns_resolver-c27b0b2eb72d7098.rlib" "/opt/rustwide/target/debug/deps/libresolv_conf-0e93234b11946d4c.rlib" "/opt/rustwide/target/debug/deps/libhostname-6ae99a3ce4af13d3.rlib" "/opt/rustwide/target/debug/deps/libmatch_cfg-49e90a56af9c6c10.rlib" "/opt/rustwide/target/debug/deps/libquick_error-ed708074fa1e3146.rlib" "/opt/rustwide/target/debug/deps/libtrust_dns_proto-389cf0ad90a4886e.rlib" "/opt/rustwide/target/debug/deps/librand-7a49e87ee2d0b7c4.rlib" "/opt/rustwide/target/debug/deps/librand_chacha-e82e8facda003d5e.rlib" "/opt/rustwide/target/debug/deps/libppv_lite86-545d86392ea1d8e4.rlib" "/opt/rustwide/target/debug/deps/librand_core-082277c9ab3cfc56.rlib" "/opt/rustwide/target/debug/deps/libgetrandom-aaf1f4587a3aef21.rlib" "/opt/rustwide/target/debug/deps/liburl-98505fcfc663a9d7.rlib" "/opt/rustwide/target/debug/deps/libform_urlencoded-64c48050f569228e.rlib" "/opt/rustwide/target/debug/deps/libpercent_encoding-549c334c22432c49.rlib" "/opt/rustwide/target/debug/deps/libidna-144743a1c87fc8e9.rlib" "/opt/rustwide/target/debug/deps/libunicode_normalization-f88ccced2be4bc93.rlib" "/opt/rustwide/target/debug/deps/libtinyvec-b0b99c866aca13aa.rlib" "/opt/rustwide/target/debug/deps/libtinyvec_macros-f6b5563d3767ea26.rlib" "/opt/rustwide/target/debug/deps/libunicode_bidi-cd5d16f1476c6336.rlib" "/opt/rustwide/target/debug/deps/libmatches-5bfcef5685786a07.rlib" "/opt/rustwide/target/debug/deps/libthiserror-7d8a94aa91ca06f8.rlib" "/opt/rustwide/target/debug/deps/liblru_cache-a178f574cd5f43aa.rlib" "/opt/rustwide/target/debug/deps/liblinked_hash_map-d7738624b447d230.rlib" "/opt/rustwide/target/debug/deps/libfutures-c37a9ee7d67c51ac.rlib" "/opt/rustwide/target/debug/deps/libactix_rt-065b2520d80ccd82.rlib" "/opt/rustwide/target/debug/deps/libactix_threadpool-baf3a4c022cd33d4.rlib" "/opt/rustwide/target/debug/deps/libthreadpool-198790af70673da5.rlib" "/opt/rustwide/target/debug/deps/libnum_cpus-6df632f11f9627c8.rlib" "/opt/rustwide/target/debug/deps/libparking_lot-19ce50f114439219.rlib" "/opt/rustwide/target/debug/deps/libparking_lot_core-adb12331792758e1.rlib" "/opt/rustwide/target/debug/deps/liblock_api-f86aff73bc72d24a.rlib" "/opt/rustwide/target/debug/deps/libscopeguard-7a1710762e6687e9.rlib" "/opt/rustwide/target/debug/deps/libinstant-33a6cd153ae26c88.rlib" "/opt/rustwide/target/debug/deps/libsmallvec-cd9632e27e802452.rlib" "/opt/rustwide/target/debug/deps/libcopyless-30a91b6253a6f8a7.rlib" "/opt/rustwide/target/debug/deps/libeither-a4aed9cad0e06bb2.rlib" "/opt/rustwide/target/debug/deps/libh2-5b3e35ed0453dc10.rlib" "/opt/rustwide/target/debug/deps/libtracing_futures-85d4c02cb2d533b3.rlib" "/opt/rustwide/target/debug/deps/libtracing-aa0d402d0297f5f8.rlib" "/opt/rustwide/target/debug/deps/libtracing_core-0e11f0c341661672.rlib" "/opt/rustwide/target/debug/deps/libindexmap-d8d3c76f0f3a39a5.rlib" "/opt/rustwide/target/debug/deps/libhashbrown-8c5395ff9e9a0462.rlib" "/opt/rustwide/target/debug/deps/libhttp-f934d99aebf29821.rlib" "/opt/rustwide/target/debug/deps/libitoa-9ccdb0b3e3d11258.rlib" "/opt/rustwide/target/debug/deps/libbytes-df7cac8fc38da202.rlib" "/opt/rustwide/target/debug/deps/libfnv-56e05e18a5751d51.rlib" "/opt/rustwide/target/debug/deps/libactix_service-bdd41bb68753f922.rlib" "/opt/rustwide/target/debug/deps/libactix_codec-ceb2b6a24e9fa5b5.rlib" "/opt/rustwide/target/debug/deps/libbitflags-f89ae4b715176e2d.rlib" "/opt/rustwide/target/debug/deps/libtokio_util-86b49f5439e4829a.rlib" "/opt/rustwide/target/debug/deps/libtokio-abc56b2ac6192e19.rlib" "/opt/rustwide/target/debug/deps/libsignal_hook_registry-27cd687f472c6d94.rlib" "/opt/rustwide/target/debug/deps/libmio_uds-531fdcb97551ee9a.rlib" "/opt/rustwide/target/debug/deps/liblazy_static-5c53d641eb010a81.rlib" "/opt/rustwide/target/debug/deps/libmio-76b94b108503c86b.rlib" "/opt/rustwide/target/debug/deps/libiovec-a7a612086921a75b.rlib" "/opt/rustwide/target/debug/deps/libnet2-61d1992153070206.rlib" "/opt/rustwide/target/debug/deps/libcfg_if-e7a28af79b261e75.rlib" "/opt/rustwide/target/debug/deps/liblibc-3d1d2a7a9ea42ed0.rlib" "/opt/rustwide/target/debug/deps/libpin_project_lite-75b1067fb9bf87bb.rlib" "/opt/rustwide/target/debug/deps/libpin_project-508d323ff2953159.rlib" "/opt/rustwide/target/debug/deps/libpin_project-8016d0ae28c8bcde.rlib" "/opt/rustwide/target/debug/deps/libfutures_util-2a39437602d5f497.rlib" "/opt/rustwide/target/debug/deps/libmemchr-1f0d97dc9aa3dd56.rlib" "/opt/rustwide/target/debug/deps/libfutures_io-12ff95146a6896b4.rlib" "/opt/rustwide/target/debug/deps/libslab-f0931e7482d64922.rlib" "/opt/rustwide/target/debug/deps/libfutures_channel-123298ef293e503a.rlib" "/opt/rustwide/target/debug/deps/libpin_project_lite-ed06e07546a7102f.rlib" "/opt/rustwide/target/debug/deps/libfutures_sink-888229fc48e582a3.rlib" "/opt/rustwide/target/debug/deps/libfutures_task-5b8f6133e14601aa.rlib" "/opt/rustwide/target/debug/deps/libpin_utils-576e633f12357c97.rlib" "/opt/rustwide/target/debug/deps/libfutures_core-28804fd28ce97755.rlib" "/opt/rustwide/target/debug/deps/libbytes-4adc91177522b7b0.rlib" "/opt/rustwide/target/debug/deps/liblog-975203197fcf8dc1.rlib" "/opt/rustwide/target/debug/deps/libcfg_if-38c8a3e888ecb06a.rlib" "-Wl,--start-group" "/opt/rustwide/rustup-home/toolchains/1.54.0-x86_64-unknown-linux-gnu/lib/rustlib/x86_64-unknown-linux-gnu/lib/libstd-2420485b9e5ef5e1.rlib" "/opt/rustwide/rustup-home/toolchains/1.54.0-x86_64-unknown-linux-gnu/lib/rustlib/x86_64-unknown-linux-gnu/lib/libpanic_unwind-785e3cb61c4b1960.rlib" "/opt/rustwide/rustup-home/toolchains/1.54.0-x86_64-unknown-linux-gnu/lib/rustlib/x86_64-unknown-linux-gnu/lib/libminiz_oxide-087191a88bdaa22d.rlib" "/opt/rustwide/rustup-home/toolchains/1.54.0-x86_64-unknown-linux-gnu/lib/rustlib/x86_64-unknown-linux-gnu/lib/libadler-9981842c02975178.rlib" "/opt/rustwide/rustup-home/toolchains/1.54.0-x86_64-unknown-linux-gnu/lib/rustlib/x86_64-unknown-linux-gnu/lib/libobject-6fb405869b015fde.rlib" "/opt/rustwide/rustup-home/toolchains/1.54.0-x86_64-unknown-linux-gnu/lib/rustlib/x86_64-unknown-linux-gnu/lib/libaddr2line-d05c5c3c56004b7b.rlib" "/opt/rustwide/rustup-home/toolchains/1.54.0-x86_64-unknown-linux-gnu/lib/rustlib/x86_64-unknown-linux-gnu/lib/libgimli-42d74d2097528b38.rlib" "/opt/rustwide/rustup-home/toolchains/1.54.0-x86_64-unknown-linux-gnu/lib/rustlib/x86_64-unknown-linux-gnu/lib/libstd_detect-fb36534c113d2209.rlib" "/opt/rustwide/rustup-home/toolchains/1.54.0-x86_64-unknown-linux-gnu/lib/rustlib/x86_64-unknown-linux-gnu/lib/librustc_demangle-b56b9042c12b6535.rlib" "/opt/rustwide/rustup-home/toolchains/1.54.0-x86_64-unknown-linux-gnu/lib/rustlib/x86_64-unknown-linux-gnu/lib/libhashbrown-491902d6cb3e76df.rlib" "/opt/rustwide/rustup-home/toolchains/1.54.0-x86_64-unknown-linux-gnu/lib/rustlib/x86_64-unknown-linux-gnu/lib/librustc_std_workspace_alloc-61834e0981b8c367.rlib" "/opt/rustwide/rustup-home/toolchains/1.54.0-x86_64-unknown-linux-gnu/lib/rustlib/x86_64-unknown-linux-gnu/lib/libunwind-f78aa99d613a55bc.rlib" "/opt/rustwide/rustup-home/toolchains/1.54.0-x86_64-unknown-linux-gnu/lib/rustlib/x86_64-unknown-linux-gnu/lib/libcfg_if-53ee54cd7fed2c57.rlib" "/opt/rustwide/rustup-home/toolchains/1.54.0-x86_64-unknown-linux-gnu/lib/rustlib/x86_64-unknown-linux-gnu/lib/liblibc-544ecdbd6cda3c58.rlib" "/opt/rustwide/rustup-home/toolchains/1.54.0-x86_64-unknown-linux-gnu/lib/rustlib/x86_64-unknown-linux-gnu/lib/liballoc-379cc252b6943a79.rlib" "/opt/rustwide/rustup-home/toolchains/1.54.0-x86_64-unknown-linux-gnu/lib/rustlib/x86_64-unknown-linux-gnu/lib/librustc_std_workspace_core-8063eea38dcc5e62.rlib" "/opt/rustwide/rustup-home/toolchains/1.54.0-x86_64-unknown-linux-gnu/lib/rustlib/x86_64-unknown-linux-gnu/lib/libcore-5b228734afae15ee.rlib" "-Wl,--end-group" "/opt/rustwide/rustup-home/toolchains/1.54.0-x86_64-unknown-linux-gnu/lib/rustlib/x86_64-unknown-linux-gnu/lib/libcompiler_builtins-d6c7a399d95d173f.rlib" "-Wl,-Bdynamic" "-lgcc_s" "-lutil" "-lrt" "-lpthread" "-lm" "-ldl" "-lc" "-Wl,--eh-frame-hdr" "-Wl,-znoexecstack" "-L" "/opt/rustwide/rustup-home/toolchains/1.54.0-x86_64-unknown-linux-gnu/lib/rustlib/x86_64-unknown-linux-gnu/lib" "-o" "/tmp/rustdoctesttLrZ4k/rust_out" "-Wl,--gc-sections" "-pie" "-Wl,-zrelro" "-Wl,-znow" "-nodefaultlibs"
[INFO] [stdout]   = note: collect2: fatal error: ld terminated with signal 9 [Killed]
[INFO] [stdout]           compilation terminated.
[INFO] [stdout]           
[INFO] [stdout] 
[INFO] [stdout] error: aborting due to previous error
[INFO] [stdout] 
[INFO] [stdout] Couldn't compile the test.
[INFO] [stdout] 
[INFO] [stdout] failures:
[INFO] [stdout]     src/impl.rs - r#impl::generate_resources (line 449)
[INFO] [stdout] 
[INFO] [stdout] test result: FAILED. 3 passed; 1 failed; 0 ignored; 0 measured; 0 filtered out; finished in 18.71s
[INFO] [stdout] 
[INFO] [stderr] error: test failed, to rerun pass '--doc'
[INFO] running `Command { std: "docker" "inspect" "a55b87682eff003631fad167ca8c3e935433dcf3c19d1d07d3add38d160f64f4", kill_on_drop: false }`
[INFO] running `Command { std: "docker" "rm" "-f" "a55b87682eff003631fad167ca8c3e935433dcf3c19d1d07d3add38d160f64f4", kill_on_drop: false }`
[INFO] [stdout] a55b87682eff003631fad167ca8c3e935433dcf3c19d1d07d3add38d160f64f4
