[INFO] cloning repository https://github.com/tetcoin/substrate-analytics
[INFO] running `Command { std: "git" "-c" "credential.helper=" "-c" "credential.helper=/workspace/cargo-home/bin/git-credential-null" "clone" "--bare" "https://github.com/tetcoin/substrate-analytics" "/workspace/cache/git-repos/https%3A%2F%2Fgithub.com%2Ftetcoin%2Fsubstrate-analytics", kill_on_drop: false }`
[INFO] [stderr] Cloning into bare repository '/workspace/cache/git-repos/https%3A%2F%2Fgithub.com%2Ftetcoin%2Fsubstrate-analytics'...
[INFO] running `Command { std: "git" "rev-parse" "HEAD", kill_on_drop: false }`
[INFO] [stdout] 5de0df894603d9e2e3371e2fdbee851e9fbe8826
[INFO] testing tetcoin/substrate-analytics against 1.54.0 for beta-1.55-1
[INFO] running `Command { std: "git" "clone" "/workspace/cache/git-repos/https%3A%2F%2Fgithub.com%2Ftetcoin%2Fsubstrate-analytics" "/workspace/builds/worker-6/source", kill_on_drop: false }`
[INFO] [stderr] Cloning into '/workspace/builds/worker-6/source'...
[INFO] [stderr] done.
[INFO] validating manifest of git repo https://github.com/tetcoin/substrate-analytics on toolchain 1.54.0
[INFO] running `Command { std: "/workspace/cargo-home/bin/cargo" "+1.54.0" "metadata" "--manifest-path" "Cargo.toml" "--no-deps", kill_on_drop: false }`
[INFO] started tweaking git repo https://github.com/tetcoin/substrate-analytics
[INFO] finished tweaking git repo https://github.com/tetcoin/substrate-analytics
[INFO] tweaked toml for git repo https://github.com/tetcoin/substrate-analytics written to /workspace/builds/worker-6/source/Cargo.toml
[INFO] crate git repo https://github.com/tetcoin/substrate-analytics already has a lockfile, it will not be regenerated
[INFO] running `Command { std: "/workspace/cargo-home/bin/cargo" "+1.54.0" "fetch" "--manifest-path" "Cargo.toml", kill_on_drop: false }`
[INFO] [stderr]     Blocking waiting for file lock on package cache
[INFO] [stderr]     Blocking waiting for file lock on package cache
[INFO] running `Command { std: "docker" "create" "-v" "/var/lib/crater-agent-workspace/builds/worker-6/target:/opt/rustwide/target:rw,Z" "-v" "/var/lib/crater-agent-workspace/builds/worker-6/source:/opt/rustwide/workdir:ro,Z" "-v" "/var/lib/crater-agent-workspace/cargo-home:/opt/rustwide/cargo-home:ro,Z" "-v" "/var/lib/crater-agent-workspace/rustup-home:/opt/rustwide/rustup-home:ro,Z" "-e" "SOURCE_DIR=/opt/rustwide/workdir" "-e" "CARGO_TARGET_DIR=/opt/rustwide/target" "-e" "CARGO_HOME=/opt/rustwide/cargo-home" "-e" "RUSTUP_HOME=/opt/rustwide/rustup-home" "-w" "/opt/rustwide/workdir" "-m" "1610612736" "--user" "0:0" "--network" "none" "ghcr.io/rust-lang/crates-build-env/linux@sha256:34b6a614d2c27851fe6cbf88fbd1137609cefab8b10d0615aaeb6fd47975d74e" "/opt/rustwide/cargo-home/bin/cargo" "+1.54.0" "metadata" "--no-deps" "--format-version=1", kill_on_drop: false }`
[INFO] [stdout] 33f92f5e3fdf01732cb9f68037f83f0ed9d0e6fa84786e26dc73bced05349922
[INFO] [stderr] WARNING: Your kernel does not support swap limit capabilities or the cgroup is not mounted. Memory limited without swap.
[INFO] running `Command { std: "docker" "start" "-a" "33f92f5e3fdf01732cb9f68037f83f0ed9d0e6fa84786e26dc73bced05349922", kill_on_drop: false }`
[INFO] running `Command { std: "docker" "inspect" "33f92f5e3fdf01732cb9f68037f83f0ed9d0e6fa84786e26dc73bced05349922", kill_on_drop: false }`
[INFO] running `Command { std: "docker" "rm" "-f" "33f92f5e3fdf01732cb9f68037f83f0ed9d0e6fa84786e26dc73bced05349922", kill_on_drop: false }`
[INFO] [stdout] 33f92f5e3fdf01732cb9f68037f83f0ed9d0e6fa84786e26dc73bced05349922
[INFO] running `Command { std: "docker" "create" "-v" "/var/lib/crater-agent-workspace/builds/worker-6/target:/opt/rustwide/target:rw,Z" "-v" "/var/lib/crater-agent-workspace/builds/worker-6/source:/opt/rustwide/workdir:ro,Z" "-v" "/var/lib/crater-agent-workspace/cargo-home:/opt/rustwide/cargo-home:ro,Z" "-v" "/var/lib/crater-agent-workspace/rustup-home:/opt/rustwide/rustup-home:ro,Z" "-e" "SOURCE_DIR=/opt/rustwide/workdir" "-e" "CARGO_TARGET_DIR=/opt/rustwide/target" "-e" "CARGO_INCREMENTAL=0" "-e" "RUST_BACKTRACE=full" "-e" "RUSTFLAGS=--cap-lints=warn" "-e" "CARGO_HOME=/opt/rustwide/cargo-home" "-e" "RUSTUP_HOME=/opt/rustwide/rustup-home" "-w" "/opt/rustwide/workdir" "-m" "1610612736" "--user" "0:0" "--network" "none" "ghcr.io/rust-lang/crates-build-env/linux@sha256:34b6a614d2c27851fe6cbf88fbd1137609cefab8b10d0615aaeb6fd47975d74e" "/opt/rustwide/cargo-home/bin/cargo" "+1.54.0" "build" "--frozen" "--message-format=json", kill_on_drop: false }`
[INFO] [stdout] 48422a44fe933625f2107c40797173be2a72a530f7ef2f89f6434872865f8327
[INFO] [stderr] WARNING: Your kernel does not support swap limit capabilities or the cgroup is not mounted. Memory limited without swap.
[INFO] running `Command { std: "docker" "start" "-a" "48422a44fe933625f2107c40797173be2a72a530f7ef2f89f6434872865f8327", kill_on_drop: false }`
[INFO] [stderr]     Blocking waiting for file lock on package cache
[INFO] [stderr]    Compiling libc v0.2.86
[INFO] [stderr]    Compiling syn v1.0.60
[INFO] [stderr]    Compiling futures-sink v0.3.12
[INFO] [stderr]    Compiling serde_json v1.0.62
[INFO] [stderr]    Compiling v_escape v0.13.2
[INFO] [stderr]    Compiling v_htmlescape v0.10.4
[INFO] [stderr]    Compiling sysinfo v0.13.4
[INFO] [stderr]    Compiling json v0.12.4
[INFO] [stderr]    Compiling futures-task v0.3.12
[INFO] [stderr]    Compiling num-integer v0.1.44
[INFO] [stderr]    Compiling thread_local v1.1.3
[INFO] [stderr]    Compiling time v0.2.25
[INFO] [stderr]    Compiling cookie v0.14.3
[INFO] [stderr]    Compiling ring v0.16.20
[INFO] [stderr]    Compiling brotli-sys v0.3.2
[INFO] [stderr]    Compiling buf-min v0.1.1
[INFO] [stderr]    Compiling fxhash v0.2.1
[INFO] [stderr]    Compiling bytestring v1.0.0
[INFO] [stderr]    Compiling futures-channel v0.3.12
[INFO] [stderr]    Compiling tracing v0.1.23
[INFO] [stderr]    Compiling idna v0.2.1
[INFO] [stderr]    Compiling nom v4.2.3
[INFO] [stderr]    Compiling regex v1.4.3
[INFO] [stderr]    Compiling universal-hash v0.4.0
[INFO] [stderr]    Compiling crypto-mac v0.10.0
[INFO] [stderr]    Compiling aes-soft v0.6.4
[INFO] [stderr]    Compiling ctr v0.6.0
[INFO] [stderr]    Compiling sha2 v0.9.3
[INFO] [stderr]    Compiling sha-1 v0.9.3
[INFO] [stderr]    Compiling crossbeam-deque v0.8.0
[INFO] [stderr]    Compiling hmac v0.10.1
[INFO] [stderr]    Compiling polyval v0.4.5
[INFO] [stderr]    Compiling ghash v0.3.1
[INFO] [stderr]    Compiling hkdf v0.10.0
[INFO] [stderr]    Compiling aes v0.6.0
[INFO] [stderr]    Compiling num-bigint v0.2.6
[INFO] [stderr]    Compiling num-iter v0.1.42
[INFO] [stderr]    Compiling aes-gcm v0.8.0
[INFO] [stderr]    Compiling url v2.2.0
[INFO] [stderr]    Compiling iovec v0.1.4
[INFO] [stderr]    Compiling net2 v0.2.37
[INFO] [stderr]    Compiling signal-hook-registry v1.3.0
[INFO] [stderr]    Compiling parking_lot_core v0.8.2
[INFO] [stderr]    Compiling num_cpus v1.13.0
[INFO] [stderr]    Compiling getrandom v0.1.16
[INFO] [stderr]    Compiling backtrace v0.3.56
[INFO] [stderr]    Compiling hostname v0.3.1
[INFO] [stderr]    Compiling openssl-sys v0.9.60
[INFO] [stderr]    Compiling flate2 v1.0.20
[INFO] [stderr]    Compiling socket2 v0.3.19
[INFO] [stderr]    Compiling rand v0.4.6
[INFO] [stderr]    Compiling time v0.1.44
[INFO] [stderr]    Compiling atty v0.2.14
[INFO] [stderr]    Compiling slice-deque v0.3.0
[INFO] [stderr]    Compiling resolv-conf v0.7.0
[INFO] [stderr]    Compiling rand_core v0.5.1
[INFO] [stderr]    Compiling parking_lot v0.11.1
[INFO] [stderr]    Compiling mio v0.6.23
[INFO] [stderr]    Compiling threadpool v1.8.1
[INFO] [stderr]    Compiling rayon-core v1.9.0
[INFO] [stderr]    Compiling openssl v0.10.32
[INFO] [stderr]    Compiling env_logger v0.6.2
[INFO] [stderr]    Compiling bigdecimal v0.1.2
[INFO] [stderr]    Compiling rand_chacha v0.2.2
[INFO] [stderr]    Compiling num-bigint v0.1.44
[INFO] [stderr]    Compiling scheduled-thread-pool v0.2.5
[INFO] [stderr]    Compiling rand v0.7.3
[INFO] [stderr]    Compiling rayon v1.5.0
[INFO] [stderr]    Compiling mio-uds v0.6.8
[INFO] [stderr]    Compiling r2d2 v0.8.9
[INFO] [stderr]    Compiling tokio v0.2.25
[INFO] [stderr]    Compiling num v0.1.42
[INFO] [stderr]    Compiling bigdecimal v0.0.11
[INFO] [stderr]    Compiling statrs v0.12.0
[INFO] [stderr]    Compiling webpki v0.21.4
[INFO] [stderr]    Compiling sct v0.6.0
[INFO] [stderr]    Compiling rustls v0.18.1
[INFO] [stderr]    Compiling webpki-roots v0.20.0
[INFO] [stderr]    Compiling brotli2 v0.3.2
[INFO] [stderr]    Compiling synstructure v0.12.4
[INFO] [stderr]    Compiling tokio-util v0.3.1
[INFO] [stderr]    Compiling tokio-openssl v0.4.0
[INFO] [stderr]    Compiling tokio-rustls v0.14.1
[INFO] [stderr]    Compiling futures-macro v0.3.12
[INFO] [stderr]    Compiling pin-project-internal v0.4.27
[INFO] [stderr]    Compiling derive_more v0.99.11
[INFO] [stderr]    Compiling serde_derive v1.0.123
[INFO] [stderr]    Compiling actix-macros v0.1.3
[INFO] [stderr]    Compiling thiserror-impl v1.0.23
[INFO] [stderr]    Compiling enum-as-inner v0.3.3
[INFO] [stderr]    Compiling async-trait v0.1.42
[INFO] [stderr]    Compiling time-macros-impl v0.1.1
[INFO] [stderr]    Compiling pin-project-internal v1.0.5
[INFO] [stderr]    Compiling actix_derive v0.5.0
[INFO] [stderr]    Compiling actix-web-codegen v0.4.0
[INFO] [stderr]    Compiling v_escape_derive v0.8.4
[INFO] [stderr]    Compiling failure_derive v0.1.8
[INFO] [stderr]    Compiling diesel_derives v1.4.1
[INFO] [stderr]    Compiling failure v0.1.8
[INFO] [stderr]    Compiling time-macros v0.1.1
[INFO] [stderr]    Compiling dotenv v0.13.0
[INFO] [stderr]    Compiling futures-util v0.3.12
[INFO] [stderr]    Compiling thiserror v1.0.23
[INFO] [stderr]    Compiling pin-project v1.0.5
[INFO] [stderr]    Compiling pin-project v0.4.27
[INFO] [stderr]    Compiling actix-codec v0.3.0
[INFO] [stderr]    Compiling tracing-futures v0.2.4
[INFO] [stderr]    Compiling serde v1.0.123
[INFO] [stderr]    Compiling actix-service v1.0.6
[INFO] [stderr]    Compiling futures-executor v0.3.12
[INFO] [stderr]    Compiling h2 v0.2.7
[INFO] [stderr]    Compiling actix-threadpool v0.3.3
[INFO] [stderr]    Compiling futures v0.3.12
[INFO] [stderr]    Compiling actix-rt v1.1.1
[INFO] [stderr]    Compiling trust-dns-proto v0.19.6
[INFO] [stderr]    Compiling actix-utils v2.0.0
[INFO] [stderr]    Compiling actix-tls v2.0.0
[INFO] [stderr]    Compiling actix-server v1.0.4
[INFO] [stderr]    Compiling trust-dns-resolver v0.19.6
[INFO] [stderr]    Compiling actix-testing v1.0.1
[INFO] [stderr]    Compiling serde_urlencoded v0.7.0
[INFO] [stderr]    Compiling actix-router v0.2.7
[INFO] [stderr]    Compiling chrono v0.4.19
[INFO] [stderr]    Compiling ipnetwork v0.16.0
[INFO] [stderr]    Compiling actix v0.10.0
[INFO] [stderr]    Compiling actix-connect v2.0.0
[INFO] [stderr]    Compiling diesel v1.4.5
[INFO] [stderr]    Compiling actix-http v2.2.0
[INFO] [stderr]    Compiling awc v2.0.3
[INFO] [stderr]    Compiling actix-web v3.3.2
[INFO] [stderr]    Compiling actix-web-actors v3.0.0
[INFO] [stderr]    Compiling actix-files v0.3.0
[INFO] [stderr]    Compiling tetcore-analytics v0.1.4 (/opt/rustwide/workdir)
[INFO] [stdout] warning: associated function is never used: `get_peer_counts`
[INFO] [stdout]    --> src/db/nodes.rs:183:8
[INFO] [stdout]     |
[INFO] [stdout] 183 |     fn get_peer_counts(&self, filters: Filters) -> Result<Value, Error> {
[INFO] [stdout]     |        ^^^^^^^^^^^^^^^
[INFO] [stdout]     |
[INFO] [stdout]     = note: `#[warn(dead_code)]` on by default
[INFO] [stdout] 
[INFO] [stdout] 
[INFO] [stdout] warning: 1 warning emitted
[INFO] [stdout] 
[INFO] [stdout] 
[INFO] [stderr]     Finished dev [unoptimized + debuginfo] target(s) in 3m 06s
[INFO] running `Command { std: "docker" "inspect" "48422a44fe933625f2107c40797173be2a72a530f7ef2f89f6434872865f8327", kill_on_drop: false }`
[INFO] running `Command { std: "docker" "rm" "-f" "48422a44fe933625f2107c40797173be2a72a530f7ef2f89f6434872865f8327", kill_on_drop: false }`
[INFO] [stdout] 48422a44fe933625f2107c40797173be2a72a530f7ef2f89f6434872865f8327
[INFO] running `Command { std: "docker" "create" "-v" "/var/lib/crater-agent-workspace/builds/worker-6/target:/opt/rustwide/target:rw,Z" "-v" "/var/lib/crater-agent-workspace/builds/worker-6/source:/opt/rustwide/workdir:ro,Z" "-v" "/var/lib/crater-agent-workspace/cargo-home:/opt/rustwide/cargo-home:ro,Z" "-v" "/var/lib/crater-agent-workspace/rustup-home:/opt/rustwide/rustup-home:ro,Z" "-e" "SOURCE_DIR=/opt/rustwide/workdir" "-e" "CARGO_TARGET_DIR=/opt/rustwide/target" "-e" "CARGO_INCREMENTAL=0" "-e" "RUST_BACKTRACE=full" "-e" "RUSTFLAGS=--cap-lints=warn" "-e" "CARGO_HOME=/opt/rustwide/cargo-home" "-e" "RUSTUP_HOME=/opt/rustwide/rustup-home" "-w" "/opt/rustwide/workdir" "-m" "1610612736" "--user" "0:0" "--network" "none" "ghcr.io/rust-lang/crates-build-env/linux@sha256:34b6a614d2c27851fe6cbf88fbd1137609cefab8b10d0615aaeb6fd47975d74e" "/opt/rustwide/cargo-home/bin/cargo" "+1.54.0" "test" "--frozen" "--no-run" "--message-format=json", kill_on_drop: false }`
[INFO] [stderr] WARNING: Your kernel does not support swap limit capabilities or the cgroup is not mounted. Memory limited without swap.
[INFO] [stdout] 7ff37a53cab9a08b62b50c3bfa63a990bd842eca309eaec9f9b967e8b208d397
[INFO] running `Command { std: "docker" "start" "-a" "7ff37a53cab9a08b62b50c3bfa63a990bd842eca309eaec9f9b967e8b208d397", kill_on_drop: false }`
[INFO] [stderr]    Compiling tetcore-analytics v0.1.4 (/opt/rustwide/workdir)
[INFO] [stdout] warning: associated function is never used: `get_peer_counts`
[INFO] [stdout]    --> src/db/nodes.rs:183:8
[INFO] [stdout]     |
[INFO] [stdout] 183 |     fn get_peer_counts(&self, filters: Filters) -> Result<Value, Error> {
[INFO] [stdout]     |        ^^^^^^^^^^^^^^^
[INFO] [stdout]     |
[INFO] [stdout]     = note: `#[warn(dead_code)]` on by default
[INFO] [stdout] 
[INFO] [stdout] 
[INFO] [stdout] warning: 1 warning emitted
[INFO] [stdout] 
[INFO] [stdout] 
[INFO] [stderr]     Finished test [unoptimized + debuginfo] target(s) in 12.93s
[INFO] running `Command { std: "docker" "inspect" "7ff37a53cab9a08b62b50c3bfa63a990bd842eca309eaec9f9b967e8b208d397", kill_on_drop: false }`
[INFO] running `Command { std: "docker" "rm" "-f" "7ff37a53cab9a08b62b50c3bfa63a990bd842eca309eaec9f9b967e8b208d397", kill_on_drop: false }`
[INFO] [stdout] 7ff37a53cab9a08b62b50c3bfa63a990bd842eca309eaec9f9b967e8b208d397
[INFO] running `Command { std: "docker" "create" "-v" "/var/lib/crater-agent-workspace/builds/worker-6/target:/opt/rustwide/target:rw,Z" "-v" "/var/lib/crater-agent-workspace/builds/worker-6/source:/opt/rustwide/workdir:ro,Z" "-v" "/var/lib/crater-agent-workspace/cargo-home:/opt/rustwide/cargo-home:ro,Z" "-v" "/var/lib/crater-agent-workspace/rustup-home:/opt/rustwide/rustup-home:ro,Z" "-e" "SOURCE_DIR=/opt/rustwide/workdir" "-e" "CARGO_TARGET_DIR=/opt/rustwide/target" "-e" "CARGO_INCREMENTAL=0" "-e" "RUST_BACKTRACE=full" "-e" "RUSTFLAGS=--cap-lints=warn" "-e" "CARGO_HOME=/opt/rustwide/cargo-home" "-e" "RUSTUP_HOME=/opt/rustwide/rustup-home" "-w" "/opt/rustwide/workdir" "-m" "1610612736" "--user" "0:0" "--network" "none" "ghcr.io/rust-lang/crates-build-env/linux@sha256:34b6a614d2c27851fe6cbf88fbd1137609cefab8b10d0615aaeb6fd47975d74e" "/opt/rustwide/cargo-home/bin/cargo" "+1.54.0" "test" "--frozen", kill_on_drop: false }`
[INFO] [stderr] WARNING: Your kernel does not support swap limit capabilities or the cgroup is not mounted. Memory limited without swap.
[INFO] [stdout] 07ed07aaa11667dd8b873de976579c220473f20cd8521c7374fb954335300112
[INFO] running `Command { std: "docker" "start" "-a" "07ed07aaa11667dd8b873de976579c220473f20cd8521c7374fb954335300112", kill_on_drop: false }`
[INFO] [stderr] warning: associated function is never used: `get_peer_counts`
[INFO] [stderr]    --> src/db/nodes.rs:183:8
[INFO] [stderr]     |
[INFO] [stderr] 183 |     fn get_peer_counts(&self, filters: Filters) -> Result<Value, Error> {
[INFO] [stderr]     |        ^^^^^^^^^^^^^^^
[INFO] [stderr]     |
[INFO] [stderr]     = note: `#[warn(dead_code)]` on by default
[INFO] [stderr] 
[INFO] [stderr] warning: 1 warning emitted
[INFO] [stderr] 
[INFO] [stderr]     Finished test [unoptimized + debuginfo] target(s) in 0.30s
[INFO] [stderr]      Running unittests (/opt/rustwide/target/debug/deps/tetcore_analytics-e7e32c8688cd418f)
[INFO] [stdout] 
[INFO] [stdout] running 5 tests
[INFO] [stdout] test db::reputation::tests::test ... ok
[INFO] [stdout] test cache::tests::process_peer_data_response_test ... FAILED
[INFO] [stdout] test cache::tests::updates_in_progress_test ... FAILED
[INFO] [stdout] test cache::tests::initialise_update_test ... FAILED
[INFO] [stdout] test cache::tests::cache_purges_expired_data_test ... FAILED
[INFO] [stdout] 
[INFO] [stdout] failures:
[INFO] [stdout] 
[INFO] [stdout] ---- cache::tests::process_peer_data_response_test stdout ----
[INFO] [stdout] thread 'cache::tests::process_peer_data_response_test' panicked at 'Once instance has previously been poisoned', library/std/src/sync/once.rs:392:21
[INFO] [stdout] stack backtrace:
[INFO] [stdout]    0:     0x563450ec25f0 - std::backtrace_rs::backtrace::libunwind::trace::h34055254b57d8e79
[INFO] [stdout]                                at /rustc/a178d0322ce20e33eac124758e837cbd80a6f633/library/std/src/../../backtrace/src/backtrace/libunwind.rs:90:5
[INFO] [stdout]    1:     0x563450ec25f0 - std::backtrace_rs::backtrace::trace_unsynchronized::h8f1e3fbd9afff6ec
[INFO] [stdout]                                at /rustc/a178d0322ce20e33eac124758e837cbd80a6f633/library/std/src/../../backtrace/src/backtrace/mod.rs:66:5
[INFO] [stdout]    2:     0x563450ec25f0 - std::sys_common::backtrace::_print_fmt::h3a99a796b770c360
[INFO] [stdout]                                at /rustc/a178d0322ce20e33eac124758e837cbd80a6f633/library/std/src/sys_common/backtrace.rs:67:5
[INFO] [stdout]    3:     0x563450ec25f0 - <std::sys_common::backtrace::_print::DisplayBacktrace as core::fmt::Display>::fmt::h32d1f94a80615d18
[INFO] [stdout]                                at /rustc/a178d0322ce20e33eac124758e837cbd80a6f633/library/std/src/sys_common/backtrace.rs:46:22
[INFO] [stdout]    4:     0x563450ee5b7c - core::fmt::write::h306731c068f7162c
[INFO] [stdout]                                at /rustc/a178d0322ce20e33eac124758e837cbd80a6f633/library/core/src/fmt/mod.rs:1110:17
[INFO] [stdout]    5:     0x563450ebf075 - std::io::Write::write_fmt::h87f19b0a2cd190bc
[INFO] [stdout]                                at /rustc/a178d0322ce20e33eac124758e837cbd80a6f633/library/std/src/io/mod.rs:1588:15
[INFO] [stdout]    6:     0x563450ec481b - std::sys_common::backtrace::_print::h5abaa2601a852287
[INFO] [stdout]                                at /rustc/a178d0322ce20e33eac124758e837cbd80a6f633/library/std/src/sys_common/backtrace.rs:49:5
[INFO] [stdout]    7:     0x563450ec481b - std::sys_common::backtrace::print::h8d81445442bb638f
[INFO] [stdout]                                at /rustc/a178d0322ce20e33eac124758e837cbd80a6f633/library/std/src/sys_common/backtrace.rs:36:9
[INFO] [stdout]    8:     0x563450ec481b - std::panicking::default_hook::{{closure}}::hcfe804496a9fa747
[INFO] [stdout]                                at /rustc/a178d0322ce20e33eac124758e837cbd80a6f633/library/std/src/panicking.rs:208:50
[INFO] [stdout]    9:     0x563450ec432c - std::panicking::default_hook::hbea8e3ccf2ba8901
[INFO] [stdout]                                at /rustc/a178d0322ce20e33eac124758e837cbd80a6f633/library/std/src/panicking.rs:222:9
[INFO] [stdout]   10:     0x563450ec4ee4 - std::panicking::rust_panic_with_hook::h7ee9e1a2d0f8975a
[INFO] [stdout]                                at /rustc/a178d0322ce20e33eac124758e837cbd80a6f633/library/std/src/panicking.rs:622:17
[INFO] [stdout]   11:     0x563450ec4c04 - std::panicking::begin_panic::{{closure}}::hc987226ccc68e3b6
[INFO] [stdout]                                at /rustc/a178d0322ce20e33eac124758e837cbd80a6f633/library/std/src/panicking.rs:542:9
[INFO] [stdout]   12:     0x563450ec2acc - std::sys_common::backtrace::__rust_end_short_backtrace::h9510086f7c72e23d
[INFO] [stdout]                                at /rustc/a178d0322ce20e33eac124758e837cbd80a6f633/library/std/src/sys_common/backtrace.rs:141:18
[INFO] [stdout]   13:     0x563450b4cf5c - std::panicking::begin_panic::h4f747359d0610b9a
[INFO] [stdout]                                at /rustc/a178d0322ce20e33eac124758e837cbd80a6f633/library/std/src/panicking.rs:541:12
[INFO] [stdout]   14:     0x563450b4cdb9 - std::sync::once::Once::call_inner::h4030b088a5783b2d
[INFO] [stdout]                                at /rustc/a178d0322ce20e33eac124758e837cbd80a6f633/library/std/src/sync/once.rs:392:21
[INFO] [stdout]   15:     0x563450b82256 - std::sync::once::Once::call_once::h4debddf72c54bf6e
[INFO] [stdout]                                at /rustc/a178d0322ce20e33eac124758e837cbd80a6f633/library/std/src/sync/once.rs:261:9
[INFO] [stdout]   16:     0x563450b6de62 - lazy_static::lazy::Lazy<T>::get::h532fb74ab98b0228
[INFO] [stdout]                                at /opt/rustwide/cargo-home/registry/src/github.com-1ecc6299db9ec823/lazy_static-1.4.0/src/inline_lazy.rs:30:9
[INFO] [stdout]   17:     0x563450b6de62 - <tetcore_analytics::cache::tests::get_test_setup::POOL as core::ops::deref::Deref>::deref::__stability::hdeac7fd1c7b59c33
[INFO] [stdout]                                at /opt/rustwide/cargo-home/registry/src/github.com-1ecc6299db9ec823/lazy_static-1.4.0/src/lib.rs:142:21
[INFO] [stdout]   18:     0x563450b6de62 - <tetcore_analytics::cache::tests::get_test_setup::POOL as core::ops::deref::Deref>::deref::hdaa3752b51baadbd
[INFO] [stdout]                                at /opt/rustwide/cargo-home/registry/src/github.com-1ecc6299db9ec823/lazy_static-1.4.0/src/lib.rs:144:17
[INFO] [stdout]   19:     0x563450b6d1f5 - tetcore_analytics::cache::tests::get_test_setup::h08138687ad5ee224
[INFO] [stdout]                                at /opt/rustwide/workdir/src/cache/mod.rs:455:20
[INFO] [stdout]   20:     0x563450b6eb19 - tetcore_analytics::cache::tests::process_peer_data_response_test::{{closure}}::hb37b8fd3381c7fec
[INFO] [stdout]                                at /opt/rustwide/workdir/src/cache/mod.rs:543:25
[INFO] [stdout]   21:     0x563450b52e2b - <core::future::from_generator::GenFuture<T> as core::future::future::Future>::poll::h5b2d56f88c882e10
[INFO] [stdout]                                at /rustc/a178d0322ce20e33eac124758e837cbd80a6f633/library/core/src/future/mod.rs:80:19
[INFO] [stdout]   22:     0x563450b8bb06 - <tokio::task::local::RunUntil<T> as core::future::future::Future>::poll::{{closure}}::{{closure}}::h3d0725cefddd7a4d
[INFO] [stdout]                                at /opt/rustwide/cargo-home/registry/src/github.com-1ecc6299db9ec823/tokio-0.2.25/src/task/local.rs:528:65
[INFO] [stdout]   23:     0x563450b521cc - tokio::coop::with_budget::{{closure}}::h5d24116a18da2d8f
[INFO] [stdout]                                at /opt/rustwide/cargo-home/registry/src/github.com-1ecc6299db9ec823/tokio-0.2.25/src/coop.rs:127:9
[INFO] [stdout]   24:     0x563450b9b171 - std::thread::local::LocalKey<T>::try_with::h5a632dca6291f667
[INFO] [stdout]                                at /rustc/a178d0322ce20e33eac124758e837cbd80a6f633/library/std/src/thread/local.rs:400:16
[INFO] [stdout]   25:     0x563450b99f8d - std::thread::local::LocalKey<T>::with::hf0d590a7d2826a2e
[INFO] [stdout]                                at /rustc/a178d0322ce20e33eac124758e837cbd80a6f633/library/std/src/thread/local.rs:376:9
[INFO] [stdout]   26:     0x563450b8b26b - tokio::coop::with_budget::h746ad4656e6e77e1
[INFO] [stdout]                                at /opt/rustwide/cargo-home/registry/src/github.com-1ecc6299db9ec823/tokio-0.2.25/src/coop.rs:120:5
[INFO] [stdout]   27:     0x563450b8b26b - tokio::coop::budget::h774bd48574699e85
[INFO] [stdout]                                at /opt/rustwide/cargo-home/registry/src/github.com-1ecc6299db9ec823/tokio-0.2.25/src/coop.rs:96:5
[INFO] [stdout]   28:     0x563450b8b26b - <tokio::task::local::RunUntil<T> as core::future::future::Future>::poll::{{closure}}::h4762caa13cc621ee
[INFO] [stdout]                                at /opt/rustwide/cargo-home/registry/src/github.com-1ecc6299db9ec823/tokio-0.2.25/src/task/local.rs:528:42
[INFO] [stdout]   29:     0x563450b839bd - tokio::macros::scoped_tls::ScopedKey<T>::set::h38511db6371df45d
[INFO] [stdout]                                at /opt/rustwide/cargo-home/registry/src/github.com-1ecc6299db9ec823/tokio-0.2.25/src/macros/scoped_tls.rs:63:9
[INFO] [stdout]   30:     0x563450b88cca - tokio::task::local::LocalSet::with::h68aae20dcdfc0531
[INFO] [stdout]                                at /opt/rustwide/cargo-home/registry/src/github.com-1ecc6299db9ec823/tokio-0.2.25/src/task/local.rs:442:9
[INFO] [stdout]   31:     0x563450b8afc2 - <tokio::task::local::RunUntil<T> as core::future::future::Future>::poll::h4dfa3ab3d2a1bb5d
[INFO] [stdout]                                at /opt/rustwide/cargo-home/registry/src/github.com-1ecc6299db9ec823/tokio-0.2.25/src/task/local.rs:518:9
[INFO] [stdout]   32:     0x563450b8946e - tokio::task::local::LocalSet::run_until::{{closure}}::h981ed2f8c7117aa6
[INFO] [stdout]                                at /opt/rustwide/cargo-home/registry/src/github.com-1ecc6299db9ec823/tokio-0.2.25/src/task/local.rs:392:9
[INFO] [stdout]   33:     0x563450b530fb - <core::future::from_generator::GenFuture<T> as core::future::future::Future>::poll::haf113b05787c40c6
[INFO] [stdout]                                at /rustc/a178d0322ce20e33eac124758e837cbd80a6f633/library/core/src/future/mod.rs:80:19
[INFO] [stdout]   34:     0x563450b7a850 - tokio::runtime::basic_scheduler::BasicScheduler<P>::block_on::{{closure}}::{{closure}}::h5dd5d1161eaba978
[INFO] [stdout]                                at /opt/rustwide/cargo-home/registry/src/github.com-1ecc6299db9ec823/tokio-0.2.25/src/runtime/basic_scheduler.rs:131:58
[INFO] [stdout]   35:     0x563450b51bdc - tokio::coop::with_budget::{{closure}}::h0d67b691a2f5b5bb
[INFO] [stdout]                                at /opt/rustwide/cargo-home/registry/src/github.com-1ecc6299db9ec823/tokio-0.2.25/src/coop.rs:127:9
[INFO] [stdout]   36:     0x563450b9a321 - std::thread::local::LocalKey<T>::try_with::h08ba92b207da6292
[INFO] [stdout]                                at /rustc/a178d0322ce20e33eac124758e837cbd80a6f633/library/std/src/thread/local.rs:400:16
[INFO] [stdout]   37:     0x563450b99bfd - std::thread::local::LocalKey<T>::with::ha2712be2ddb1a798
[INFO] [stdout]                                at /rustc/a178d0322ce20e33eac124758e837cbd80a6f633/library/std/src/thread/local.rs:376:9
[INFO] [stdout]   38:     0x563450b7903b - tokio::coop::with_budget::h0a7036a665ede63a
[INFO] [stdout]                                at /opt/rustwide/cargo-home/registry/src/github.com-1ecc6299db9ec823/tokio-0.2.25/src/coop.rs:120:5
[INFO] [stdout]   39:     0x563450b7903b - tokio::coop::budget::hb27e73be76f7efdc
[INFO] [stdout]                                at /opt/rustwide/cargo-home/registry/src/github.com-1ecc6299db9ec823/tokio-0.2.25/src/coop.rs:96:5
[INFO] [stdout]   40:     0x563450b7903b - tokio::runtime::basic_scheduler::BasicScheduler<P>::block_on::{{closure}}::hbbb0c946965456bf
[INFO] [stdout]                                at /opt/rustwide/cargo-home/registry/src/github.com-1ecc6299db9ec823/tokio-0.2.25/src/runtime/basic_scheduler.rs:131:35
[INFO] [stdout]   41:     0x563450b7ba53 - tokio::runtime::basic_scheduler::enter::{{closure}}::h882182fa407ad781
[INFO] [stdout]                                at /opt/rustwide/cargo-home/registry/src/github.com-1ecc6299db9ec823/tokio-0.2.25/src/runtime/basic_scheduler.rs:213:29
[INFO] [stdout]   42:     0x563450b83dd6 - tokio::macros::scoped_tls::ScopedKey<T>::set::hd23f0efba123e9b1
[INFO] [stdout]                                at /opt/rustwide/cargo-home/registry/src/github.com-1ecc6299db9ec823/tokio-0.2.25/src/macros/scoped_tls.rs:63:9
[INFO] [stdout]   43:     0x563450b7b583 - tokio::runtime::basic_scheduler::enter::haf6f91740daaffcb
[INFO] [stdout]                                at /opt/rustwide/cargo-home/registry/src/github.com-1ecc6299db9ec823/tokio-0.2.25/src/runtime/basic_scheduler.rs:213:5
[INFO] [stdout]   44:     0x563450b78473 - tokio::runtime::basic_scheduler::BasicScheduler<P>::block_on::h487d7e7c6e407d3b
[INFO] [stdout]                                at /opt/rustwide/cargo-home/registry/src/github.com-1ecc6299db9ec823/tokio-0.2.25/src/runtime/basic_scheduler.rs:123:9
[INFO] [stdout]   45:     0x563450b7be43 - tokio::runtime::Runtime::block_on::{{closure}}::h893332f021544e8f
[INFO] [stdout]                                at /opt/rustwide/cargo-home/registry/src/github.com-1ecc6299db9ec823/tokio-0.2.25/src/runtime/mod.rs:444:34
[INFO] [stdout]   46:     0x563450b98506 - tokio::runtime::context::enter::hefecaef7d32b2a90
[INFO] [stdout]                                at /opt/rustwide/cargo-home/registry/src/github.com-1ecc6299db9ec823/tokio-0.2.25/src/runtime/context.rs:72:5
[INFO] [stdout]   47:     0x563450b58e6b - tokio::runtime::handle::Handle::enter::h272c5feba6964700
[INFO] [stdout]                                at /opt/rustwide/cargo-home/registry/src/github.com-1ecc6299db9ec823/tokio-0.2.25/src/runtime/handle.rs:76:9
[INFO] [stdout]   48:     0x563450b7bc2c - tokio::runtime::Runtime::block_on::ha3880235572faa96
[INFO] [stdout]                                at /opt/rustwide/cargo-home/registry/src/github.com-1ecc6299db9ec823/tokio-0.2.25/src/runtime/mod.rs:441:9
[INFO] [stdout]   49:     0x563450b88e1b - tokio::task::local::LocalSet::block_on::h851c530959d4d971
[INFO] [stdout]                                at /opt/rustwide/cargo-home/registry/src/github.com-1ecc6299db9ec823/tokio-0.2.25/src/task/local.rs:353:9
[INFO] [stdout]   50:     0x563450b99291 - actix_rt::runtime::Runtime::block_on::hfd7ad80f5516fd0b
[INFO] [stdout]                                at /opt/rustwide/cargo-home/registry/src/github.com-1ecc6299db9ec823/actix-rt-1.1.1/src/runtime.rs:89:9
[INFO] [stdout]   51:     0x563450b59cd8 - actix_rt::builder::SystemRunner::block_on::h9ca5e4540598ffbb
[INFO] [stdout]                                at /opt/rustwide/cargo-home/registry/src/github.com-1ecc6299db9ec823/actix-rt-1.1.1/src/builder.rs:187:19
[INFO] [stdout]   52:     0x563450b6e9c5 - tetcore_analytics::cache::tests::process_peer_data_response_test::h75252d17eda886a6
[INFO] [stdout]                                at /opt/rustwide/workdir/src/cache/mod.rs:540:5
[INFO] [stdout]   53:     0x563450b6e94a - tetcore_analytics::cache::tests::process_peer_data_response_test::{{closure}}::hd1505cb54f1c36fc
[INFO] [stdout]                                at /opt/rustwide/workdir/src/cache/mod.rs:540:5
[INFO] [stdout]   54:     0x563450b9232e - core::ops::function::FnOnce::call_once::h136de46c6ffb78c7
[INFO] [stdout]                                at /rustc/a178d0322ce20e33eac124758e837cbd80a6f633/library/core/src/ops/function.rs:227:5
[INFO] [stdout]   55:     0x563450bd06f3 - core::ops::function::FnOnce::call_once::h152e7e439ff59e19
[INFO] [stdout]                                at /rustc/a178d0322ce20e33eac124758e837cbd80a6f633/library/core/src/ops/function.rs:227:5
[INFO] [stdout]   56:     0x563450bd06f3 - test::__rust_begin_short_backtrace::h0908f3b1fdbb72ab
[INFO] [stdout]                                at /rustc/a178d0322ce20e33eac124758e837cbd80a6f633/library/test/src/lib.rs:577:5
[INFO] [stdout]   57:     0x563450bcf1b0 - <alloc::boxed::Box<F,A> as core::ops::function::FnOnce<Args>>::call_once::hf6d2a51e5587546c
[INFO] [stdout]                                at /rustc/a178d0322ce20e33eac124758e837cbd80a6f633/library/alloc/src/boxed.rs:1575:9
[INFO] [stdout]   58:     0x563450bcf1b0 - <std::panic::AssertUnwindSafe<F> as core::ops::function::FnOnce<()>>::call_once::h8af660f3a89ef593
[INFO] [stdout]                                at /rustc/a178d0322ce20e33eac124758e837cbd80a6f633/library/std/src/panic.rs:347:9
[INFO] [stdout]   59:     0x563450bcf1b0 - std::panicking::try::do_call::hd36aef60f84b6d36
[INFO] [stdout]                                at /rustc/a178d0322ce20e33eac124758e837cbd80a6f633/library/std/src/panicking.rs:401:40
[INFO] [stdout]   60:     0x563450bcf1b0 - std::panicking::try::h9932b4480e69817c
[INFO] [stdout]                                at /rustc/a178d0322ce20e33eac124758e837cbd80a6f633/library/std/src/panicking.rs:365:19
[INFO] [stdout]   61:     0x563450bcf1b0 - std::panic::catch_unwind::h6aa177099cfff5f8
[INFO] [stdout]                                at /rustc/a178d0322ce20e33eac124758e837cbd80a6f633/library/std/src/panic.rs:434:14
[INFO] [stdout]   62:     0x563450bcf1b0 - test::run_test_in_process::h5884d6f2d99e20c3
[INFO] [stdout]                                at /rustc/a178d0322ce20e33eac124758e837cbd80a6f633/library/test/src/lib.rs:600:18
[INFO] [stdout]   63:     0x563450bcf1b0 - test::run_test::run_test_inner::{{closure}}::h6fdc58c6d5f5b6e3
[INFO] [stdout]                                at /rustc/a178d0322ce20e33eac124758e837cbd80a6f633/library/test/src/lib.rs:492:39
[INFO] [stdout]   64:     0x563450ba8862 - test::run_test::run_test_inner::{{closure}}::h408365d67a78ade8
[INFO] [stdout]                                at /rustc/a178d0322ce20e33eac124758e837cbd80a6f633/library/test/src/lib.rs:519:37
[INFO] [stdout]   65:     0x563450ba8862 - std::sys_common::backtrace::__rust_begin_short_backtrace::hb560b77c4f701523
[INFO] [stdout]                                at /rustc/a178d0322ce20e33eac124758e837cbd80a6f633/library/std/src/sys_common/backtrace.rs:125:18
[INFO] [stdout]   66:     0x563450bac418 - std::thread::Builder::spawn_unchecked::{{closure}}::{{closure}}::hf2e7831dad93c597
[INFO] [stdout]                                at /rustc/a178d0322ce20e33eac124758e837cbd80a6f633/library/std/src/thread/mod.rs:481:17
[INFO] [stdout]   67:     0x563450bac418 - <std::panic::AssertUnwindSafe<F> as core::ops::function::FnOnce<()>>::call_once::hd2e08783d8be4d02
[INFO] [stdout]                                at /rustc/a178d0322ce20e33eac124758e837cbd80a6f633/library/std/src/panic.rs:347:9
[INFO] [stdout]   68:     0x563450bac418 - std::panicking::try::do_call::h062597b7acfd6b82
[INFO] [stdout]                                at /rustc/a178d0322ce20e33eac124758e837cbd80a6f633/library/std/src/panicking.rs:401:40
[INFO] [stdout]   69:     0x563450bac418 - std::panicking::try::h0d7b79db04c14552
[INFO] [stdout]                                at /rustc/a178d0322ce20e33eac124758e837cbd80a6f633/library/std/src/panicking.rs:365:19
[INFO] [stdout]   70:     0x563450bac418 - std::panic::catch_unwind::hb01a0b5e7c8cd43b
[INFO] [stdout]                                at /rustc/a178d0322ce20e33eac124758e837cbd80a6f633/library/std/src/panic.rs:434:14
[INFO] [stdout]   71:     0x563450bac418 - std::thread::Builder::spawn_unchecked::{{closure}}::h5bde48cc887e0d1e
[INFO] [stdout]                                at /rustc/a178d0322ce20e33eac124758e837cbd80a6f633/library/std/src/thread/mod.rs:480:30
[INFO] [stdout]   72:     0x563450bac418 - core::ops::function::FnOnce::call_once{{vtable.shim}}::h745ea30807a29e55
[INFO] [stdout]                                at /rustc/a178d0322ce20e33eac124758e837cbd80a6f633/library/core/src/ops/function.rs:227:5
[INFO] [stdout]   73:     0x563450ec9bf7 - <alloc::boxed::Box<F,A> as core::ops::function::FnOnce<Args>>::call_once::h7ece6cfefaff1005
[INFO] [stdout]                                at /rustc/a178d0322ce20e33eac124758e837cbd80a6f633/library/alloc/src/boxed.rs:1575:9
[INFO] [stdout]   74:     0x563450ec9bf7 - <alloc::boxed::Box<F,A> as core::ops::function::FnOnce<Args>>::call_once::hb8b48e55c21f193e
[INFO] [stdout]                                at /rustc/a178d0322ce20e33eac124758e837cbd80a6f633/library/alloc/src/boxed.rs:1575:9
[INFO] [stdout]   75:     0x563450ec9bf7 - std::sys::unix::thread::Thread::new::thread_start::h8c7c4450dba62914
[INFO] [stdout]                                at /rustc/a178d0322ce20e33eac124758e837cbd80a6f633/library/std/src/sys/unix/thread.rs:71:17
[INFO] [stdout]   76:     0x7f3588a78609 - start_thread
[INFO] [stdout]   77:     0x7f3588848293 - clone
[INFO] [stdout]   78:                0x0 - <unknown>
[INFO] [stdout] Panic in Arbiter thread.
[INFO] [stdout] 
[INFO] [stdout] ---- cache::tests::updates_in_progress_test stdout ----
[INFO] [stdout] thread 'cache::tests::updates_in_progress_test' panicked at 'Once instance has previously been poisoned', library/std/src/sync/once.rs:392:21
[INFO] [stdout] stack backtrace:
[INFO] [stdout]    0:     0x563450ec25f0 - std::backtrace_rs::backtrace::libunwind::trace::h34055254b57d8e79
[INFO] [stdout]                                at /rustc/a178d0322ce20e33eac124758e837cbd80a6f633/library/std/src/../../backtrace/src/backtrace/libunwind.rs:90:5
[INFO] [stdout]    1:     0x563450ec25f0 - std::backtrace_rs::backtrace::trace_unsynchronized::h8f1e3fbd9afff6ec
[INFO] [stdout]                                at /rustc/a178d0322ce20e33eac124758e837cbd80a6f633/library/std/src/../../backtrace/src/backtrace/mod.rs:66:5
[INFO] [stdout]    2:     0x563450ec25f0 - std::sys_common::backtrace::_print_fmt::h3a99a796b770c360
[INFO] [stdout]                                at /rustc/a178d0322ce20e33eac124758e837cbd80a6f633/library/std/src/sys_common/backtrace.rs:67:5
[INFO] [stdout]    3:     0x563450ec25f0 - <std::sys_common::backtrace::_print::DisplayBacktrace as core::fmt::Display>::fmt::h32d1f94a80615d18
[INFO] [stdout]                                at /rustc/a178d0322ce20e33eac124758e837cbd80a6f633/library/std/src/sys_common/backtrace.rs:46:22
[INFO] [stdout]    4:     0x563450ee5b7c - core::fmt::write::h306731c068f7162c
[INFO] [stdout]                                at /rustc/a178d0322ce20e33eac124758e837cbd80a6f633/library/core/src/fmt/mod.rs:1110:17
[INFO] [stdout]    5:     0x563450ebf075 - std::io::Write::write_fmt::h87f19b0a2cd190bc
[INFO] [stdout]                                at /rustc/a178d0322ce20e33eac124758e837cbd80a6f633/library/std/src/io/mod.rs:1588:15
[INFO] [stdout]    6:     0x563450ec481b - std::sys_common::backtrace::_print::h5abaa2601a852287
[INFO] [stdout]                                at /rustc/a178d0322ce20e33eac124758e837cbd80a6f633/library/std/src/sys_common/backtrace.rs:49:5
[INFO] [stdout]    7:     0x563450ec481b - std::sys_common::backtrace::print::h8d81445442bb638f
[INFO] [stdout]                                at /rustc/a178d0322ce20e33eac124758e837cbd80a6f633/library/std/src/sys_common/backtrace.rs:36:9
[INFO] [stdout]    8:     0x563450ec481b - std::panicking::default_hook::{{closure}}::hcfe804496a9fa747
[INFO] [stdout]                                at /rustc/a178d0322ce20e33eac124758e837cbd80a6f633/library/std/src/panicking.rs:208:50
[INFO] [stdout]    9:     0x563450ec432c - std::panicking::default_hook::hbea8e3ccf2ba8901
[INFO] [stdout]                                at /rustc/a178d0322ce20e33eac124758e837cbd80a6f633/library/std/src/panicking.rs:222:9
[INFO] [stdout]   10:     0x563450ec4ee4 - std::panicking::rust_panic_with_hook::h7ee9e1a2d0f8975a
[INFO] [stdout]                                at /rustc/a178d0322ce20e33eac124758e837cbd80a6f633/library/std/src/panicking.rs:622:17
[INFO] [stdout]   11:     0x563450ec4c04 - std::panicking::begin_panic::{{closure}}::hc987226ccc68e3b6
[INFO] [stdout]                                at /rustc/a178d0322ce20e33eac124758e837cbd80a6f633/library/std/src/panicking.rs:542:9
[INFO] [stdout]   12:     0x563450ec2acc - std::sys_common::backtrace::__rust_end_short_backtrace::h9510086f7c72e23d
[INFO] [stdout]                                at /rustc/a178d0322ce20e33eac124758e837cbd80a6f633/library/std/src/sys_common/backtrace.rs:141:18
[INFO] [stdout]   13:     0x563450b4cf5c - std::panicking::begin_panic::h4f747359d0610b9a
[INFO] [stdout]                                at /rustc/a178d0322ce20e33eac124758e837cbd80a6f633/library/std/src/panicking.rs:541:12
[INFO] [stdout]   14:     0x563450b4cdb9 - std::sync::once::Once::call_inner::h4030b088a5783b2d
[INFO] [stdout]                                at /rustc/a178d0322ce20e33eac124758e837cbd80a6f633/library/std/src/sync/once.rs:392:21
[INFO] [stdout]   15:     0x563450b82256 - std::sync::once::Once::call_once::h4debddf72c54bf6e
[INFO] [stdout]                                at /rustc/a178d0322ce20e33eac124758e837cbd80a6f633/library/std/src/sync/once.rs:261:9
[INFO] [stdout]   16:     0x563450b6de62 - lazy_static::lazy::Lazy<T>::get::h532fb74ab98b0228
[INFO] [stdout]                                at /opt/rustwide/cargo-home/registry/src/github.com-1ecc6299db9ec823/lazy_static-1.4.0/src/inline_lazy.rs:30:9
[INFO] [stdout]   17:     0x563450b6de62 - <tetcore_analytics::cache::tests::get_test_setup::POOL as core::ops::deref::Deref>::deref::__stability::hdeac7fd1c7b59c33
[INFO] [stdout]                                at /opt/rustwide/cargo-home/registry/src/github.com-1ecc6299db9ec823/lazy_static-1.4.0/src/lib.rs:142:21
[INFO] [stdout]   18:     0x563450b6de62 - <tetcore_analytics::cache::tests::get_test_setup::POOL as core::ops::deref::Deref>::deref::hdaa3752b51baadbd
[INFO] [stdout]                                at /opt/rustwide/cargo-home/registry/src/github.com-1ecc6299db9ec823/lazy_static-1.4.0/src/lib.rs:144:17
[INFO] [stdout]   19:     0x563450b6d1f5 - tetcore_analytics::cache::tests::get_test_setup::h08138687ad5ee224
[INFO] [stdout]                                at /opt/rustwide/workdir/src/cache/mod.rs:455:20
[INFO] [stdout]   20:     0x563450b6e6a3 - tetcore_analytics::cache::tests::updates_in_progress_test::{{closure}}::h594f06d8281b41af
[INFO] [stdout]                                at /opt/rustwide/workdir/src/cache/mod.rs:530:25
[INFO] [stdout]   21:     0x563450b52ebb - <core::future::from_generator::GenFuture<T> as core::future::future::Future>::poll::h69e6edfcb0b0b400
[INFO] [stdout]                                at /rustc/a178d0322ce20e33eac124758e837cbd80a6f633/library/core/src/future/mod.rs:80:19
[INFO] [stdout]   22:     0x563450b8bb66 - <tokio::task::local::RunUntil<T> as core::future::future::Future>::poll::{{closure}}::{{closure}}::h6da54e9f90fdf4a2
[INFO] [stdout]                                at /opt/rustwide/cargo-home/registry/src/github.com-1ecc6299db9ec823/tokio-0.2.25/src/task/local.rs:528:65
[INFO] [stdout]   23:     0x563450b5255c - tokio::coop::with_budget::{{closure}}::h72f8a5b6697d875a
[INFO] [stdout]                                at /opt/rustwide/cargo-home/registry/src/github.com-1ecc6299db9ec823/tokio-0.2.25/src/coop.rs:127:9
[INFO] [stdout]   24:     0x563450b9a581 - std::thread::local::LocalKey<T>::try_with::h120603f562d0c0ae
[INFO] [stdout]                                at /rustc/a178d0322ce20e33eac124758e837cbd80a6f633/library/std/src/thread/local.rs:400:16
[INFO] [stdout]   25:     0x563450b995dd - std::thread::local::LocalKey<T>::with::h3ef54c757d4865b1
[INFO] [stdout]                                at /rustc/a178d0322ce20e33eac124758e837cbd80a6f633/library/std/src/thread/local.rs:376:9
[INFO] [stdout]   26:     0x563450b8b9bb - tokio::coop::with_budget::h9b997c93a0e4dfca
[INFO] [stdout]                                at /opt/rustwide/cargo-home/registry/src/github.com-1ecc6299db9ec823/tokio-0.2.25/src/coop.rs:120:5
[INFO] [stdout]   27:     0x563450b8b9bb - tokio::coop::budget::hf989e27ae7e7bbd3
[INFO] [stdout]                                at /opt/rustwide/cargo-home/registry/src/github.com-1ecc6299db9ec823/tokio-0.2.25/src/coop.rs:96:5
[INFO] [stdout]   28:     0x563450b8b9bb - <tokio::task::local::RunUntil<T> as core::future::future::Future>::poll::{{closure}}::hf196dd0a93eaf231
[INFO] [stdout]                                at /opt/rustwide/cargo-home/registry/src/github.com-1ecc6299db9ec823/tokio-0.2.25/src/task/local.rs:528:42
[INFO] [stdout]   29:     0x563450b838bd - tokio::macros::scoped_tls::ScopedKey<T>::set::h0d2f9fae66ace8dc
[INFO] [stdout]                                at /opt/rustwide/cargo-home/registry/src/github.com-1ecc6299db9ec823/tokio-0.2.25/src/macros/scoped_tls.rs:63:9
[INFO] [stdout]   30:     0x563450b88c2a - tokio::task::local::LocalSet::with::h26fe56db0d014224
[INFO] [stdout]                                at /opt/rustwide/cargo-home/registry/src/github.com-1ecc6299db9ec823/tokio-0.2.25/src/task/local.rs:442:9
[INFO] [stdout]   31:     0x563450b8b112 - <tokio::task::local::RunUntil<T> as core::future::future::Future>::poll::hc6a00230830df09c
[INFO] [stdout]                                at /opt/rustwide/cargo-home/registry/src/github.com-1ecc6299db9ec823/tokio-0.2.25/src/task/local.rs:518:9
[INFO] [stdout]   32:     0x563450b892ae - tokio::task::local::LocalSet::run_until::{{closure}}::h7c62ceaf5b858f95
[INFO] [stdout]                                at /opt/rustwide/cargo-home/registry/src/github.com-1ecc6299db9ec823/tokio-0.2.25/src/task/local.rs:392:9
[INFO] [stdout]   33:     0x563450b52fdb - <core::future::from_generator::GenFuture<T> as core::future::future::Future>::poll::h8cc4d457792175ba
[INFO] [stdout]                                at /rustc/a178d0322ce20e33eac124758e837cbd80a6f633/library/core/src/future/mod.rs:80:19
[INFO] [stdout]   34:     0x563450b7a740 - tokio::runtime::basic_scheduler::BasicScheduler<P>::block_on::{{closure}}::{{closure}}::h397b98933c93eb77
[INFO] [stdout]                                at /opt/rustwide/cargo-home/registry/src/github.com-1ecc6299db9ec823/tokio-0.2.25/src/runtime/basic_scheduler.rs:131:58
[INFO] [stdout]   35:     0x563450b51e3c - tokio::coop::with_budget::{{closure}}::h3d5d5534fce5bb6a
[INFO] [stdout]                                at /opt/rustwide/cargo-home/registry/src/github.com-1ecc6299db9ec823/tokio-0.2.25/src/coop.rs:127:9
[INFO] [stdout]   36:     0x563450b9b2a1 - std::thread::local::LocalKey<T>::try_with::h5c2cfe425a94f542
[INFO] [stdout]                                at /rustc/a178d0322ce20e33eac124758e837cbd80a6f633/library/std/src/thread/local.rs:400:16
[INFO] [stdout]   37:     0x563450b994bd - std::thread::local::LocalKey<T>::with::h294493dceae3c186
[INFO] [stdout]                                at /rustc/a178d0322ce20e33eac124758e837cbd80a6f633/library/std/src/thread/local.rs:376:9
[INFO] [stdout]   38:     0x563450b7989b - tokio::coop::with_budget::h6081c7a1916e19cd
[INFO] [stdout]                                at /opt/rustwide/cargo-home/registry/src/github.com-1ecc6299db9ec823/tokio-0.2.25/src/coop.rs:120:5
[INFO] [stdout]   39:     0x563450b7989b - tokio::coop::budget::h5c610b3cde21f7ad
[INFO] [stdout]                                at /opt/rustwide/cargo-home/registry/src/github.com-1ecc6299db9ec823/tokio-0.2.25/src/coop.rs:96:5
[INFO] [stdout]   40:     0x563450b7989b - tokio::runtime::basic_scheduler::BasicScheduler<P>::block_on::{{closure}}::hc5213162714f0154
[INFO] [stdout]                                at /opt/rustwide/cargo-home/registry/src/github.com-1ecc6299db9ec823/tokio-0.2.25/src/runtime/basic_scheduler.rs:131:35
[INFO] [stdout]   41:     0x563450b7b9f3 - tokio::runtime::basic_scheduler::enter::{{closure}}::h852ab388b442fd53
[INFO] [stdout]                                at /opt/rustwide/cargo-home/registry/src/github.com-1ecc6299db9ec823/tokio-0.2.25/src/runtime/basic_scheduler.rs:213:29
[INFO] [stdout]   42:     0x563450b83ac6 - tokio::macros::scoped_tls::ScopedKey<T>::set::h72a256f8f7b18ae5
[INFO] [stdout]                                at /opt/rustwide/cargo-home/registry/src/github.com-1ecc6299db9ec823/tokio-0.2.25/src/macros/scoped_tls.rs:63:9
[INFO] [stdout]   43:     0x563450b7aea3 - tokio::runtime::basic_scheduler::enter::h2841a3c88fca87be
[INFO] [stdout]                                at /opt/rustwide/cargo-home/registry/src/github.com-1ecc6299db9ec823/tokio-0.2.25/src/runtime/basic_scheduler.rs:213:5
[INFO] [stdout]   44:     0x563450b784f3 - tokio::runtime::basic_scheduler::BasicScheduler<P>::block_on::hcd7aae0efd9f6175
[INFO] [stdout]                                at /opt/rustwide/cargo-home/registry/src/github.com-1ecc6299db9ec823/tokio-0.2.25/src/runtime/basic_scheduler.rs:123:9
[INFO] [stdout]   45:     0x563450b7bce3 - tokio::runtime::Runtime::block_on::{{closure}}::h2f68979d6f7f58b4
[INFO] [stdout]                                at /opt/rustwide/cargo-home/registry/src/github.com-1ecc6299db9ec823/tokio-0.2.25/src/runtime/mod.rs:444:34
[INFO] [stdout]   46:     0x563450b98236 - tokio::runtime::context::enter::h2121d39ec9fe443e
[INFO] [stdout]                                at /opt/rustwide/cargo-home/registry/src/github.com-1ecc6299db9ec823/tokio-0.2.25/src/runtime/context.rs:72:5
[INFO] [stdout]   47:     0x563450b58f8b - tokio::runtime::handle::Handle::enter::h88807fed9f20d3c9
[INFO] [stdout]                                at /opt/rustwide/cargo-home/registry/src/github.com-1ecc6299db9ec823/tokio-0.2.25/src/runtime/handle.rs:76:9
[INFO] [stdout]   48:     0x563450b7bb6c - tokio::runtime::Runtime::block_on::h5d5ca308d52fa6e5
[INFO] [stdout]                                at /opt/rustwide/cargo-home/registry/src/github.com-1ecc6299db9ec823/tokio-0.2.25/src/runtime/mod.rs:441:9
[INFO] [stdout]   49:     0x563450b88d7b - tokio::task::local::LocalSet::block_on::h26541d05c82ec672
[INFO] [stdout]                                at /opt/rustwide/cargo-home/registry/src/github.com-1ecc6299db9ec823/tokio-0.2.25/src/task/local.rs:353:9
[INFO] [stdout]   50:     0x563450b99211 - actix_rt::runtime::Runtime::block_on::hd21df21d6ab43e88
[INFO] [stdout]                                at /opt/rustwide/cargo-home/registry/src/github.com-1ecc6299db9ec823/actix-rt-1.1.1/src/runtime.rs:89:9
[INFO] [stdout]   51:     0x563450b59e38 - actix_rt::builder::SystemRunner::block_on::hfe031951155c8fa5
[INFO] [stdout]                                at /opt/rustwide/cargo-home/registry/src/github.com-1ecc6299db9ec823/actix-rt-1.1.1/src/builder.rs:187:19
[INFO] [stdout]   52:     0x563450b6e555 - tetcore_analytics::cache::tests::updates_in_progress_test::hce24efe633c75f68
[INFO] [stdout]                                at /opt/rustwide/workdir/src/cache/mod.rs:527:5
[INFO] [stdout]   53:     0x563450b6e4da - tetcore_analytics::cache::tests::updates_in_progress_test::{{closure}}::h9b6b32afce03a175
[INFO] [stdout]                                at /opt/rustwide/workdir/src/cache/mod.rs:527:5
[INFO] [stdout]   54:     0x563450b928ae - core::ops::function::FnOnce::call_once::hedcbf41b4b54ef12
[INFO] [stdout]                                at /rustc/a178d0322ce20e33eac124758e837cbd80a6f633/library/core/src/ops/function.rs:227:5
[INFO] [stdout]   55:     0x563450bd06f3 - core::ops::function::FnOnce::call_once::h152e7e439ff59e19
[INFO] [stdout]                                at /rustc/a178d0322ce20e33eac124758e837cbd80a6f633/library/core/src/ops/function.rs:227:5
[INFO] [stdout]   56:     0x563450bd06f3 - test::__rust_begin_short_backtrace::h0908f3b1fdbb72ab
[INFO] [stdout]                                at /rustc/a178d0322ce20e33eac124758e837cbd80a6f633/library/test/src/lib.rs:577:5
[INFO] [stdout]   57:     0x563450bcf1b0 - <alloc::boxed::Box<F,A> as core::ops::function::FnOnce<Args>>::call_once::hf6d2a51e5587546c
[INFO] [stdout]                                at /rustc/a178d0322ce20e33eac124758e837cbd80a6f633/library/alloc/src/boxed.rs:1575:9
[INFO] [stdout]   58:     0x563450bcf1b0 - <std::panic::AssertUnwindSafe<F> as core::ops::function::FnOnce<()>>::call_once::h8af660f3a89ef593
[INFO] [stdout]                                at /rustc/a178d0322ce20e33eac124758e837cbd80a6f633/library/std/src/panic.rs:347:9
[INFO] [stdout]   59:     0x563450bcf1b0 - std::panicking::try::do_call::hd36aef60f84b6d36
[INFO] [stdout]                                at /rustc/a178d0322ce20e33eac124758e837cbd80a6f633/library/std/src/panicking.rs:401:40
[INFO] [stdout]   60:     0x563450bcf1b0 - std::panicking::try::h9932b4480e69817c
[INFO] [stdout]                                at /rustc/a178d0322ce20e33eac124758e837cbd80a6f633/library/std/src/panicking.rs:365:19
[INFO] [stdout]   61:     0x563450bcf1b0 - std::panic::catch_unwind::h6aa177099cfff5f8
[INFO] [stdout]                                at /rustc/a178d0322ce20e33eac124758e837cbd80a6f633/library/std/src/panic.rs:434:14
[INFO] [stdout]   62:     0x563450bcf1b0 - test::run_test_in_process::h5884d6f2d99e20c3
[INFO] [stdout]                                at /rustc/a178d0322ce20e33eac124758e837cbd80a6f633/library/test/src/lib.rs:600:18
[INFO] [stdout]   63:     0x563450bcf1b0 - test::run_test::run_test_inner::{{closure}}::h6fdc58c6d5f5b6e3
[INFO] [stdout]                                at /rustc/a178d0322ce20e33eac124758e837cbd80a6f633/library/test/src/lib.rs:492:39
[INFO] [stdout]   64:     0x563450ba8862 - test::run_test::run_test_inner::{{closure}}::h408365d67a78ade8
[INFO] [stdout]                                at /rustc/a178d0322ce20e33eac124758e837cbd80a6f633/library/test/src/lib.rs:519:37
[INFO] [stdout]   65:     0x563450ba8862 - std::sys_common::backtrace::__rust_begin_short_backtrace::hb560b77c4f701523
[INFO] [stdout]                                at /rustc/a178d0322ce20e33eac124758e837cbd80a6f633/library/std/src/sys_common/backtrace.rs:125:18
[INFO] [stdout]   66:     0x563450bac418 - std::thread::Builder::spawn_unchecked::{{closure}}::{{closure}}::hf2e7831dad93c597
[INFO] [stdout]                                at /rustc/a178d0322ce20e33eac124758e837cbd80a6f633/library/std/src/thread/mod.rs:481:17
[INFO] [stdout]   67:     0x563450bac418 - <std::panic::AssertUnwindSafe<F> as core::ops::function::FnOnce<()>>::call_once::hd2e08783d8be4d02
[INFO] [stdout]                                at /rustc/a178d0322ce20e33eac124758e837cbd80a6f633/library/std/src/panic.rs:347:9
[INFO] [stdout]   68:     0x563450bac418 - std::panicking::try::do_call::h062597b7acfd6b82
[INFO] [stdout]                                at /rustc/a178d0322ce20e33eac124758e837cbd80a6f633/library/std/src/panicking.rs:401:40
[INFO] [stdout]   69:     0x563450bac418 - std::panicking::try::h0d7b79db04c14552
[INFO] [stdout]                                at /rustc/a178d0322ce20e33eac124758e837cbd80a6f633/library/std/src/panicking.rs:365:19
[INFO] [stdout]   70:     0x563450bac418 - std::panic::catch_unwind::hb01a0b5e7c8cd43b
[INFO] [stdout]                                at /rustc/a178d0322ce20e33eac124758e837cbd80a6f633/library/std/src/panic.rs:434:14
[INFO] [stdout]   71:     0x563450bac418 - std::thread::Builder::spawn_unchecked::{{closure}}::h5bde48cc887e0d1e
[INFO] [stdout]                                at /rustc/a178d0322ce20e33eac124758e837cbd80a6f633/library/std/src/thread/mod.rs:480:30
[INFO] [stdout]   72:     0x563450bac418 - core::ops::function::FnOnce::call_once{{vtable.shim}}::h745ea30807a29e55
[INFO] [stdout]                                at /rustc/a178d0322ce20e33eac124758e837cbd80a6f633/library/core/src/ops/function.rs:227:5
[INFO] [stdout]   73:     0x563450ec9bf7 - <alloc::boxed::Box<F,A> as core::ops::function::FnOnce<Args>>::call_once::h7ece6cfefaff1005
[INFO] [stdout]                                at /rustc/a178d0322ce20e33eac124758e837cbd80a6f633/library/alloc/src/boxed.rs:1575:9
[INFO] [stdout]   74:     0x563450ec9bf7 - <alloc::boxed::Box<F,A> as core::ops::function::FnOnce<Args>>::call_once::hb8b48e55c21f193e
[INFO] [stdout]                                at /rustc/a178d0322ce20e33eac124758e837cbd80a6f633/library/alloc/src/boxed.rs:1575:9
[INFO] [stdout]   75:     0x563450ec9bf7 - std::sys::unix::thread::Thread::new::thread_start::h8c7c4450dba62914
[INFO] [stdout]                                at /rustc/a178d0322ce20e33eac124758e837cbd80a6f633/library/std/src/sys/unix/thread.rs:71:17
[INFO] [stdout]   76:     0x7f3588a78609 - start_thread
[INFO] [stdout]   77:     0x7f3588848293 - clone
[INFO] [stdout]   78:                0x0 - <unknown>
[INFO] [stdout] Panic in Arbiter thread.
[INFO] [stdout] 
[INFO] [stdout] ---- cache::tests::initialise_update_test stdout ----
[INFO] [stdout] thread 'cache::tests::initialise_update_test' panicked at 'Must have DATABASE_URL environment variable set: NotPresent', src/main.rs:50:34
[INFO] [stdout] stack backtrace:
[INFO] [stdout]    0:     0x563450ec25f0 - std::backtrace_rs::backtrace::libunwind::trace::h34055254b57d8e79
[INFO] [stdout]                                at /rustc/a178d0322ce20e33eac124758e837cbd80a6f633/library/std/src/../../backtrace/src/backtrace/libunwind.rs:90:5
[INFO] [stdout]    1:     0x563450ec25f0 - std::backtrace_rs::backtrace::trace_unsynchronized::h8f1e3fbd9afff6ec
[INFO] [stdout]                                at /rustc/a178d0322ce20e33eac124758e837cbd80a6f633/library/std/src/../../backtrace/src/backtrace/mod.rs:66:5
[INFO] [stdout]    2:     0x563450ec25f0 - std::sys_common::backtrace::_print_fmt::h3a99a796b770c360
[INFO] [stdout]                                at /rustc/a178d0322ce20e33eac124758e837cbd80a6f633/library/std/src/sys_common/backtrace.rs:67:5
[INFO] [stdout]    3:     0x563450ec25f0 - <std::sys_common::backtrace::_print::DisplayBacktrace as core::fmt::Display>::fmt::h32d1f94a80615d18
[INFO] [stdout]                                at /rustc/a178d0322ce20e33eac124758e837cbd80a6f633/library/std/src/sys_common/backtrace.rs:46:22
[INFO] [stdout]    4:     0x563450ee5b7c - core::fmt::write::h306731c068f7162c
[INFO] [stdout]                                at /rustc/a178d0322ce20e33eac124758e837cbd80a6f633/library/core/src/fmt/mod.rs:1110:17
[INFO] [stdout]    5:     0x563450ebf075 - std::io::Write::write_fmt::h87f19b0a2cd190bc
[INFO] [stdout]                                at /rustc/a178d0322ce20e33eac124758e837cbd80a6f633/library/std/src/io/mod.rs:1588:15
[INFO] [stdout]    6:     0x563450ec481b - std::sys_common::backtrace::_print::h5abaa2601a852287
[INFO] [stdout]                                at /rustc/a178d0322ce20e33eac124758e837cbd80a6f633/library/std/src/sys_common/backtrace.rs:49:5
[INFO] [stdout]    7:     0x563450ec481b - std::sys_common::backtrace::print::h8d81445442bb638f
[INFO] [stdout]                                at /rustc/a178d0322ce20e33eac124758e837cbd80a6f633/library/std/src/sys_common/backtrace.rs:36:9
[INFO] [stdout]    8:     0x563450ec481b - std::panicking::default_hook::{{closure}}::hcfe804496a9fa747
[INFO] [stdout]                                at /rustc/a178d0322ce20e33eac124758e837cbd80a6f633/library/std/src/panicking.rs:208:50
[INFO] [stdout]    9:     0x563450ec432c - std::panicking::default_hook::hbea8e3ccf2ba8901
[INFO] [stdout]                                at /rustc/a178d0322ce20e33eac124758e837cbd80a6f633/library/std/src/panicking.rs:222:9
[INFO] [stdout]   10:     0x563450ec4ee4 - std::panicking::rust_panic_with_hook::h7ee9e1a2d0f8975a
[INFO] [stdout]                                at /rustc/a178d0322ce20e33eac124758e837cbd80a6f633/library/std/src/panicking.rs:622:17
[INFO] [stdout]   11:     0x563450ec49c7 - std::panicking::begin_panic_handler::{{closure}}::h8ab3b4491718b2c7
[INFO] [stdout]                                at /rustc/a178d0322ce20e33eac124758e837cbd80a6f633/library/std/src/panicking.rs:519:13
[INFO] [stdout]   12:     0x563450ec2aec - std::sys_common::backtrace::__rust_end_short_backtrace::hd489062ffa586a9f
[INFO] [stdout]                                at /rustc/a178d0322ce20e33eac124758e837cbd80a6f633/library/std/src/sys_common/backtrace.rs:141:18
[INFO] [stdout]   13:     0x563450ec4929 - rust_begin_unwind
[INFO] [stdout]                                at /rustc/a178d0322ce20e33eac124758e837cbd80a6f633/library/std/src/panicking.rs:515:5
[INFO] [stdout]   14:     0x563450b4db31 - core::panicking::panic_fmt::hca6330e3e14086b4
[INFO] [stdout]                                at /rustc/a178d0322ce20e33eac124758e837cbd80a6f633/library/core/src/panicking.rs:92:14
[INFO] [stdout]   15:     0x563450b4dc23 - core::result::unwrap_failed::h6160d2b4bfbb0e87
[INFO] [stdout]                                at /rustc/a178d0322ce20e33eac124758e837cbd80a6f633/library/core/src/result.rs:1355:5
[INFO] [stdout]   16:     0x563450ba5a2f - core::result::Result<T,E>::expect::hbeee6b8eaf2ec4fd
[INFO] [stdout]                                at /rustc/a178d0322ce20e33eac124758e837cbd80a6f633/library/core/src/result.rs:997:23
[INFO] [stdout]   17:     0x563450b92307 - <tetcore_analytics::DATABASE_URL as core::ops::deref::Deref>::deref::__static_ref_initialize::h63de2832cfc0b034
[INFO] [stdout]                                at /opt/rustwide/workdir/src/main.rs:50:9
[INFO] [stdout]   18:     0x563450b92307 - core::ops::function::FnOnce::call_once::h11647b86de070ff0
[INFO] [stdout]                                at /rustc/a178d0322ce20e33eac124758e837cbd80a6f633/library/core/src/ops/function.rs:227:5
[INFO] [stdout]   19:     0x563450b9d2fb - lazy_static::lazy::Lazy<T>::get::{{closure}}::he66e2c5165e0e3a0
[INFO] [stdout]                                at /opt/rustwide/cargo-home/registry/src/github.com-1ecc6299db9ec823/lazy_static-1.4.0/src/inline_lazy.rs:31:29
[INFO] [stdout]   20:     0x563450b8260b - std::sync::once::Once::call_once::{{closure}}::h5f198596e78885cb
[INFO] [stdout]                                at /rustc/a178d0322ce20e33eac124758e837cbd80a6f633/library/std/src/sync/once.rs:261:41
[INFO] [stdout]   21:     0x563450b4cd2c - std::sync::once::Once::call_inner::h4030b088a5783b2d
[INFO] [stdout]                                at /rustc/a178d0322ce20e33eac124758e837cbd80a6f633/library/std/src/sync/once.rs:418:21
[INFO] [stdout]   22:     0x563450b82316 - std::sync::once::Once::call_once::h6deda019701d323c
[INFO] [stdout]                                at /rustc/a178d0322ce20e33eac124758e837cbd80a6f633/library/std/src/sync/once.rs:261:9
[INFO] [stdout]   23:     0x563450b7d452 - lazy_static::lazy::Lazy<T>::get::hdc40ab28e49026ab
[INFO] [stdout]                                at /opt/rustwide/cargo-home/registry/src/github.com-1ecc6299db9ec823/lazy_static-1.4.0/src/inline_lazy.rs:30:9
[INFO] [stdout]   24:     0x563450b7d452 - <tetcore_analytics::DATABASE_URL as core::ops::deref::Deref>::deref::__stability::h000037ea72014688
[INFO] [stdout]                                at /opt/rustwide/cargo-home/registry/src/github.com-1ecc6299db9ec823/lazy_static-1.4.0/src/lib.rs:142:21
[INFO] [stdout]   25:     0x563450b7d452 - <tetcore_analytics::DATABASE_URL as core::ops::deref::Deref>::deref::hc12465802b2fd3cc
[INFO] [stdout]                                at /opt/rustwide/cargo-home/registry/src/github.com-1ecc6299db9ec823/lazy_static-1.4.0/src/lib.rs:144:17
[INFO] [stdout]   26:     0x563450b7cd23 - tetcore_analytics::db::create_pool::h32eeacaac8be4c35
[INFO] [stdout]                                at /opt/rustwide/workdir/src/db/mod.rs:197:42
[INFO] [stdout]   27:     0x563450b928f3 - <tetcore_analytics::cache::tests::get_test_setup::POOL as core::ops::deref::Deref>::deref::__static_ref_initialize::h8815f7545de09ad2
[INFO] [stdout]                                at /opt/rustwide/workdir/src/cache/mod.rs:453:29
[INFO] [stdout]   28:     0x563450b928f3 - core::ops::function::FnOnce::call_once::hf397139218a49bc2
[INFO] [stdout]                                at /rustc/a178d0322ce20e33eac124758e837cbd80a6f633/library/core/src/ops/function.rs:227:5
[INFO] [stdout]   29:     0x563450b9d25b - lazy_static::lazy::Lazy<T>::get::{{closure}}::h759dc4a5662644bb
[INFO] [stdout]                                at /opt/rustwide/cargo-home/registry/src/github.com-1ecc6299db9ec823/lazy_static-1.4.0/src/inline_lazy.rs:31:29
[INFO] [stdout]   30:     0x563450b8270b - std::sync::once::Once::call_once::{{closure}}::hdc52fd762227f6ae
[INFO] [stdout]                                at /rustc/a178d0322ce20e33eac124758e837cbd80a6f633/library/std/src/sync/once.rs:261:41
[INFO] [stdout]   31:     0x563450b4cd2c - std::sync::once::Once::call_inner::h4030b088a5783b2d
[INFO] [stdout]                                at /rustc/a178d0322ce20e33eac124758e837cbd80a6f633/library/std/src/sync/once.rs:418:21
[INFO] [stdout]   32:     0x563450b82256 - std::sync::once::Once::call_once::h4debddf72c54bf6e
[INFO] [stdout]                                at /rustc/a178d0322ce20e33eac124758e837cbd80a6f633/library/std/src/sync/once.rs:261:9
[INFO] [stdout]   33:     0x563450b6de62 - lazy_static::lazy::Lazy<T>::get::h532fb74ab98b0228
[INFO] [stdout]                                at /opt/rustwide/cargo-home/registry/src/github.com-1ecc6299db9ec823/lazy_static-1.4.0/src/inline_lazy.rs:30:9
[INFO] [stdout]   34:     0x563450b6de62 - <tetcore_analytics::cache::tests::get_test_setup::POOL as core::ops::deref::Deref>::deref::__stability::hdeac7fd1c7b59c33
[INFO] [stdout]                                at /opt/rustwide/cargo-home/registry/src/github.com-1ecc6299db9ec823/lazy_static-1.4.0/src/lib.rs:142:21
[INFO] [stdout]   35:     0x563450b6de62 - <tetcore_analytics::cache::tests::get_test_setup::POOL as core::ops::deref::Deref>::deref::hdaa3752b51baadbd
[INFO] [stdout]                                at /opt/rustwide/cargo-home/registry/src/github.com-1ecc6299db9ec823/lazy_static-1.4.0/src/lib.rs:144:17
[INFO] [stdout]   36:     0x563450b6d1f5 - tetcore_analytics::cache::tests::get_test_setup::h08138687ad5ee224
[INFO] [stdout]                                at /opt/rustwide/workdir/src/cache/mod.rs:455:20
[INFO] [stdout]   37:     0x563450b6e09f - tetcore_analytics::cache::tests::initialise_update_test::{{closure}}::hfece5f07585d3b28
[INFO] [stdout]                                at /opt/rustwide/workdir/src/cache/mod.rs:514:25
[INFO] [stdout]   38:     0x563450b52f4b - <core::future::from_generator::GenFuture<T> as core::future::future::Future>::poll::h72badd019ed70c64
[INFO] [stdout]                                at /rustc/a178d0322ce20e33eac124758e837cbd80a6f633/library/core/src/future/mod.rs:80:19
[INFO] [stdout]   39:     0x563450b8bb96 - <tokio::task::local::RunUntil<T> as core::future::future::Future>::poll::{{closure}}::{{closure}}::h9f1121fb08a0b272
[INFO] [stdout]                                at /opt/rustwide/cargo-home/registry/src/github.com-1ecc6299db9ec823/tokio-0.2.25/src/task/local.rs:528:65
[INFO] [stdout]   40:     0x563450b527bc - tokio::coop::with_budget::{{closure}}::h911402329733aa42
[INFO] [stdout]                                at /opt/rustwide/cargo-home/registry/src/github.com-1ecc6299db9ec823/tokio-0.2.25/src/coop.rs:127:9
[INFO] [stdout]   41:     0x563450b9b7b1 - std::thread::local::LocalKey<T>::try_with::h7a67a043f146934e
[INFO] [stdout]                                at /rustc/a178d0322ce20e33eac124758e837cbd80a6f633/library/std/src/thread/local.rs:400:16
[INFO] [stdout]   42:     0x563450b99d7d - std::thread::local::LocalKey<T>::with::hc733f477dbd18f2c
[INFO] [stdout]                                at /rustc/a178d0322ce20e33eac124758e837cbd80a6f633/library/std/src/thread/local.rs:376:9
[INFO] [stdout]   43:     0x563450b8b4db - tokio::coop::with_budget::h39245e72aa822bce
[INFO] [stdout]                                at /opt/rustwide/cargo-home/registry/src/github.com-1ecc6299db9ec823/tokio-0.2.25/src/coop.rs:120:5
[INFO] [stdout]   44:     0x563450b8b4db - tokio::coop::budget::hf9d613edc36dd189
[INFO] [stdout]                                at /opt/rustwide/cargo-home/registry/src/github.com-1ecc6299db9ec823/tokio-0.2.25/src/coop.rs:96:5
[INFO] [stdout]   45:     0x563450b8b4db - <tokio::task::local::RunUntil<T> as core::future::future::Future>::poll::{{closure}}::haa91cb7b58146a75
[INFO] [stdout]                                at /opt/rustwide/cargo-home/registry/src/github.com-1ecc6299db9ec823/tokio-0.2.25/src/task/local.rs:528:42
[INFO] [stdout]   46:     0x563450b83bcd - tokio::macros::scoped_tls::ScopedKey<T>::set::h8d8e16760023ae41
[INFO] [stdout]                                at /opt/rustwide/cargo-home/registry/src/github.com-1ecc6299db9ec823/tokio-0.2.25/src/macros/scoped_tls.rs:63:9
[INFO] [stdout]   47:     0x563450b88c7a - tokio::task::local::LocalSet::with::h5ad5d7eff9ce323a
[INFO] [stdout]                                at /opt/rustwide/cargo-home/registry/src/github.com-1ecc6299db9ec823/tokio-0.2.25/src/task/local.rs:442:9
[INFO] [stdout]   48:     0x563450b8b032 - <tokio::task::local::RunUntil<T> as core::future::future::Future>::poll::h539d4c68daa53622
[INFO] [stdout]                                at /opt/rustwide/cargo-home/registry/src/github.com-1ecc6299db9ec823/tokio-0.2.25/src/task/local.rs:518:9
[INFO] [stdout]   49:     0x563450b890ee - tokio::task::local::LocalSet::run_until::{{closure}}::h601c323eba0b8342
[INFO] [stdout]                                at /opt/rustwide/cargo-home/registry/src/github.com-1ecc6299db9ec823/tokio-0.2.25/src/task/local.rs:392:9
[INFO] [stdout]   50:     0x563450b5306b - <core::future::from_generator::GenFuture<T> as core::future::future::Future>::poll::h9210bd57a4406cc9
[INFO] [stdout]                                at /rustc/a178d0322ce20e33eac124758e837cbd80a6f633/library/core/src/future/mod.rs:80:19
[INFO] [stdout]   51:     0x563450b7a6e0 - tokio::runtime::basic_scheduler::BasicScheduler<P>::block_on::{{closure}}::{{closure}}::h3343a41b71b8f526
[INFO] [stdout]                                at /opt/rustwide/cargo-home/registry/src/github.com-1ecc6299db9ec823/tokio-0.2.25/src/runtime/basic_scheduler.rs:131:58
[INFO] [stdout]   52:     0x563450b51f6c - tokio::coop::with_budget::{{closure}}::h4e4f8402cc74cca6
[INFO] [stdout]                                at /opt/rustwide/cargo-home/registry/src/github.com-1ecc6299db9ec823/tokio-0.2.25/src/coop.rs:127:9
[INFO] [stdout]   53:     0x563450b9c831 - std::thread::local::LocalKey<T>::try_with::hd7beaf627c6a8d60
[INFO] [stdout]                                at /rustc/a178d0322ce20e33eac124758e837cbd80a6f633/library/std/src/thread/local.rs:400:16
[INFO] [stdout]   54:     0x563450b997dd - std::thread::local::LocalKey<T>::with::h56a81576c5c0ffc6
[INFO] [stdout]                                at /rustc/a178d0322ce20e33eac124758e837cbd80a6f633/library/std/src/thread/local.rs:376:9
[INFO] [stdout]   55:     0x563450b787db - tokio::coop::with_budget::h97f4b2d4d624c250
[INFO] [stdout]                                at /opt/rustwide/cargo-home/registry/src/github.com-1ecc6299db9ec823/tokio-0.2.25/src/coop.rs:120:5
[INFO] [stdout]   56:     0x563450b787db - tokio::coop::budget::hb36ef8d0871ad1ab
[INFO] [stdout]                                at /opt/rustwide/cargo-home/registry/src/github.com-1ecc6299db9ec823/tokio-0.2.25/src/coop.rs:96:5
[INFO] [stdout]   57:     0x563450b787db - tokio::runtime::basic_scheduler::BasicScheduler<P>::block_on::{{closure}}::h8d90e597f9d15b38
[INFO] [stdout]                                at /opt/rustwide/cargo-home/registry/src/github.com-1ecc6299db9ec823/tokio-0.2.25/src/runtime/basic_scheduler.rs:131:35
[INFO] [stdout]   58:     0x563450b7bab3 - tokio::runtime::basic_scheduler::enter::{{closure}}::h97c56b19c41611d1
[INFO] [stdout]                                at /opt/rustwide/cargo-home/registry/src/github.com-1ecc6299db9ec823/tokio-0.2.25/src/runtime/basic_scheduler.rs:213:29
[INFO] [stdout]   59:     0x563450b83ff6 - tokio::macros::scoped_tls::ScopedKey<T>::set::hea77d6cc6e204900
[INFO] [stdout]                                at /opt/rustwide/cargo-home/registry/src/github.com-1ecc6299db9ec823/tokio-0.2.25/src/macros/scoped_tls.rs:63:9
[INFO] [stdout]   60:     0x563450b7b213 - tokio::runtime::basic_scheduler::enter::h59c88d1986945a06
[INFO] [stdout]                                at /opt/rustwide/cargo-home/registry/src/github.com-1ecc6299db9ec823/tokio-0.2.25/src/runtime/basic_scheduler.rs:213:5
[INFO] [stdout]   61:     0x563450b78433 - tokio::runtime::basic_scheduler::BasicScheduler<P>::block_on::h3d4300fe49333972
[INFO] [stdout]                                at /opt/rustwide/cargo-home/registry/src/github.com-1ecc6299db9ec823/tokio-0.2.25/src/runtime/basic_scheduler.rs:123:9
[INFO] [stdout]   62:     0x563450b7bd93 - tokio::runtime::Runtime::block_on::{{closure}}::h6c924331fb5d8edf
[INFO] [stdout]                                at /opt/rustwide/cargo-home/registry/src/github.com-1ecc6299db9ec823/tokio-0.2.25/src/runtime/mod.rs:444:34
[INFO] [stdout]   63:     0x563450b98416 - tokio::runtime::context::enter::h7ba50508fcc32121
[INFO] [stdout]                                at /opt/rustwide/cargo-home/registry/src/github.com-1ecc6299db9ec823/tokio-0.2.25/src/runtime/context.rs:72:5
[INFO] [stdout]   64:     0x563450b5901b - tokio::runtime::handle::Handle::enter::hbfd357cadb0b232c
[INFO] [stdout]                                at /opt/rustwide/cargo-home/registry/src/github.com-1ecc6299db9ec823/tokio-0.2.25/src/runtime/handle.rs:76:9
[INFO] [stdout]   65:     0x563450b7bbcc - tokio::runtime::Runtime::block_on::h81d31da53040fcd1
[INFO] [stdout]                                at /opt/rustwide/cargo-home/registry/src/github.com-1ecc6299db9ec823/tokio-0.2.25/src/runtime/mod.rs:441:9
[INFO] [stdout]   66:     0x563450b88dcb - tokio::task::local::LocalSet::block_on::h61ec0bac31abf60e
[INFO] [stdout]                                at /opt/rustwide/cargo-home/registry/src/github.com-1ecc6299db9ec823/tokio-0.2.25/src/task/local.rs:353:9
[INFO] [stdout]   67:     0x563450b991d1 - actix_rt::runtime::Runtime::block_on::hb9204517944a3579
[INFO] [stdout]                                at /opt/rustwide/cargo-home/registry/src/github.com-1ecc6299db9ec823/actix-rt-1.1.1/src/runtime.rs:89:9
[INFO] [stdout]   68:     0x563450b59c28 - actix_rt::builder::SystemRunner::block_on::h6359a6b27110e041
[INFO] [stdout]                                at /opt/rustwide/cargo-home/registry/src/github.com-1ecc6299db9ec823/actix-rt-1.1.1/src/builder.rs:187:19
[INFO] [stdout]   69:     0x563450b6df45 - tetcore_analytics::cache::tests::initialise_update_test::h5eb3ac41bfa6858f
[INFO] [stdout]                                at /opt/rustwide/workdir/src/cache/mod.rs:511:5
[INFO] [stdout]   70:     0x563450b6deca - tetcore_analytics::cache::tests::initialise_update_test::{{closure}}::h44fd9b213cf7f75f
[INFO] [stdout]                                at /opt/rustwide/workdir/src/cache/mod.rs:511:5
[INFO] [stdout]   71:     0x563450b9268e - core::ops::function::FnOnce::call_once::h6d5f8907325a7437
[INFO] [stdout]                                at /rustc/a178d0322ce20e33eac124758e837cbd80a6f633/library/core/src/ops/function.rs:227:5
[INFO] [stdout]   72:     0x563450bd06f3 - core::ops::function::FnOnce::call_once::h152e7e439ff59e19
[INFO] [stdout]                                at /rustc/a178d0322ce20e33eac124758e837cbd80a6f633/library/core/src/ops/function.rs:227:5
[INFO] [stdout]   73:     0x563450bd06f3 - test::__rust_begin_short_backtrace::h0908f3b1fdbb72ab
[INFO] [stdout]                                at /rustc/a178d0322ce20e33eac124758e837cbd80a6f633/library/test/src/lib.rs:577:5
[INFO] [stdout]   74:     0x563450bcf1b0 - <alloc::boxed::Box<F,A> as core::ops::function::FnOnce<Args>>::call_once::hf6d2a51e5587546c
[INFO] [stdout]                                at /rustc/a178d0322ce20e33eac124758e837cbd80a6f633/library/alloc/src/boxed.rs:1575:9
[INFO] [stdout]   75:     0x563450bcf1b0 - <std::panic::AssertUnwindSafe<F> as core::ops::function::FnOnce<()>>::call_once::h8af660f3a89ef593
[INFO] [stdout]                                at /rustc/a178d0322ce20e33eac124758e837cbd80a6f633/library/std/src/panic.rs:347:9
[INFO] [stdout]   76:     0x563450bcf1b0 - std::panicking::try::do_call::hd36aef60f84b6d36
[INFO] [stdout]                                at /rustc/a178d0322ce20e33eac124758e837cbd80a6f633/library/std/src/panicking.rs:401:40
[INFO] [stdout]   77:     0x563450bcf1b0 - std::panicking::try::h9932b4480e69817c
[INFO] [stdout]                                at /rustc/a178d0322ce20e33eac124758e837cbd80a6f633/library/std/src/panicking.rs:365:19
[INFO] [stdout]   78:     0x563450bcf1b0 - std::panic::catch_unwind::h6aa177099cfff5f8
[INFO] [stdout]                                at /rustc/a178d0322ce20e33eac124758e837cbd80a6f633/library/std/src/panic.rs:434:14
[INFO] [stdout]   79:     0x563450bcf1b0 - test::run_test_in_process::h5884d6f2d99e20c3
[INFO] [stdout]                                at /rustc/a178d0322ce20e33eac124758e837cbd80a6f633/library/test/src/lib.rs:600:18
[INFO] [stdout]   80:     0x563450bcf1b0 - test::run_test::run_test_inner::{{closure}}::h6fdc58c6d5f5b6e3
[INFO] [stdout]                                at /rustc/a178d0322ce20e33eac124758e837cbd80a6f633/library/test/src/lib.rs:492:39
[INFO] [stdout]   81:     0x563450ba8862 - test::run_test::run_test_inner::{{closure}}::h408365d67a78ade8
[INFO] [stdout]                                at /rustc/a178d0322ce20e33eac124758e837cbd80a6f633/library/test/src/lib.rs:519:37
[INFO] [stdout]   82:     0x563450ba8862 - std::sys_common::backtrace::__rust_begin_short_backtrace::hb560b77c4f701523
[INFO] [stdout]                                at /rustc/a178d0322ce20e33eac124758e837cbd80a6f633/library/std/src/sys_common/backtrace.rs:125:18
[INFO] [stdout]   83:     0x563450bac418 - std::thread::Builder::spawn_unchecked::{{closure}}::{{closure}}::hf2e7831dad93c597
[INFO] [stdout]                                at /rustc/a178d0322ce20e33eac124758e837cbd80a6f633/library/std/src/thread/mod.rs:481:17
[INFO] [stdout]   84:     0x563450bac418 - <std::panic::AssertUnwindSafe<F> as core::ops::function::FnOnce<()>>::call_once::hd2e08783d8be4d02
[INFO] [stdout]                                at /rustc/a178d0322ce20e33eac124758e837cbd80a6f633/library/std/src/panic.rs:347:9
[INFO] [stdout]   85:     0x563450bac418 - std::panicking::try::do_call::h062597b7acfd6b82
[INFO] [stdout]                                at /rustc/a178d0322ce20e33eac124758e837cbd80a6f633/library/std/src/panicking.rs:401:40
[INFO] [stdout]   86:     0x563450bac418 - std::panicking::try::h0d7b79db04c14552
[INFO] [stdout]                                at /rustc/a178d0322ce20e33eac124758e837cbd80a6f633/library/std/src/panicking.rs:365:19
[INFO] [stdout]   87:     0x563450bac418 - std::panic::catch_unwind::hb01a0b5e7c8cd43b
[INFO] [stdout]                                at /rustc/a178d0322ce20e33eac124758e837cbd80a6f633/library/std/src/panic.rs:434:14
[INFO] [stdout]   88:     0x563450bac418 - std::thread::Builder::spawn_unchecked::{{closure}}::h5bde48cc887e0d1e
[INFO] [stdout]                                at /rustc/a178d0322ce20e33eac124758e837cbd80a6f633/library/std/src/thread/mod.rs:480:30
[INFO] [stdout]   89:     0x563450bac418 - core::ops::function::FnOnce::call_once{{vtable.shim}}::h745ea30807a29e55
[INFO] [stdout]                                at /rustc/a178d0322ce20e33eac124758e837cbd80a6f633/library/core/src/ops/function.rs:227:5
[INFO] [stdout]   90:     0x563450ec9bf7 - <alloc::boxed::Box<F,A> as core::ops::function::FnOnce<Args>>::call_once::h7ece6cfefaff1005
[INFO] [stdout]                                at /rustc/a178d0322ce20e33eac124758e837cbd80a6f633/library/alloc/src/boxed.rs:1575:9
[INFO] [stdout]   91:     0x563450ec9bf7 - <alloc::boxed::Box<F,A> as core::ops::function::FnOnce<Args>>::call_once::hb8b48e55c21f193e
[INFO] [stdout]                                at /rustc/a178d0322ce20e33eac124758e837cbd80a6f633/library/alloc/src/boxed.rs:1575:9
[INFO] [stdout]   92:     0x563450ec9bf7 - std::sys::unix::thread::Thread::new::thread_start::h8c7c4450dba62914
[INFO] [stdout]                                at /rustc/a178d0322ce20e33eac124758e837cbd80a6f633/library/std/src/sys/unix/thread.rs:71:17
[INFO] [stdout]   93:     0x7f3588a78609 - start_thread
[INFO] [stdout]   94:     0x7f3588848293 - clone
[INFO] [stdout]   95:                0x0 - <unknown>
[INFO] [stdout] Panic in Arbiter thread.
[INFO] [stdout] 
[INFO] [stdout] ---- cache::tests::cache_purges_expired_data_test stdout ----
[INFO] [stdout] thread 'cache::tests::cache_purges_expired_data_test' panicked at 'Once instance has previously been poisoned', library/std/src/sync/once.rs:392:21
[INFO] [stdout] stack backtrace:
[INFO] [stdout]    0:     0x563450ec25f0 - std::backtrace_rs::backtrace::libunwind::trace::h34055254b57d8e79
[INFO] [stdout]                                at /rustc/a178d0322ce20e33eac124758e837cbd80a6f633/library/std/src/../../backtrace/src/backtrace/libunwind.rs:90:5
[INFO] [stdout]    1:     0x563450ec25f0 - std::backtrace_rs::backtrace::trace_unsynchronized::h8f1e3fbd9afff6ec
[INFO] [stdout]                                at /rustc/a178d0322ce20e33eac124758e837cbd80a6f633/library/std/src/../../backtrace/src/backtrace/mod.rs:66:5
[INFO] [stdout]    2:     0x563450ec25f0 - std::sys_common::backtrace::_print_fmt::h3a99a796b770c360
[INFO] [stdout]                                at /rustc/a178d0322ce20e33eac124758e837cbd80a6f633/library/std/src/sys_common/backtrace.rs:67:5
[INFO] [stdout]    3:     0x563450ec25f0 - <std::sys_common::backtrace::_print::DisplayBacktrace as core::fmt::Display>::fmt::h32d1f94a80615d18
[INFO] [stdout]                                at /rustc/a178d0322ce20e33eac124758e837cbd80a6f633/library/std/src/sys_common/backtrace.rs:46:22
[INFO] [stdout]    4:     0x563450ee5b7c - core::fmt::write::h306731c068f7162c
[INFO] [stdout]                                at /rustc/a178d0322ce20e33eac124758e837cbd80a6f633/library/core/src/fmt/mod.rs:1110:17
[INFO] [stdout]    5:     0x563450ebf075 - std::io::Write::write_fmt::h87f19b0a2cd190bc
[INFO] [stdout]                                at /rustc/a178d0322ce20e33eac124758e837cbd80a6f633/library/std/src/io/mod.rs:1588:15
[INFO] [stdout]    6:     0x563450ec481b - std::sys_common::backtrace::_print::h5abaa2601a852287
[INFO] [stdout]                                at /rustc/a178d0322ce20e33eac124758e837cbd80a6f633/library/std/src/sys_common/backtrace.rs:49:5
[INFO] [stdout]    7:     0x563450ec481b - std::sys_common::backtrace::print::h8d81445442bb638f
[INFO] [stdout]                                at /rustc/a178d0322ce20e33eac124758e837cbd80a6f633/library/std/src/sys_common/backtrace.rs:36:9
[INFO] [stdout]    8:     0x563450ec481b - std::panicking::default_hook::{{closure}}::hcfe804496a9fa747
[INFO] [stdout]                                at /rustc/a178d0322ce20e33eac124758e837cbd80a6f633/library/std/src/panicking.rs:208:50
[INFO] [stdout]    9:     0x563450ec432c - std::panicking::default_hook::hbea8e3ccf2ba8901
[INFO] [stdout]                                at /rustc/a178d0322ce20e33eac124758e837cbd80a6f633/library/std/src/panicking.rs:222:9
[INFO] [stdout]   10:     0x563450ec4ee4 - std::panicking::rust_panic_with_hook::h7ee9e1a2d0f8975a
[INFO] [stdout]                                at /rustc/a178d0322ce20e33eac124758e837cbd80a6f633/library/std/src/panicking.rs:622:17
[INFO] [stdout]   11:     0x563450ec4c04 - std::panicking::begin_panic::{{closure}}::hc987226ccc68e3b6
[INFO] [stdout]                                at /rustc/a178d0322ce20e33eac124758e837cbd80a6f633/library/std/src/panicking.rs:542:9
[INFO] [stdout]   12:     0x563450ec2acc - std::sys_common::backtrace::__rust_end_short_backtrace::h9510086f7c72e23d
[INFO] [stdout]                                at /rustc/a178d0322ce20e33eac124758e837cbd80a6f633/library/std/src/sys_common/backtrace.rs:141:18
[INFO] [stdout]   13:     0x563450b4cf5c - std::panicking::begin_panic::h4f747359d0610b9a
[INFO] [stdout]                                at /rustc/a178d0322ce20e33eac124758e837cbd80a6f633/library/std/src/panicking.rs:541:12
[INFO] [stdout]   14:     0x563450b4cdb9 - std::sync::once::Once::call_inner::h4030b088a5783b2d
[INFO] [stdout]                                at /rustc/a178d0322ce20e33eac124758e837cbd80a6f633/library/std/src/sync/once.rs:392:21
[INFO] [stdout]   15:     0x563450b82256 - std::sync::once::Once::call_once::h4debddf72c54bf6e
[INFO] [stdout]                                at /rustc/a178d0322ce20e33eac124758e837cbd80a6f633/library/std/src/sync/once.rs:261:9
[INFO] [stdout]   16:     0x563450b6de62 - lazy_static::lazy::Lazy<T>::get::h532fb74ab98b0228
[INFO] [stdout]                                at /opt/rustwide/cargo-home/registry/src/github.com-1ecc6299db9ec823/lazy_static-1.4.0/src/inline_lazy.rs:30:9
[INFO] [stdout]   17:     0x563450b6de62 - <tetcore_analytics::cache::tests::get_test_setup::POOL as core::ops::deref::Deref>::deref::__stability::hdeac7fd1c7b59c33
[INFO] [stdout]                                at /opt/rustwide/cargo-home/registry/src/github.com-1ecc6299db9ec823/lazy_static-1.4.0/src/lib.rs:142:21
[INFO] [stdout]   18:     0x563450b6de62 - <tetcore_analytics::cache::tests::get_test_setup::POOL as core::ops::deref::Deref>::deref::hdaa3752b51baadbd
[INFO] [stdout]                                at /opt/rustwide/cargo-home/registry/src/github.com-1ecc6299db9ec823/lazy_static-1.4.0/src/lib.rs:144:17
[INFO] [stdout]   19:     0x563450b6d1f5 - tetcore_analytics::cache::tests::get_test_setup::h08138687ad5ee224
[INFO] [stdout]                                at /opt/rustwide/workdir/src/cache/mod.rs:455:20
[INFO] [stdout]   20:     0x563450b6f269 - tetcore_analytics::cache::tests::cache_purges_expired_data_test::{{closure}}::he2957a9c4367aacc
[INFO] [stdout]                                at /opt/rustwide/workdir/src/cache/mod.rs:558:25
[INFO] [stdout]   21:     0x563450b5321b - <core::future::from_generator::GenFuture<T> as core::future::future::Future>::poll::hc445558b155dce6a
[INFO] [stdout]                                at /rustc/a178d0322ce20e33eac124758e837cbd80a6f633/library/core/src/future/mod.rs:80:19
[INFO] [stdout]   22:     0x563450b8bb36 - <tokio::task::local::RunUntil<T> as core::future::future::Future>::poll::{{closure}}::{{closure}}::h4879747f3e405e73
[INFO] [stdout]                                at /opt/rustwide/cargo-home/registry/src/github.com-1ecc6299db9ec823/tokio-0.2.25/src/task/local.rs:528:65
[INFO] [stdout]   23:     0x563450b51aac - tokio::coop::with_budget::{{closure}}::h0424014a361f552e
[INFO] [stdout]                                at /opt/rustwide/cargo-home/registry/src/github.com-1ecc6299db9ec823/tokio-0.2.25/src/coop.rs:127:9
[INFO] [stdout]   24:     0x563450b9aec1 - std::thread::local::LocalKey<T>::try_with::h465ec92a038636da
[INFO] [stdout]                                at /rustc/a178d0322ce20e33eac124758e837cbd80a6f633/library/std/src/thread/local.rs:400:16
[INFO] [stdout]   25:     0x563450b99c6d - std::thread::local::LocalKey<T>::with::ha4e903931e2ce57a
[INFO] [stdout]                                at /rustc/a178d0322ce20e33eac124758e837cbd80a6f633/library/std/src/thread/local.rs:376:9
[INFO] [stdout]   26:     0x563450b8b74b - tokio::coop::with_budget::h2fbe28e5e8ab9416
[INFO] [stdout]                                at /opt/rustwide/cargo-home/registry/src/github.com-1ecc6299db9ec823/tokio-0.2.25/src/coop.rs:120:5
[INFO] [stdout]   27:     0x563450b8b74b - tokio::coop::budget::h4ac06d7345227a5c
[INFO] [stdout]                                at /opt/rustwide/cargo-home/registry/src/github.com-1ecc6299db9ec823/tokio-0.2.25/src/coop.rs:96:5
[INFO] [stdout]   28:     0x563450b8b74b - <tokio::task::local::RunUntil<T> as core::future::future::Future>::poll::{{closure}}::he3ef166030832e3d
[INFO] [stdout]                                at /opt/rustwide/cargo-home/registry/src/github.com-1ecc6299db9ec823/tokio-0.2.25/src/task/local.rs:528:42
[INFO] [stdout]   29:     0x563450b83ccd - tokio::macros::scoped_tls::ScopedKey<T>::set::h9be342e7f0a4e52a
[INFO] [stdout]                                at /opt/rustwide/cargo-home/registry/src/github.com-1ecc6299db9ec823/tokio-0.2.25/src/macros/scoped_tls.rs:63:9
[INFO] [stdout]   30:     0x563450b88d1a - tokio::task::local::LocalSet::with::hc85eb1ffb6e8bcc9
[INFO] [stdout]                                at /opt/rustwide/cargo-home/registry/src/github.com-1ecc6299db9ec823/tokio-0.2.25/src/task/local.rs:442:9
[INFO] [stdout]   31:     0x563450b8b0a2 - <tokio::task::local::RunUntil<T> as core::future::future::Future>::poll::h796898e38c46a1aa
[INFO] [stdout]                                at /opt/rustwide/cargo-home/registry/src/github.com-1ecc6299db9ec823/tokio-0.2.25/src/task/local.rs:518:9
[INFO] [stdout]   32:     0x563450b8962e - tokio::task::local::LocalSet::run_until::{{closure}}::hab01ed39c96817b2
[INFO] [stdout]                                at /opt/rustwide/cargo-home/registry/src/github.com-1ecc6299db9ec823/tokio-0.2.25/src/task/local.rs:392:9
[INFO] [stdout]   33:     0x563450b5318b - <core::future::from_generator::GenFuture<T> as core::future::future::Future>::poll::hb6d88237775e277f
[INFO] [stdout]                                at /rustc/a178d0322ce20e33eac124758e837cbd80a6f633/library/core/src/future/mod.rs:80:19
[INFO] [stdout]   34:     0x563450b7a8b0 - tokio::runtime::basic_scheduler::BasicScheduler<P>::block_on::{{closure}}::{{closure}}::h648c339b651d89b5
[INFO] [stdout]                                at /opt/rustwide/cargo-home/registry/src/github.com-1ecc6299db9ec823/tokio-0.2.25/src/runtime/basic_scheduler.rs:131:58
[INFO] [stdout]   35:     0x563450b51d0c - tokio::coop::with_budget::{{closure}}::h2540f908cf95a63e
[INFO] [stdout]                                at /opt/rustwide/cargo-home/registry/src/github.com-1ecc6299db9ec823/tokio-0.2.25/src/coop.rs:127:9
[INFO] [stdout]   36:     0x563450b9a6b1 - std::thread::local::LocalKey<T>::try_with::h166a771df0c7489f
[INFO] [stdout]                                at /rustc/a178d0322ce20e33eac124758e837cbd80a6f633/library/std/src/thread/local.rs:400:16
[INFO] [stdout]   37:     0x563450b9964d - std::thread::local::LocalKey<T>::with::h420002eb9625ed2c
[INFO] [stdout]                                at /rustc/a178d0322ce20e33eac124758e837cbd80a6f633/library/std/src/thread/local.rs:376:9
[INFO] [stdout]   38:     0x563450b7a0fb - tokio::coop::with_budget::h661f7289cc8fab03
[INFO] [stdout]                                at /opt/rustwide/cargo-home/registry/src/github.com-1ecc6299db9ec823/tokio-0.2.25/src/coop.rs:120:5
[INFO] [stdout]   39:     0x563450b7a0fb - tokio::coop::budget::h7e20dae23f9a0cd5
[INFO] [stdout]                                at /opt/rustwide/cargo-home/registry/src/github.com-1ecc6299db9ec823/tokio-0.2.25/src/coop.rs:96:5
[INFO] [stdout]   40:     0x563450b7a0fb - tokio::runtime::basic_scheduler::BasicScheduler<P>::block_on::{{closure}}::hf1a7e6127c237940
[INFO] [stdout]                                at /opt/rustwide/cargo-home/registry/src/github.com-1ecc6299db9ec823/tokio-0.2.25/src/runtime/basic_scheduler.rs:131:35
[INFO] [stdout]   41:     0x563450b7b993 - tokio::runtime::basic_scheduler::enter::{{closure}}::h73cbaab1a8dd0cbd
[INFO] [stdout]                                at /opt/rustwide/cargo-home/registry/src/github.com-1ecc6299db9ec823/tokio-0.2.25/src/runtime/basic_scheduler.rs:213:29
[INFO] [stdout]   42:     0x563450b83ee6 - tokio::macros::scoped_tls::ScopedKey<T>::set::he7a9f8889fdabae4
[INFO] [stdout]                                at /opt/rustwide/cargo-home/registry/src/github.com-1ecc6299db9ec823/tokio-0.2.25/src/macros/scoped_tls.rs:63:9
[INFO] [stdout]   43:     0x563450b7b8f3 - tokio::runtime::basic_scheduler::enter::hdd85febcf7d4d829
[INFO] [stdout]                                at /opt/rustwide/cargo-home/registry/src/github.com-1ecc6299db9ec823/tokio-0.2.25/src/runtime/basic_scheduler.rs:213:5
[INFO] [stdout]   44:     0x563450b784b3 - tokio::runtime::basic_scheduler::BasicScheduler<P>::block_on::h56e2928574a99e6c
[INFO] [stdout]                                at /opt/rustwide/cargo-home/registry/src/github.com-1ecc6299db9ec823/tokio-0.2.25/src/runtime/basic_scheduler.rs:123:9
[INFO] [stdout]   45:     0x563450b7bef3 - tokio::runtime::Runtime::block_on::{{closure}}::hf3407f2ed62d505a
[INFO] [stdout]                                at /opt/rustwide/cargo-home/registry/src/github.com-1ecc6299db9ec823/tokio-0.2.25/src/runtime/mod.rs:444:34
[INFO] [stdout]   46:     0x563450b98326 - tokio::runtime::context::enter::h3cd12868df1c0887
[INFO] [stdout]                                at /opt/rustwide/cargo-home/registry/src/github.com-1ecc6299db9ec823/tokio-0.2.25/src/runtime/context.rs:72:5
[INFO] [stdout]   47:     0x563450b58efb - tokio::runtime::handle::Handle::enter::h342eee7f498e0c77
[INFO] [stdout]                                at /opt/rustwide/cargo-home/registry/src/github.com-1ecc6299db9ec823/tokio-0.2.25/src/runtime/handle.rs:76:9
[INFO] [stdout]   48:     0x563450b7bb0c - tokio::runtime::Runtime::block_on::h0f30eb63e33d0efe
[INFO] [stdout]                                at /opt/rustwide/cargo-home/registry/src/github.com-1ecc6299db9ec823/tokio-0.2.25/src/runtime/mod.rs:441:9
[INFO] [stdout]   49:     0x563450b88e6b - tokio::task::local::LocalSet::block_on::hb890a655db7d0812
[INFO] [stdout]                                at /opt/rustwide/cargo-home/registry/src/github.com-1ecc6299db9ec823/tokio-0.2.25/src/task/local.rs:353:9
[INFO] [stdout]   50:     0x563450b99251 - actix_rt::runtime::Runtime::block_on::hef2493c6a7537c17
[INFO] [stdout]                                at /opt/rustwide/cargo-home/registry/src/github.com-1ecc6299db9ec823/actix-rt-1.1.1/src/runtime.rs:89:9
[INFO] [stdout]   51:     0x563450b59d88 - actix_rt::builder::SystemRunner::block_on::ha4e3b9ba0e545724
[INFO] [stdout]                                at /opt/rustwide/cargo-home/registry/src/github.com-1ecc6299db9ec823/actix-rt-1.1.1/src/builder.rs:187:19
[INFO] [stdout]   52:     0x563450b6f0e5 - tetcore_analytics::cache::tests::cache_purges_expired_data_test::h8afe9986cbae4f31
[INFO] [stdout]                                at /opt/rustwide/workdir/src/cache/mod.rs:555:5
[INFO] [stdout]   53:     0x563450b6f06a - tetcore_analytics::cache::tests::cache_purges_expired_data_test::{{closure}}::h7be10d840c3358e7
[INFO] [stdout]                                at /opt/rustwide/workdir/src/cache/mod.rs:555:5
[INFO] [stdout]   54:     0x563450b9286e - core::ops::function::FnOnce::call_once::hd5f876bc21f951cd
[INFO] [stdout]                                at /rustc/a178d0322ce20e33eac124758e837cbd80a6f633/library/core/src/ops/function.rs:227:5
[INFO] [stdout]   55:     0x563450bd06f3 - core::ops::function::FnOnce::call_once::h152e7e439ff59e19
[INFO] [stdout]                                at /rustc/a178d0322ce20e33eac124758e837cbd80a6f633/library/core/src/ops/function.rs:227:5
[INFO] [stdout]   56:     0x563450bd06f3 - test::__rust_begin_short_backtrace::h0908f3b1fdbb72ab
[INFO] [stdout]                                at /rustc/a178d0322ce20e33eac124758e837cbd80a6f633/library/test/src/lib.rs:577:5
[INFO] [stdout]   57:     0x563450bcf1b0 - <alloc::boxed::Box<F,A> as core::ops::function::FnOnce<Args>>::call_once::hf6d2a51e5587546c
[INFO] [stdout]                                at /rustc/a178d0322ce20e33eac124758e837cbd80a6f633/library/alloc/src/boxed.rs:1575:9
[INFO] [stdout]   58:     0x563450bcf1b0 - <std::panic::AssertUnwindSafe<F> as core::ops::function::FnOnce<()>>::call_once::h8af660f3a89ef593
[INFO] [stdout]                                at /rustc/a178d0322ce20e33eac124758e837cbd80a6f633/library/std/src/panic.rs:347:9
[INFO] [stdout]   59:     0x563450bcf1b0 - std::panicking::try::do_call::hd36aef60f84b6d36
[INFO] [stdout]                                at /rustc/a178d0322ce20e33eac124758e837cbd80a6f633/library/std/src/panicking.rs:401:40
[INFO] [stdout]   60:     0x563450bcf1b0 - std::panicking::try::h9932b4480e69817c
[INFO] [stdout]                                at /rustc/a178d0322ce20e33eac124758e837cbd80a6f633/library/std/src/panicking.rs:365:19
[INFO] [stdout]   61:     0x563450bcf1b0 - std::panic::catch_unwind::h6aa177099cfff5f8
[INFO] [stdout]                                at /rustc/a178d0322ce20e33eac124758e837cbd80a6f633/library/std/src/panic.rs:434:14
[INFO] [stdout]   62:     0x563450bcf1b0 - test::run_test_in_process::h5884d6f2d99e20c3
[INFO] [stdout]                                at /rustc/a178d0322ce20e33eac124758e837cbd80a6f633/library/test/src/lib.rs:600:18
[INFO] [stdout]   63:     0x563450bcf1b0 - test::run_test::run_test_inner::{{closure}}::h6fdc58c6d5f5b6e3
[INFO] [stdout]                                at /rustc/a178d0322ce20e33eac124758e837cbd80a6f633/library/test/src/lib.rs:492:39
[INFO] [stdout]   64:     0x563450ba8862 - test::run_test::run_test_inner::{{closure}}::h408365d67a78ade8
[INFO] [stdout]                                at /rustc/a178d0322ce20e33eac124758e837cbd80a6f633/library/test/src/lib.rs:519:37
[INFO] [stdout]   65:     0x563450ba8862 - std::sys_common::backtrace::__rust_begin_short_backtrace::hb560b77c4f701523
[INFO] [stdout]                                at /rustc/a178d0322ce20e33eac124758e837cbd80a6f633/library/std/src/sys_common/backtrace.rs:125:18
[INFO] [stdout]   66:     0x563450bac418 - std::thread::Builder::spawn_unchecked::{{closure}}::{{closure}}::hf2e7831dad93c597
[INFO] [stdout]                                at /rustc/a178d0322ce20e33eac124758e837cbd80a6f633/library/std/src/thread/mod.rs:481:17
[INFO] [stdout]   67:     0x563450bac418 - <std::panic::AssertUnwindSafe<F> as core::ops::function::FnOnce<()>>::call_once::hd2e08783d8be4d02
[INFO] [stdout]                                at /rustc/a178d0322ce20e33eac124758e837cbd80a6f633/library/std/src/panic.rs:347:9
[INFO] [stdout]   68:     0x563450bac418 - std::panicking::try::do_call::h062597b7acfd6b82
[INFO] [stdout]                                at /rustc/a178d0322ce20e33eac124758e837cbd80a6f633/library/std/src/panicking.rs:401:40
[INFO] [stdout]   69:     0x563450bac418 - std::panicking::try::h0d7b79db04c14552
[INFO] [stdout]                                at /rustc/a178d0322ce20e33eac124758e837cbd80a6f633/library/std/src/panicking.rs:365:19
[INFO] [stdout]   70:     0x563450bac418 - std::panic::catch_unwind::hb01a0b5e7c8cd43b
[INFO] [stdout]                                at /rustc/a178d0322ce20e33eac124758e837cbd80a6f633/library/std/src/panic.rs:434:14
[INFO] [stdout]   71:     0x563450bac418 - std::thread::Builder::spawn_unchecked::{{closure}}::h5bde48cc887e0d1e
[INFO] [stdout]                                at /rustc/a178d0322ce20e33eac124758e837cbd80a6f633/library/std/src/thread/mod.rs:480:30
[INFO] [stdout]   72:     0x563450bac418 - core::ops::function::FnOnce::call_once{{vtable.shim}}::h745ea30807a29e55
[INFO] [stdout]                                at /rustc/a178d0322ce20e33eac124758e837cbd80a6f633/library/core/src/ops/function.rs:227:5
[INFO] [stdout]   73:     0x563450ec9bf7 - <alloc::boxed::Box<F,A> as core::ops::function::FnOnce<Args>>::call_once::h7ece6cfefaff1005
[INFO] [stdout]                                at /rustc/a178d0322ce20e33eac124758e837cbd80a6f633/library/alloc/src/boxed.rs:1575:9
[INFO] [stdout]   74:     0x563450ec9bf7 - <alloc::boxed::Box<F,A> as core::ops::function::FnOnce<Args>>::call_once::hb8b48e55c21f193e
[INFO] [stdout]                                at /rustc/a178d0322ce20e33eac124758e837cbd80a6f633/library/alloc/src/boxed.rs:1575:9
[INFO] [stdout]   75:     0x563450ec9bf7 - std::sys::unix::thread::Thread::new::thread_start::h8c7c4450dba62914
[INFO] [stdout]                                at /rustc/a178d0322ce20e33eac124758e837cbd80a6f633/library/std/src/sys/unix/thread.rs:71:17
[INFO] [stdout]   76:     0x7f3588a78609 - start_thread
[INFO] [stdout]   77:     0x7f3588848293 - clone
[INFO] [stdout]   78:                0x0 - <unknown>
[INFO] [stdout] Panic in Arbiter thread.
[INFO] [stdout] 
[INFO] [stdout] 
[INFO] [stdout] failures:
[INFO] [stdout]     cache::tests::cache_purges_expired_data_test
[INFO] [stdout]     cache::tests::initialise_update_test
[INFO] [stdout]     cache::tests::process_peer_data_response_test
[INFO] [stdout]     cache::tests::updates_in_progress_test
[INFO] [stdout] 
[INFO] [stdout] test result: FAILED. 1 passed; 4 failed; 0 ignored; 0 measured; 0 filtered out; finished in 0.07s
[INFO] [stdout] 
[INFO] [stderr] error: test failed, to rerun pass '--bin tetcore-analytics'
[INFO] running `Command { std: "docker" "inspect" "07ed07aaa11667dd8b873de976579c220473f20cd8521c7374fb954335300112", kill_on_drop: false }`
[INFO] running `Command { std: "docker" "rm" "-f" "07ed07aaa11667dd8b873de976579c220473f20cd8521c7374fb954335300112", kill_on_drop: false }`
[INFO] [stdout] 07ed07aaa11667dd8b873de976579c220473f20cd8521c7374fb954335300112
