[INFO] cloning repository https://github.com/sebosp/chartacritty
[INFO] running `Command { std: "git" "-c" "credential.helper=" "-c" "credential.helper=/workspace/cargo-home/bin/git-credential-null" "clone" "--bare" "https://github.com/sebosp/chartacritty" "/workspace/cache/git-repos/https%3A%2F%2Fgithub.com%2Fsebosp%2Fchartacritty", kill_on_drop: false }`
[INFO] [stderr] Cloning into bare repository '/workspace/cache/git-repos/https%3A%2F%2Fgithub.com%2Fsebosp%2Fchartacritty'...
[INFO] running `Command { std: "git" "rev-parse" "HEAD", kill_on_drop: false }`
[INFO] [stdout] ff98c6b020a4caefd8f0e27186db512f71576046
[INFO] testing sebosp/chartacritty against 1.54.0 for beta-1.55-1
[INFO] running `Command { std: "git" "clone" "/workspace/cache/git-repos/https%3A%2F%2Fgithub.com%2Fsebosp%2Fchartacritty" "/workspace/builds/worker-1/source", kill_on_drop: false }`
[INFO] [stderr] Cloning into '/workspace/builds/worker-1/source'...
[INFO] [stderr] done.
[INFO] validating manifest of git repo https://github.com/sebosp/chartacritty on toolchain 1.54.0
[INFO] running `Command { std: "/workspace/cargo-home/bin/cargo" "+1.54.0" "metadata" "--manifest-path" "Cargo.toml" "--no-deps", kill_on_drop: false }`
[INFO] started tweaking git repo https://github.com/sebosp/chartacritty
[INFO] finished tweaking git repo https://github.com/sebosp/chartacritty
[INFO] tweaked toml for git repo https://github.com/sebosp/chartacritty written to /workspace/builds/worker-1/source/Cargo.toml
[INFO] crate git repo https://github.com/sebosp/chartacritty already has a lockfile, it will not be regenerated
[INFO] running `Command { std: "/workspace/cargo-home/bin/cargo" "+1.54.0" "fetch" "--manifest-path" "Cargo.toml", kill_on_drop: false }`
[INFO] [stderr]     Blocking waiting for file lock on package cache
[INFO] running `Command { std: "docker" "create" "-v" "/var/lib/crater-agent-workspace/builds/worker-1/target:/opt/rustwide/target:rw,Z" "-v" "/var/lib/crater-agent-workspace/builds/worker-1/source:/opt/rustwide/workdir:ro,Z" "-v" "/var/lib/crater-agent-workspace/cargo-home:/opt/rustwide/cargo-home:ro,Z" "-v" "/var/lib/crater-agent-workspace/rustup-home:/opt/rustwide/rustup-home:ro,Z" "-e" "SOURCE_DIR=/opt/rustwide/workdir" "-e" "CARGO_TARGET_DIR=/opt/rustwide/target" "-e" "CARGO_HOME=/opt/rustwide/cargo-home" "-e" "RUSTUP_HOME=/opt/rustwide/rustup-home" "-w" "/opt/rustwide/workdir" "-m" "1610612736" "--user" "0:0" "--network" "none" "ghcr.io/rust-lang/crates-build-env/linux@sha256:34b6a614d2c27851fe6cbf88fbd1137609cefab8b10d0615aaeb6fd47975d74e" "/opt/rustwide/cargo-home/bin/cargo" "+1.54.0" "metadata" "--no-deps" "--format-version=1", kill_on_drop: false }`
[INFO] [stderr] WARNING: Your kernel does not support swap limit capabilities or the cgroup is not mounted. Memory limited without swap.
[INFO] [stdout] 898d7f7505a4c11c519f5ba731f951d5d8385aaaa9a5c549369a4d7d242b926e
[INFO] running `Command { std: "docker" "start" "-a" "898d7f7505a4c11c519f5ba731f951d5d8385aaaa9a5c549369a4d7d242b926e", kill_on_drop: false }`
[INFO] running `Command { std: "docker" "inspect" "898d7f7505a4c11c519f5ba731f951d5d8385aaaa9a5c549369a4d7d242b926e", kill_on_drop: false }`
[INFO] running `Command { std: "docker" "rm" "-f" "898d7f7505a4c11c519f5ba731f951d5d8385aaaa9a5c549369a4d7d242b926e", kill_on_drop: false }`
[INFO] [stdout] 898d7f7505a4c11c519f5ba731f951d5d8385aaaa9a5c549369a4d7d242b926e
[INFO] running `Command { std: "docker" "create" "-v" "/var/lib/crater-agent-workspace/builds/worker-1/target:/opt/rustwide/target:rw,Z" "-v" "/var/lib/crater-agent-workspace/builds/worker-1/source:/opt/rustwide/workdir:ro,Z" "-v" "/var/lib/crater-agent-workspace/cargo-home:/opt/rustwide/cargo-home:ro,Z" "-v" "/var/lib/crater-agent-workspace/rustup-home:/opt/rustwide/rustup-home:ro,Z" "-e" "SOURCE_DIR=/opt/rustwide/workdir" "-e" "CARGO_TARGET_DIR=/opt/rustwide/target" "-e" "CARGO_INCREMENTAL=0" "-e" "RUST_BACKTRACE=full" "-e" "RUSTFLAGS=--cap-lints=warn" "-e" "CARGO_HOME=/opt/rustwide/cargo-home" "-e" "RUSTUP_HOME=/opt/rustwide/rustup-home" "-w" "/opt/rustwide/workdir" "-m" "1610612736" "--user" "0:0" "--network" "none" "ghcr.io/rust-lang/crates-build-env/linux@sha256:34b6a614d2c27851fe6cbf88fbd1137609cefab8b10d0615aaeb6fd47975d74e" "/opt/rustwide/cargo-home/bin/cargo" "+1.54.0" "build" "--frozen" "--message-format=json", kill_on_drop: false }`
[INFO] [stderr] WARNING: Your kernel does not support swap limit capabilities or the cgroup is not mounted. Memory limited without swap.
[INFO] [stdout] 798871ebe642cc1500d95b3d3d121c02571eb13589665df289c75dfc47d05f78
[INFO] running `Command { std: "docker" "start" "-a" "798871ebe642cc1500d95b3d3d121c02571eb13589665df289c75dfc47d05f78", kill_on_drop: false }`
[INFO] [stderr]    Compiling serde v1.0.125
[INFO] [stderr]    Compiling log v0.4.14
[INFO] [stderr]    Compiling futures-core v0.3.15
[INFO] [stderr]    Compiling futures-sink v0.3.15
[INFO] [stderr]    Compiling futures-channel v0.3.15
[INFO] [stderr]    Compiling ttf-parser v0.6.2
[INFO] [stderr]    Compiling nix v0.18.0
[INFO] [stderr]    Compiling byteorder v1.4.3
[INFO] [stderr]    Compiling foreign-types-shared v0.3.0
[INFO] [stderr]    Compiling dtoa v0.4.8
[INFO] [stderr]    Compiling utf8parse v0.2.0
[INFO] [stderr]    Compiling wayland-sys v0.28.5
[INFO] [stderr]    Compiling cmake v0.1.45
[INFO] [stderr]    Compiling openssl-sys v0.9.65
[INFO] [stderr]    Compiling libloading v0.6.7
[INFO] [stderr]    Compiling backtrace v0.3.60
[INFO] [stderr]    Compiling servo-fontconfig-sys v5.1.0
[INFO] [stderr]    Compiling crossfont v0.3.0
[INFO] [stderr]    Compiling nom v6.1.2
[INFO] [stderr]    Compiling dlib v0.5.0
[INFO] [stderr]    Compiling regex-automata v0.1.9
[INFO] [stderr]    Compiling http-body v0.3.1
[INFO] [stderr]    Compiling net2 v0.2.37
[INFO] [stderr]    Compiling signal-hook-registry v1.3.0
[INFO] [stderr]    Compiling memmap2 v0.1.0
[INFO] [stderr]    Compiling parking_lot_core v0.8.3
[INFO] [stderr]    Compiling getrandom v0.1.16
[INFO] [stderr]    Compiling xcb v0.9.0
[INFO] [stderr]    Compiling socket2 v0.3.19
[INFO] [stderr]    Compiling shared_library v0.1.9
[INFO] [stderr]    Compiling raw-window-handle v0.3.3
[INFO] [stderr]    Compiling dirs-sys v0.3.6
[INFO] [stderr]    Compiling inotify-sys v0.1.5
[INFO] [stderr]    Compiling filetime v0.2.14
[INFO] [stderr]    Compiling nix v0.20.0
[INFO] [stderr]    Compiling dlib v0.4.2
[INFO] [stderr]    Compiling x11-dl v2.18.5
[INFO] [stderr]    Compiling png v0.16.8
[INFO] [stderr]    Compiling syn v1.0.72
[INFO] [stderr]    Compiling wayland-scanner v0.28.5
[INFO] [stderr]    Compiling vte_generate_state_changes v0.1.1
[INFO] [stderr]    Compiling freetype-sys v0.13.1
[INFO] [stderr]    Compiling expat-sys v2.1.6
[INFO] [stderr]    Compiling rand_core v0.5.1
[INFO] [stderr]    Compiling inotify v0.7.1
[INFO] [stderr]    Compiling osmesa-sys v0.1.2
[INFO] [stderr]    Compiling parking_lot v0.11.1
[INFO] [stderr]    Compiling dirs v3.0.2
[INFO] [stderr]    Compiling owned_ttf_parser v0.6.0
[INFO] [stderr]    Compiling rand_chacha v0.2.2
[INFO] [stderr]    Compiling openssl v0.10.35
[INFO] [stderr]    Compiling native-tls v0.2.7
[INFO] [stderr]    Compiling rusttype v0.9.2
[INFO] [stderr]    Compiling vte v0.10.1
[INFO] [stderr]    Compiling rand v0.7.3
[INFO] [stderr]    Compiling andrew v0.3.1
[INFO] [stderr]    Compiling freetype-rs v0.26.0
[INFO] [stderr]    Compiling servo-fontconfig v0.5.1
[INFO] [stderr]    Compiling wayland-client v0.28.5
[INFO] [stderr]    Compiling wayland-protocols v0.28.5
[INFO] [stderr]    Compiling xcursor v0.3.3
[INFO] [stderr]    Compiling wayland-commons v0.28.5
[INFO] [stderr]    Compiling synstructure v0.12.4
[INFO] [stderr]    Compiling wayland-cursor v0.28.5
[INFO] [stderr]    Compiling wayland-egl v0.28.5
[INFO] [stderr]    Compiling serde_derive v1.0.125
[INFO] [stderr]    Compiling tokio-macros v0.2.6
[INFO] [stderr]    Compiling futures-macro v0.3.15
[INFO] [stderr]    Compiling pin-project-internal v1.0.7
[INFO] [stderr]    Compiling tracing-attributes v0.1.15
[INFO] [stderr]    Compiling failure_derive v0.1.8
[INFO] [stderr]    Compiling foreign-types-macros v0.2.1
[INFO] [stderr]    Compiling alacritty_config_derive v0.1.0 (/opt/rustwide/workdir/alacritty_config_derive)
[INFO] [stderr]    Compiling failure v0.1.8
[INFO] [stderr]    Compiling futures-util v0.3.15
[INFO] [stderr]    Compiling foreign-types v0.5.0
[INFO] [stderr]    Compiling pin-project v1.0.7
[INFO] [stderr]    Compiling futures-executor v0.3.15
[INFO] [stderr]    Compiling futures v0.3.15
[INFO] [stderr]    Compiling serde_json v1.0.64
[INFO] [stderr]    Compiling serde_yaml v0.8.17
[INFO] [stderr]    Compiling mio v0.6.23
[INFO] [stderr]    Compiling gl_generator v0.14.0
[INFO] [stderr]    Compiling tracing v0.1.26
[INFO] [stderr]    Compiling calloop v0.6.5
[INFO] [stderr]    Compiling want v0.3.0
[INFO] [stderr]    Compiling env_logger v0.7.1
[INFO] [stderr]    Compiling tracing-futures v0.2.5
[INFO] [stderr]    Compiling tracing-log v0.1.2
[INFO] [stderr]    Compiling mio-uds v0.6.8
[INFO] [stderr]    Compiling mio-extras v2.0.6
[INFO] [stderr]    Compiling signal-hook v0.1.17
[INFO] [stderr]    Compiling tokio v0.2.25
[INFO] [stderr]    Compiling notify v4.0.16
[INFO] [stderr]    Compiling x11-clipboard v0.5.1
[INFO] [stderr]    Compiling glutin_egl_sys v0.1.5
[INFO] [stderr]    Compiling glutin_glx_sys v0.1.7
[INFO] [stderr]    Compiling alacritty v0.8.0 (/opt/rustwide/workdir/alacritty)
[INFO] [stderr]    Compiling tokio-util v0.3.1
[INFO] [stderr]    Compiling tokio-tls v0.3.1
[INFO] [stderr]    Compiling h2 v0.2.7
[INFO] [stderr]    Compiling hyper v0.13.10
[INFO] [stderr]    Compiling smithay-client-toolkit v0.12.3
[INFO] [stderr]    Compiling hyper-tls v0.4.3
[INFO] [stderr]    Compiling winit v0.24.0
[INFO] [stderr]    Compiling smithay-clipboard v0.6.3
[INFO] [stderr]    Compiling alacritty_terminal v0.14.0 (/opt/rustwide/workdir/alacritty_terminal)
[INFO] [stderr]    Compiling copypasta v0.7.1
[INFO] [stderr]    Compiling glutin v0.26.0
[INFO] [stderr]     Finished dev [unoptimized + debuginfo] target(s) in 2m 09s
[INFO] running `Command { std: "docker" "inspect" "798871ebe642cc1500d95b3d3d121c02571eb13589665df289c75dfc47d05f78", kill_on_drop: false }`
[INFO] running `Command { std: "docker" "rm" "-f" "798871ebe642cc1500d95b3d3d121c02571eb13589665df289c75dfc47d05f78", kill_on_drop: false }`
[INFO] [stdout] 798871ebe642cc1500d95b3d3d121c02571eb13589665df289c75dfc47d05f78
[INFO] running `Command { std: "docker" "create" "-v" "/var/lib/crater-agent-workspace/builds/worker-1/target:/opt/rustwide/target:rw,Z" "-v" "/var/lib/crater-agent-workspace/builds/worker-1/source:/opt/rustwide/workdir:ro,Z" "-v" "/var/lib/crater-agent-workspace/cargo-home:/opt/rustwide/cargo-home:ro,Z" "-v" "/var/lib/crater-agent-workspace/rustup-home:/opt/rustwide/rustup-home:ro,Z" "-e" "SOURCE_DIR=/opt/rustwide/workdir" "-e" "CARGO_TARGET_DIR=/opt/rustwide/target" "-e" "CARGO_INCREMENTAL=0" "-e" "RUST_BACKTRACE=full" "-e" "RUSTFLAGS=--cap-lints=warn" "-e" "CARGO_HOME=/opt/rustwide/cargo-home" "-e" "RUSTUP_HOME=/opt/rustwide/rustup-home" "-w" "/opt/rustwide/workdir" "-m" "1610612736" "--user" "0:0" "--network" "none" "ghcr.io/rust-lang/crates-build-env/linux@sha256:34b6a614d2c27851fe6cbf88fbd1137609cefab8b10d0615aaeb6fd47975d74e" "/opt/rustwide/cargo-home/bin/cargo" "+1.54.0" "test" "--frozen" "--no-run" "--message-format=json", kill_on_drop: false }`
[INFO] [stdout] b0d42bb0a3fc70894ab2c2add743e555e6ffbdd7daf6d73b42a73e60f0ee78cd
[INFO] [stderr] WARNING: Your kernel does not support swap limit capabilities or the cgroup is not mounted. Memory limited without swap.
[INFO] running `Command { std: "docker" "start" "-a" "b0d42bb0a3fc70894ab2c2add743e555e6ffbdd7daf6d73b42a73e60f0ee78cd", kill_on_drop: false }`
[INFO] [stderr]    Compiling alacritty_config_derive v0.1.0 (/opt/rustwide/workdir/alacritty_config_derive)
[INFO] [stderr]    Compiling alacritty_terminal v0.14.0 (/opt/rustwide/workdir/alacritty_terminal)
[INFO] [stderr]    Compiling alacritty v0.8.0 (/opt/rustwide/workdir/alacritty)
[INFO] [stdout] warning: field is never read: `selection`
[INFO] [stdout]     --> alacritty/src/input.rs:1013:9
[INFO] [stdout]      |
[INFO] [stdout] 1013 |         pub selection: &'a mut Option<Selection>,
[INFO] [stdout]      |         ^^^^^^^^^^^^^^^^^^^^^^^^^^^^^^^^^^^^^^^^
[INFO] [stdout]      |
[INFO] [stdout]      = note: `#[warn(dead_code)]` on by default
[INFO] [stdout] 
[INFO] [stdout] 
[INFO] [stdout] warning: 1 warning emitted
[INFO] [stdout] 
[INFO] [stdout] 
[INFO] [stderr]     Finished test [unoptimized + debuginfo] target(s) in 21.53s
[INFO] running `Command { std: "docker" "inspect" "b0d42bb0a3fc70894ab2c2add743e555e6ffbdd7daf6d73b42a73e60f0ee78cd", kill_on_drop: false }`
[INFO] running `Command { std: "docker" "rm" "-f" "b0d42bb0a3fc70894ab2c2add743e555e6ffbdd7daf6d73b42a73e60f0ee78cd", kill_on_drop: false }`
[INFO] [stdout] b0d42bb0a3fc70894ab2c2add743e555e6ffbdd7daf6d73b42a73e60f0ee78cd
[INFO] running `Command { std: "docker" "create" "-v" "/var/lib/crater-agent-workspace/builds/worker-1/target:/opt/rustwide/target:rw,Z" "-v" "/var/lib/crater-agent-workspace/builds/worker-1/source:/opt/rustwide/workdir:ro,Z" "-v" "/var/lib/crater-agent-workspace/cargo-home:/opt/rustwide/cargo-home:ro,Z" "-v" "/var/lib/crater-agent-workspace/rustup-home:/opt/rustwide/rustup-home:ro,Z" "-e" "SOURCE_DIR=/opt/rustwide/workdir" "-e" "CARGO_TARGET_DIR=/opt/rustwide/target" "-e" "CARGO_INCREMENTAL=0" "-e" "RUST_BACKTRACE=full" "-e" "RUSTFLAGS=--cap-lints=warn" "-e" "CARGO_HOME=/opt/rustwide/cargo-home" "-e" "RUSTUP_HOME=/opt/rustwide/rustup-home" "-w" "/opt/rustwide/workdir" "-m" "1610612736" "--user" "0:0" "--network" "none" "ghcr.io/rust-lang/crates-build-env/linux@sha256:34b6a614d2c27851fe6cbf88fbd1137609cefab8b10d0615aaeb6fd47975d74e" "/opt/rustwide/cargo-home/bin/cargo" "+1.54.0" "test" "--frozen", kill_on_drop: false }`
[INFO] [stderr] WARNING: Your kernel does not support swap limit capabilities or the cgroup is not mounted. Memory limited without swap.
[INFO] [stdout] c2029ec92ec978ab9a0cd901141c6de9d55d2628c6bf706e105b6ed240f8b590
[INFO] running `Command { std: "docker" "start" "-a" "c2029ec92ec978ab9a0cd901141c6de9d55d2628c6bf706e105b6ed240f8b590", kill_on_drop: false }`
[INFO] [stderr] warning: field is never read: `selection`
[INFO] [stderr]     --> alacritty/src/input.rs:1013:9
[INFO] [stderr]      |
[INFO] [stderr] 1013 |         pub selection: &'a mut Option<Selection>,
[INFO] [stderr]      |         ^^^^^^^^^^^^^^^^^^^^^^^^^^^^^^^^^^^^^^^^
[INFO] [stderr]      |
[INFO] [stderr]      = note: `#[warn(dead_code)]` on by default
[INFO] [stderr] 
[INFO] [stderr] warning: 1 warning emitted
[INFO] [stderr] 
[INFO] [stderr]     Finished test [unoptimized + debuginfo] target(s) in 0.29s
[INFO] [stderr]      Running unittests (/opt/rustwide/target/debug/deps/alacritty-813ed2e4c0f9440c)
[INFO] [stdout] 
[INFO] [stdout] running 56 tests
[INFO] [stdout] test config::bindings::tests::binding_matches_identical_mode ... ok
[INFO] [stdout] test cli::tests::dynamic_title_ignoring_options_by_default ... ok
[INFO] [stdout] test config::bindings::tests::binding_matches_itself ... ok
[INFO] [stdout] test config::bindings::tests::binding_matches_mode_notmode ... ok
[INFO] [stdout] test config::bindings::tests::binding_matches_partial_intersection ... ok
[INFO] [stdout] test cli::tests::dynamic_title_not_overridden_by_config ... ok
[INFO] [stdout] test config::bindings::tests::binding_matches_notmodes ... ok
[INFO] [stdout] test config::bindings::tests::binding_mismatches_unrelated ... ok
[INFO] [stdout] test config::bindings::tests::binding_trigger_input ... ok
[INFO] [stdout] test config::bindings::tests::binding_matches_modes ... ok
[INFO] [stdout] test config::bindings::tests::binding_mismatches_notmode ... ok
[INFO] [stdout] test config::bindings::tests::binding_trigger_modes ... ok
[INFO] [stdout] test config::bindings::tests::binding_trigger_mods ... ok
[INFO] [stdout] test config::bindings::tests::binding_trigger_notmodes ... ok
[INFO] [stdout] test config::bindings::tests::binding_without_mode_matches_any_mode ... ok
[INFO] [stdout] test config::bindings::tests::mods_binding_requires_strict_match ... ok
[INFO] [stdout] test config::bindings::tests::binding_with_mode_matches_empty_mode ... ok
[INFO] [stdout] test config::serde_utils::tests::merge_mapping ... ok
[INFO] [stdout] test cli::tests::valid_option_as_value ... ok
[INFO] [stdout] test config::serde_utils::tests::merge_sequence ... ok
[INFO] [stdout] test input::tests::process_binding_nomode_nomod_require_shift ... ok
[INFO] [stdout] test config::serde_utils::tests::merge_primitive ... ok
[INFO] [stdout] test input::tests::process_binding_nomode_nomod_require_not_appcursor ... ok
[INFO] [stdout] test input::tests::process_binding_nomode_shiftmod_require_shift ... ok
[INFO] [stdout] test input::tests::process_binding_appcursormode_appkeypadmode_nomod_require_appcursor ... ok
[INFO] [stdout] test input::tests::process_binding_fail_with_extra_mods ... ok
[INFO] [stdout] test input::tests::process_binding_nomode_controlmod ... ok
[INFO] [stdout] test config::bindings::tests::binding_matches_different_action ... ok
[INFO] [stdout] test input::tests::double_click ... ok
[INFO] [stdout] test message_bar::tests::empty_with_shortterm ... ok
[INFO] [stdout] test cli::tests::float_option_as_value ... ok
[INFO] [stdout] test input::tests::multi_click_separate_buttons ... ok
[INFO] [stdout] test message_bar::tests::pop ... ok
[INFO] [stdout] test message_bar::tests::multiline_close_button_first_line ... ok
[INFO] [stdout] test input::tests::single_right_click ... ok
[INFO] [stdout] test message_bar::tests::remove_duplicates ... ok
[INFO] [stdout] test message_bar::tests::remove_target ... ok
[INFO] [stdout] test message_bar::tests::add_newline_for_button ... ok
[INFO] [stdout] test message_bar::tests::appends_close_button ... ok
[INFO] [stdout] test message_bar::tests::truncates_long_messages ... ok
[INFO] [stdout] test message_bar::tests::splits_on_newline ... ok
[INFO] [stdout] test cli::tests::dynamic_title_overridden_by_options ... ok
[INFO] [stdout] test message_bar::tests::wrap_with_unicode ... ok
[INFO] [stdout] test message_bar::tests::wrap_on_words ... ok
[INFO] [stdout] test cli::tests::invalid_option_as_value ... ok
[INFO] [stdout] test input::tests::single_middle_click ... ok
[INFO] [stdout] test message_bar::tests::splits_on_length ... ok
[INFO] [stdout] test message_bar::tests::hide_truncated_when_too_narrow ... ok
[INFO] [stdout] test display::hint::tests::hint_label_generation ... ok
[INFO] [stdout] test message_bar::tests::strip_whitespace_at_linebreak ... ok
[INFO] [stdout] test message_bar::tests::hide_button_when_too_narrow ... ok
[INFO] [stdout] test input::tests::process_binding_appcursormode_nomod_require_appcursor ... ok
[INFO] [stdout] test input::tests::process_binding_nomode_nomod_require_appcursor ... ok
[INFO] [stdout] test input::tests::single_click ... ok
[INFO] [stdout] test input::tests::triple_click ... ok
[INFO] [stdout] test config::tests::config_read_eof ... ok
[INFO] [stdout] 
[INFO] [stdout] test result: ok. 56 passed; 0 failed; 0 ignored; 0 measured; 0 filtered out; finished in 0.02s
[INFO] [stdout] 
[INFO] [stderr]      Running unittests (/opt/rustwide/target/debug/deps/alacritty_config_derive-75271ffc158c6adc)
[INFO] [stdout] 
[INFO] [stdout] running 0 tests
[INFO] [stdout] 
[INFO] [stdout] test result: ok. 0 passed; 0 failed; 0 ignored; 0 measured; 0 filtered out; finished in 0.00s
[INFO] [stdout] 
[INFO] [stderr]      Running tests/config.rs (/opt/rustwide/target/debug/deps/config-08f3ba3699f251a4)
[INFO] [stdout] 
[INFO] [stdout] running 1 test
[INFO] [stderr]      Running unittests (/opt/rustwide/target/debug/deps/alacritty_terminal-dfe3b79d9d9ce79e)
[INFO] [stdout] test config_deserialize ... ok
[INFO] [stdout] 
[INFO] [stdout] test result: ok. 1 passed; 0 failed; 0 ignored; 0 measured; 0 filtered out; finished in 0.00s
[INFO] [stdout] 
[INFO] [stdout] 
[INFO] [stdout] running 138 tests
[INFO] [stdout] test ansi::tests::parse_designate_g1_as_line_drawing_and_invoke ... ok
[INFO] [stdout] test ansi::tests::parse_control_attribute ... ok
[INFO] [stdout] test ansi::tests::parse_invalid_number ... ok
[INFO] [stdout] test ansi::tests::parse_truecolor_attr ... ok
[INFO] [stdout] test ansi::tests::parse_valid_number ... ok
[INFO] [stdout] test ansi::tests::parse_valid_legacy_rgb_colors ... ok
[INFO] [stdout] test ansi::tests::parse_valid_rgb_colors ... ok
[INFO] [stdout] test charts::prometheus::tests::it_gets_prometheus_metrics ... ignored
[INFO] [stdout] test ansi::tests::parse_zsh_startup ... ok
[INFO] [stdout] test ansi::tests::parse_terminal_identity_csi ... ok
[INFO] [stdout] test charts::tests::it_calculates_reference_point ... ok
[INFO] [stdout] test charts::prometheus::tests::it_loads_prometheus_scalars ... ok
[INFO] [stdout] test charts::tests::it_adds_old_items ... ok
[INFO] [stdout] test charts::prometheus::tests::it_loads_prometheus_vector ... ok
[INFO] [stdout] test charts::prometheus::tests::it_skips_prometheus_errors ... ok
[INFO] [stdout] test charts::tests::it_fills_empty_epochs ... ok
[INFO] [stdout] test ansi::tests::parse_designate_g0_as_line_drawing ... ok
[INFO] [stdout] test ansi::tests::parse_invalid_legacy_rgb_colors ... ok
[INFO] [stdout] test charts::tests::it_gets_last_filled_value ... ok
[INFO] [stdout] test ansi::tests::parse_number_too_large ... ok
[INFO] [stdout] test charts::tests::it_pushes_circular_buffer ... ok
[INFO] [stdout] test ansi::tests::parse_invalid_rgb_colors ... ok
[INFO] [stdout] test charts::tests::it_gets_deduped_opengl_vecs ... ok
[INFO] [stdout] test ansi::tests::parse_terminal_identity_esc ... ok
[INFO] [stdout] test charts::prometheus::tests::it_does_not_duplicate_epochs ... ok
[INFO] [stdout] test charts::prometheus::tests::it_does_not_lose_synchrony ... ok
[INFO] [stdout] test charts::prometheus::tests::it_calculates_stats ... ok
[INFO] [stdout] test charts::tests::missing_values_policy_fixed ... ok
[INFO] [stdout] test charts::tests::it_applies_missing_policies ... ok
[INFO] [stdout] test charts::tests::it_scales_x_to_display_size ... ok
[INFO] [stdout] test charts::tests::sync_loss_replication ... ok
[INFO] [stdout] test charts::tests::it_spaces_chart_config_dimensions_and_position ... ok
[INFO] [stdout] test charts::tests::it_upserts ... ok
[INFO] [stdout] test grid::storage::tests::rotate ... ok
[INFO] [stdout] test grid::storage::tests::rotate_wrap_zero ... ok
[INFO] [stdout] test grid::storage::tests::shrink_after_zero ... ok
[INFO] [stdout] test grid::storage::tests::shrink_before_zero ... ok
[INFO] [stdout] test charts::tests::it_does_sanity_check ... ok
[INFO] [stdout] test grid::storage::tests::truncate_invisible_lines_beginning ... ok
[INFO] [stdout] test grid::storage::tests::shrink_then_grow ... ok
[INFO] [stdout] test grid::storage::tests::with_capacity ... ok
[INFO] [stdout] test grid::tests::grow_reflow ... ok
[INFO] [stdout] test grid::tests::grow_reflow_multiline ... ok
[INFO] [stdout] test grid::tests::grow_reflow_disabled ... ok
[INFO] [stdout] test grid::tests::scroll_down ... ok
[INFO] [stdout] test grid::tests::scroll_down_with_history ... ok
[INFO] [stdout] test grid::tests::scroll_up ... ok
[INFO] [stdout] test grid::tests::shrink_reflow ... ok
[INFO] [stdout] test grid::tests::shrink_reflow_disabled ... ok
[INFO] [stdout] test grid::tests::shrink_reflow_empty_cell_inside_line ... ok
[INFO] [stdout] test grid::tests::shrink_reflow_twice ... ok
[INFO] [stdout] test grid::tests::test_iter ... ok
[INFO] [stdout] test index::tests::add ... ok
[INFO] [stdout] test index::tests::add_clamp ... ok
[INFO] [stdout] test index::tests::add_grid_clamp ... ok
[INFO] [stdout] test index::tests::add_none_clamp ... ok
[INFO] [stdout] test index::tests::add_wrap ... ok
[INFO] [stdout] test index::tests::location_ordering ... ok
[INFO] [stdout] test index::tests::sub ... ok
[INFO] [stdout] test index::tests::sub_clamp ... ok
[INFO] [stdout] test index::tests::sub_grid_clamp ... ok
[INFO] [stdout] test index::tests::sub_none_clamp ... ok
[INFO] [stdout] test index::tests::sub_wrap ... ok
[INFO] [stdout] test charts::tests::it_iterates_trait ... ok
[INFO] [stdout] test grid::storage::tests::indexing ... ok
[INFO] [stdout] test charts::tests::it_transforms_to_flat_vec ... ok
[INFO] [stdout] test grid::storage::tests::grow_after_zero ... ok
[INFO] [stdout] test grid::storage::tests::initialize ... ok
[INFO] [stdout] test charts::tests::it_uses_last_idx ... ok
[INFO] [stdout] test selection::tests::range_intersection ... ok
[INFO] [stdout] test grid::storage::tests::shrink_before_and_after_zero ... ok
[INFO] [stdout] test grid::storage::tests::grow_before_zero ... ok
[INFO] [stdout] test grid::storage::tests::truncate_invisible_lines ... ok
[INFO] [stdout] test selection::tests::across_adjacent_lines_upward_final_cell_exclusive ... ok
[INFO] [stdout] test selection::tests::simple_is_empty ... ok
[INFO] [stdout] test selection::tests::between_adjacent_cells_left_to_right ... ok
[INFO] [stdout] test selection::tests::block_is_empty ... ok
[INFO] [stdout] test selection::tests::semantic_selection ... ok
[INFO] [stdout] test selection::tests::rotate_in_region_down ... ok
[INFO] [stdout] test selection::tests::rotate_in_region_up_block ... ok
[INFO] [stdout] test selection::tests::rotate_in_region_up ... ok
[INFO] [stdout] test selection::tests::single_cell_left_to_right ... ok
[INFO] [stdout] test term::color::tests::contrast ... ok
[INFO] [stdout] test selection::tests::line_selection ... ok
[INFO] [stdout] test charts::tests::it_updates_opengl_vertices ... ok
[INFO] [stdout] test charts::prometheus::tests::it_loads_prometheus_matrix ... ok
[INFO] [stdout] test term::cell::tests::line_length_works ... ok
[INFO] [stdout] test term::cell::tests::line_length_works_with_wrapline ... ok
[INFO] [stdout] test selection::tests::block_selection ... ok
[INFO] [stdout] test charts::tests::it_scales_y_to_display_size ... FAILED
[INFO] [stdout] test grid::storage::tests::indexing_above_inner_len - should panic ... ok
[INFO] [stdout] test selection::tests::selection_bigger_then_smaller ... ok
[INFO] [stdout] test selection::tests::between_adjacent_cells_right_to_left ... ok
[INFO] [stdout] test term::search::tests::regex_right ... ok
[INFO] [stdout] test term::search::tests::include_linebreak_right ... ok
[INFO] [stdout] test selection::tests::simple_selection ... ok
[INFO] [stdout] test term::search::tests::fullwidth ... ok
[INFO] [stdout] test selection::tests::single_cell_right_to_left ... ok
[INFO] [stdout] test term::search::tests::leading_spacer ... ok
[INFO] [stdout] test term::search::tests::no_match_right ... ok
[INFO] [stdout] test term::search::tests::regex_left ... ok
[INFO] [stdout] test term::search::tests::multibyte_unicode ... ok
[INFO] [stdout] test term::search::tests::nested_regex ... ok
[INFO] [stdout] test term::search::tests::no_match_left ... ok
[INFO] [stdout] test term::search::tests::reverse_search_dead_recovery ... ok
[INFO] [stdout] test term::tests::parse_cargo_version ... ok
[INFO] [stdout] test term::search::tests::singlecell_fullwidth ... ok
[INFO] [stdout] test term::search::tests::include_linebreak_left ... ok
[INFO] [stdout] test term::search::tests::wrapping_into_fullwidth ... ok
[INFO] [stdout] test term::tests::semantic_selection_works ... ok
[INFO] [stdout] test term::tests::line_selection_works ... ok
[INFO] [stdout] test term::search::tests::skip_dead_cell ... ok
[INFO] [stdout] test term::search::tests::wrapping ... ok
[INFO] [stdout] test term::tests::selecting_empty_line ... ok
[INFO] [stdout] test term::tests::input_line_drawing_character ... ok
[INFO] [stdout] test tty::unix::test_get_pw_entry ... ok
[INFO] [stdout] test term::tests::grow_lines_updates_inactive_cursor_pos ... ok
[INFO] [stdout] test vi_mode::tests::motion_bracket ... ok
[INFO] [stdout] test vi_mode::tests::motion_semantic_left_end ... ok
[INFO] [stdout] test vi_mode::tests::motion_first_occupied ... ok
[INFO] [stdout] test vi_mode::tests::motion_high_middle_low ... ok
[INFO] [stdout] test vi_mode::tests::motion_semantic_left_start ... ok
[INFO] [stdout] test term::tests::grid_serde ... ok
[INFO] [stdout] test term::tests::grow_lines_updates_active_cursor_pos ... ok
[INFO] [stdout] test term::tests::window_title ... ok
[INFO] [stdout] test vi_mode::tests::semantic_wide ... ok
[INFO] [stdout] test vi_mode::tests::word_wide ... ok
[INFO] [stdout] test vi_mode::tests::scroll_word ... ok
[INFO] [stdout] test vi_mode::tests::simple_wide ... ok
[INFO] [stdout] test vi_mode::tests::motion_simple ... ok
[INFO] [stdout] test vi_mode::tests::scroll_semantic ... ok
[INFO] [stdout] test vi_mode::tests::motion_word ... ok
[INFO] [stdout] test vi_mode::tests::motion_start_end ... ok
[INFO] [stdout] test term::tests::clear_saved_lines ... ok
[INFO] [stdout] test term::tests::shrink_lines_updates_inactive_cursor_pos ... ok
[INFO] [stdout] test vi_mode::tests::motion_semantic_right_end ... ok
[INFO] [stdout] test term::tests::shrink_lines_updates_active_cursor_pos ... ok
[INFO] [stdout] test vi_mode::tests::motion_semantic_right_start ... ok
[INFO] [stdout] 
[INFO] [stdout] failures:
[INFO] [stdout] 
[INFO] [stdout] ---- charts::tests::it_scales_y_to_display_size stdout ----
[INFO] [stdout] thread 'charts::tests::it_scales_y_to_display_size' panicked at 'assertion failed: (mid - 1.0f32).abs() < f32::EPSILON', alacritty_terminal/src/charts/mod.rs:1798:9
[INFO] [stdout] stack backtrace:
[INFO] [stdout]    0:     0x55612e7e6980 - std::backtrace_rs::backtrace::libunwind::trace::h34055254b57d8e79
[INFO] [stdout]                                at /rustc/a178d0322ce20e33eac124758e837cbd80a6f633/library/std/src/../../backtrace/src/backtrace/libunwind.rs:90:5
[INFO] [stdout]    1:     0x55612e7e6980 - std::backtrace_rs::backtrace::trace_unsynchronized::h8f1e3fbd9afff6ec
[INFO] [stdout]                                at /rustc/a178d0322ce20e33eac124758e837cbd80a6f633/library/std/src/../../backtrace/src/backtrace/mod.rs:66:5
[INFO] [stdout]    2:     0x55612e7e6980 - std::sys_common::backtrace::_print_fmt::h3a99a796b770c360
[INFO] [stdout]                                at /rustc/a178d0322ce20e33eac124758e837cbd80a6f633/library/std/src/sys_common/backtrace.rs:67:5
[INFO] [stdout]    3:     0x55612e7e6980 - <std::sys_common::backtrace::_print::DisplayBacktrace as core::fmt::Display>::fmt::h32d1f94a80615d18
[INFO] [stdout]                                at /rustc/a178d0322ce20e33eac124758e837cbd80a6f633/library/std/src/sys_common/backtrace.rs:46:22
[INFO] [stdout]    4:     0x55612e80bbec - core::fmt::write::h306731c068f7162c
[INFO] [stdout]                                at /rustc/a178d0322ce20e33eac124758e837cbd80a6f633/library/core/src/fmt/mod.rs:1110:17
[INFO] [stdout]    5:     0x55612e7e0375 - std::io::Write::write_fmt::h87f19b0a2cd190bc
[INFO] [stdout]                                at /rustc/a178d0322ce20e33eac124758e837cbd80a6f633/library/std/src/io/mod.rs:1588:15
[INFO] [stdout]    6:     0x55612e7e8b5b - std::sys_common::backtrace::_print::h5abaa2601a852287
[INFO] [stdout]                                at /rustc/a178d0322ce20e33eac124758e837cbd80a6f633/library/std/src/sys_common/backtrace.rs:49:5
[INFO] [stdout]    7:     0x55612e7e8b5b - std::sys_common::backtrace::print::h8d81445442bb638f
[INFO] [stdout]                                at /rustc/a178d0322ce20e33eac124758e837cbd80a6f633/library/std/src/sys_common/backtrace.rs:36:9
[INFO] [stdout]    8:     0x55612e7e8b5b - std::panicking::default_hook::{{closure}}::hcfe804496a9fa747
[INFO] [stdout]                                at /rustc/a178d0322ce20e33eac124758e837cbd80a6f633/library/std/src/panicking.rs:208:50
[INFO] [stdout]    9:     0x55612e7e866c - std::panicking::default_hook::hbea8e3ccf2ba8901
[INFO] [stdout]                                at /rustc/a178d0322ce20e33eac124758e837cbd80a6f633/library/std/src/panicking.rs:222:9
[INFO] [stdout]   10:     0x55612e7e9224 - std::panicking::rust_panic_with_hook::h7ee9e1a2d0f8975a
[INFO] [stdout]                                at /rustc/a178d0322ce20e33eac124758e837cbd80a6f633/library/std/src/panicking.rs:622:17
[INFO] [stdout]   11:     0x55612e7e8cd7 - std::panicking::begin_panic_handler::{{closure}}::h8ab3b4491718b2c7
[INFO] [stdout]                                at /rustc/a178d0322ce20e33eac124758e837cbd80a6f633/library/std/src/panicking.rs:517:13
[INFO] [stdout]   12:     0x55612e7e6e7c - std::sys_common::backtrace::__rust_end_short_backtrace::hd489062ffa586a9f
[INFO] [stdout]                                at /rustc/a178d0322ce20e33eac124758e837cbd80a6f633/library/std/src/sys_common/backtrace.rs:141:18
[INFO] [stdout]   13:     0x55612e7e8c69 - rust_begin_unwind
[INFO] [stdout]                                at /rustc/a178d0322ce20e33eac124758e837cbd80a6f633/library/std/src/panicking.rs:515:5
[INFO] [stdout]   14:     0x55612def6d01 - core::panicking::panic_fmt::hca6330e3e14086b4
[INFO] [stdout]                                at /rustc/a178d0322ce20e33eac124758e837cbd80a6f633/library/core/src/panicking.rs:92:14
[INFO] [stdout]   15:     0x55612def6c4d - core::panicking::panic::h1a48d878ff3dcd40
[INFO] [stdout]                                at /rustc/a178d0322ce20e33eac124758e837cbd80a6f633/library/core/src/panicking.rs:50:5
[INFO] [stdout]   16:     0x55612df47687 - alacritty_terminal::charts::tests::it_scales_y_to_display_size::hb857437a953e3191
[INFO] [stdout]                                at /opt/rustwide/workdir/alacritty_terminal/src/charts/mod.rs:1798:9
[INFO] [stdout]   17:     0x55612df4736a - alacritty_terminal::charts::tests::it_scales_y_to_display_size::{{closure}}::h866ff53a9e943a03
[INFO] [stdout]                                at /opt/rustwide/workdir/alacritty_terminal/src/charts/mod.rs:1762:5
[INFO] [stdout]   18:     0x55612e17b82e - core::ops::function::FnOnce::call_once::h6694ae71766b11bf
[INFO] [stdout]                                at /rustc/a178d0322ce20e33eac124758e837cbd80a6f633/library/core/src/ops/function.rs:227:5
[INFO] [stdout]   19:     0x55612e4295f3 - core::ops::function::FnOnce::call_once::h152e7e439ff59e19
[INFO] [stdout]                                at /rustc/a178d0322ce20e33eac124758e837cbd80a6f633/library/core/src/ops/function.rs:227:5
[INFO] [stdout]   20:     0x55612e4295f3 - test::__rust_begin_short_backtrace::h0908f3b1fdbb72ab
[INFO] [stdout]                                at /rustc/a178d0322ce20e33eac124758e837cbd80a6f633/library/test/src/lib.rs:577:5
[INFO] [stdout]   21:     0x55612e4280b0 - <alloc::boxed::Box<F,A> as core::ops::function::FnOnce<Args>>::call_once::hf6d2a51e5587546c
[INFO] [stdout]                                at /rustc/a178d0322ce20e33eac124758e837cbd80a6f633/library/alloc/src/boxed.rs:1575:9
[INFO] [stdout]   22:     0x55612e4280b0 - <std::panic::AssertUnwindSafe<F> as core::ops::function::FnOnce<()>>::call_once::h8af660f3a89ef593
[INFO] [stdout]                                at /rustc/a178d0322ce20e33eac124758e837cbd80a6f633/library/std/src/panic.rs:347:9
[INFO] [stdout]   23:     0x55612e4280b0 - std::panicking::try::do_call::hd36aef60f84b6d36
[INFO] [stdout]                                at /rustc/a178d0322ce20e33eac124758e837cbd80a6f633/library/std/src/panicking.rs:401:40
[INFO] [stdout]   24:     0x55612e4280b0 - std::panicking::try::h9932b4480e69817c
[INFO] [stdout]                                at /rustc/a178d0322ce20e33eac124758e837cbd80a6f633/library/std/src/panicking.rs:365:19
[INFO] [stdout]   25:     0x55612e4280b0 - std::panic::catch_unwind::h6aa177099cfff5f8
[INFO] [stdout]                                at /rustc/a178d0322ce20e33eac124758e837cbd80a6f633/library/std/src/panic.rs:434:14
[INFO] [stdout]   26:     0x55612e4280b0 - test::run_test_in_process::h5884d6f2d99e20c3
[INFO] [stdout]                                at /rustc/a178d0322ce20e33eac124758e837cbd80a6f633/library/test/src/lib.rs:600:18
[INFO] [stdout]   27:     0x55612e4280b0 - test::run_test::run_test_inner::{{closure}}::h6fdc58c6d5f5b6e3
[INFO] [stdout]                                at /rustc/a178d0322ce20e33eac124758e837cbd80a6f633/library/test/src/lib.rs:492:39
[INFO] [stdout]   28:     0x55612e401762 - test::run_test::run_test_inner::{{closure}}::h408365d67a78ade8
[INFO] [stdout]                                at /rustc/a178d0322ce20e33eac124758e837cbd80a6f633/library/test/src/lib.rs:519:37
[INFO] [stdout]   29:     0x55612e401762 - std::sys_common::backtrace::__rust_begin_short_backtrace::hb560b77c4f701523
[INFO] [stdout]                                at /rustc/a178d0322ce20e33eac124758e837cbd80a6f633/library/std/src/sys_common/backtrace.rs:125:18
[INFO] [stdout]   30:     0x55612e405318 - std::thread::Builder::spawn_unchecked::{{closure}}::{{closure}}::hf2e7831dad93c597
[INFO] [stdout]                                at /rustc/a178d0322ce20e33eac124758e837cbd80a6f633/library/std/src/thread/mod.rs:481:17
[INFO] [stdout]   31:     0x55612e405318 - <std::panic::AssertUnwindSafe<F> as core::ops::function::FnOnce<()>>::call_once::hd2e08783d8be4d02
[INFO] [stdout]                                at /rustc/a178d0322ce20e33eac124758e837cbd80a6f633/library/std/src/panic.rs:347:9
[INFO] [stdout]   32:     0x55612e405318 - std::panicking::try::do_call::h062597b7acfd6b82
[INFO] [stdout]                                at /rustc/a178d0322ce20e33eac124758e837cbd80a6f633/library/std/src/panicking.rs:401:40
[INFO] [stdout]   33:     0x55612e405318 - std::panicking::try::h0d7b79db04c14552
[INFO] [stdout]                                at /rustc/a178d0322ce20e33eac124758e837cbd80a6f633/library/std/src/panicking.rs:365:19
[INFO] [stdout]   34:     0x55612e405318 - std::panic::catch_unwind::hb01a0b5e7c8cd43b
[INFO] [stdout]                                at /rustc/a178d0322ce20e33eac124758e837cbd80a6f633/library/std/src/panic.rs:434:14
[INFO] [stdout]   35:     0x55612e405318 - std::thread::Builder::spawn_unchecked::{{closure}}::h5bde48cc887e0d1e
[INFO] [stdout]                                at /rustc/a178d0322ce20e33eac124758e837cbd80a6f633/library/std/src/thread/mod.rs:480:30
[INFO] [stdout]   36:     0x55612e405318 - core::ops::function::FnOnce::call_once{{vtable.shim}}::h745ea30807a29e55
[INFO] [stdout]                                at /rustc/a178d0322ce20e33eac124758e837cbd80a6f633/library/core/src/ops/function.rs:227:5
[INFO] [stdout]   37:     0x55612e7ee5f7 - <alloc::boxed::Box<F,A> as core::ops::function::FnOnce<Args>>::call_once::h7ece6cfefaff1005
[INFO] [stdout]                                at /rustc/a178d0322ce20e33eac124758e837cbd80a6f633/library/alloc/src/boxed.rs:1575:9
[INFO] [stdout]   38:     0x55612e7ee5f7 - <alloc::boxed::Box<F,A> as core::ops::function::FnOnce<Args>>::call_once::hb8b48e55c21f193e
[INFO] [stdout]                                at /rustc/a178d0322ce20e33eac124758e837cbd80a6f633/library/alloc/src/boxed.rs:1575:9
[INFO] [stdout]   39:     0x55612e7ee5f7 - std::sys::unix::thread::Thread::new::thread_start::h8c7c4450dba62914
[INFO] [stdout]                                at /rustc/a178d0322ce20e33eac124758e837cbd80a6f633/library/std/src/sys/unix/thread.rs:71:17
[INFO] [stdout]   40:     0x7f6c6cb9d609 - start_thread
[INFO] [stdout]   41:     0x7f6c6c96d293 - clone
[INFO] [stdout]   42:                0x0 - <unknown>
[INFO] [stdout] 
[INFO] [stdout] 
[INFO] [stdout] failures:
[INFO] [stdout]     charts::tests::it_scales_y_to_display_size
[INFO] [stdout] 
[INFO] [stdout] test result: FAILED. 136 passed; 1 failed; 1 ignored; 0 measured; 0 filtered out; finished in 0.82s
[INFO] [stdout] 
[INFO] [stderr] error: test failed, to rerun pass '-p alacritty_terminal --lib'
[INFO] running `Command { std: "docker" "inspect" "c2029ec92ec978ab9a0cd901141c6de9d55d2628c6bf706e105b6ed240f8b590", kill_on_drop: false }`
[INFO] running `Command { std: "docker" "rm" "-f" "c2029ec92ec978ab9a0cd901141c6de9d55d2628c6bf706e105b6ed240f8b590", kill_on_drop: false }`
[INFO] [stdout] c2029ec92ec978ab9a0cd901141c6de9d55d2628c6bf706e105b6ed240f8b590
