[INFO] cloning repository https://github.com/ryym/rust-actix-realworld-example-app
[INFO] running `Command { std: "git" "-c" "credential.helper=" "-c" "credential.helper=/workspace/cargo-home/bin/git-credential-null" "clone" "--bare" "https://github.com/ryym/rust-actix-realworld-example-app" "/workspace/cache/git-repos/https%3A%2F%2Fgithub.com%2Fryym%2Frust-actix-realworld-example-app", kill_on_drop: false }`
[INFO] [stderr] Cloning into bare repository '/workspace/cache/git-repos/https%3A%2F%2Fgithub.com%2Fryym%2Frust-actix-realworld-example-app'...
[INFO] running `Command { std: "git" "rev-parse" "HEAD", kill_on_drop: false }`
[INFO] [stdout] 9cdb7dd50842b87de8b46d749d368d019c139b4d
[INFO] testing ryym/rust-actix-realworld-example-app against 1.54.0 for beta-1.55-1
[INFO] running `Command { std: "git" "clone" "/workspace/cache/git-repos/https%3A%2F%2Fgithub.com%2Fryym%2Frust-actix-realworld-example-app" "/workspace/builds/worker-31/source", kill_on_drop: false }`
[INFO] [stderr] Cloning into '/workspace/builds/worker-31/source'...
[INFO] [stderr] done.
[INFO] validating manifest of git repo https://github.com/ryym/rust-actix-realworld-example-app on toolchain 1.54.0
[INFO] running `Command { std: "/workspace/cargo-home/bin/cargo" "+1.54.0" "metadata" "--manifest-path" "Cargo.toml" "--no-deps", kill_on_drop: false }`
[INFO] started tweaking git repo https://github.com/ryym/rust-actix-realworld-example-app
[INFO] finished tweaking git repo https://github.com/ryym/rust-actix-realworld-example-app
[INFO] tweaked toml for git repo https://github.com/ryym/rust-actix-realworld-example-app written to /workspace/builds/worker-31/source/Cargo.toml
[INFO] crate git repo https://github.com/ryym/rust-actix-realworld-example-app already has a lockfile, it will not be regenerated
[INFO] running `Command { std: "/workspace/cargo-home/bin/cargo" "+1.54.0" "fetch" "--manifest-path" "Cargo.toml", kill_on_drop: false }`
[INFO] [stderr]     Blocking waiting for file lock on package cache
[INFO] [stderr]     Blocking waiting for file lock on package cache
[INFO] [stderr]  Downloading crates ...
[INFO] [stderr]   Downloaded string v0.1.1
[INFO] [stderr]   Downloaded deunicode v0.4.3
[INFO] [stderr]   Downloaded failure v0.1.3
[INFO] [stderr]   Downloaded jsonwebtoken v5.0.1
[INFO] [stderr]   Downloaded encoding-index-tradchinese v1.20141219.5
[INFO] [stderr]   Downloaded encoding-index-singlebyte v1.20141219.5
[INFO] [stderr]   Downloaded mime v0.3.12
[INFO] [stderr]   Downloaded encoding v0.2.33
[INFO] [stderr]   Downloaded h2 v0.1.13
[INFO] [stderr]   Downloaded htmlescape v0.3.1
[INFO] [stderr]   Downloaded diesel_derives v1.3.0
[INFO] [stderr]   Downloaded ipconfig v0.1.7
[INFO] [stderr]   Downloaded widestring v0.2.2
[INFO] [stderr]   Downloaded error-chain v0.8.1
[INFO] [stderr]   Downloaded actix_derive v0.3.0
[INFO] [stderr]   Downloaded backtrace v0.2.3
[INFO] [stderr]   Downloaded crossbeam-epoch v0.6.0
[INFO] [stderr]   Downloaded tokio-signal v0.2.5
[INFO] [stderr]   Downloaded syn v0.14.9
[INFO] [stderr]   Downloaded block-buffer v0.7.0
[INFO] [stderr]   Downloaded encoding_index_tests v0.1.4
[INFO] [stderr]   Downloaded encoding-index-korean v1.20141219.5
[INFO] [stderr]   Downloaded proc-macro2 v0.3.8
[INFO] [stderr]   Downloaded miniz-sys v0.1.11
[INFO] [stderr]   Downloaded lru-cache v0.1.1
[INFO] [stderr]   Downloaded miniz_oxide v0.2.0
[INFO] [stderr]   Downloaded dbghelp-sys v0.2.0
[INFO] [stderr]   Downloaded antidote v1.0.0
[INFO] [stderr]   Downloaded trust-dns-resolver v0.10.0-alpha.3
[INFO] [stderr]   Downloaded uuid v0.7.1
[INFO] [stderr]   Downloaded encoding-index-japanese v1.20141219.5
[INFO] [stderr]   Downloaded quote v0.5.2
[INFO] [stderr]   Downloaded encoding-index-simpchinese v1.20141219.5
[INFO] [stderr]   Downloaded scheduled-thread-pool v0.2.0
[INFO] [stderr]   Downloaded diesel v1.3.3
[INFO] [stderr]   Downloaded actix-net v0.1.1
[INFO] [stderr]   Downloaded byte-tools v0.3.0
[INFO] [stderr]   Downloaded resolv-conf v0.6.1
[INFO] [stderr]   Downloaded backtrace-sys v0.1.24
[INFO] [stderr]   Downloaded socket2 v0.3.8
[INFO] [stderr]   Downloaded flate2 v1.0.4
[INFO] [stderr]   Downloaded r2d2 v0.8.2
[INFO] [stderr]   Downloaded http v0.1.13
[INFO] [stderr]   Downloaded actix v0.7.5
[INFO] [stderr]   Downloaded opaque-debug v0.2.1
[INFO] [stderr]   Downloaded rustc-demangle v0.1.9
[INFO] [stderr]   Downloaded backtrace v0.3.9
[INFO] [stderr]   Downloaded regex v1.0.6
[INFO] [stderr]   Downloaded generic-array v0.12.0
[INFO] [stderr]   Downloaded digest v0.8.0
[INFO] [stderr]   Downloaded synstructure v0.10.0
[INFO] [stderr]   Downloaded ring v0.13.2
[INFO] [stderr]   Downloaded winreg v0.5.1
[INFO] [stderr]   Downloaded failure_derive v0.1.3
[INFO] [stderr]   Downloaded pbkdf2 v0.3.0
[INFO] [stderr]   Downloaded syn v0.15.13
[INFO] [stderr]   Downloaded slug v0.1.4
[INFO] [stderr]   Downloaded trust-dns-resolver v0.9.1
[INFO] [stderr]   Downloaded trust-dns-proto v0.5.0-alpha.5
[INFO] [stderr]   Downloaded block-padding v0.1.2
[INFO] [stderr]   Downloaded error-chain v0.1.12
[INFO] [stderr]   Downloaded trust-dns-proto v0.4.3
[INFO] [stderr]   Downloaded crossbeam-channel v0.2.6
[INFO] [stderr]   Downloaded tower-service v0.1.0
[INFO] [stderr]   Downloaded actix-web v0.7.13
[INFO] [stderr]   Downloaded miniz_oxide_c_api v0.2.0
[INFO] [stderr]   Downloaded linked-hash-map v0.4.2
[INFO] [stderr]   Downloaded syn v0.13.11
[INFO] [stderr]   Downloaded hmac v0.7.0
[INFO] [stderr]   Downloaded dotenv v0.13.0
[INFO] running `Command { std: "docker" "create" "-v" "/var/lib/crater-agent-workspace/builds/worker-31/target:/opt/rustwide/target:rw,Z" "-v" "/var/lib/crater-agent-workspace/builds/worker-31/source:/opt/rustwide/workdir:ro,Z" "-v" "/var/lib/crater-agent-workspace/cargo-home:/opt/rustwide/cargo-home:ro,Z" "-v" "/var/lib/crater-agent-workspace/rustup-home:/opt/rustwide/rustup-home:ro,Z" "-e" "SOURCE_DIR=/opt/rustwide/workdir" "-e" "CARGO_TARGET_DIR=/opt/rustwide/target" "-e" "CARGO_HOME=/opt/rustwide/cargo-home" "-e" "RUSTUP_HOME=/opt/rustwide/rustup-home" "-w" "/opt/rustwide/workdir" "-m" "1610612736" "--user" "0:0" "--network" "none" "ghcr.io/rust-lang/crates-build-env/linux@sha256:34b6a614d2c27851fe6cbf88fbd1137609cefab8b10d0615aaeb6fd47975d74e" "/opt/rustwide/cargo-home/bin/cargo" "+1.54.0" "metadata" "--no-deps" "--format-version=1", kill_on_drop: false }`
[INFO] [stdout] fc1e65c3df9c21bcc21990c9c37935df21a4bd06c7c3826c2086d2216bb493ae
[INFO] running `Command { std: "docker" "start" "-a" "fc1e65c3df9c21bcc21990c9c37935df21a4bd06c7c3826c2086d2216bb493ae", kill_on_drop: false }`
[INFO] running `Command { std: "docker" "inspect" "fc1e65c3df9c21bcc21990c9c37935df21a4bd06c7c3826c2086d2216bb493ae", kill_on_drop: false }`
[INFO] running `Command { std: "docker" "rm" "-f" "fc1e65c3df9c21bcc21990c9c37935df21a4bd06c7c3826c2086d2216bb493ae", kill_on_drop: false }`
[INFO] [stdout] fc1e65c3df9c21bcc21990c9c37935df21a4bd06c7c3826c2086d2216bb493ae
[INFO] running `Command { std: "docker" "create" "-v" "/var/lib/crater-agent-workspace/builds/worker-31/target:/opt/rustwide/target:rw,Z" "-v" "/var/lib/crater-agent-workspace/builds/worker-31/source:/opt/rustwide/workdir:ro,Z" "-v" "/var/lib/crater-agent-workspace/cargo-home:/opt/rustwide/cargo-home:ro,Z" "-v" "/var/lib/crater-agent-workspace/rustup-home:/opt/rustwide/rustup-home:ro,Z" "-e" "SOURCE_DIR=/opt/rustwide/workdir" "-e" "CARGO_TARGET_DIR=/opt/rustwide/target" "-e" "CARGO_INCREMENTAL=0" "-e" "RUST_BACKTRACE=full" "-e" "RUSTFLAGS=--cap-lints=warn" "-e" "CARGO_HOME=/opt/rustwide/cargo-home" "-e" "RUSTUP_HOME=/opt/rustwide/rustup-home" "-w" "/opt/rustwide/workdir" "-m" "1610612736" "--user" "0:0" "--network" "none" "ghcr.io/rust-lang/crates-build-env/linux@sha256:34b6a614d2c27851fe6cbf88fbd1137609cefab8b10d0615aaeb6fd47975d74e" "/opt/rustwide/cargo-home/bin/cargo" "+1.54.0" "build" "--frozen" "--message-format=json", kill_on_drop: false }`
[INFO] [stdout] ee57fc5b0adfe2b14fcc18e8734402838c173abb71e54b1439857e180de8bb2a
[INFO] running `Command { std: "docker" "start" "-a" "ee57fc5b0adfe2b14fcc18e8734402838c173abb71e54b1439857e180de8bb2a", kill_on_drop: false }`
[INFO] [stderr]    Compiling libc v0.2.43
[INFO] [stderr]    Compiling cfg-if v0.1.6
[INFO] [stderr]    Compiling cc v1.0.25
[INFO] [stderr]    Compiling rand_core v0.3.0
[INFO] [stderr]    Compiling lazy_static v1.2.0
[INFO] [stderr]    Compiling byteorder v1.2.6
[INFO] [stderr]    Compiling version_check v0.1.5
[INFO] [stderr]    Compiling futures v0.1.25
[INFO] [stderr]    Compiling unicode-xid v0.1.0
[INFO] [stderr]    Compiling scopeguard v0.3.3
[INFO] [stderr]    Compiling crossbeam-utils v0.5.0
[INFO] [stderr]    Compiling semver-parser v0.7.0
[INFO] [stderr]    Compiling void v1.0.2
[INFO] [stderr]    Compiling stable_deref_trait v1.1.1
[INFO] [stderr]    Compiling slab v0.4.1
[INFO] [stderr]    Compiling proc-macro2 v0.4.20
[INFO] [stderr]    Compiling encoding_index_tests v0.1.4
[INFO] [stderr]    Compiling lazycell v1.2.0
[INFO] [stderr]    Compiling winapi-build v0.1.1
[INFO] [stderr]    Compiling nodrop v0.1.12
[INFO] [stderr]    Compiling rustc-demangle v0.1.9
[INFO] [stderr]    Compiling matches v0.1.8
[INFO] [stderr]    Compiling memoffset v0.2.1
[INFO] [stderr]    Compiling unicode-normalization v0.1.7
[INFO] [stderr]    Compiling winapi v0.2.8
[INFO] [stderr]    Compiling failure_derive v0.1.3
[INFO] [stderr]    Compiling typenum v1.10.0
[INFO] [stderr]    Compiling siphasher v0.2.3
[INFO] [stderr]    Compiling quick-error v1.2.2
[INFO] [stderr]    Compiling backtrace v0.2.3
[INFO] [stderr]    Compiling linked-hash-map v0.4.2
[INFO] [stderr]    Compiling serde v1.0.80
[INFO] [stderr]    Compiling itoa v0.4.3
[INFO] [stderr]    Compiling num-traits v0.2.6
[INFO] [stderr]    Compiling safemem v0.3.0
[INFO] [stderr]    Compiling regex v1.0.6
[INFO] [stderr]    Compiling num-integer v0.1.39
[INFO] [stderr]    Compiling ucd-util v0.1.1
[INFO] [stderr]    Compiling fnv v1.0.6
[INFO] [stderr]    Compiling ryu v0.2.6
[INFO] [stderr]    Compiling untrusted v0.6.2
[INFO] [stderr]    Compiling utf8-ranges v1.0.1
[INFO] [stderr]    Compiling bitflags v1.0.4
[INFO] [stderr]    Compiling byte-tools v0.3.0
[INFO] [stderr]    Compiling httparse v1.3.3
[INFO] [stderr]    Compiling pq-sys v0.4.6
[INFO] [stderr]    Compiling subtle v1.0.0
[INFO] [stderr]    Compiling antidote v1.0.0
[INFO] [stderr]    Compiling fake-simd v0.1.2
[INFO] [stderr]    Compiling string v0.1.1
[INFO] [stderr]    Compiling indexmap v1.0.1
[INFO] [stderr]    Compiling opaque-debug v0.2.1
[INFO] [stderr]    Compiling dtoa v0.4.3
[INFO] [stderr]    Compiling sha1 v0.6.0
[INFO] [stderr]    Compiling htmlescape v0.3.1
[INFO] [stderr]    Compiling deunicode v0.4.3
[INFO] [stderr]    Compiling termcolor v1.0.4
[INFO] [stderr]    Compiling encoding-index-tradchinese v1.20141219.5
[INFO] [stderr]    Compiling encoding-index-simpchinese v1.20141219.5
[INFO] [stderr]    Compiling encoding-index-japanese v1.20141219.5
[INFO] [stderr]    Compiling encoding-index-korean v1.20141219.5
[INFO] [stderr]    Compiling encoding-index-singlebyte v1.20141219.5
[INFO] [stderr]    Compiling thread_local v0.3.6
[INFO] [stderr]    Compiling iovec v0.1.2
[INFO] [stderr]    Compiling num_cpus v1.8.0
[INFO] [stderr]    Compiling hostname v0.1.5
[INFO] [stderr]    Compiling time v0.1.40
[INFO] [stderr]    Compiling rand v0.4.3
[INFO] [stderr]    Compiling atty v0.2.11
[INFO] [stderr]    Compiling log v0.4.5
[INFO] [stderr]    Compiling semver v0.9.0
[INFO] [stderr]    Compiling unreachable v1.0.0
[INFO] [stderr]    Compiling net2 v0.2.33
[INFO] [stderr]    Compiling socket2 v0.3.8
[INFO] [stderr]    Compiling regex-syntax v0.6.2
[INFO] [stderr]    Compiling block-padding v0.1.2
[INFO] [stderr]    Compiling rand_core v0.2.2
[INFO] [stderr]    Compiling owning_ref v0.3.3
[INFO] [stderr]    Compiling unicode-bidi v0.3.4
[INFO] [stderr]    Compiling dbghelp-sys v0.2.0
[INFO] [stderr]    Compiling kernel32-sys v0.2.2
[INFO] [stderr]    Compiling base64 v0.9.3
[INFO] [stderr]    Compiling proc-macro2 v0.3.8
[INFO] [stderr]    Compiling bytes v0.4.10
[INFO] [stderr]    Compiling arrayvec v0.4.7
[INFO] [stderr]    Compiling lru-cache v0.1.1
[INFO] [stderr]    Compiling humantime v1.1.1
[INFO] [stderr]    Compiling scheduled-thread-pool v0.2.0
[INFO] [stderr]    Compiling smallvec v0.6.5
[INFO] [stderr]    Compiling resolv-conf v0.6.1
[INFO] [stderr]    Compiling slug v0.1.4
[INFO] [stderr]    Compiling rand v0.5.5
[INFO] [stderr]    Compiling mio v0.6.16
[INFO] [stderr]    Compiling rustc_version v0.2.3
[INFO] [stderr]    Compiling encoding v0.2.33
[INFO] [stderr]    Compiling unicase v1.4.2
[INFO] [stderr]    Compiling memchr v2.1.0
[INFO] [stderr]    Compiling unicase v2.2.0
[INFO] [stderr]    Compiling actix-web v0.7.13
[INFO] [stderr]    Compiling lock_api v0.1.4
[INFO] [stderr]    Compiling crossbeam-epoch v0.5.2
[INFO] [stderr]    Compiling crossbeam-epoch v0.6.0
[INFO] [stderr]    Compiling quote v0.5.2
[INFO] [stderr]    Compiling r2d2 v0.8.2
[INFO] [stderr]    Compiling http v0.1.13
[INFO] [stderr]    Compiling idna v0.1.5
[INFO] [stderr]    Compiling crossbeam-deque v0.6.1
[INFO] [stderr]    Compiling syn v0.13.11
[INFO] [stderr]    Compiling tokio-executor v0.1.5
[INFO] [stderr]    Compiling tokio-io v0.1.9
[INFO] [stderr]    Compiling tower-service v0.1.0
[INFO] [stderr]    Compiling futures-cpupool v0.1.8
[INFO] [stderr]    Compiling parking_lot_core v0.3.1
[INFO] [stderr]    Compiling mio-uds v0.6.7
[INFO] [stderr]    Compiling tokio-timer v0.2.7
[INFO] [stderr]    Compiling tokio-current-thread v0.1.3
[INFO] [stderr]    Compiling quote v0.6.8
[INFO] [stderr]    Compiling tokio-codec v0.1.1
[INFO] [stderr]    Compiling generic-array v0.12.0
[INFO] [stderr]    Compiling url v1.7.1
[INFO] [stderr]    Compiling aho-corasick v0.6.8
[INFO] [stderr]    Compiling tokio-threadpool v0.1.7
[INFO] [stderr]    Compiling uuid v0.7.1
[INFO] [stderr]    Compiling phf_shared v0.7.23
[INFO] [stderr]    Compiling digest v0.8.0
[INFO] [stderr]    Compiling block-buffer v0.7.0
[INFO] [stderr]    Compiling crypto-mac v0.7.0
[INFO] [stderr]    Compiling mime v0.3.12
[INFO] [stderr]    Compiling syn v0.15.13
[INFO] [stderr]    Compiling phf_generator v0.7.23
[INFO] [stderr]    Compiling syn v0.14.9
[INFO] [stderr]    Compiling phf v0.7.23
[INFO] [stderr]    Compiling chrono v0.4.6
[INFO] [stderr]    Compiling backtrace-sys v0.1.24
[INFO] [stderr]    Compiling ring v0.13.2
[INFO] [stderr]    Compiling miniz-sys v0.1.11
[INFO] [stderr]    Compiling brotli-sys v0.3.2
[INFO] [stderr]    Compiling parking_lot v0.6.4
[INFO] [stderr]    Compiling phf_codegen v0.7.23
[INFO] [stderr]    Compiling sha2 v0.8.0
[INFO] [stderr]    Compiling hmac v0.7.0
[INFO] [stderr]    Compiling tokio-fs v0.1.3
[INFO] [stderr]    Compiling mime_guess v2.0.0-alpha.6
[INFO] [stderr]    Compiling h2 v0.1.13
[INFO] [stderr]    Compiling tokio-reactor v0.1.6
[INFO] [stderr]    Compiling crossbeam-channel v0.2.6
[INFO] [stderr]    Compiling pbkdf2 v0.3.0
[INFO] [stderr]    Compiling tokio-udp v0.1.2
[INFO] [stderr]    Compiling tokio-tcp v0.1.2
[INFO] [stderr]    Compiling tokio-uds v0.2.2
[INFO] [stderr]    Compiling tokio-signal v0.2.5
[INFO] [stderr]    Compiling env_logger v0.5.13
[INFO] [stderr]    Compiling flate2 v1.0.4
[INFO] [stderr]    Compiling serde_json v1.0.32
[INFO] [stderr]    Compiling serde_urlencoded v0.5.3
[INFO] [stderr]    Compiling tokio v0.1.11
[INFO] [stderr]    Compiling synstructure v0.10.0
[INFO] [stderr]    Compiling diesel_derives v1.3.0
[INFO] [stderr]    Compiling actix_derive v0.3.0
[INFO] [stderr]    Compiling backtrace v0.3.9
[INFO] [stderr]    Compiling error-chain v0.1.12
[INFO] [stderr]    Compiling serde_derive v1.0.80
[INFO] [stderr]    Compiling trust-dns-proto v0.4.3
[INFO] [stderr]    Compiling failure v0.1.3
[INFO] [stderr]    Compiling trust-dns-proto v0.5.0-alpha.5
[INFO] [stderr]    Compiling dotenv v0.13.0
[INFO] [stderr]    Compiling trust-dns-resolver v0.9.1
[INFO] [stderr]    Compiling actix v0.7.5
[INFO] [stderr]    Compiling diesel v1.3.3
[INFO] [stderr]    Compiling cookie v0.11.0
[INFO] [stderr]    Compiling trust-dns-resolver v0.10.0-alpha.3
[INFO] [stderr]    Compiling actix-net v0.1.1
[INFO] [stderr]    Compiling brotli2 v0.3.2
[INFO] [stderr]    Compiling jsonwebtoken v5.0.1
[INFO] [stderr]    Compiling conduit v0.1.0 (/opt/rustwide/workdir)
[INFO] [stdout] warning: trait objects without an explicit `dyn` are deprecated
[INFO] [stdout]   --> src/error.rs:52:32
[INFO] [stdout]    |
[INFO] [stdout] 52 |     fn cause(&self) -> Option<&Fail> {
[INFO] [stdout]    |                                ^^^^ help: use `dyn`: `dyn Fail`
[INFO] [stdout]    |
[INFO] [stdout]    = note: `#[warn(bare_trait_objects)]` on by default
[INFO] [stdout]    = warning: this was previously accepted by the compiler but is being phased out; it will become a hard error in the 2021 edition!
[INFO] [stdout]    = note: for more information, see issue #80165 <https://github.com/rust-lang/rust/issues/80165>
[INFO] [stdout] 
[INFO] [stdout] 
[INFO] [stdout] warning: 1 warning emitted
[INFO] [stdout] 
[INFO] [stdout] 
[INFO] [stderr]     Finished dev [unoptimized + debuginfo] target(s) in 1m 08s
[INFO] running `Command { std: "docker" "inspect" "ee57fc5b0adfe2b14fcc18e8734402838c173abb71e54b1439857e180de8bb2a", kill_on_drop: false }`
[INFO] running `Command { std: "docker" "rm" "-f" "ee57fc5b0adfe2b14fcc18e8734402838c173abb71e54b1439857e180de8bb2a", kill_on_drop: false }`
[INFO] [stdout] ee57fc5b0adfe2b14fcc18e8734402838c173abb71e54b1439857e180de8bb2a
[INFO] running `Command { std: "docker" "create" "-v" "/var/lib/crater-agent-workspace/builds/worker-31/target:/opt/rustwide/target:rw,Z" "-v" "/var/lib/crater-agent-workspace/builds/worker-31/source:/opt/rustwide/workdir:ro,Z" "-v" "/var/lib/crater-agent-workspace/cargo-home:/opt/rustwide/cargo-home:ro,Z" "-v" "/var/lib/crater-agent-workspace/rustup-home:/opt/rustwide/rustup-home:ro,Z" "-e" "SOURCE_DIR=/opt/rustwide/workdir" "-e" "CARGO_TARGET_DIR=/opt/rustwide/target" "-e" "CARGO_INCREMENTAL=0" "-e" "RUST_BACKTRACE=full" "-e" "RUSTFLAGS=--cap-lints=warn" "-e" "CARGO_HOME=/opt/rustwide/cargo-home" "-e" "RUSTUP_HOME=/opt/rustwide/rustup-home" "-w" "/opt/rustwide/workdir" "-m" "1610612736" "--user" "0:0" "--network" "none" "ghcr.io/rust-lang/crates-build-env/linux@sha256:34b6a614d2c27851fe6cbf88fbd1137609cefab8b10d0615aaeb6fd47975d74e" "/opt/rustwide/cargo-home/bin/cargo" "+1.54.0" "test" "--frozen" "--no-run" "--message-format=json", kill_on_drop: false }`
[INFO] [stdout] 2c5144722389eafbc06a6d74a4c77bcf60b828c0fff58bb9217675bd1dc60d42
[INFO] running `Command { std: "docker" "start" "-a" "2c5144722389eafbc06a6d74a4c77bcf60b828c0fff58bb9217675bd1dc60d42", kill_on_drop: false }`
[INFO] [stderr]    Compiling conduit v0.1.0 (/opt/rustwide/workdir)
[INFO] [stdout] warning: trait objects without an explicit `dyn` are deprecated
[INFO] [stdout]   --> src/error.rs:52:32
[INFO] [stdout]    |
[INFO] [stdout] 52 |     fn cause(&self) -> Option<&Fail> {
[INFO] [stdout]    |                                ^^^^ help: use `dyn`: `dyn Fail`
[INFO] [stdout]    |
[INFO] [stdout]    = note: `#[warn(bare_trait_objects)]` on by default
[INFO] [stdout]    = warning: this was previously accepted by the compiler but is being phased out; it will become a hard error in the 2021 edition!
[INFO] [stdout]    = note: for more information, see issue #80165 <https://github.com/rust-lang/rust/issues/80165>
[INFO] [stdout] 
[INFO] [stdout] 
[INFO] [stdout] warning: 1 warning emitted
[INFO] [stdout] 
[INFO] [stdout] 
[INFO] [stdout] warning: trait objects without an explicit `dyn` are deprecated
[INFO] [stdout]   --> src/error.rs:52:32
[INFO] [stdout]    |
[INFO] [stdout] 52 |     fn cause(&self) -> Option<&Fail> {
[INFO] [stdout]    |                                ^^^^ help: use `dyn`: `dyn Fail`
[INFO] [stdout]    |
[INFO] [stdout]    = note: `#[warn(bare_trait_objects)]` on by default
[INFO] [stdout]    = warning: this was previously accepted by the compiler but is being phased out; it will become a hard error in the 2021 edition!
[INFO] [stdout]    = note: for more information, see issue #80165 <https://github.com/rust-lang/rust/issues/80165>
[INFO] [stdout] 
[INFO] [stdout] 
[INFO] [stdout] warning: 1 warning emitted
[INFO] [stdout] 
[INFO] [stdout] 
[INFO] [stderr]     Finished test [unoptimized + debuginfo] target(s) in 6.41s
[INFO] running `Command { std: "docker" "inspect" "2c5144722389eafbc06a6d74a4c77bcf60b828c0fff58bb9217675bd1dc60d42", kill_on_drop: false }`
[INFO] running `Command { std: "docker" "rm" "-f" "2c5144722389eafbc06a6d74a4c77bcf60b828c0fff58bb9217675bd1dc60d42", kill_on_drop: false }`
[INFO] [stdout] 2c5144722389eafbc06a6d74a4c77bcf60b828c0fff58bb9217675bd1dc60d42
[INFO] running `Command { std: "docker" "create" "-v" "/var/lib/crater-agent-workspace/builds/worker-31/target:/opt/rustwide/target:rw,Z" "-v" "/var/lib/crater-agent-workspace/builds/worker-31/source:/opt/rustwide/workdir:ro,Z" "-v" "/var/lib/crater-agent-workspace/cargo-home:/opt/rustwide/cargo-home:ro,Z" "-v" "/var/lib/crater-agent-workspace/rustup-home:/opt/rustwide/rustup-home:ro,Z" "-e" "SOURCE_DIR=/opt/rustwide/workdir" "-e" "CARGO_TARGET_DIR=/opt/rustwide/target" "-e" "CARGO_INCREMENTAL=0" "-e" "RUST_BACKTRACE=full" "-e" "RUSTFLAGS=--cap-lints=warn" "-e" "CARGO_HOME=/opt/rustwide/cargo-home" "-e" "RUSTUP_HOME=/opt/rustwide/rustup-home" "-w" "/opt/rustwide/workdir" "-m" "1610612736" "--user" "0:0" "--network" "none" "ghcr.io/rust-lang/crates-build-env/linux@sha256:34b6a614d2c27851fe6cbf88fbd1137609cefab8b10d0615aaeb6fd47975d74e" "/opt/rustwide/cargo-home/bin/cargo" "+1.54.0" "test" "--frozen", kill_on_drop: false }`
[INFO] [stdout] 5c04e1f56352844fdb8ad70194b8ad82cbe380a5618a6000ef104f44f8b28282
[INFO] running `Command { std: "docker" "start" "-a" "5c04e1f56352844fdb8ad70194b8ad82cbe380a5618a6000ef104f44f8b28282", kill_on_drop: false }`
[INFO] [stderr] warning: trait objects without an explicit `dyn` are deprecated
[INFO] [stderr]   --> src/error.rs:52:32
[INFO] [stderr]    |
[INFO] [stderr] 52 |     fn cause(&self) -> Option<&Fail> {
[INFO] [stderr]    |                                ^^^^ help: use `dyn`: `dyn Fail`
[INFO] [stderr]    |
[INFO] [stderr]    = note: `#[warn(bare_trait_objects)]` on by default
[INFO] [stderr]    = warning: this was previously accepted by the compiler but is being phased out; it will become a hard error in the 2021 edition!
[INFO] [stderr]    = note: for more information, see issue #80165 <https://github.com/rust-lang/rust/issues/80165>
[INFO] [stderr] 
[INFO] [stderr] warning: 1 warning emitted
[INFO] [stderr] 
[INFO] [stderr] warning: trait objects without an explicit `dyn` are deprecated
[INFO] [stderr]   --> src/error.rs:52:32
[INFO] [stderr]    |
[INFO] [stderr] 52 |     fn cause(&self) -> Option<&Fail> {
[INFO] [stderr]    |                                ^^^^ help: use `dyn`: `dyn Fail`
[INFO] [stderr]    |
[INFO] [stderr]    = note: `#[warn(bare_trait_objects)]` on by default
[INFO] [stderr]    = warning: this was previously accepted by the compiler but is being phased out; it will become a hard error in the 2021 edition!
[INFO] [stderr]    = note: for more information, see issue #80165 <https://github.com/rust-lang/rust/issues/80165>
[INFO] [stderr] 
[INFO] [stderr] warning: 1 warning emitted
[INFO] [stderr] 
[INFO] [stderr]     Finished test [unoptimized + debuginfo] target(s) in 0.09s
[INFO] [stderr]      Running unittests (/opt/rustwide/target/debug/deps/conduit-0ac06a06bc712b56)
[INFO] [stdout] 
[INFO] [stdout] running 6 tests
[INFO] [stdout] test app::tags::test::list_returns_tag_response ... ok
[INFO] [stdout] test app::users::test::sign_up_registers_user ... ok
[INFO] [stdout] test app::articles::get_article::test::with_login ... FAILED
[INFO] [stdout] test app::users::register_user::test::register_with_hashed_password ... FAILED
[INFO] [stdout] test app::articles::get_article::test::no_login_required ... FAILED
[INFO] [stdout] test app::tags::list_tags::test::list_all_tags ... FAILED
[INFO] [stdout] 
[INFO] [stdout] failures:
[INFO] [stdout] 
[INFO] [stdout] ---- app::articles::get_article::test::with_login stdout ----
[INFO] [stdout] Error: Error { inner: BadConnection("could not connect to server: Connection refused\n\tIs the server running on host \"localhost\" (127.0.0.1) and accepting\n\tTCP/IP connections on port 5432?\ncould not connect to server: Cannot assign requested address\n\tIs the server running on host \"localhost\" (::1) and accepting\n\tTCP/IP connections on port 5432?\n")
[INFO] [stdout] 
[INFO] [stdout] stack backtrace:
[INFO] [stdout]    0:     0x55ee3bedf30d - backtrace::backtrace::libunwind::trace::hddeb9a80fdff6fac
[INFO] [stdout]                         at /opt/rustwide/cargo-home/registry/src/github.com-1ecc6299db9ec823/backtrace-0.3.9/src/backtrace/libunwind.rs:53
[INFO] [stdout]                          - backtrace::backtrace::trace::h4d9b1c6655935fb4
[INFO] [stdout]                         at /opt/rustwide/cargo-home/registry/src/github.com-1ecc6299db9ec823/backtrace-0.3.9/src/backtrace/mod.rs:42
[INFO] [stdout]    1:     0x55ee3bedaf8f - backtrace::capture::Backtrace::new_unresolved::h1b422f2aecb84dbc
[INFO] [stdout]                         at /opt/rustwide/cargo-home/registry/src/github.com-1ecc6299db9ec823/backtrace-0.3.9/src/capture.rs:88
[INFO] [stdout]    2:     0x55ee3bed495c - failure::backtrace::internal::InternalBacktrace::new::h597cd5cf5015305a
[INFO] [stdout]                         at /opt/rustwide/cargo-home/registry/src/github.com-1ecc6299db9ec823/failure-0.1.3/src/backtrace/internal.rs:44
[INFO] [stdout]    3:     0x55ee3bed3f06 - failure::backtrace::Backtrace::new::h76d715df443818a5
[INFO] [stdout]                         at /opt/rustwide/cargo-home/registry/src/github.com-1ecc6299db9ec823/failure-0.1.3/src/backtrace/mod.rs:111
[INFO] [stdout]    4:     0x55ee3bcc80ba - <failure::error::error_impl::ErrorImpl as core::convert::From<F>>::from::hb632e981fa5eb545
[INFO] [stdout]                         at /opt/rustwide/cargo-home/registry/src/github.com-1ecc6299db9ec823/failure-0.1.3/src/error/error_impl.rs:19
[INFO] [stdout]    5:     0x55ee3bd151df - <failure::error::Error as core::convert::From<F>>::from::h07352ea219a6fe7d
[INFO] [stdout]                         at /opt/rustwide/cargo-home/registry/src/github.com-1ecc6299db9ec823/failure-0.1.3/src/error/mod.rs:36
[INFO] [stdout]    6:     0x55ee3bcfa28f - <T as core::convert::Into<U>>::into::h772d86ab9f86ba3b
[INFO] [stdout]                         at /rustc/a178d0322ce20e33eac124758e837cbd80a6f633/library/core/src/convert/mod.rs:538
[INFO] [stdout]    7:     0x55ee3bd19930 - failure::context::Context<D>::with_err::h24d0f248a06c38bb
[INFO] [stdout]                         at /opt/rustwide/cargo-home/registry/src/github.com-1ecc6299db9ec823/failure-0.1.3/src/context.rs:105
[INFO] [stdout]    8:     0x55ee3bcfcb79 - failure::Fail::context::h8a82572fb280cbb6
[INFO] [stdout]                         at /opt/rustwide/cargo-home/registry/src/github.com-1ecc6299db9ec823/failure-0.1.3/src/lib.rs:153
[INFO] [stdout]    9:     0x55ee3bcc8e14 - <core::result::Result<T,E> as failure::result_ext::ResultExt<T,E>>::context::{{closure}}::h77a6795d7a2c3b95
[INFO] [stdout]                         at /opt/rustwide/cargo-home/registry/src/github.com-1ecc6299db9ec823/failure-0.1.3/src/result_ext.rs:164
[INFO] [stdout]   10:     0x55ee3bd08008 - core::result::Result<T,E>::map_err::h0903eba4317592e1
[INFO] [stdout]                         at /rustc/a178d0322ce20e33eac124758e837cbd80a6f633/library/core/src/result.rs:591
[INFO] [stdout]   11:     0x55ee3bd0b07c - <core::result::Result<T,E> as failure::result_ext::ResultExt<T,E>>::context::h533a90ad5e231f0b
[INFO] [stdout]                         at /opt/rustwide/cargo-home/registry/src/github.com-1ecc6299db9ec823/failure-0.1.3/src/result_ext.rs:164
[INFO] [stdout]   12:     0x55ee3bcfd54d - conduit::test::Test::db_conn::h863cfdabada79352
[INFO] [stdout]                         at src/test.rs:18
[INFO] [stdout]   13:     0x55ee3bccecdf - conduit::app::articles::get_article::test::with_login::h09d7816d6af537ba
[INFO] [stdout]                         at src/app/articles/get_article.rs:125
[INFO] [stdout]   14:     0x55ee3bccec10 - conduit::app::articles::get_article::test::with_login::{{closure}}::h61b4616ced81876b
[INFO] [stdout]                         at src/app/articles/get_article.rs:123
[INFO] [stdout]   15:     0x55ee3bcbdddd - core::ops::function::FnOnce::call_once::h45b8757c95a7aec9
[INFO] [stdout]                         at /rustc/a178d0322ce20e33eac124758e837cbd80a6f633/library/core/src/ops/function.rs:227
[INFO] [stdout]   16:     0x55ee3bd4be62 - core::ops::function::FnOnce::call_once::h152e7e439ff59e19
[INFO] [stdout]                         at /rustc/a178d0322ce20e33eac124758e837cbd80a6f633/library/core/src/ops/function.rs:227
[INFO] [stdout]                          - test::__rust_begin_short_backtrace::h0908f3b1fdbb72ab
[INFO] [stdout]                         at library/test/src/lib.rs:577
[INFO] [stdout]   17:     0x55ee3bd4a91f - <alloc::boxed::Box<F,A> as core::ops::function::FnOnce<Args>>::call_once::hf6d2a51e5587546c
[INFO] [stdout]                         at /rustc/a178d0322ce20e33eac124758e837cbd80a6f633/library/alloc/src/boxed.rs:1575
[INFO] [stdout]                          - <std::panic::AssertUnwindSafe<F> as core::ops::function::FnOnce<()>>::call_once::h8af660f3a89ef593
[INFO] [stdout]                         at /rustc/a178d0322ce20e33eac124758e837cbd80a6f633/library/std/src/panic.rs:347
[INFO] [stdout]                          - std::panicking::try::do_call::hd36aef60f84b6d36
[INFO] [stdout]                         at /rustc/a178d0322ce20e33eac124758e837cbd80a6f633/library/std/src/panicking.rs:401
[INFO] [stdout]                          - std::panicking::try::h9932b4480e69817c
[INFO] [stdout]                         at /rustc/a178d0322ce20e33eac124758e837cbd80a6f633/library/std/src/panicking.rs:365
[INFO] [stdout]                          - std::panic::catch_unwind::h6aa177099cfff5f8
[INFO] [stdout]                         at /rustc/a178d0322ce20e33eac124758e837cbd80a6f633/library/std/src/panic.rs:434
[INFO] [stdout]                          - test::run_test_in_process::h5884d6f2d99e20c3
[INFO] [stdout]                         at library/test/src/lib.rs:600
[INFO] [stdout]                          - test::run_test::run_test_inner::{{closure}}::h6fdc58c6d5f5b6e3
[INFO] [stdout]                         at library/test/src/lib.rs:492
[INFO] [stdout]   18:     0x55ee3bd23fd1 - test::run_test::run_test_inner::{{closure}}::h408365d67a78ade8
[INFO] [stdout]                         at library/test/src/lib.rs:519
[INFO] [stdout]                          - std::sys_common::backtrace::__rust_begin_short_backtrace::hb560b77c4f701523
[INFO] [stdout]                         at /rustc/a178d0322ce20e33eac124758e837cbd80a6f633/library/std/src/sys_common/backtrace.rs:125
[INFO] [stdout]   19:     0x55ee3bd27b87 - std::thread::Builder::spawn_unchecked::{{closure}}::{{closure}}::hf2e7831dad93c597
[INFO] [stdout]                         at /rustc/a178d0322ce20e33eac124758e837cbd80a6f633/library/std/src/thread/mod.rs:481
[INFO] [stdout]                          - <std::panic::AssertUnwindSafe<F> as core::ops::function::FnOnce<()>>::call_once::hd2e08783d8be4d02
[INFO] [stdout]                         at /rustc/a178d0322ce20e33eac124758e837cbd80a6f633/library/std/src/panic.rs:347
[INFO] [stdout]                          - std::panicking::try::do_call::h062597b7acfd6b82
[INFO] [stdout]                         at /rustc/a178d0322ce20e33eac124758e837cbd80a6f633/library/std/src/panicking.rs:401
[INFO] [stdout]                          - std::panicking::try::h0d7b79db04c14552
[INFO] [stdout]                         at /rustc/a178d0322ce20e33eac124758e837cbd80a6f633/library/std/src/panicking.rs:365
[INFO] [stdout]                          - std::panic::catch_unwind::hb01a0b5e7c8cd43b
[INFO] [stdout]                         at /rustc/a178d0322ce20e33eac124758e837cbd80a6f633/library/std/src/panic.rs:434
[INFO] [stdout]                          - std::thread::Builder::spawn_unchecked::{{closure}}::h5bde48cc887e0d1e
[INFO] [stdout]                         at /rustc/a178d0322ce20e33eac124758e837cbd80a6f633/library/std/src/thread/mod.rs:480
[INFO] [stdout]                          - core::ops::function::FnOnce::call_once{{vtable.shim}}::h745ea30807a29e55
[INFO] [stdout]                         at /rustc/a178d0322ce20e33eac124758e837cbd80a6f633/library/core/src/ops/function.rs:227
[INFO] [stdout]   20:     0x55ee3bf18ad6 - <alloc::boxed::Box<F,A> as core::ops::function::FnOnce<Args>>::call_once::h7ece6cfefaff1005
[INFO] [stdout]                         at /rustc/a178d0322ce20e33eac124758e837cbd80a6f633/library/alloc/src/boxed.rs:1575
[INFO] [stdout]                          - <alloc::boxed::Box<F,A> as core::ops::function::FnOnce<Args>>::call_once::hb8b48e55c21f193e
[INFO] [stdout]                         at /rustc/a178d0322ce20e33eac124758e837cbd80a6f633/library/alloc/src/boxed.rs:1575
[INFO] [stdout]                          - std::sys::unix::thread::Thread::new::thread_start::h8c7c4450dba62914
[INFO] [stdout]                         at library/std/src/sys/unix/thread.rs:71
[INFO] [stdout]   21:     0x7fce7e789608 - start_thread
[INFO] [stdout]   22:     0x7fce7e559292 - __clone
[INFO] [stdout]   23:                0x0 - <unknown>
[INFO] [stdout] 
[INFO] [stdout] establish connection }
[INFO] [stdout] thread 'app::articles::get_article::test::with_login' panicked at 'assertion failed: `(left == right)`
[INFO] [stdout]   left: `1`,
[INFO] [stdout]  right: `0`: the test returned a termination value with a non-zero status code (1) which indicates a failure', /rustc/a178d0322ce20e33eac124758e837cbd80a6f633/library/test/src/lib.rs:193:5
[INFO] [stdout] stack backtrace:
[INFO] [stdout]    0:     0x55ee3bf11790 - std::backtrace_rs::backtrace::libunwind::trace::h34055254b57d8e79
[INFO] [stdout]                                at /rustc/a178d0322ce20e33eac124758e837cbd80a6f633/library/std/src/../../backtrace/src/backtrace/libunwind.rs:90:5
[INFO] [stdout]    1:     0x55ee3bf11790 - std::backtrace_rs::backtrace::trace_unsynchronized::h8f1e3fbd9afff6ec
[INFO] [stdout]                                at /rustc/a178d0322ce20e33eac124758e837cbd80a6f633/library/std/src/../../backtrace/src/backtrace/mod.rs:66:5
[INFO] [stdout]    2:     0x55ee3bf11790 - std::sys_common::backtrace::_print_fmt::h3a99a796b770c360
[INFO] [stdout]                                at /rustc/a178d0322ce20e33eac124758e837cbd80a6f633/library/std/src/sys_common/backtrace.rs:67:5
[INFO] [stdout]    3:     0x55ee3bf11790 - <std::sys_common::backtrace::_print::DisplayBacktrace as core::fmt::Display>::fmt::h32d1f94a80615d18
[INFO] [stdout]                                at /rustc/a178d0322ce20e33eac124758e837cbd80a6f633/library/std/src/sys_common/backtrace.rs:46:22
[INFO] [stdout]    4:     0x55ee3bf3406c - core::fmt::write::h306731c068f7162c
[INFO] [stdout]                                at /rustc/a178d0322ce20e33eac124758e837cbd80a6f633/library/core/src/fmt/mod.rs:1110:17
[INFO] [stdout]    5:     0x55ee3bf0d265 - std::io::Write::write_fmt::h87f19b0a2cd190bc
[INFO] [stdout]                                at /rustc/a178d0322ce20e33eac124758e837cbd80a6f633/library/std/src/io/mod.rs:1588:15
[INFO] [stdout]    6:     0x55ee3bf138fb - std::sys_common::backtrace::_print::h5abaa2601a852287
[INFO] [stdout]                                at /rustc/a178d0322ce20e33eac124758e837cbd80a6f633/library/std/src/sys_common/backtrace.rs:49:5
[INFO] [stdout]    7:     0x55ee3bf138fb - std::sys_common::backtrace::print::h8d81445442bb638f
[INFO] [stdout]                                at /rustc/a178d0322ce20e33eac124758e837cbd80a6f633/library/std/src/sys_common/backtrace.rs:36:9
[INFO] [stdout]    8:     0x55ee3bf138fb - std::panicking::default_hook::{{closure}}::hcfe804496a9fa747
[INFO] [stdout]                                at /rustc/a178d0322ce20e33eac124758e837cbd80a6f633/library/std/src/panicking.rs:208:50
[INFO] [stdout]    9:     0x55ee3bf1340c - std::panicking::default_hook::hbea8e3ccf2ba8901
[INFO] [stdout]                                at /rustc/a178d0322ce20e33eac124758e837cbd80a6f633/library/std/src/panicking.rs:222:9
[INFO] [stdout]   10:     0x55ee3bf13fc4 - std::panicking::rust_panic_with_hook::h7ee9e1a2d0f8975a
[INFO] [stdout]                                at /rustc/a178d0322ce20e33eac124758e837cbd80a6f633/library/std/src/panicking.rs:622:17
[INFO] [stdout]   11:     0x55ee3bf13aa7 - std::panicking::begin_panic_handler::{{closure}}::h8ab3b4491718b2c7
[INFO] [stdout]                                at /rustc/a178d0322ce20e33eac124758e837cbd80a6f633/library/std/src/panicking.rs:519:13
[INFO] [stdout]   12:     0x55ee3bf11c8c - std::sys_common::backtrace::__rust_end_short_backtrace::hd489062ffa586a9f
[INFO] [stdout]                                at /rustc/a178d0322ce20e33eac124758e837cbd80a6f633/library/std/src/sys_common/backtrace.rs:141:18
[INFO] [stdout]   13:     0x55ee3bf13a09 - rust_begin_unwind
[INFO] [stdout]                                at /rustc/a178d0322ce20e33eac124758e837cbd80a6f633/library/std/src/panicking.rs:515:5
[INFO] [stdout]   14:     0x55ee3bcaac01 - core::panicking::panic_fmt::hca6330e3e14086b4
[INFO] [stdout]                                at /rustc/a178d0322ce20e33eac124758e837cbd80a6f633/library/core/src/panicking.rs:92:14
[INFO] [stdout]   15:     0x55ee3bf32a6e - core::panicking::assert_failed_inner::h33b45280069a80ed
[INFO] [stdout]   16:     0x55ee3bdaadca - core::panicking::assert_failed::h5958f6d0cb11216e
[INFO] [stdout]                                at /rustc/a178d0322ce20e33eac124758e837cbd80a6f633/library/core/src/panicking.rs:117:5
[INFO] [stdout]   17:     0x55ee3bccc26b - test::assert_test_result::h4814de5cb56e2260
[INFO] [stdout]                                at /rustc/a178d0322ce20e33eac124758e837cbd80a6f633/library/test/src/lib.rs:193:5
[INFO] [stdout]   18:     0x55ee3bccec19 - conduit::app::articles::get_article::test::with_login::{{closure}}::h61b4616ced81876b
[INFO] [stdout]                                at /opt/rustwide/workdir/src/app/articles/get_article.rs:123:5
[INFO] [stdout]   19:     0x55ee3bcbddde - core::ops::function::FnOnce::call_once::h45b8757c95a7aec9
[INFO] [stdout]                                at /rustc/a178d0322ce20e33eac124758e837cbd80a6f633/library/core/src/ops/function.rs:227:5
[INFO] [stdout]   20:     0x55ee3bd4be63 - core::ops::function::FnOnce::call_once::h152e7e439ff59e19
[INFO] [stdout]                                at /rustc/a178d0322ce20e33eac124758e837cbd80a6f633/library/core/src/ops/function.rs:227:5
[INFO] [stdout]   21:     0x55ee3bd4be63 - test::__rust_begin_short_backtrace::h0908f3b1fdbb72ab
[INFO] [stdout]                                at /rustc/a178d0322ce20e33eac124758e837cbd80a6f633/library/test/src/lib.rs:577:5
[INFO] [stdout]   22:     0x55ee3bd4a920 - <alloc::boxed::Box<F,A> as core::ops::function::FnOnce<Args>>::call_once::hf6d2a51e5587546c
[INFO] [stdout]                                at /rustc/a178d0322ce20e33eac124758e837cbd80a6f633/library/alloc/src/boxed.rs:1575:9
[INFO] [stdout]   23:     0x55ee3bd4a920 - <std::panic::AssertUnwindSafe<F> as core::ops::function::FnOnce<()>>::call_once::h8af660f3a89ef593
[INFO] [stdout]                                at /rustc/a178d0322ce20e33eac124758e837cbd80a6f633/library/std/src/panic.rs:347:9
[INFO] [stdout]   24:     0x55ee3bd4a920 - std::panicking::try::do_call::hd36aef60f84b6d36
[INFO] [stdout]                                at /rustc/a178d0322ce20e33eac124758e837cbd80a6f633/library/std/src/panicking.rs:401:40
[INFO] [stdout]   25:     0x55ee3bd4a920 - std::panicking::try::h9932b4480e69817c
[INFO] [stdout]                                at /rustc/a178d0322ce20e33eac124758e837cbd80a6f633/library/std/src/panicking.rs:365:19
[INFO] [stdout]   26:     0x55ee3bd4a920 - std::panic::catch_unwind::h6aa177099cfff5f8
[INFO] [stdout]                                at /rustc/a178d0322ce20e33eac124758e837cbd80a6f633/library/std/src/panic.rs:434:14
[INFO] [stdout]   27:     0x55ee3bd4a920 - test::run_test_in_process::h5884d6f2d99e20c3
[INFO] [stdout]                                at /rustc/a178d0322ce20e33eac124758e837cbd80a6f633/library/test/src/lib.rs:600:18
[INFO] [stdout]   28:     0x55ee3bd4a920 - test::run_test::run_test_inner::{{closure}}::h6fdc58c6d5f5b6e3
[INFO] [stdout]                                at /rustc/a178d0322ce20e33eac124758e837cbd80a6f633/library/test/src/lib.rs:492:39
[INFO] [stdout]   29:     0x55ee3bd23fd2 - test::run_test::run_test_inner::{{closure}}::h408365d67a78ade8
[INFO] [stdout]                                at /rustc/a178d0322ce20e33eac124758e837cbd80a6f633/library/test/src/lib.rs:519:37
[INFO] [stdout]   30:     0x55ee3bd23fd2 - std::sys_common::backtrace::__rust_begin_short_backtrace::hb560b77c4f701523
[INFO] [stdout]                                at /rustc/a178d0322ce20e33eac124758e837cbd80a6f633/library/std/src/sys_common/backtrace.rs:125:18
[INFO] [stdout]   31:     0x55ee3bd27b88 - std::thread::Builder::spawn_unchecked::{{closure}}::{{closure}}::hf2e7831dad93c597
[INFO] [stdout]                                at /rustc/a178d0322ce20e33eac124758e837cbd80a6f633/library/std/src/thread/mod.rs:481:17
[INFO] [stdout]   32:     0x55ee3bd27b88 - <std::panic::AssertUnwindSafe<F> as core::ops::function::FnOnce<()>>::call_once::hd2e08783d8be4d02
[INFO] [stdout]                                at /rustc/a178d0322ce20e33eac124758e837cbd80a6f633/library/std/src/panic.rs:347:9
[INFO] [stdout]   33:     0x55ee3bd27b88 - std::panicking::try::do_call::h062597b7acfd6b82
[INFO] [stdout]                                at /rustc/a178d0322ce20e33eac124758e837cbd80a6f633/library/std/src/panicking.rs:401:40
[INFO] [stdout]   34:     0x55ee3bd27b88 - std::panicking::try::h0d7b79db04c14552
[INFO] [stdout]                                at /rustc/a178d0322ce20e33eac124758e837cbd80a6f633/library/std/src/panicking.rs:365:19
[INFO] [stdout]   35:     0x55ee3bd27b88 - std::panic::catch_unwind::hb01a0b5e7c8cd43b
[INFO] [stdout]                                at /rustc/a178d0322ce20e33eac124758e837cbd80a6f633/library/std/src/panic.rs:434:14
[INFO] [stdout]   36:     0x55ee3bd27b88 - std::thread::Builder::spawn_unchecked::{{closure}}::h5bde48cc887e0d1e
[INFO] [stdout]                                at /rustc/a178d0322ce20e33eac124758e837cbd80a6f633/library/std/src/thread/mod.rs:480:30
[INFO] [stdout]   37:     0x55ee3bd27b88 - core::ops::function::FnOnce::call_once{{vtable.shim}}::h745ea30807a29e55
[INFO] [stdout]                                at /rustc/a178d0322ce20e33eac124758e837cbd80a6f633/library/core/src/ops/function.rs:227:5
[INFO] [stdout]   38:     0x55ee3bf18ad7 - <alloc::boxed::Box<F,A> as core::ops::function::FnOnce<Args>>::call_once::h7ece6cfefaff1005
[INFO] [stdout]                                at /rustc/a178d0322ce20e33eac124758e837cbd80a6f633/library/alloc/src/boxed.rs:1575:9
[INFO] [stdout]   39:     0x55ee3bf18ad7 - <alloc::boxed::Box<F,A> as core::ops::function::FnOnce<Args>>::call_once::hb8b48e55c21f193e
[INFO] [stdout]                                at /rustc/a178d0322ce20e33eac124758e837cbd80a6f633/library/alloc/src/boxed.rs:1575:9
[INFO] [stdout]   40:     0x55ee3bf18ad7 - std::sys::unix::thread::Thread::new::thread_start::h8c7c4450dba62914
[INFO] [stdout]                                at /rustc/a178d0322ce20e33eac124758e837cbd80a6f633/library/std/src/sys/unix/thread.rs:71:17
[INFO] [stdout]   41:     0x7fce7e789609 - start_thread
[INFO] [stdout]   42:     0x7fce7e559293 - clone
[INFO] [stdout]   43:                0x0 - <unknown>
[INFO] [stdout] 
[INFO] [stdout] ---- app::users::register_user::test::register_with_hashed_password stdout ----
[INFO] [stdout] Error: Error { inner: BadConnection("could not connect to server: Connection refused\n\tIs the server running on host \"localhost\" (127.0.0.1) and accepting\n\tTCP/IP connections on port 5432?\ncould not connect to server: Cannot assign requested address\n\tIs the server running on host \"localhost\" (::1) and accepting\n\tTCP/IP connections on port 5432?\n")
[INFO] [stdout] 
[INFO] [stdout] stack backtrace:
[INFO] [stdout]    0:     0x55ee3bedf30d - backtrace::backtrace::libunwind::trace::hddeb9a80fdff6fac
[INFO] [stdout]                         at /opt/rustwide/cargo-home/registry/src/github.com-1ecc6299db9ec823/backtrace-0.3.9/src/backtrace/libunwind.rs:53
[INFO] [stdout]                          - backtrace::backtrace::trace::h4d9b1c6655935fb4
[INFO] [stdout]                         at /opt/rustwide/cargo-home/registry/src/github.com-1ecc6299db9ec823/backtrace-0.3.9/src/backtrace/mod.rs:42
[INFO] [stdout]    1:     0x55ee3bedaf8f - backtrace::capture::Backtrace::new_unresolved::h1b422f2aecb84dbc
[INFO] [stdout]                         at /opt/rustwide/cargo-home/registry/src/github.com-1ecc6299db9ec823/backtrace-0.3.9/src/capture.rs:88
[INFO] [stdout]    2:     0x55ee3bed495c - failure::backtrace::internal::InternalBacktrace::new::h597cd5cf5015305a
[INFO] [stdout]                         at /opt/rustwide/cargo-home/registry/src/github.com-1ecc6299db9ec823/failure-0.1.3/src/backtrace/internal.rs:44
[INFO] [stdout]    3:     0x55ee3bed3f06 - failure::backtrace::Backtrace::new::h76d715df443818a5
[INFO] [stdout]                         at /opt/rustwide/cargo-home/registry/src/github.com-1ecc6299db9ec823/failure-0.1.3/src/backtrace/mod.rs:111
[INFO] [stdout]    4:     0x55ee3bcc80ba - <failure::error::error_impl::ErrorImpl as core::convert::From<F>>::from::hb632e981fa5eb545
[INFO] [stdout]                         at /opt/rustwide/cargo-home/registry/src/github.com-1ecc6299db9ec823/failure-0.1.3/src/error/error_impl.rs:19
[INFO] [stdout]    5:     0x55ee3bd151df - <failure::error::Error as core::convert::From<F>>::from::h07352ea219a6fe7d
[INFO] [stdout]                         at /opt/rustwide/cargo-home/registry/src/github.com-1ecc6299db9ec823/failure-0.1.3/src/error/mod.rs:36
[INFO] [stdout]    6:     0x55ee3bcfa28f - <T as core::convert::Into<U>>::into::h772d86ab9f86ba3b
[INFO] [stdout]                         at /rustc/a178d0322ce20e33eac124758e837cbd80a6f633/library/core/src/convert/mod.rs:538
[INFO] [stdout]    7:     0x55ee3bd19930 - failure::context::Context<D>::with_err::h24d0f248a06c38bb
[INFO] [stdout]                         at /opt/rustwide/cargo-home/registry/src/github.com-1ecc6299db9ec823/failure-0.1.3/src/context.rs:105
[INFO] [stdout]    8:     0x55ee3bcfcb79 - failure::Fail::context::h8a82572fb280cbb6
[INFO] [stdout]                         at /opt/rustwide/cargo-home/registry/src/github.com-1ecc6299db9ec823/failure-0.1.3/src/lib.rs:153
[INFO] [stdout]    9:     0x55ee3bcc8e14 - <core::result::Result<T,E> as failure::result_ext::ResultExt<T,E>>::context::{{closure}}::h77a6795d7a2c3b95
[INFO] [stdout]                         at /opt/rustwide/cargo-home/registry/src/github.com-1ecc6299db9ec823/failure-0.1.3/src/result_ext.rs:164
[INFO] [stdout]   10:     0x55ee3bd08008 - core::result::Result<T,E>::map_err::h0903eba4317592e1
[INFO] [stdout]                         at /rustc/a178d0322ce20e33eac124758e837cbd80a6f633/library/core/src/result.rs:591
[INFO] [stdout]   11:     0x55ee3bd0b07c - <core::result::Result<T,E> as failure::result_ext::ResultExt<T,E>>::context::h533a90ad5e231f0b
[INFO] [stdout]                         at /opt/rustwide/cargo-home/registry/src/github.com-1ecc6299db9ec823/failure-0.1.3/src/result_ext.rs:164
[INFO] [stdout]   12:     0x55ee3bcfd54d - conduit::test::Test::db_conn::h863cfdabada79352
[INFO] [stdout]                         at src/test.rs:18
[INFO] [stdout]   13:     0x55ee3bd048c2 - conduit::app::users::register_user::test::register_with_hashed_password::h3673dfdced8e63ea
[INFO] [stdout]                         at src/app/users/register_user.rs:37
[INFO] [stdout]   14:     0x55ee3bd04810 - conduit::app::users::register_user::test::register_with_hashed_password::{{closure}}::h230698f64aae8c98
[INFO] [stdout]                         at src/app/users/register_user.rs:35
[INFO] [stdout]   15:     0x55ee3bcbdf5d - core::ops::function::FnOnce::call_once::h8fe86195ba7010c4
[INFO] [stdout]                         at /rustc/a178d0322ce20e33eac124758e837cbd80a6f633/library/core/src/ops/function.rs:227
[INFO] [stdout]   16:     0x55ee3bd4be62 - core::ops::function::FnOnce::call_once::h152e7e439ff59e19
[INFO] [stdout]                         at /rustc/a178d0322ce20e33eac124758e837cbd80a6f633/library/core/src/ops/function.rs:227
[INFO] [stdout]                          - test::__rust_begin_short_backtrace::h0908f3b1fdbb72ab
[INFO] [stdout]                         at library/test/src/lib.rs:577
[INFO] [stdout]   17:     0x55ee3bd4a91f - <alloc::boxed::Box<F,A> as core::ops::function::FnOnce<Args>>::call_once::hf6d2a51e5587546c
[INFO] [stdout]                         at /rustc/a178d0322ce20e33eac124758e837cbd80a6f633/library/alloc/src/boxed.rs:1575
[INFO] [stdout]                          - <std::panic::AssertUnwindSafe<F> as core::ops::function::FnOnce<()>>::call_once::h8af660f3a89ef593
[INFO] [stdout]                         at /rustc/a178d0322ce20e33eac124758e837cbd80a6f633/library/std/src/panic.rs:347
[INFO] [stdout]                          - std::panicking::try::do_call::hd36aef60f84b6d36
[INFO] [stdout]                         at /rustc/a178d0322ce20e33eac124758e837cbd80a6f633/library/std/src/panicking.rs:401
[INFO] [stdout]                          - std::panicking::try::h9932b4480e69817c
[INFO] [stdout]                         at /rustc/a178d0322ce20e33eac124758e837cbd80a6f633/library/std/src/panicking.rs:365
[INFO] [stdout]                          - std::panic::catch_unwind::h6aa177099cfff5f8
[INFO] [stdout]                         at /rustc/a178d0322ce20e33eac124758e837cbd80a6f633/library/std/src/panic.rs:434
[INFO] [stdout]                          - test::run_test_in_process::h5884d6f2d99e20c3
[INFO] [stdout]                         at library/test/src/lib.rs:600
[INFO] [stdout]                          - test::run_test::run_test_inner::{{closure}}::h6fdc58c6d5f5b6e3
[INFO] [stdout]                         at library/test/src/lib.rs:492
[INFO] [stdout]   18:     0x55ee3bd23fd1 - test::run_test::run_test_inner::{{closure}}::h408365d67a78ade8
[INFO] [stdout]                         at library/test/src/lib.rs:519
[INFO] [stdout]                          - std::sys_common::backtrace::__rust_begin_short_backtrace::hb560b77c4f701523
[INFO] [stdout]                         at /rustc/a178d0322ce20e33eac124758e837cbd80a6f633/library/std/src/sys_common/backtrace.rs:125
[INFO] [stdout]   19:     0x55ee3bd27b87 - std::thread::Builder::spawn_unchecked::{{closure}}::{{closure}}::hf2e7831dad93c597
[INFO] [stdout]                         at /rustc/a178d0322ce20e33eac124758e837cbd80a6f633/library/std/src/thread/mod.rs:481
[INFO] [stdout]                          - <std::panic::AssertUnwindSafe<F> as core::ops::function::FnOnce<()>>::call_once::hd2e08783d8be4d02
[INFO] [stdout]                         at /rustc/a178d0322ce20e33eac124758e837cbd80a6f633/library/std/src/panic.rs:347
[INFO] [stdout]                          - std::panicking::try::do_call::h062597b7acfd6b82
[INFO] [stdout]                         at /rustc/a178d0322ce20e33eac124758e837cbd80a6f633/library/std/src/panicking.rs:401
[INFO] [stdout]                          - std::panicking::try::h0d7b79db04c14552
[INFO] [stdout]                         at /rustc/a178d0322ce20e33eac124758e837cbd80a6f633/library/std/src/panicking.rs:365
[INFO] [stdout]                          - std::panic::catch_unwind::hb01a0b5e7c8cd43b
[INFO] [stdout]                         at /rustc/a178d0322ce20e33eac124758e837cbd80a6f633/library/std/src/panic.rs:434
[INFO] [stdout]                          - std::thread::Builder::spawn_unchecked::{{closure}}::h5bde48cc887e0d1e
[INFO] [stdout]                         at /rustc/a178d0322ce20e33eac124758e837cbd80a6f633/library/std/src/thread/mod.rs:480
[INFO] [stdout]                          - core::ops::function::FnOnce::call_once{{vtable.shim}}::h745ea30807a29e55
[INFO] [stdout]                         at /rustc/a178d0322ce20e33eac124758e837cbd80a6f633/library/core/src/ops/function.rs:227
[INFO] [stdout]   20:     0x55ee3bf18ad6 - <alloc::boxed::Box<F,A> as core::ops::function::FnOnce<Args>>::call_once::h7ece6cfefaff1005
[INFO] [stdout]                         at /rustc/a178d0322ce20e33eac124758e837cbd80a6f633/library/alloc/src/boxed.rs:1575
[INFO] [stdout]                          - <alloc::boxed::Box<F,A> as core::ops::function::FnOnce<Args>>::call_once::hb8b48e55c21f193e
[INFO] [stdout]                         at /rustc/a178d0322ce20e33eac124758e837cbd80a6f633/library/alloc/src/boxed.rs:1575
[INFO] [stdout]                          - std::sys::unix::thread::Thread::new::thread_start::h8c7c4450dba62914
[INFO] [stdout]                         at library/std/src/sys/unix/thread.rs:71
[INFO] [stdout]   21:     0x7fce7e789608 - start_thread
[INFO] [stdout]   22:     0x7fce7e559292 - __clone
[INFO] [stdout]   23:                0x0 - <unknown>
[INFO] [stdout] 
[INFO] [stdout] establish connection }
[INFO] [stdout] thread 'app::users::register_user::test::register_with_hashed_password' panicked at 'assertion failed: `(left == right)`
[INFO] [stdout]   left: `1`,
[INFO] [stdout]  right: `0`: the test returned a termination value with a non-zero status code (1) which indicates a failure', /rustc/a178d0322ce20e33eac124758e837cbd80a6f633/library/test/src/lib.rs:193:5
[INFO] [stdout] stack backtrace:
[INFO] [stdout]    0:     0x55ee3bf11790 - std::backtrace_rs::backtrace::libunwind::trace::h34055254b57d8e79
[INFO] [stdout]                                at /rustc/a178d0322ce20e33eac124758e837cbd80a6f633/library/std/src/../../backtrace/src/backtrace/libunwind.rs:90:5
[INFO] [stdout]    1:     0x55ee3bf11790 - std::backtrace_rs::backtrace::trace_unsynchronized::h8f1e3fbd9afff6ec
[INFO] [stdout]                                at /rustc/a178d0322ce20e33eac124758e837cbd80a6f633/library/std/src/../../backtrace/src/backtrace/mod.rs:66:5
[INFO] [stdout]    2:     0x55ee3bf11790 - std::sys_common::backtrace::_print_fmt::h3a99a796b770c360
[INFO] [stdout]                                at /rustc/a178d0322ce20e33eac124758e837cbd80a6f633/library/std/src/sys_common/backtrace.rs:67:5
[INFO] [stdout]    3:     0x55ee3bf11790 - <std::sys_common::backtrace::_print::DisplayBacktrace as core::fmt::Display>::fmt::h32d1f94a80615d18
[INFO] [stdout]                                at /rustc/a178d0322ce20e33eac124758e837cbd80a6f633/library/std/src/sys_common/backtrace.rs:46:22
[INFO] [stdout]    4:     0x55ee3bf3406c - core::fmt::write::h306731c068f7162c
[INFO] [stdout]                                at /rustc/a178d0322ce20e33eac124758e837cbd80a6f633/library/core/src/fmt/mod.rs:1110:17
[INFO] [stdout]    5:     0x55ee3bf0d265 - std::io::Write::write_fmt::h87f19b0a2cd190bc
[INFO] [stdout]                                at /rustc/a178d0322ce20e33eac124758e837cbd80a6f633/library/std/src/io/mod.rs:1588:15
[INFO] [stdout]    6:     0x55ee3bf138fb - std::sys_common::backtrace::_print::h5abaa2601a852287
[INFO] [stdout]                                at /rustc/a178d0322ce20e33eac124758e837cbd80a6f633/library/std/src/sys_common/backtrace.rs:49:5
[INFO] [stdout]    7:     0x55ee3bf138fb - std::sys_common::backtrace::print::h8d81445442bb638f
[INFO] [stdout]                                at /rustc/a178d0322ce20e33eac124758e837cbd80a6f633/library/std/src/sys_common/backtrace.rs:36:9
[INFO] [stdout]    8:     0x55ee3bf138fb - std::panicking::default_hook::{{closure}}::hcfe804496a9fa747
[INFO] [stdout]                                at /rustc/a178d0322ce20e33eac124758e837cbd80a6f633/library/std/src/panicking.rs:208:50
[INFO] [stdout]    9:     0x55ee3bf1340c - std::panicking::default_hook::hbea8e3ccf2ba8901
[INFO] [stdout]                                at /rustc/a178d0322ce20e33eac124758e837cbd80a6f633/library/std/src/panicking.rs:222:9
[INFO] [stdout]   10:     0x55ee3bf13fc4 - std::panicking::rust_panic_with_hook::h7ee9e1a2d0f8975a
[INFO] [stdout]                                at /rustc/a178d0322ce20e33eac124758e837cbd80a6f633/library/std/src/panicking.rs:622:17
[INFO] [stdout]   11:     0x55ee3bf13aa7 - std::panicking::begin_panic_handler::{{closure}}::h8ab3b4491718b2c7
[INFO] [stdout]                                at /rustc/a178d0322ce20e33eac124758e837cbd80a6f633/library/std/src/panicking.rs:519:13
[INFO] [stdout]   12:     0x55ee3bf11c8c - std::sys_common::backtrace::__rust_end_short_backtrace::hd489062ffa586a9f
[INFO] [stdout]                                at /rustc/a178d0322ce20e33eac124758e837cbd80a6f633/library/std/src/sys_common/backtrace.rs:141:18
[INFO] [stdout]   13:     0x55ee3bf13a09 - rust_begin_unwind
[INFO] [stdout]                                at /rustc/a178d0322ce20e33eac124758e837cbd80a6f633/library/std/src/panicking.rs:515:5
[INFO] [stdout]   14:     0x55ee3bcaac01 - core::panicking::panic_fmt::hca6330e3e14086b4
[INFO] [stdout]                                at /rustc/a178d0322ce20e33eac124758e837cbd80a6f633/library/core/src/panicking.rs:92:14
[INFO] [stdout]   15:     0x55ee3bf32a6e - core::panicking::assert_failed_inner::h33b45280069a80ed
[INFO] [stdout]   16:     0x55ee3bdaadca - core::panicking::assert_failed::h5958f6d0cb11216e
[INFO] [stdout]                                at /rustc/a178d0322ce20e33eac124758e837cbd80a6f633/library/core/src/panicking.rs:117:5
[INFO] [stdout]   17:     0x55ee3bccc26b - test::assert_test_result::h4814de5cb56e2260
[INFO] [stdout]                                at /rustc/a178d0322ce20e33eac124758e837cbd80a6f633/library/test/src/lib.rs:193:5
[INFO] [stdout]   18:     0x55ee3bd04819 - conduit::app::users::register_user::test::register_with_hashed_password::{{closure}}::h230698f64aae8c98
[INFO] [stdout]                                at /opt/rustwide/workdir/src/app/users/register_user.rs:35:5
[INFO] [stdout]   19:     0x55ee3bcbdf5e - core::ops::function::FnOnce::call_once::h8fe86195ba7010c4
[INFO] [stdout]                                at /rustc/a178d0322ce20e33eac124758e837cbd80a6f633/library/core/src/ops/function.rs:227:5
[INFO] [stdout]   20:     0x55ee3bd4be63 - core::ops::function::FnOnce::call_once::h152e7e439ff59e19
[INFO] [stdout]                                at /rustc/a178d0322ce20e33eac124758e837cbd80a6f633/library/core/src/ops/function.rs:227:5
[INFO] [stdout]   21:     0x55ee3bd4be63 - test::__rust_begin_short_backtrace::h0908f3b1fdbb72ab
[INFO] [stdout]                                at /rustc/a178d0322ce20e33eac124758e837cbd80a6f633/library/test/src/lib.rs:577:5
[INFO] [stdout]   22:     0x55ee3bd4a920 - <alloc::boxed::Box<F,A> as core::ops::function::FnOnce<Args>>::call_once::hf6d2a51e5587546c
[INFO] [stdout]                                at /rustc/a178d0322ce20e33eac124758e837cbd80a6f633/library/alloc/src/boxed.rs:1575:9
[INFO] [stdout]   23:     0x55ee3bd4a920 - <std::panic::AssertUnwindSafe<F> as core::ops::function::FnOnce<()>>::call_once::h8af660f3a89ef593
[INFO] [stdout]                                at /rustc/a178d0322ce20e33eac124758e837cbd80a6f633/library/std/src/panic.rs:347:9
[INFO] [stdout]   24:     0x55ee3bd4a920 - std::panicking::try::do_call::hd36aef60f84b6d36
[INFO] [stdout]                                at /rustc/a178d0322ce20e33eac124758e837cbd80a6f633/library/std/src/panicking.rs:401:40
[INFO] [stdout]   25:     0x55ee3bd4a920 - std::panicking::try::h9932b4480e69817c
[INFO] [stdout]                                at /rustc/a178d0322ce20e33eac124758e837cbd80a6f633/library/std/src/panicking.rs:365:19
[INFO] [stdout]   26:     0x55ee3bd4a920 - std::panic::catch_unwind::h6aa177099cfff5f8
[INFO] [stdout]                                at /rustc/a178d0322ce20e33eac124758e837cbd80a6f633/library/std/src/panic.rs:434:14
[INFO] [stdout]   27:     0x55ee3bd4a920 - test::run_test_in_process::h5884d6f2d99e20c3
[INFO] [stdout]                                at /rustc/a178d0322ce20e33eac124758e837cbd80a6f633/library/test/src/lib.rs:600:18
[INFO] [stdout]   28:     0x55ee3bd4a920 - test::run_test::run_test_inner::{{closure}}::h6fdc58c6d5f5b6e3
[INFO] [stdout]                                at /rustc/a178d0322ce20e33eac124758e837cbd80a6f633/library/test/src/lib.rs:492:39
[INFO] [stdout]   29:     0x55ee3bd23fd2 - test::run_test::run_test_inner::{{closure}}::h408365d67a78ade8
[INFO] [stdout]                                at /rustc/a178d0322ce20e33eac124758e837cbd80a6f633/library/test/src/lib.rs:519:37
[INFO] [stdout]   30:     0x55ee3bd23fd2 - std::sys_common::backtrace::__rust_begin_short_backtrace::hb560b77c4f701523
[INFO] [stdout]                                at /rustc/a178d0322ce20e33eac124758e837cbd80a6f633/library/std/src/sys_common/backtrace.rs:125:18
[INFO] [stdout]   31:     0x55ee3bd27b88 - std::thread::Builder::spawn_unchecked::{{closure}}::{{closure}}::hf2e7831dad93c597
[INFO] [stdout]                                at /rustc/a178d0322ce20e33eac124758e837cbd80a6f633/library/std/src/thread/mod.rs:481:17
[INFO] [stdout]   32:     0x55ee3bd27b88 - <std::panic::AssertUnwindSafe<F> as core::ops::function::FnOnce<()>>::call_once::hd2e08783d8be4d02
[INFO] [stdout]                                at /rustc/a178d0322ce20e33eac124758e837cbd80a6f633/library/std/src/panic.rs:347:9
[INFO] [stdout]   33:     0x55ee3bd27b88 - std::panicking::try::do_call::h062597b7acfd6b82
[INFO] [stdout]                                at /rustc/a178d0322ce20e33eac124758e837cbd80a6f633/library/std/src/panicking.rs:401:40
[INFO] [stdout]   34:     0x55ee3bd27b88 - std::panicking::try::h0d7b79db04c14552
[INFO] [stdout]                                at /rustc/a178d0322ce20e33eac124758e837cbd80a6f633/library/std/src/panicking.rs:365:19
[INFO] [stdout]   35:     0x55ee3bd27b88 - std::panic::catch_unwind::hb01a0b5e7c8cd43b
[INFO] [stdout]                                at /rustc/a178d0322ce20e33eac124758e837cbd80a6f633/library/std/src/panic.rs:434:14
[INFO] [stdout]   36:     0x55ee3bd27b88 - std::thread::Builder::spawn_unchecked::{{closure}}::h5bde48cc887e0d1e
[INFO] [stdout]                                at /rustc/a178d0322ce20e33eac124758e837cbd80a6f633/library/std/src/thread/mod.rs:480:30
[INFO] [stdout]   37:     0x55ee3bd27b88 - core::ops::function::FnOnce::call_once{{vtable.shim}}::h745ea30807a29e55
[INFO] [stdout]                                at /rustc/a178d0322ce20e33eac124758e837cbd80a6f633/library/core/src/ops/function.rs:227:5
[INFO] [stdout]   38:     0x55ee3bf18ad7 - <alloc::boxed::Box<F,A> as core::ops::function::FnOnce<Args>>::call_once::h7ece6cfefaff1005
[INFO] [stdout]                                at /rustc/a178d0322ce20e33eac124758e837cbd80a6f633/library/alloc/src/boxed.rs:1575:9
[INFO] [stdout]   39:     0x55ee3bf18ad7 - <alloc::boxed::Box<F,A> as core::ops::function::FnOnce<Args>>::call_once::hb8b48e55c21f193e
[INFO] [stdout]                                at /rustc/a178d0322ce20e33eac124758e837cbd80a6f633/library/alloc/src/boxed.rs:1575:9
[INFO] [stdout]   40:     0x55ee3bf18ad7 - std::sys::unix::thread::Thread::new::thread_start::h8c7c4450dba62914
[INFO] [stdout]                                at /rustc/a178d0322ce20e33eac124758e837cbd80a6f633/library/std/src/sys/unix/thread.rs:71:17
[INFO] [stdout]   41:     0x7fce7e789609 - start_thread
[INFO] [stdout]   42:     0x7fce7e559293 - clone
[INFO] [stdout]   43:                0x0 - <unknown>
[INFO] [stdout] 
[INFO] [stdout] ---- app::articles::get_article::test::no_login_required stdout ----
[INFO] [stdout] Error: Error { inner: BadConnection("could not connect to server: Connection refused\n\tIs the server running on host \"localhost\" (127.0.0.1) and accepting\n\tTCP/IP connections on port 5432?\ncould not connect to server: Cannot assign requested address\n\tIs the server running on host \"localhost\" (::1) and accepting\n\tTCP/IP connections on port 5432?\n")
[INFO] [stdout] 
[INFO] [stdout] stack backtrace:
[INFO] [stdout]    0:     0x55ee3bedf30d - backtrace::backtrace::libunwind::trace::hddeb9a80fdff6fac
[INFO] [stdout]                         at /opt/rustwide/cargo-home/registry/src/github.com-1ecc6299db9ec823/backtrace-0.3.9/src/backtrace/libunwind.rs:53
[INFO] [stdout]                          - backtrace::backtrace::trace::h4d9b1c6655935fb4
[INFO] [stdout]                         at /opt/rustwide/cargo-home/registry/src/github.com-1ecc6299db9ec823/backtrace-0.3.9/src/backtrace/mod.rs:42
[INFO] [stdout]    1:     0x55ee3bedaf8f - backtrace::capture::Backtrace::new_unresolved::h1b422f2aecb84dbc
[INFO] [stdout]                         at /opt/rustwide/cargo-home/registry/src/github.com-1ecc6299db9ec823/backtrace-0.3.9/src/capture.rs:88
[INFO] [stdout]    2:     0x55ee3bed495c - failure::backtrace::internal::InternalBacktrace::new::h597cd5cf5015305a
[INFO] [stdout]                         at /opt/rustwide/cargo-home/registry/src/github.com-1ecc6299db9ec823/failure-0.1.3/src/backtrace/internal.rs:44
[INFO] [stdout]    3:     0x55ee3bed3f06 - failure::backtrace::Backtrace::new::h76d715df443818a5
[INFO] [stdout]                         at /opt/rustwide/cargo-home/registry/src/github.com-1ecc6299db9ec823/failure-0.1.3/src/backtrace/mod.rs:111
[INFO] [stdout]    4:     0x55ee3bcc80ba - <failure::error::error_impl::ErrorImpl as core::convert::From<F>>::from::hb632e981fa5eb545
[INFO] [stdout]                         at /opt/rustwide/cargo-home/registry/src/github.com-1ecc6299db9ec823/failure-0.1.3/src/error/error_impl.rs:19
[INFO] [stdout]    5:     0x55ee3bd151df - <failure::error::Error as core::convert::From<F>>::from::h07352ea219a6fe7d
[INFO] [stdout]                         at /opt/rustwide/cargo-home/registry/src/github.com-1ecc6299db9ec823/failure-0.1.3/src/error/mod.rs:36
[INFO] [stdout]    6:     0x55ee3bcfa28f - <T as core::convert::Into<U>>::into::h772d86ab9f86ba3b
[INFO] [stdout]                         at /rustc/a178d0322ce20e33eac124758e837cbd80a6f633/library/core/src/convert/mod.rs:538
[INFO] [stdout]    7:     0x55ee3bd19930 - failure::context::Context<D>::with_err::h24d0f248a06c38bb
[INFO] [stdout]                         at /opt/rustwide/cargo-home/registry/src/github.com-1ecc6299db9ec823/failure-0.1.3/src/context.rs:105
[INFO] [stdout]    8:     0x55ee3bcfcb79 - failure::Fail::context::h8a82572fb280cbb6
[INFO] [stdout]                         at /opt/rustwide/cargo-home/registry/src/github.com-1ecc6299db9ec823/failure-0.1.3/src/lib.rs:153
[INFO] [stdout]    9:     0x55ee3bcc8e14 - <core::result::Result<T,E> as failure::result_ext::ResultExt<T,E>>::context::{{closure}}::h77a6795d7a2c3b95
[INFO] [stdout]                         at /opt/rustwide/cargo-home/registry/src/github.com-1ecc6299db9ec823/failure-0.1.3/src/result_ext.rs:164
[INFO] [stdout]   10:     0x55ee3bd08008 - core::result::Result<T,E>::map_err::h0903eba4317592e1
[INFO] [stdout]                         at /rustc/a178d0322ce20e33eac124758e837cbd80a6f633/library/core/src/result.rs:591
[INFO] [stdout]   11:     0x55ee3bd0b07c - <core::result::Result<T,E> as failure::result_ext::ResultExt<T,E>>::context::h533a90ad5e231f0b
[INFO] [stdout]                         at /opt/rustwide/cargo-home/registry/src/github.com-1ecc6299db9ec823/failure-0.1.3/src/result_ext.rs:164
[INFO] [stdout]   12:     0x55ee3bcfd54d - conduit::test::Test::db_conn::h863cfdabada79352
[INFO] [stdout]                         at src/test.rs:18
[INFO] [stdout]   13:     0x55ee3bccdb26 - conduit::app::articles::get_article::test::no_login_required::hefeb83831a1d7a12
[INFO] [stdout]                         at src/app/articles/get_article.rs:102
[INFO] [stdout]   14:     0x55ee3bccda50 - conduit::app::articles::get_article::test::no_login_required::{{closure}}::h675ac68dfbdb50c3
[INFO] [stdout]                         at src/app/articles/get_article.rs:100
[INFO] [stdout]   15:     0x55ee3bcbe17d - core::ops::function::FnOnce::call_once::hf0ef7c179f364d93
[INFO] [stdout]                         at /rustc/a178d0322ce20e33eac124758e837cbd80a6f633/library/core/src/ops/function.rs:227
[INFO] [stdout]   16:     0x55ee3bd4be62 - core::ops::function::FnOnce::call_once::h152e7e439ff59e19
[INFO] [stdout]                         at /rustc/a178d0322ce20e33eac124758e837cbd80a6f633/library/core/src/ops/function.rs:227
[INFO] [stdout]                          - test::__rust_begin_short_backtrace::h0908f3b1fdbb72ab
[INFO] [stdout]                         at library/test/src/lib.rs:577
[INFO] [stdout]   17:     0x55ee3bd4a91f - <alloc::boxed::Box<F,A> as core::ops::function::FnOnce<Args>>::call_once::hf6d2a51e5587546c
[INFO] [stdout]                         at /rustc/a178d0322ce20e33eac124758e837cbd80a6f633/library/alloc/src/boxed.rs:1575
[INFO] [stdout]                          - <std::panic::AssertUnwindSafe<F> as core::ops::function::FnOnce<()>>::call_once::h8af660f3a89ef593
[INFO] [stdout]                         at /rustc/a178d0322ce20e33eac124758e837cbd80a6f633/library/std/src/panic.rs:347
[INFO] [stdout]                          - std::panicking::try::do_call::hd36aef60f84b6d36
[INFO] [stdout]                         at /rustc/a178d0322ce20e33eac124758e837cbd80a6f633/library/std/src/panicking.rs:401
[INFO] [stdout]                          - std::panicking::try::h9932b4480e69817c
[INFO] [stdout]                         at /rustc/a178d0322ce20e33eac124758e837cbd80a6f633/library/std/src/panicking.rs:365
[INFO] [stdout]                          - std::panic::catch_unwind::h6aa177099cfff5f8
[INFO] [stdout]                         at /rustc/a178d0322ce20e33eac124758e837cbd80a6f633/library/std/src/panic.rs:434
[INFO] [stdout]                          - test::run_test_in_process::h5884d6f2d99e20c3
[INFO] [stdout]                         at library/test/src/lib.rs:600
[INFO] [stdout]                          - test::run_test::run_test_inner::{{closure}}::h6fdc58c6d5f5b6e3
[INFO] [stdout]                         at library/test/src/lib.rs:492
[INFO] [stdout]   18:     0x55ee3bd23fd1 - test::run_test::run_test_inner::{{closure}}::h408365d67a78ade8
[INFO] [stdout]                         at library/test/src/lib.rs:519
[INFO] [stdout]                          - std::sys_common::backtrace::__rust_begin_short_backtrace::hb560b77c4f701523
[INFO] [stdout]                         at /rustc/a178d0322ce20e33eac124758e837cbd80a6f633/library/std/src/sys_common/backtrace.rs:125
[INFO] [stdout]   19:     0x55ee3bd27b87 - std::thread::Builder::spawn_unchecked::{{closure}}::{{closure}}::hf2e7831dad93c597
[INFO] [stdout]                         at /rustc/a178d0322ce20e33eac124758e837cbd80a6f633/library/std/src/thread/mod.rs:481
[INFO] [stdout]                          - <std::panic::AssertUnwindSafe<F> as core::ops::function::FnOnce<()>>::call_once::hd2e08783d8be4d02
[INFO] [stdout]                         at /rustc/a178d0322ce20e33eac124758e837cbd80a6f633/library/std/src/panic.rs:347
[INFO] [stdout]                          - std::panicking::try::do_call::h062597b7acfd6b82
[INFO] [stdout]                         at /rustc/a178d0322ce20e33eac124758e837cbd80a6f633/library/std/src/panicking.rs:401
[INFO] [stdout]                          - std::panicking::try::h0d7b79db04c14552
[INFO] [stdout]                         at /rustc/a178d0322ce20e33eac124758e837cbd80a6f633/library/std/src/panicking.rs:365
[INFO] [stdout]                          - std::panic::catch_unwind::hb01a0b5e7c8cd43b
[INFO] [stdout]                         at /rustc/a178d0322ce20e33eac124758e837cbd80a6f633/library/std/src/panic.rs:434
[INFO] [stdout]                          - std::thread::Builder::spawn_unchecked::{{closure}}::h5bde48cc887e0d1e
[INFO] [stdout]                         at /rustc/a178d0322ce20e33eac124758e837cbd80a6f633/library/std/src/thread/mod.rs:480
[INFO] [stdout]                          - core::ops::function::FnOnce::call_once{{vtable.shim}}::h745ea30807a29e55
[INFO] [stdout]                         at /rustc/a178d0322ce20e33eac124758e837cbd80a6f633/library/core/src/ops/function.rs:227
[INFO] [stdout]   20:     0x55ee3bf18ad6 - <alloc::boxed::Box<F,A> as core::ops::function::FnOnce<Args>>::call_once::h7ece6cfefaff1005
[INFO] [stdout]                         at /rustc/a178d0322ce20e33eac124758e837cbd80a6f633/library/alloc/src/boxed.rs:1575
[INFO] [stdout]                          - <alloc::boxed::Box<F,A> as core::ops::function::FnOnce<Args>>::call_once::hb8b48e55c21f193e
[INFO] [stdout]                         at /rustc/a178d0322ce20e33eac124758e837cbd80a6f633/library/alloc/src/boxed.rs:1575
[INFO] [stdout]                          - std::sys::unix::thread::Thread::new::thread_start::h8c7c4450dba62914
[INFO] [stdout]                         at library/std/src/sys/unix/thread.rs:71
[INFO] [stdout]   21:     0x7fce7e789608 - start_thread
[INFO] [stdout]   22:     0x7fce7e559292 - __clone
[INFO] [stdout]   23:                0x0 - <unknown>
[INFO] [stdout] 
[INFO] [stdout] establish connection }
[INFO] [stdout] thread 'app::articles::get_article::test::no_login_required' panicked at 'assertion failed: `(left == right)`
[INFO] [stdout]   left: `1`,
[INFO] [stdout]  right: `0`: the test returned a termination value with a non-zero status code (1) which indicates a failure', /rustc/a178d0322ce20e33eac124758e837cbd80a6f633/library/test/src/lib.rs:193:5
[INFO] [stdout] stack backtrace:
[INFO] [stdout]    0:     0x55ee3bf11790 - std::backtrace_rs::backtrace::libunwind::trace::h34055254b57d8e79
[INFO] [stdout]                                at /rustc/a178d0322ce20e33eac124758e837cbd80a6f633/library/std/src/../../backtrace/src/backtrace/libunwind.rs:90:5
[INFO] [stdout]    1:     0x55ee3bf11790 - std::backtrace_rs::backtrace::trace_unsynchronized::h8f1e3fbd9afff6ec
[INFO] [stdout]                                at /rustc/a178d0322ce20e33eac124758e837cbd80a6f633/library/std/src/../../backtrace/src/backtrace/mod.rs:66:5
[INFO] [stdout]    2:     0x55ee3bf11790 - std::sys_common::backtrace::_print_fmt::h3a99a796b770c360
[INFO] [stdout]                                at /rustc/a178d0322ce20e33eac124758e837cbd80a6f633/library/std/src/sys_common/backtrace.rs:67:5
[INFO] [stdout]    3:     0x55ee3bf11790 - <std::sys_common::backtrace::_print::DisplayBacktrace as core::fmt::Display>::fmt::h32d1f94a80615d18
[INFO] [stdout]                                at /rustc/a178d0322ce20e33eac124758e837cbd80a6f633/library/std/src/sys_common/backtrace.rs:46:22
[INFO] [stdout]    4:     0x55ee3bf3406c - core::fmt::write::h306731c068f7162c
[INFO] [stdout]                                at /rustc/a178d0322ce20e33eac124758e837cbd80a6f633/library/core/src/fmt/mod.rs:1110:17
[INFO] [stdout]    5:     0x55ee3bf0d265 - std::io::Write::write_fmt::h87f19b0a2cd190bc
[INFO] [stdout]                                at /rustc/a178d0322ce20e33eac124758e837cbd80a6f633/library/std/src/io/mod.rs:1588:15
[INFO] [stdout]    6:     0x55ee3bf138fb - std::sys_common::backtrace::_print::h5abaa2601a852287
[INFO] [stdout]                                at /rustc/a178d0322ce20e33eac124758e837cbd80a6f633/library/std/src/sys_common/backtrace.rs:49:5
[INFO] [stdout]    7:     0x55ee3bf138fb - std::sys_common::backtrace::print::h8d81445442bb638f
[INFO] [stdout]                                at /rustc/a178d0322ce20e33eac124758e837cbd80a6f633/library/std/src/sys_common/backtrace.rs:36:9
[INFO] [stdout]    8:     0x55ee3bf138fb - std::panicking::default_hook::{{closure}}::hcfe804496a9fa747
[INFO] [stdout]                                at /rustc/a178d0322ce20e33eac124758e837cbd80a6f633/library/std/src/panicking.rs:208:50
[INFO] [stdout]    9:     0x55ee3bf1340c - std::panicking::default_hook::hbea8e3ccf2ba8901
[INFO] [stdout]                                at /rustc/a178d0322ce20e33eac124758e837cbd80a6f633/library/std/src/panicking.rs:222:9
[INFO] [stdout]   10:     0x55ee3bf13fc4 - std::panicking::rust_panic_with_hook::h7ee9e1a2d0f8975a
[INFO] [stdout]                                at /rustc/a178d0322ce20e33eac124758e837cbd80a6f633/library/std/src/panicking.rs:622:17
[INFO] [stdout]   11:     0x55ee3bf13aa7 - std::panicking::begin_panic_handler::{{closure}}::h8ab3b4491718b2c7
[INFO] [stdout]                                at /rustc/a178d0322ce20e33eac124758e837cbd80a6f633/library/std/src/panicking.rs:519:13
[INFO] [stdout]   12:     0x55ee3bf11c8c - std::sys_common::backtrace::__rust_end_short_backtrace::hd489062ffa586a9f
[INFO] [stdout]                                at /rustc/a178d0322ce20e33eac124758e837cbd80a6f633/library/std/src/sys_common/backtrace.rs:141:18
[INFO] [stdout]   13:     0x55ee3bf13a09 - rust_begin_unwind
[INFO] [stdout]                                at /rustc/a178d0322ce20e33eac124758e837cbd80a6f633/library/std/src/panicking.rs:515:5
[INFO] [stdout]   14:     0x55ee3bcaac01 - core::panicking::panic_fmt::hca6330e3e14086b4
[INFO] [stdout]                                at /rustc/a178d0322ce20e33eac124758e837cbd80a6f633/library/core/src/panicking.rs:92:14
[INFO] [stdout]   15:     0x55ee3bf32a6e - core::panicking::assert_failed_inner::h33b45280069a80ed
[INFO] [stdout]   16:     0x55ee3bdaadca - core::panicking::assert_failed::h5958f6d0cb11216e
[INFO] [stdout]                                at /rustc/a178d0322ce20e33eac124758e837cbd80a6f633/library/core/src/panicking.rs:117:5
[INFO] [stdout]   17:     0x55ee3bccc26b - test::assert_test_result::h4814de5cb56e2260
[INFO] [stdout]                                at /rustc/a178d0322ce20e33eac124758e837cbd80a6f633/library/test/src/lib.rs:193:5
[INFO] [stdout]   18:     0x55ee3bccda59 - conduit::app::articles::get_article::test::no_login_required::{{closure}}::h675ac68dfbdb50c3
[INFO] [stdout]                                at /opt/rustwide/workdir/src/app/articles/get_article.rs:100:5
[INFO] [stdout]   19:     0x55ee3bcbe17e - core::ops::function::FnOnce::call_once::hf0ef7c179f364d93
[INFO] [stdout]                                at /rustc/a178d0322ce20e33eac124758e837cbd80a6f633/library/core/src/ops/function.rs:227:5
[INFO] [stdout]   20:     0x55ee3bd4be63 - core::ops::function::FnOnce::call_once::h152e7e439ff59e19
[INFO] [stdout]                                at /rustc/a178d0322ce20e33eac124758e837cbd80a6f633/library/core/src/ops/function.rs:227:5
[INFO] [stdout]   21:     0x55ee3bd4be63 - test::__rust_begin_short_backtrace::h0908f3b1fdbb72ab
[INFO] [stdout]                                at /rustc/a178d0322ce20e33eac124758e837cbd80a6f633/library/test/src/lib.rs:577:5
[INFO] [stdout]   22:     0x55ee3bd4a920 - <alloc::boxed::Box<F,A> as core::ops::function::FnOnce<Args>>::call_once::hf6d2a51e5587546c
[INFO] [stdout]                                at /rustc/a178d0322ce20e33eac124758e837cbd80a6f633/library/alloc/src/boxed.rs:1575:9
[INFO] [stdout]   23:     0x55ee3bd4a920 - <std::panic::AssertUnwindSafe<F> as core::ops::function::FnOnce<()>>::call_once::h8af660f3a89ef593
[INFO] [stdout]                                at /rustc/a178d0322ce20e33eac124758e837cbd80a6f633/library/std/src/panic.rs:347:9
[INFO] [stdout]   24:     0x55ee3bd4a920 - std::panicking::try::do_call::hd36aef60f84b6d36
[INFO] [stdout]                                at /rustc/a178d0322ce20e33eac124758e837cbd80a6f633/library/std/src/panicking.rs:401:40
[INFO] [stdout]   25:     0x55ee3bd4a920 - std::panicking::try::h9932b4480e69817c
[INFO] [stdout]                                at /rustc/a178d0322ce20e33eac124758e837cbd80a6f633/library/std/src/panicking.rs:365:19
[INFO] [stdout]   26:     0x55ee3bd4a920 - std::panic::catch_unwind::h6aa177099cfff5f8
[INFO] [stdout]                                at /rustc/a178d0322ce20e33eac124758e837cbd80a6f633/library/std/src/panic.rs:434:14
[INFO] [stdout]   27:     0x55ee3bd4a920 - test::run_test_in_process::h5884d6f2d99e20c3
[INFO] [stdout]                                at /rustc/a178d0322ce20e33eac124758e837cbd80a6f633/library/test/src/lib.rs:600:18
[INFO] [stdout]   28:     0x55ee3bd4a920 - test::run_test::run_test_inner::{{closure}}::h6fdc58c6d5f5b6e3
[INFO] [stdout]                                at /rustc/a178d0322ce20e33eac124758e837cbd80a6f633/library/test/src/lib.rs:492:39
[INFO] [stdout]   29:     0x55ee3bd23fd2 - test::run_test::run_test_inner::{{closure}}::h408365d67a78ade8
[INFO] [stdout]                                at /rustc/a178d0322ce20e33eac124758e837cbd80a6f633/library/test/src/lib.rs:519:37
[INFO] [stdout]   30:     0x55ee3bd23fd2 - std::sys_common::backtrace::__rust_begin_short_backtrace::hb560b77c4f701523
[INFO] [stdout]                                at /rustc/a178d0322ce20e33eac124758e837cbd80a6f633/library/std/src/sys_common/backtrace.rs:125:18
[INFO] [stdout]   31:     0x55ee3bd27b88 - std::thread::Builder::spawn_unchecked::{{closure}}::{{closure}}::hf2e7831dad93c597
[INFO] [stdout]                                at /rustc/a178d0322ce20e33eac124758e837cbd80a6f633/library/std/src/thread/mod.rs:481:17
[INFO] [stdout]   32:     0x55ee3bd27b88 - <std::panic::AssertUnwindSafe<F> as core::ops::function::FnOnce<()>>::call_once::hd2e08783d8be4d02
[INFO] [stdout]                                at /rustc/a178d0322ce20e33eac124758e837cbd80a6f633/library/std/src/panic.rs:347:9
[INFO] [stdout]   33:     0x55ee3bd27b88 - std::panicking::try::do_call::h062597b7acfd6b82
[INFO] [stdout]                                at /rustc/a178d0322ce20e33eac124758e837cbd80a6f633/library/std/src/panicking.rs:401:40
[INFO] [stdout]   34:     0x55ee3bd27b88 - std::panicking::try::h0d7b79db04c14552
[INFO] [stdout]                                at /rustc/a178d0322ce20e33eac124758e837cbd80a6f633/library/std/src/panicking.rs:365:19
[INFO] [stdout]   35:     0x55ee3bd27b88 - std::panic::catch_unwind::hb01a0b5e7c8cd43b
[INFO] [stdout]                                at /rustc/a178d0322ce20e33eac124758e837cbd80a6f633/library/std/src/panic.rs:434:14
[INFO] [stdout]   36:     0x55ee3bd27b88 - std::thread::Builder::spawn_unchecked::{{closure}}::h5bde48cc887e0d1e
[INFO] [stdout]                                at /rustc/a178d0322ce20e33eac124758e837cbd80a6f633/library/std/src/thread/mod.rs:480:30
[INFO] [stdout]   37:     0x55ee3bd27b88 - core::ops::function::FnOnce::call_once{{vtable.shim}}::h745ea30807a29e55
[INFO] [stdout]                                at /rustc/a178d0322ce20e33eac124758e837cbd80a6f633/library/core/src/ops/function.rs:227:5
[INFO] [stdout]   38:     0x55ee3bf18ad7 - <alloc::boxed::Box<F,A> as core::ops::function::FnOnce<Args>>::call_once::h7ece6cfefaff1005
[INFO] [stdout]                                at /rustc/a178d0322ce20e33eac124758e837cbd80a6f633/library/alloc/src/boxed.rs:1575:9
[INFO] [stdout]   39:     0x55ee3bf18ad7 - <alloc::boxed::Box<F,A> as core::ops::function::FnOnce<Args>>::call_once::hb8b48e55c21f193e
[INFO] [stdout]                                at /rustc/a178d0322ce20e33eac124758e837cbd80a6f633/library/alloc/src/boxed.rs:1575:9
[INFO] [stdout]   40:     0x55ee3bf18ad7 - std::sys::unix::thread::Thread::new::thread_start::h8c7c4450dba62914
[INFO] [stdout]                                at /rustc/a178d0322ce20e33eac124758e837cbd80a6f633/library/std/src/sys/unix/thread.rs:71:17
[INFO] [stdout]   41:     0x7fce7e789609 - start_thread
[INFO] [stdout]   42:     0x7fce7e559293 - clone
[INFO] [stdout]   43:                0x0 - <unknown>
[INFO] [stdout] 
[INFO] [stdout] ---- app::tags::list_tags::test::list_all_tags stdout ----
[INFO] [stdout] Error: Error { inner: BadConnection("could not connect to server: Connection refused\n\tIs the server running on host \"localhost\" (127.0.0.1) and accepting\n\tTCP/IP connections on port 5432?\ncould not connect to server: Cannot assign requested address\n\tIs the server running on host \"localhost\" (::1) and accepting\n\tTCP/IP connections on port 5432?\n")
[INFO] [stdout] 
[INFO] [stdout] stack backtrace:
[INFO] [stdout]    0:     0x55ee3bedf30d - backtrace::backtrace::libunwind::trace::hddeb9a80fdff6fac
[INFO] [stdout]                         at /opt/rustwide/cargo-home/registry/src/github.com-1ecc6299db9ec823/backtrace-0.3.9/src/backtrace/libunwind.rs:53
[INFO] [stdout]                          - backtrace::backtrace::trace::h4d9b1c6655935fb4
[INFO] [stdout]                         at /opt/rustwide/cargo-home/registry/src/github.com-1ecc6299db9ec823/backtrace-0.3.9/src/backtrace/mod.rs:42
[INFO] [stdout]    1:     0x55ee3bedaf8f - backtrace::capture::Backtrace::new_unresolved::h1b422f2aecb84dbc
[INFO] [stdout]                         at /opt/rustwide/cargo-home/registry/src/github.com-1ecc6299db9ec823/backtrace-0.3.9/src/capture.rs:88
[INFO] [stdout]    2:     0x55ee3bed495c - failure::backtrace::internal::InternalBacktrace::new::h597cd5cf5015305a
[INFO] [stdout]                         at /opt/rustwide/cargo-home/registry/src/github.com-1ecc6299db9ec823/failure-0.1.3/src/backtrace/internal.rs:44
[INFO] [stdout]    3:     0x55ee3bed3f06 - failure::backtrace::Backtrace::new::h76d715df443818a5
[INFO] [stdout]                         at /opt/rustwide/cargo-home/registry/src/github.com-1ecc6299db9ec823/failure-0.1.3/src/backtrace/mod.rs:111
[INFO] [stdout]    4:     0x55ee3bcc80ba - <failure::error::error_impl::ErrorImpl as core::convert::From<F>>::from::hb632e981fa5eb545
[INFO] [stdout]                         at /opt/rustwide/cargo-home/registry/src/github.com-1ecc6299db9ec823/failure-0.1.3/src/error/error_impl.rs:19
[INFO] [stdout]    5:     0x55ee3bd151df - <failure::error::Error as core::convert::From<F>>::from::h07352ea219a6fe7d
[INFO] [stdout]                         at /opt/rustwide/cargo-home/registry/src/github.com-1ecc6299db9ec823/failure-0.1.3/src/error/mod.rs:36
[INFO] [stdout]    6:     0x55ee3bcfa28f - <T as core::convert::Into<U>>::into::h772d86ab9f86ba3b
[INFO] [stdout]                         at /rustc/a178d0322ce20e33eac124758e837cbd80a6f633/library/core/src/convert/mod.rs:538
[INFO] [stdout]    7:     0x55ee3bd19930 - failure::context::Context<D>::with_err::h24d0f248a06c38bb
[INFO] [stdout]                         at /opt/rustwide/cargo-home/registry/src/github.com-1ecc6299db9ec823/failure-0.1.3/src/context.rs:105
[INFO] [stdout]    8:     0x55ee3bcfcb79 - failure::Fail::context::h8a82572fb280cbb6
[INFO] [stdout]                         at /opt/rustwide/cargo-home/registry/src/github.com-1ecc6299db9ec823/failure-0.1.3/src/lib.rs:153
[INFO] [stdout]    9:     0x55ee3bcc8e14 - <core::result::Result<T,E> as failure::result_ext::ResultExt<T,E>>::context::{{closure}}::h77a6795d7a2c3b95
[INFO] [stdout]                         at /opt/rustwide/cargo-home/registry/src/github.com-1ecc6299db9ec823/failure-0.1.3/src/result_ext.rs:164
[INFO] [stdout]   10:     0x55ee3bd08008 - core::result::Result<T,E>::map_err::h0903eba4317592e1
[INFO] [stdout]                         at /rustc/a178d0322ce20e33eac124758e837cbd80a6f633/library/core/src/result.rs:591
[INFO] [stdout]   11:     0x55ee3bd0b07c - <core::result::Result<T,E> as failure::result_ext::ResultExt<T,E>>::context::h533a90ad5e231f0b
[INFO] [stdout]                         at /opt/rustwide/cargo-home/registry/src/github.com-1ecc6299db9ec823/failure-0.1.3/src/result_ext.rs:164
[INFO] [stdout]   12:     0x55ee3bcfd54d - conduit::test::Test::db_conn::h863cfdabada79352
[INFO] [stdout]                         at src/test.rs:18
[INFO] [stdout]   13:     0x55ee3bcc44cd - conduit::app::tags::list_tags::test::list_all_tags::h0580e57621b3c7f5
[INFO] [stdout]                         at src/app/tags/list_tags.rs:31
[INFO] [stdout]   14:     0x55ee3bcc4430 - conduit::app::tags::list_tags::test::list_all_tags::{{closure}}::h4b58f29527129b5d
[INFO] [stdout]                         at src/app/tags/list_tags.rs:28
[INFO] [stdout]   15:     0x55ee3bcbdc8d - core::ops::function::FnOnce::call_once::h2a52279a387b4036
[INFO] [stdout]                         at /rustc/a178d0322ce20e33eac124758e837cbd80a6f633/library/core/src/ops/function.rs:227
[INFO] [stdout]   16:     0x55ee3bd4be62 - core::ops::function::FnOnce::call_once::h152e7e439ff59e19
[INFO] [stdout]                         at /rustc/a178d0322ce20e33eac124758e837cbd80a6f633/library/core/src/ops/function.rs:227
[INFO] [stdout]                          - test::__rust_begin_short_backtrace::h0908f3b1fdbb72ab
[INFO] [stdout]                         at library/test/src/lib.rs:577
[INFO] [stdout]   17:     0x55ee3bd4a91f - <alloc::boxed::Box<F,A> as core::ops::function::FnOnce<Args>>::call_once::hf6d2a51e5587546c
[INFO] [stdout]                         at /rustc/a178d0322ce20e33eac124758e837cbd80a6f633/library/alloc/src/boxed.rs:1575
[INFO] [stdout]                          - <std::panic::AssertUnwindSafe<F> as core::ops::function::FnOnce<()>>::call_once::h8af660f3a89ef593
[INFO] [stdout]                         at /rustc/a178d0322ce20e33eac124758e837cbd80a6f633/library/std/src/panic.rs:347
[INFO] [stdout]                          - std::panicking::try::do_call::hd36aef60f84b6d36
[INFO] [stdout]                         at /rustc/a178d0322ce20e33eac124758e837cbd80a6f633/library/std/src/panicking.rs:401
[INFO] [stdout]                          - std::panicking::try::h9932b4480e69817c
[INFO] [stdout]                         at /rustc/a178d0322ce20e33eac124758e837cbd80a6f633/library/std/src/panicking.rs:365
[INFO] [stdout]                          - std::panic::catch_unwind::h6aa177099cfff5f8
[INFO] [stdout]                         at /rustc/a178d0322ce20e33eac124758e837cbd80a6f633/library/std/src/panic.rs:434
[INFO] [stdout]                          - test::run_test_in_process::h5884d6f2d99e20c3
[INFO] [stdout]                         at library/test/src/lib.rs:600
[INFO] [stdout]                          - test::run_test::run_test_inner::{{closure}}::h6fdc58c6d5f5b6e3
[INFO] [stdout]                         at library/test/src/lib.rs:492
[INFO] [stdout]   18:     0x55ee3bd23fd1 - test::run_test::run_test_inner::{{closure}}::h408365d67a78ade8
[INFO] [stdout]                         at library/test/src/lib.rs:519
[INFO] [stdout]                          - std::sys_common::backtrace::__rust_begin_short_backtrace::hb560b77c4f701523
[INFO] [stdout]                         at /rustc/a178d0322ce20e33eac124758e837cbd80a6f633/library/std/src/sys_common/backtrace.rs:125
[INFO] [stdout]   19:     0x55ee3bd27b87 - std::thread::Builder::spawn_unchecked::{{closure}}::{{closure}}::hf2e7831dad93c597
[INFO] [stdout]                         at /rustc/a178d0322ce20e33eac124758e837cbd80a6f633/library/std/src/thread/mod.rs:481
[INFO] [stdout]                          - <std::panic::AssertUnwindSafe<F> as core::ops::function::FnOnce<()>>::call_once::hd2e08783d8be4d02
[INFO] [stdout]                         at /rustc/a178d0322ce20e33eac124758e837cbd80a6f633/library/std/src/panic.rs:347
[INFO] [stdout]                          - std::panicking::try::do_call::h062597b7acfd6b82
[INFO] [stdout]                         at /rustc/a178d0322ce20e33eac124758e837cbd80a6f633/library/std/src/panicking.rs:401
[INFO] [stdout]                          - std::panicking::try::h0d7b79db04c14552
[INFO] [stdout]                         at /rustc/a178d0322ce20e33eac124758e837cbd80a6f633/library/std/src/panicking.rs:365
[INFO] [stdout]                          - std::panic::catch_unwind::hb01a0b5e7c8cd43b
[INFO] [stdout]                         at /rustc/a178d0322ce20e33eac124758e837cbd80a6f633/library/std/src/panic.rs:434
[INFO] [stdout]                          - std::thread::Builder::spawn_unchecked::{{closure}}::h5bde48cc887e0d1e
[INFO] [stdout]                         at /rustc/a178d0322ce20e33eac124758e837cbd80a6f633/library/std/src/thread/mod.rs:480
[INFO] [stdout]                          - core::ops::function::FnOnce::call_once{{vtable.shim}}::h745ea30807a29e55
[INFO] [stdout]                         at /rustc/a178d0322ce20e33eac124758e837cbd80a6f633/library/core/src/ops/function.rs:227
[INFO] [stdout]   20:     0x55ee3bf18ad6 - <alloc::boxed::Box<F,A> as core::ops::function::FnOnce<Args>>::call_once::h7ece6cfefaff1005
[INFO] [stdout]                         at /rustc/a178d0322ce20e33eac124758e837cbd80a6f633/library/alloc/src/boxed.rs:1575
[INFO] [stdout]                          - <alloc::boxed::Box<F,A> as core::ops::function::FnOnce<Args>>::call_once::hb8b48e55c21f193e
[INFO] [stdout]                         at /rustc/a178d0322ce20e33eac124758e837cbd80a6f633/library/alloc/src/boxed.rs:1575
[INFO] [stdout]                          - std::sys::unix::thread::Thread::new::thread_start::h8c7c4450dba62914
[INFO] [stdout]                         at library/std/src/sys/unix/thread.rs:71
[INFO] [stdout]   21:     0x7fce7e789608 - start_thread
[INFO] [stdout]   22:     0x7fce7e559292 - __clone
[INFO] [stdout]   23:                0x0 - <unknown>
[INFO] [stdout] 
[INFO] [stdout] establish connection }
[INFO] [stdout] thread 'app::tags::list_tags::test::list_all_tags' panicked at 'assertion failed: `(left == right)`
[INFO] [stdout]   left: `1`,
[INFO] [stdout]  right: `0`: the test returned a termination value with a non-zero status code (1) which indicates a failure', /rustc/a178d0322ce20e33eac124758e837cbd80a6f633/library/test/src/lib.rs:193:5
[INFO] [stdout] stack backtrace:
[INFO] [stdout]    0:     0x55ee3bf11790 - std::backtrace_rs::backtrace::libunwind::trace::h34055254b57d8e79
[INFO] [stdout]                                at /rustc/a178d0322ce20e33eac124758e837cbd80a6f633/library/std/src/../../backtrace/src/backtrace/libunwind.rs:90:5
[INFO] [stdout]    1:     0x55ee3bf11790 - std::backtrace_rs::backtrace::trace_unsynchronized::h8f1e3fbd9afff6ec
[INFO] [stdout]                                at /rustc/a178d0322ce20e33eac124758e837cbd80a6f633/library/std/src/../../backtrace/src/backtrace/mod.rs:66:5
[INFO] [stdout]    2:     0x55ee3bf11790 - std::sys_common::backtrace::_print_fmt::h3a99a796b770c360
[INFO] [stdout]                                at /rustc/a178d0322ce20e33eac124758e837cbd80a6f633/library/std/src/sys_common/backtrace.rs:67:5
[INFO] [stdout]    3:     0x55ee3bf11790 - <std::sys_common::backtrace::_print::DisplayBacktrace as core::fmt::Display>::fmt::h32d1f94a80615d18
[INFO] [stdout]                                at /rustc/a178d0322ce20e33eac124758e837cbd80a6f633/library/std/src/sys_common/backtrace.rs:46:22
[INFO] [stdout]    4:     0x55ee3bf3406c - core::fmt::write::h306731c068f7162c
[INFO] [stdout]                                at /rustc/a178d0322ce20e33eac124758e837cbd80a6f633/library/core/src/fmt/mod.rs:1110:17
[INFO] [stdout]    5:     0x55ee3bf0d265 - std::io::Write::write_fmt::h87f19b0a2cd190bc
[INFO] [stdout]                                at /rustc/a178d0322ce20e33eac124758e837cbd80a6f633/library/std/src/io/mod.rs:1588:15
[INFO] [stdout]    6:     0x55ee3bf138fb - std::sys_common::backtrace::_print::h5abaa2601a852287
[INFO] [stdout]                                at /rustc/a178d0322ce20e33eac124758e837cbd80a6f633/library/std/src/sys_common/backtrace.rs:49:5
[INFO] [stdout]    7:     0x55ee3bf138fb - std::sys_common::backtrace::print::h8d81445442bb638f
[INFO] [stdout]                                at /rustc/a178d0322ce20e33eac124758e837cbd80a6f633/library/std/src/sys_common/backtrace.rs:36:9
[INFO] [stdout]    8:     0x55ee3bf138fb - std::panicking::default_hook::{{closure}}::hcfe804496a9fa747
[INFO] [stdout]                                at /rustc/a178d0322ce20e33eac124758e837cbd80a6f633/library/std/src/panicking.rs:208:50
[INFO] [stdout]    9:     0x55ee3bf1340c - std::panicking::default_hook::hbea8e3ccf2ba8901
[INFO] [stdout]                                at /rustc/a178d0322ce20e33eac124758e837cbd80a6f633/library/std/src/panicking.rs:222:9
[INFO] [stdout]   10:     0x55ee3bf13fc4 - std::panicking::rust_panic_with_hook::h7ee9e1a2d0f8975a
[INFO] [stdout]                                at /rustc/a178d0322ce20e33eac124758e837cbd80a6f633/library/std/src/panicking.rs:622:17
[INFO] [stdout]   11:     0x55ee3bf13aa7 - std::panicking::begin_panic_handler::{{closure}}::h8ab3b4491718b2c7
[INFO] [stdout]                                at /rustc/a178d0322ce20e33eac124758e837cbd80a6f633/library/std/src/panicking.rs:519:13
[INFO] [stdout]   12:     0x55ee3bf11c8c - std::sys_common::backtrace::__rust_end_short_backtrace::hd489062ffa586a9f
[INFO] [stdout]                                at /rustc/a178d0322ce20e33eac124758e837cbd80a6f633/library/std/src/sys_common/backtrace.rs:141:18
[INFO] [stdout]   13:     0x55ee3bf13a09 - rust_begin_unwind
[INFO] [stdout]                                at /rustc/a178d0322ce20e33eac124758e837cbd80a6f633/library/std/src/panicking.rs:515:5
[INFO] [stdout]   14:     0x55ee3bcaac01 - core::panicking::panic_fmt::hca6330e3e14086b4
[INFO] [stdout]                                at /rustc/a178d0322ce20e33eac124758e837cbd80a6f633/library/core/src/panicking.rs:92:14
[INFO] [stdout]   15:     0x55ee3bf32a6e - core::panicking::assert_failed_inner::h33b45280069a80ed
[INFO] [stdout]   16:     0x55ee3bdaadca - core::panicking::assert_failed::h5958f6d0cb11216e
[INFO] [stdout]                                at /rustc/a178d0322ce20e33eac124758e837cbd80a6f633/library/core/src/panicking.rs:117:5
[INFO] [stdout]   17:     0x55ee3bccc26b - test::assert_test_result::h4814de5cb56e2260
[INFO] [stdout]                                at /rustc/a178d0322ce20e33eac124758e837cbd80a6f633/library/test/src/lib.rs:193:5
[INFO] [stdout]   18:     0x55ee3bcc4439 - conduit::app::tags::list_tags::test::list_all_tags::{{closure}}::h4b58f29527129b5d
[INFO] [stdout]                                at /opt/rustwide/workdir/src/app/tags/list_tags.rs:28:5
[INFO] [stdout]   19:     0x55ee3bcbdc8e - core::ops::function::FnOnce::call_once::h2a52279a387b4036
[INFO] [stdout]                                at /rustc/a178d0322ce20e33eac124758e837cbd80a6f633/library/core/src/ops/function.rs:227:5
[INFO] [stdout]   20:     0x55ee3bd4be63 - core::ops::function::FnOnce::call_once::h152e7e439ff59e19
[INFO] [stdout]                                at /rustc/a178d0322ce20e33eac124758e837cbd80a6f633/library/core/src/ops/function.rs:227:5
[INFO] [stdout]   21:     0x55ee3bd4be63 - test::__rust_begin_short_backtrace::h0908f3b1fdbb72ab
[INFO] [stdout]                                at /rustc/a178d0322ce20e33eac124758e837cbd80a6f633/library/test/src/lib.rs:577:5
[INFO] [stdout]   22:     0x55ee3bd4a920 - <alloc::boxed::Box<F,A> as core::ops::function::FnOnce<Args>>::call_once::hf6d2a51e5587546c
[INFO] [stdout]                                at /rustc/a178d0322ce20e33eac124758e837cbd80a6f633/library/alloc/src/boxed.rs:1575:9
[INFO] [stdout]   23:     0x55ee3bd4a920 - <std::panic::AssertUnwindSafe<F> as core::ops::function::FnOnce<()>>::call_once::h8af660f3a89ef593
[INFO] [stdout]                                at /rustc/a178d0322ce20e33eac124758e837cbd80a6f633/library/std/src/panic.rs:347:9
[INFO] [stdout]   24:     0x55ee3bd4a920 - std::panicking::try::do_call::hd36aef60f84b6d36
[INFO] [stdout]                                at /rustc/a178d0322ce20e33eac124758e837cbd80a6f633/library/std/src/panicking.rs:401:40
[INFO] [stdout]   25:     0x55ee3bd4a920 - std::panicking::try::h9932b4480e69817c
[INFO] [stdout]                                at /rustc/a178d0322ce20e33eac124758e837cbd80a6f633/library/std/src/panicking.rs:365:19
[INFO] [stdout]   26:     0x55ee3bd4a920 - std::panic::catch_unwind::h6aa177099cfff5f8
[INFO] [stdout]                                at /rustc/a178d0322ce20e33eac124758e837cbd80a6f633/library/std/src/panic.rs:434:14
[INFO] [stdout]   27:     0x55ee3bd4a920 - test::run_test_in_process::h5884d6f2d99e20c3
[INFO] [stdout]                                at /rustc/a178d0322ce20e33eac124758e837cbd80a6f633/library/test/src/lib.rs:600:18
[INFO] [stdout]   28:     0x55ee3bd4a920 - test::run_test::run_test_inner::{{closure}}::h6fdc58c6d5f5b6e3
[INFO] [stdout]                                at /rustc/a178d0322ce20e33eac124758e837cbd80a6f633/library/test/src/lib.rs:492:39
[INFO] [stdout]   29:     0x55ee3bd23fd2 - test::run_test::run_test_inner::{{closure}}::h408365d67a78ade8
[INFO] [stdout]                                at /rustc/a178d0322ce20e33eac124758e837cbd80a6f633/library/test/src/lib.rs:519:37
[INFO] [stdout]   30:     0x55ee3bd23fd2 - std::sys_common::backtrace::__rust_begin_short_backtrace::hb560b77c4f701523
[INFO] [stdout]                                at /rustc/a178d0322ce20e33eac124758e837cbd80a6f633/library/std/src/sys_common/backtrace.rs:125:18
[INFO] [stdout]   31:     0x55ee3bd27b88 - std::thread::Builder::spawn_unchecked::{{closure}}::{{closure}}::hf2e7831dad93c597
[INFO] [stdout]                                at /rustc/a178d0322ce20e33eac124758e837cbd80a6f633/library/std/src/thread/mod.rs:481:17
[INFO] [stdout]   32:     0x55ee3bd27b88 - <std::panic::AssertUnwindSafe<F> as core::ops::function::FnOnce<()>>::call_once::hd2e08783d8be4d02
[INFO] [stdout]                                at /rustc/a178d0322ce20e33eac124758e837cbd80a6f633/library/std/src/panic.rs:347:9
[INFO] [stdout]   33:     0x55ee3bd27b88 - std::panicking::try::do_call::h062597b7acfd6b82
[INFO] [stdout]                                at /rustc/a178d0322ce20e33eac124758e837cbd80a6f633/library/std/src/panicking.rs:401:40
[INFO] [stdout]   34:     0x55ee3bd27b88 - std::panicking::try::h0d7b79db04c14552
[INFO] [stdout]                                at /rustc/a178d0322ce20e33eac124758e837cbd80a6f633/library/std/src/panicking.rs:365:19
[INFO] [stdout]   35:     0x55ee3bd27b88 - std::panic::catch_unwind::hb01a0b5e7c8cd43b
[INFO] [stdout]                                at /rustc/a178d0322ce20e33eac124758e837cbd80a6f633/library/std/src/panic.rs:434:14
[INFO] [stdout]   36:     0x55ee3bd27b88 - std::thread::Builder::spawn_unchecked::{{closure}}::h5bde48cc887e0d1e
[INFO] [stdout]                                at /rustc/a178d0322ce20e33eac124758e837cbd80a6f633/library/std/src/thread/mod.rs:480:30
[INFO] [stdout]   37:     0x55ee3bd27b88 - core::ops::function::FnOnce::call_once{{vtable.shim}}::h745ea30807a29e55
[INFO] [stdout]                                at /rustc/a178d0322ce20e33eac124758e837cbd80a6f633/library/core/src/ops/function.rs:227:5
[INFO] [stdout]   38:     0x55ee3bf18ad7 - <alloc::boxed::Box<F,A> as core::ops::function::FnOnce<Args>>::call_once::h7ece6cfefaff1005
[INFO] [stdout]                                at /rustc/a178d0322ce20e33eac124758e837cbd80a6f633/library/alloc/src/boxed.rs:1575:9
[INFO] [stdout]   39:     0x55ee3bf18ad7 - <alloc::boxed::Box<F,A> as core::ops::function::FnOnce<Args>>::call_once::hb8b48e55c21f193e
[INFO] [stdout]                                at /rustc/a178d0322ce20e33eac124758e837cbd80a6f633/library/alloc/src/boxed.rs:1575:9
[INFO] [stdout]   40:     0x55ee3bf18ad7 - std::sys::unix::thread::Thread::new::thread_start::h8c7c4450dba62914
[INFO] [stdout]                                at /rustc/a178d0322ce20e33eac124758e837cbd80a6f633/library/std/src/sys/unix/thread.rs:71:17
[INFO] [stdout]   41:     0x7fce7e789609 - start_thread
[INFO] [stdout]   42:     0x7fce7e559293 - clone
[INFO] [stdout]   43:                0x0 - <unknown>
[INFO] [stdout] 
[INFO] [stdout] 
[INFO] [stdout] failures:
[INFO] [stdout]     app::articles::get_article::test::no_login_required
[INFO] [stdout]     app::articles::get_article::test::with_login
[INFO] [stdout]     app::tags::list_tags::test::list_all_tags
[INFO] [stdout]     app::users::register_user::test::register_with_hashed_password
[INFO] [stdout] 
[INFO] [stdout] test result: FAILED. 2 passed; 4 failed; 0 ignored; 0 measured; 0 filtered out; finished in 0.31s
[INFO] [stdout] 
[INFO] [stderr] error: test failed, to rerun pass '--lib'
[INFO] running `Command { std: "docker" "inspect" "5c04e1f56352844fdb8ad70194b8ad82cbe380a5618a6000ef104f44f8b28282", kill_on_drop: false }`
[INFO] running `Command { std: "docker" "rm" "-f" "5c04e1f56352844fdb8ad70194b8ad82cbe380a5618a6000ef104f44f8b28282", kill_on_drop: false }`
[INFO] [stdout] 5c04e1f56352844fdb8ad70194b8ad82cbe380a5618a6000ef104f44f8b28282
