[INFO] cloning repository https://github.com/kenkoooo/autorace-client
[INFO] running `Command { std: "git" "-c" "credential.helper=" "-c" "credential.helper=/workspace/cargo-home/bin/git-credential-null" "clone" "--bare" "https://github.com/kenkoooo/autorace-client" "/workspace/cache/git-repos/https%3A%2F%2Fgithub.com%2Fkenkoooo%2Fautorace-client", kill_on_drop: false }`
[INFO] [stderr] Cloning into bare repository '/workspace/cache/git-repos/https%3A%2F%2Fgithub.com%2Fkenkoooo%2Fautorace-client'...
[INFO] running `Command { std: "git" "rev-parse" "HEAD", kill_on_drop: false }`
[INFO] [stdout] 2203b836487d28ef88b51d3678da254a7da88ef8
[INFO] testing kenkoooo/autorace-client against 1.54.0 for beta-1.55-1
[INFO] running `Command { std: "git" "clone" "/workspace/cache/git-repos/https%3A%2F%2Fgithub.com%2Fkenkoooo%2Fautorace-client" "/workspace/builds/worker-113/source", kill_on_drop: false }`
[INFO] [stderr] Cloning into '/workspace/builds/worker-113/source'...
[INFO] [stderr] done.
[INFO] validating manifest of git repo https://github.com/kenkoooo/autorace-client on toolchain 1.54.0
[INFO] running `Command { std: "/workspace/cargo-home/bin/cargo" "+1.54.0" "metadata" "--manifest-path" "Cargo.toml" "--no-deps", kill_on_drop: false }`
[INFO] started tweaking git repo https://github.com/kenkoooo/autorace-client
[INFO] finished tweaking git repo https://github.com/kenkoooo/autorace-client
[INFO] tweaked toml for git repo https://github.com/kenkoooo/autorace-client written to /workspace/builds/worker-113/source/Cargo.toml
[INFO] crate git repo https://github.com/kenkoooo/autorace-client already has a lockfile, it will not be regenerated
[INFO] running `Command { std: "/workspace/cargo-home/bin/cargo" "+1.54.0" "fetch" "--manifest-path" "Cargo.toml", kill_on_drop: false }`
[INFO] [stderr]     Blocking waiting for file lock on package cache
[INFO] [stderr]     Blocking waiting for file lock on package cache
[INFO] running `Command { std: "docker" "create" "-v" "/var/lib/crater-agent-workspace/builds/worker-113/target:/opt/rustwide/target:rw,Z" "-v" "/var/lib/crater-agent-workspace/builds/worker-113/source:/opt/rustwide/workdir:ro,Z" "-v" "/var/lib/crater-agent-workspace/cargo-home:/opt/rustwide/cargo-home:ro,Z" "-v" "/var/lib/crater-agent-workspace/rustup-home:/opt/rustwide/rustup-home:ro,Z" "-e" "SOURCE_DIR=/opt/rustwide/workdir" "-e" "CARGO_TARGET_DIR=/opt/rustwide/target" "-e" "CARGO_HOME=/opt/rustwide/cargo-home" "-e" "RUSTUP_HOME=/opt/rustwide/rustup-home" "-w" "/opt/rustwide/workdir" "-m" "1610612736" "--user" "0:0" "--network" "none" "ghcr.io/rust-lang/crates-build-env/linux@sha256:34b6a614d2c27851fe6cbf88fbd1137609cefab8b10d0615aaeb6fd47975d74e" "/opt/rustwide/cargo-home/bin/cargo" "+1.54.0" "metadata" "--no-deps" "--format-version=1", kill_on_drop: false }`
[INFO] [stdout] 6bebd35b5a4526e59247072a9f220f7ba45c3eaebbe522f9722f8d68439a2b41
[INFO] running `Command { std: "docker" "start" "-a" "6bebd35b5a4526e59247072a9f220f7ba45c3eaebbe522f9722f8d68439a2b41", kill_on_drop: false }`
[INFO] running `Command { std: "docker" "inspect" "6bebd35b5a4526e59247072a9f220f7ba45c3eaebbe522f9722f8d68439a2b41", kill_on_drop: false }`
[INFO] running `Command { std: "docker" "rm" "-f" "6bebd35b5a4526e59247072a9f220f7ba45c3eaebbe522f9722f8d68439a2b41", kill_on_drop: false }`
[INFO] [stdout] 6bebd35b5a4526e59247072a9f220f7ba45c3eaebbe522f9722f8d68439a2b41
[INFO] running `Command { std: "docker" "create" "-v" "/var/lib/crater-agent-workspace/builds/worker-113/target:/opt/rustwide/target:rw,Z" "-v" "/var/lib/crater-agent-workspace/builds/worker-113/source:/opt/rustwide/workdir:ro,Z" "-v" "/var/lib/crater-agent-workspace/cargo-home:/opt/rustwide/cargo-home:ro,Z" "-v" "/var/lib/crater-agent-workspace/rustup-home:/opt/rustwide/rustup-home:ro,Z" "-e" "SOURCE_DIR=/opt/rustwide/workdir" "-e" "CARGO_TARGET_DIR=/opt/rustwide/target" "-e" "CARGO_INCREMENTAL=0" "-e" "RUST_BACKTRACE=full" "-e" "RUSTFLAGS=--cap-lints=warn" "-e" "CARGO_HOME=/opt/rustwide/cargo-home" "-e" "RUSTUP_HOME=/opt/rustwide/rustup-home" "-w" "/opt/rustwide/workdir" "-m" "1610612736" "--user" "0:0" "--network" "none" "ghcr.io/rust-lang/crates-build-env/linux@sha256:34b6a614d2c27851fe6cbf88fbd1137609cefab8b10d0615aaeb6fd47975d74e" "/opt/rustwide/cargo-home/bin/cargo" "+1.54.0" "build" "--frozen" "--message-format=json", kill_on_drop: false }`
[INFO] [stdout] 234e95507f0d1b4a867cee04e5974782b8759bc6ba8f3341e85080e2996eeef1
[INFO] running `Command { std: "docker" "start" "-a" "234e95507f0d1b4a867cee04e5974782b8759bc6ba8f3341e85080e2996eeef1", kill_on_drop: false }`
[INFO] [stderr]     Blocking waiting for file lock on package cache
[INFO] [stderr]    Compiling libc v0.2.62
[INFO] [stderr]    Compiling autocfg v0.1.6
[INFO] [stderr]    Compiling rand_core v0.4.2
[INFO] [stderr]    Compiling cfg-if v0.1.9
[INFO] [stderr]    Compiling lazy_static v1.4.0
[INFO] [stderr]    Compiling proc-macro2 v1.0.3
[INFO] [stderr]    Compiling smallvec v0.6.10
[INFO] [stderr]    Compiling proc-macro2 v0.4.30
[INFO] [stderr]    Compiling semver-parser v0.7.0
[INFO] [stderr]    Compiling unicode-xid v0.2.0
[INFO] [stderr]    Compiling unicode-xid v0.1.0
[INFO] [stderr]    Compiling syn v1.0.5
[INFO] [stderr]    Compiling byteorder v1.3.2
[INFO] [stderr]    Compiling log v0.4.8
[INFO] [stderr]    Compiling siphasher v0.2.3
[INFO] [stderr]    Compiling futures v0.1.29
[INFO] [stderr]    Compiling cc v1.0.45
[INFO] [stderr]    Compiling itoa v0.4.4
[INFO] [stderr]    Compiling matches v0.1.8
[INFO] [stderr]    Compiling either v1.5.2
[INFO] [stderr]    Compiling version_check v0.1.5
[INFO] [stderr]    Compiling stable_deref_trait v1.1.1
[INFO] [stderr]    Compiling serde v1.0.100
[INFO] [stderr]    Compiling nodrop v0.1.13
[INFO] [stderr]    Compiling syn v0.15.44
[INFO] [stderr]    Compiling ryu v1.0.0
[INFO] [stderr]    Compiling fnv v1.0.6
[INFO] [stderr]    Compiling slab v0.4.2
[INFO] [stderr]    Compiling string_cache_shared v0.3.0
[INFO] [stderr]    Compiling pkg-config v0.3.16
[INFO] [stderr]    Compiling arrayvec v0.4.11
[INFO] [stderr]    Compiling scopeguard v0.3.3
[INFO] [stderr]    Compiling bitflags v1.1.0
[INFO] [stderr]    Compiling memchr v2.2.1
[INFO] [stderr]    Compiling scopeguard v1.0.0
[INFO] [stderr]    Compiling new_debug_unreachable v1.0.3
[INFO] [stderr]    Compiling rustc-demangle v0.1.16
[INFO] [stderr]    Compiling dtoa v0.4.4
[INFO] [stderr]    Compiling mac v0.1.1
[INFO] [stderr]    Compiling failure_derive v0.1.5
[INFO] [stderr]    Compiling percent-encoding v1.0.1
[INFO] [stderr]    Compiling precomputed-hash v0.1.1
[INFO] [stderr]    Compiling foreign-types-shared v0.1.1
[INFO] [stderr]    Compiling httparse v1.3.4
[INFO] [stderr]    Compiling openssl v0.10.24
[INFO] [stderr]    Compiling utf-8 v0.7.5
[INFO] [stderr]    Compiling try-lock v0.2.2
[INFO] [stderr]    Compiling indexmap v1.2.0
[INFO] [stderr]    Compiling regex-syntax v0.6.12
[INFO] [stderr]    Compiling crc32fast v1.2.0
[INFO] [stderr]    Compiling percent-encoding v2.1.0
[INFO] [stderr]    Compiling native-tls v0.2.3
[INFO] [stderr]    Compiling procedural-masquerade v0.1.6
[INFO] [stderr]    Compiling encoding_rs v0.8.19
[INFO] [stderr]    Compiling adler32 v1.0.3
[INFO] [stderr]    Compiling openssl-probe v0.1.2
[INFO] [stderr]    Compiling mime v0.3.14
[INFO] [stderr]    Compiling unicode-width v0.1.6
[INFO] [stderr]    Compiling thin-slice v0.1.1
[INFO] [stderr]    Compiling ego-tree v0.6.0
[INFO] [stderr]    Compiling miniz_oxide v0.3.2
[INFO] [stderr]    Compiling semver v0.9.0
[INFO] [stderr]    Compiling foreign-types v0.3.2
[INFO] [stderr]    Compiling getopts v0.2.21
[INFO] [stderr]    Compiling thread_local v0.3.6
[INFO] [stderr]    Compiling unicode-bidi v0.3.4
[INFO] [stderr]    Compiling owning_ref v0.4.0
[INFO] [stderr]    Compiling servo_arc v0.1.1
[INFO] [stderr]    Compiling phf_shared v0.7.24
[INFO] [stderr]    Compiling unicode-normalization v0.1.8
[INFO] [stderr]    Compiling rand_core v0.3.1
[INFO] [stderr]    Compiling rand_jitter v0.1.4
[INFO] [stderr]    Compiling futf v0.1.4
[INFO] [stderr]    Compiling crossbeam-utils v0.6.6
[INFO] [stderr]    Compiling try_from v0.3.2
[INFO] [stderr]    Compiling unicase v2.5.1
[INFO] [stderr]    Compiling error-chain v0.12.1
[INFO] [stderr]    Compiling tendril v0.4.1
[INFO] [stderr]    Compiling dtoa-short v0.3.2
[INFO] [stderr]    Compiling rand_chacha v0.1.1
[INFO] [stderr]    Compiling rand_pcg v0.1.2
[INFO] [stderr]    Compiling rand v0.6.5
[INFO] [stderr]    Compiling tokio-sync v0.1.6
[INFO] [stderr]    Compiling rustc_version v0.2.3
[INFO] [stderr]    Compiling quote v0.6.13
[INFO] [stderr]    Compiling rand_os v0.1.3
[INFO] [stderr]    Compiling iovec v0.1.2
[INFO] [stderr]    Compiling num_cpus v1.10.1
[INFO] [stderr]    Compiling net2 v0.2.33
[INFO] [stderr]    Compiling time v0.1.42
[INFO] [stderr]    Compiling aho-corasick v0.7.6
[INFO] [stderr]    Compiling fxhash v0.2.1
[INFO] [stderr]    Compiling base64 v0.10.1
[INFO] [stderr]    Compiling lock_api v0.1.5
[INFO] [stderr]    Compiling phf v0.7.24
[INFO] [stderr]    Compiling rand_isaac v0.1.1
[INFO] [stderr]    Compiling rand_hc v0.1.0
[INFO] [stderr]    Compiling rand_xorshift v0.1.1
[INFO] [stderr]    Compiling want v0.2.0
[INFO] [stderr]    Compiling tokio-executor v0.1.8
[INFO] [stderr]    Compiling crossbeam-queue v0.1.2
[INFO] [stderr]    Compiling flate2 v1.0.11
[INFO] [stderr]    Compiling idna v0.1.5
[INFO] [stderr]    Compiling idna v0.2.0
[INFO] [stderr]    Compiling quote v1.0.2
[INFO] [stderr]    Compiling backtrace-sys v0.1.31
[INFO] [stderr]    Compiling mime_guess v2.0.1
[INFO] [stderr]    Compiling openssl-sys v0.9.49
[INFO] [stderr]    Compiling bytes v0.4.12
[INFO] [stderr]    Compiling mio v0.6.19
[INFO] [stderr]    Compiling futures-cpupool v0.1.8
[INFO] [stderr]    Compiling memoffset v0.5.1
[INFO] [stderr]    Compiling parking_lot_core v0.4.0
[INFO] [stderr]    Compiling hyper v0.12.34
[INFO] [stderr]    Compiling tokio-timer v0.2.11
[INFO] [stderr]    Compiling tokio-current-thread v0.1.6
[INFO] [stderr]    Compiling url v1.7.2
[INFO] [stderr]    Compiling regex v1.3.1
[INFO] [stderr]    Compiling tokio-io v0.1.12
[INFO] [stderr]    Compiling http v0.1.18
[INFO] [stderr]    Compiling string v0.2.1
[INFO] [stderr]    Compiling tokio-buf v0.1.1
[INFO] [stderr]    Compiling crossbeam-epoch v0.7.2
[INFO] [stderr]    Compiling url v2.1.0
[INFO] [stderr]    Compiling crossbeam-deque v0.7.1
[INFO] [stderr]    Compiling backtrace v0.3.37
[INFO] [stderr]    Compiling phf_generator v0.7.24
[INFO] [stderr]    Compiling tokio-threadpool v0.1.15
[INFO] [stderr]    Compiling uuid v0.7.4
[INFO] [stderr]    Compiling phf_codegen v0.7.24
[INFO] [stderr]    Compiling string_cache_codegen v0.4.2
[INFO] [stderr]    Compiling cookie v0.12.0
[INFO] [stderr]    Compiling parking_lot v0.7.1
[INFO] [stderr]    Compiling selectors v0.21.0
[INFO] [stderr]    Compiling tokio-reactor v0.1.9
[INFO] [stderr]    Compiling publicsuffix v1.5.3
[INFO] [stderr]    Compiling string_cache v0.7.3
[INFO] [stderr]    Compiling tokio-tcp v0.1.3
[INFO] [stderr]    Compiling tokio v0.1.22
[INFO] [stderr]    Compiling h2 v0.1.26
[INFO] [stderr]    Compiling http-body v0.1.0
[INFO] [stderr]    Compiling synstructure v0.10.2
[INFO] [stderr]    Compiling html5ever v0.22.5
[INFO] [stderr]    Compiling serde_derive v1.0.100
[INFO] [stderr]    Compiling cssparser v0.25.9
[INFO] [stderr]    Compiling cssparser-macros v0.3.6
[INFO] [stderr]    Compiling hyper-tls v0.3.2
[INFO] [stderr]    Compiling failure v0.1.5
[INFO] [stderr]    Compiling serde_json v1.0.40
[INFO] [stderr]    Compiling serde_urlencoded v0.5.5
[INFO] [stderr]    Compiling cookie_store v0.7.0
[INFO] [stderr]    Compiling markup5ever v0.7.5
[INFO] [stderr]    Compiling reqwest v0.9.20
[INFO] [stderr]    Compiling scraper v0.10.1
[INFO] [stderr]    Compiling autorace-client v0.1.0 (/opt/rustwide/workdir)
[INFO] [stdout] warning: function is never used: `fetch_session`
[INFO] [stdout]  --> src/client.rs:5:4
[INFO] [stdout]   |
[INFO] [stdout] 5 | fn fetch_session() -> Result<(String, String)> {
[INFO] [stdout]   |    ^^^^^^^^^^^^^
[INFO] [stdout]   |
[INFO] [stdout]   = note: `#[warn(dead_code)]` on by default
[INFO] [stdout] 
[INFO] [stdout] 
[INFO] [stdout] warning: function is never used: `fetch_result_of_month`
[INFO] [stdout]   --> src/client.rs:26:4
[INFO] [stdout]    |
[INFO] [stdout] 26 | fn fetch_result_of_month(
[INFO] [stdout]    |    ^^^^^^^^^^^^^^^^^^^^^
[INFO] [stdout] 
[INFO] [stdout] 
[INFO] [stdout] warning: function is never used: `fetch_result_urls_of_year`
[INFO] [stdout]   --> src/client.rs:84:8
[INFO] [stdout]    |
[INFO] [stdout] 84 | pub fn fetch_result_urls_of_year(year: usize) -> Result<BTreeSet<String>> {
[INFO] [stdout]    |        ^^^^^^^^^^^^^^^^^^^^^^^^^
[INFO] [stdout] 
[INFO] [stdout] 
[INFO] [stdout] warning: variant is never constructed: `HtmlParseError`
[INFO] [stdout]  --> src/error.rs:3:5
[INFO] [stdout]   |
[INFO] [stdout] 3 |     HtmlParseError,
[INFO] [stdout]   |     ^^^^^^^^^^^^^^
[INFO] [stdout] 
[INFO] [stdout] 
[INFO] [stdout] warning: variant is never constructed: `CookieError`
[INFO] [stdout]  --> src/error.rs:5:5
[INFO] [stdout]   |
[INFO] [stdout] 5 |     CookieError,
[INFO] [stdout]   |     ^^^^^^^^^^^
[INFO] [stdout] 
[INFO] [stdout] 
[INFO] [stdout] warning: type alias is never used: `Result`
[INFO] [stdout]  --> src/error.rs:8:1
[INFO] [stdout]   |
[INFO] [stdout] 8 | pub type Result<T> = ::std::result::Result<T, Error>;
[INFO] [stdout]   | ^^^^^^^^^^^^^^^^^^^^^^^^^^^^^^^^^^^^^^^^^^^^^^^^^^^^^
[INFO] [stdout] 
[INFO] [stdout] 
[INFO] [stdout] warning: 6 warnings emitted
[INFO] [stdout] 
[INFO] [stdout] 
[INFO] [stderr]     Finished dev [unoptimized + debuginfo] target(s) in 1m 12s
[INFO] running `Command { std: "docker" "inspect" "234e95507f0d1b4a867cee04e5974782b8759bc6ba8f3341e85080e2996eeef1", kill_on_drop: false }`
[INFO] running `Command { std: "docker" "rm" "-f" "234e95507f0d1b4a867cee04e5974782b8759bc6ba8f3341e85080e2996eeef1", kill_on_drop: false }`
[INFO] [stdout] 234e95507f0d1b4a867cee04e5974782b8759bc6ba8f3341e85080e2996eeef1
[INFO] running `Command { std: "docker" "create" "-v" "/var/lib/crater-agent-workspace/builds/worker-113/target:/opt/rustwide/target:rw,Z" "-v" "/var/lib/crater-agent-workspace/builds/worker-113/source:/opt/rustwide/workdir:ro,Z" "-v" "/var/lib/crater-agent-workspace/cargo-home:/opt/rustwide/cargo-home:ro,Z" "-v" "/var/lib/crater-agent-workspace/rustup-home:/opt/rustwide/rustup-home:ro,Z" "-e" "SOURCE_DIR=/opt/rustwide/workdir" "-e" "CARGO_TARGET_DIR=/opt/rustwide/target" "-e" "CARGO_INCREMENTAL=0" "-e" "RUST_BACKTRACE=full" "-e" "RUSTFLAGS=--cap-lints=warn" "-e" "CARGO_HOME=/opt/rustwide/cargo-home" "-e" "RUSTUP_HOME=/opt/rustwide/rustup-home" "-w" "/opt/rustwide/workdir" "-m" "1610612736" "--user" "0:0" "--network" "none" "ghcr.io/rust-lang/crates-build-env/linux@sha256:34b6a614d2c27851fe6cbf88fbd1137609cefab8b10d0615aaeb6fd47975d74e" "/opt/rustwide/cargo-home/bin/cargo" "+1.54.0" "test" "--frozen" "--no-run" "--message-format=json", kill_on_drop: false }`
[INFO] [stdout] 05da1e59fde6e31ab958dbeda8bb2fa19be8a65b601c49e1ce20ee3f7a5d8dc8
[INFO] running `Command { std: "docker" "start" "-a" "05da1e59fde6e31ab958dbeda8bb2fa19be8a65b601c49e1ce20ee3f7a5d8dc8", kill_on_drop: false }`
[INFO] [stderr]     Blocking waiting for file lock on package cache
[INFO] [stderr]    Compiling autorace-client v0.1.0 (/opt/rustwide/workdir)
[INFO] [stdout] warning: function is never used: `fetch_session`
[INFO] [stdout]  --> src/client.rs:5:4
[INFO] [stdout]   |
[INFO] [stdout] 5 | fn fetch_session() -> Result<(String, String)> {
[INFO] [stdout]   |    ^^^^^^^^^^^^^
[INFO] [stdout]   |
[INFO] [stdout]   = note: `#[warn(dead_code)]` on by default
[INFO] [stdout] 
[INFO] [stdout] 
[INFO] [stdout] warning: function is never used: `fetch_result_of_month`
[INFO] [stdout]   --> src/client.rs:26:4
[INFO] [stdout]    |
[INFO] [stdout] 26 | fn fetch_result_of_month(
[INFO] [stdout]    |    ^^^^^^^^^^^^^^^^^^^^^
[INFO] [stdout] 
[INFO] [stdout] 
[INFO] [stdout] warning: function is never used: `fetch_result_urls_of_year`
[INFO] [stdout]   --> src/client.rs:84:8
[INFO] [stdout]    |
[INFO] [stdout] 84 | pub fn fetch_result_urls_of_year(year: usize) -> Result<BTreeSet<String>> {
[INFO] [stdout]    |        ^^^^^^^^^^^^^^^^^^^^^^^^^
[INFO] [stdout] 
[INFO] [stdout] 
[INFO] [stdout] warning: variant is never constructed: `HtmlParseError`
[INFO] [stdout]  --> src/error.rs:3:5
[INFO] [stdout]   |
[INFO] [stdout] 3 |     HtmlParseError,
[INFO] [stdout]   |     ^^^^^^^^^^^^^^
[INFO] [stdout] 
[INFO] [stdout] 
[INFO] [stdout] warning: variant is never constructed: `CookieError`
[INFO] [stdout]  --> src/error.rs:5:5
[INFO] [stdout]   |
[INFO] [stdout] 5 |     CookieError,
[INFO] [stdout]   |     ^^^^^^^^^^^
[INFO] [stdout] 
[INFO] [stdout] 
[INFO] [stdout] warning: type alias is never used: `Result`
[INFO] [stdout]  --> src/error.rs:8:1
[INFO] [stdout]   |
[INFO] [stdout] 8 | pub type Result<T> = ::std::result::Result<T, Error>;
[INFO] [stdout]   | ^^^^^^^^^^^^^^^^^^^^^^^^^^^^^^^^^^^^^^^^^^^^^^^^^^^^^
[INFO] [stdout] 
[INFO] [stdout] 
[INFO] [stdout] warning: 6 warnings emitted
[INFO] [stdout] 
[INFO] [stdout] 
[INFO] [stderr]     Finished test [unoptimized + debuginfo] target(s) in 23.78s
[INFO] running `Command { std: "docker" "inspect" "05da1e59fde6e31ab958dbeda8bb2fa19be8a65b601c49e1ce20ee3f7a5d8dc8", kill_on_drop: false }`
[INFO] running `Command { std: "docker" "rm" "-f" "05da1e59fde6e31ab958dbeda8bb2fa19be8a65b601c49e1ce20ee3f7a5d8dc8", kill_on_drop: false }`
[INFO] [stdout] 05da1e59fde6e31ab958dbeda8bb2fa19be8a65b601c49e1ce20ee3f7a5d8dc8
[INFO] running `Command { std: "docker" "create" "-v" "/var/lib/crater-agent-workspace/builds/worker-113/target:/opt/rustwide/target:rw,Z" "-v" "/var/lib/crater-agent-workspace/builds/worker-113/source:/opt/rustwide/workdir:ro,Z" "-v" "/var/lib/crater-agent-workspace/cargo-home:/opt/rustwide/cargo-home:ro,Z" "-v" "/var/lib/crater-agent-workspace/rustup-home:/opt/rustwide/rustup-home:ro,Z" "-e" "SOURCE_DIR=/opt/rustwide/workdir" "-e" "CARGO_TARGET_DIR=/opt/rustwide/target" "-e" "CARGO_INCREMENTAL=0" "-e" "RUST_BACKTRACE=full" "-e" "RUSTFLAGS=--cap-lints=warn" "-e" "CARGO_HOME=/opt/rustwide/cargo-home" "-e" "RUSTUP_HOME=/opt/rustwide/rustup-home" "-w" "/opt/rustwide/workdir" "-m" "1610612736" "--user" "0:0" "--network" "none" "ghcr.io/rust-lang/crates-build-env/linux@sha256:34b6a614d2c27851fe6cbf88fbd1137609cefab8b10d0615aaeb6fd47975d74e" "/opt/rustwide/cargo-home/bin/cargo" "+1.54.0" "test" "--frozen", kill_on_drop: false }`
[INFO] [stdout] 2d73c808fd483492e2242c5577a2228bca031ec522a2bc013a1c4d2ea539155f
[INFO] running `Command { std: "docker" "start" "-a" "2d73c808fd483492e2242c5577a2228bca031ec522a2bc013a1c4d2ea539155f", kill_on_drop: false }`
[INFO] [stderr]     Blocking waiting for file lock on package cache
[INFO] [stderr] warning: function is never used: `fetch_session`
[INFO] [stderr]  --> src/client.rs:5:4
[INFO] [stderr]   |
[INFO] [stderr] 5 | fn fetch_session() -> Result<(String, String)> {
[INFO] [stderr]   |    ^^^^^^^^^^^^^
[INFO] [stderr]   |
[INFO] [stderr]   = note: `#[warn(dead_code)]` on by default
[INFO] [stderr] 
[INFO] [stderr] warning: function is never used: `fetch_result_of_month`
[INFO] [stderr]   --> src/client.rs:26:4
[INFO] [stderr]    |
[INFO] [stderr] 26 | fn fetch_result_of_month(
[INFO] [stderr]    |    ^^^^^^^^^^^^^^^^^^^^^
[INFO] [stderr] 
[INFO] [stderr] warning: function is never used: `fetch_result_urls_of_year`
[INFO] [stderr]   --> src/client.rs:84:8
[INFO] [stderr]    |
[INFO] [stderr] 84 | pub fn fetch_result_urls_of_year(year: usize) -> Result<BTreeSet<String>> {
[INFO] [stderr]    |        ^^^^^^^^^^^^^^^^^^^^^^^^^
[INFO] [stderr] 
[INFO] [stderr] warning: variant is never constructed: `HtmlParseError`
[INFO] [stderr]  --> src/error.rs:3:5
[INFO] [stderr]   |
[INFO] [stderr] 3 |     HtmlParseError,
[INFO] [stderr]   |     ^^^^^^^^^^^^^^
[INFO] [stderr] 
[INFO] [stderr] warning: variant is never constructed: `CookieError`
[INFO] [stderr]  --> src/error.rs:5:5
[INFO] [stderr]   |
[INFO] [stderr] 5 |     CookieError,
[INFO] [stderr]   |     ^^^^^^^^^^^
[INFO] [stderr] 
[INFO] [stderr] warning: type alias is never used: `Result`
[INFO] [stderr]  --> src/error.rs:8:1
[INFO] [stderr]   |
[INFO] [stderr] 8 | pub type Result<T> = ::std::result::Result<T, Error>;
[INFO] [stderr]   | ^^^^^^^^^^^^^^^^^^^^^^^^^^^^^^^^^^^^^^^^^^^^^^^^^^^^^
[INFO] [stderr] 
[INFO] [stderr] warning: 6 warnings emitted
[INFO] [stderr] 
[INFO] [stderr]     Finished test [unoptimized + debuginfo] target(s) in 0.34s
[INFO] [stderr]      Running unittests (/opt/rustwide/target/debug/deps/autorace_client-eeea958b827b3886)
[INFO] [stdout] 
[INFO] [stdout] running 1 test
[INFO] [stdout] test client::tests::test_fetch_result_urls_of_year ... FAILED
[INFO] [stdout] 
[INFO] [stdout] failures:
[INFO] [stdout] 
[INFO] [stdout] ---- client::tests::test_fetch_result_urls_of_year stdout ----
[INFO] [stdout] thread 'client::tests::test_fetch_result_urls_of_year' panicked at 'called `Result::unwrap()` on an `Err` value: HttpIOError', src/client.rs:100:28
[INFO] [stdout] stack backtrace:
[INFO] [stdout]    0:     0x562e873ccee0 - std::backtrace_rs::backtrace::libunwind::trace::h34055254b57d8e79
[INFO] [stdout]                                at /rustc/a178d0322ce20e33eac124758e837cbd80a6f633/library/std/src/../../backtrace/src/backtrace/libunwind.rs:90:5
[INFO] [stdout]    1:     0x562e873ccee0 - std::backtrace_rs::backtrace::trace_unsynchronized::h8f1e3fbd9afff6ec
[INFO] [stdout]                                at /rustc/a178d0322ce20e33eac124758e837cbd80a6f633/library/std/src/../../backtrace/src/backtrace/mod.rs:66:5
[INFO] [stdout]    2:     0x562e873ccee0 - std::sys_common::backtrace::_print_fmt::h3a99a796b770c360
[INFO] [stdout]                                at /rustc/a178d0322ce20e33eac124758e837cbd80a6f633/library/std/src/sys_common/backtrace.rs:67:5
[INFO] [stdout]    3:     0x562e873ccee0 - <std::sys_common::backtrace::_print::DisplayBacktrace as core::fmt::Display>::fmt::h32d1f94a80615d18
[INFO] [stdout]                                at /rustc/a178d0322ce20e33eac124758e837cbd80a6f633/library/std/src/sys_common/backtrace.rs:46:22
[INFO] [stdout]    4:     0x562e873f218c - core::fmt::write::h306731c068f7162c
[INFO] [stdout]                                at /rustc/a178d0322ce20e33eac124758e837cbd80a6f633/library/core/src/fmt/mod.rs:1110:17
[INFO] [stdout]    5:     0x562e873c6995 - std::io::Write::write_fmt::h87f19b0a2cd190bc
[INFO] [stdout]                                at /rustc/a178d0322ce20e33eac124758e837cbd80a6f633/library/std/src/io/mod.rs:1588:15
[INFO] [stdout]    6:     0x562e873cf0eb - std::sys_common::backtrace::_print::h5abaa2601a852287
[INFO] [stdout]                                at /rustc/a178d0322ce20e33eac124758e837cbd80a6f633/library/std/src/sys_common/backtrace.rs:49:5
[INFO] [stdout]    7:     0x562e873cf0eb - std::sys_common::backtrace::print::h8d81445442bb638f
[INFO] [stdout]                                at /rustc/a178d0322ce20e33eac124758e837cbd80a6f633/library/std/src/sys_common/backtrace.rs:36:9
[INFO] [stdout]    8:     0x562e873cf0eb - std::panicking::default_hook::{{closure}}::hcfe804496a9fa747
[INFO] [stdout]                                at /rustc/a178d0322ce20e33eac124758e837cbd80a6f633/library/std/src/panicking.rs:208:50
[INFO] [stdout]    9:     0x562e873cebfc - std::panicking::default_hook::hbea8e3ccf2ba8901
[INFO] [stdout]                                at /rustc/a178d0322ce20e33eac124758e837cbd80a6f633/library/std/src/panicking.rs:222:9
[INFO] [stdout]   10:     0x562e873cf7b4 - std::panicking::rust_panic_with_hook::h7ee9e1a2d0f8975a
[INFO] [stdout]                                at /rustc/a178d0322ce20e33eac124758e837cbd80a6f633/library/std/src/panicking.rs:622:17
[INFO] [stdout]   11:     0x562e873cf297 - std::panicking::begin_panic_handler::{{closure}}::h8ab3b4491718b2c7
[INFO] [stdout]                                at /rustc/a178d0322ce20e33eac124758e837cbd80a6f633/library/std/src/panicking.rs:519:13
[INFO] [stdout]   12:     0x562e873cd3dc - std::sys_common::backtrace::__rust_end_short_backtrace::hd489062ffa586a9f
[INFO] [stdout]                                at /rustc/a178d0322ce20e33eac124758e837cbd80a6f633/library/std/src/sys_common/backtrace.rs:141:18
[INFO] [stdout]   13:     0x562e873cf1f9 - rust_begin_unwind
[INFO] [stdout]                                at /rustc/a178d0322ce20e33eac124758e837cbd80a6f633/library/std/src/panicking.rs:515:5
[INFO] [stdout]   14:     0x562e86be0c81 - core::panicking::panic_fmt::hca6330e3e14086b4
[INFO] [stdout]                                at /rustc/a178d0322ce20e33eac124758e837cbd80a6f633/library/core/src/panicking.rs:92:14
[INFO] [stdout]   15:     0x562e86be0d73 - core::result::unwrap_failed::h6160d2b4bfbb0e87
[INFO] [stdout]                                at /rustc/a178d0322ce20e33eac124758e837cbd80a6f633/library/core/src/result.rs:1355:5
[INFO] [stdout]   16:     0x562e86bf41a1 - core::result::Result<T,E>::unwrap::hf7629c475a4b97f3
[INFO] [stdout]                                at /rustc/a178d0322ce20e33eac124758e837cbd80a6f633/library/core/src/result.rs:1037:23
[INFO] [stdout]   17:     0x562e86be860a - autorace_client::client::tests::test_fetch_result_urls_of_year::ha1b3ed2c6be8e15f
[INFO] [stdout]                                at /opt/rustwide/workdir/src/client.rs:100:20
[INFO] [stdout]   18:     0x562e86be859a - autorace_client::client::tests::test_fetch_result_urls_of_year::{{closure}}::hda1c9df93af99db1
[INFO] [stdout]                                at /opt/rustwide/workdir/src/client.rs:98:5
[INFO] [stdout]   19:     0x562e86bf763e - core::ops::function::FnOnce::call_once::hea563db29bafe519
[INFO] [stdout]                                at /rustc/a178d0322ce20e33eac124758e837cbd80a6f633/library/core/src/ops/function.rs:227:5
[INFO] [stdout]   20:     0x562e87293b73 - core::ops::function::FnOnce::call_once::h152e7e439ff59e19
[INFO] [stdout]                                at /rustc/a178d0322ce20e33eac124758e837cbd80a6f633/library/core/src/ops/function.rs:227:5
[INFO] [stdout]   21:     0x562e87293b73 - test::__rust_begin_short_backtrace::h0908f3b1fdbb72ab
[INFO] [stdout]                                at /rustc/a178d0322ce20e33eac124758e837cbd80a6f633/library/test/src/lib.rs:577:5
[INFO] [stdout]   22:     0x562e87292630 - <alloc::boxed::Box<F,A> as core::ops::function::FnOnce<Args>>::call_once::hf6d2a51e5587546c
[INFO] [stdout]                                at /rustc/a178d0322ce20e33eac124758e837cbd80a6f633/library/alloc/src/boxed.rs:1575:9
[INFO] [stdout]   23:     0x562e87292630 - <std::panic::AssertUnwindSafe<F> as core::ops::function::FnOnce<()>>::call_once::h8af660f3a89ef593
[INFO] [stdout]                                at /rustc/a178d0322ce20e33eac124758e837cbd80a6f633/library/std/src/panic.rs:347:9
[INFO] [stdout]   24:     0x562e87292630 - std::panicking::try::do_call::hd36aef60f84b6d36
[INFO] [stdout]                                at /rustc/a178d0322ce20e33eac124758e837cbd80a6f633/library/std/src/panicking.rs:401:40
[INFO] [stdout]   25:     0x562e87292630 - std::panicking::try::h9932b4480e69817c
[INFO] [stdout]                                at /rustc/a178d0322ce20e33eac124758e837cbd80a6f633/library/std/src/panicking.rs:365:19
[INFO] [stdout]   26:     0x562e87292630 - std::panic::catch_unwind::h6aa177099cfff5f8
[INFO] [stdout]                                at /rustc/a178d0322ce20e33eac124758e837cbd80a6f633/library/std/src/panic.rs:434:14
[INFO] [stdout]   27:     0x562e87292630 - test::run_test_in_process::h5884d6f2d99e20c3
[INFO] [stdout]                                at /rustc/a178d0322ce20e33eac124758e837cbd80a6f633/library/test/src/lib.rs:600:18
[INFO] [stdout]   28:     0x562e87292630 - test::run_test::run_test_inner::{{closure}}::h6fdc58c6d5f5b6e3
[INFO] [stdout]                                at /rustc/a178d0322ce20e33eac124758e837cbd80a6f633/library/test/src/lib.rs:492:39
[INFO] [stdout]   29:     0x562e8726bce2 - test::run_test::run_test_inner::{{closure}}::h408365d67a78ade8
[INFO] [stdout]                                at /rustc/a178d0322ce20e33eac124758e837cbd80a6f633/library/test/src/lib.rs:519:37
[INFO] [stdout]   30:     0x562e8726bce2 - std::sys_common::backtrace::__rust_begin_short_backtrace::hb560b77c4f701523
[INFO] [stdout]                                at /rustc/a178d0322ce20e33eac124758e837cbd80a6f633/library/std/src/sys_common/backtrace.rs:125:18
[INFO] [stdout]   31:     0x562e8726f898 - std::thread::Builder::spawn_unchecked::{{closure}}::{{closure}}::hf2e7831dad93c597
[INFO] [stdout]                                at /rustc/a178d0322ce20e33eac124758e837cbd80a6f633/library/std/src/thread/mod.rs:481:17
[INFO] [stdout]   32:     0x562e8726f898 - <std::panic::AssertUnwindSafe<F> as core::ops::function::FnOnce<()>>::call_once::hd2e08783d8be4d02
[INFO] [stdout]                                at /rustc/a178d0322ce20e33eac124758e837cbd80a6f633/library/std/src/panic.rs:347:9
[INFO] [stdout]   33:     0x562e8726f898 - std::panicking::try::do_call::h062597b7acfd6b82
[INFO] [stdout]                                at /rustc/a178d0322ce20e33eac124758e837cbd80a6f633/library/std/src/panicking.rs:401:40
[INFO] [stdout]   34:     0x562e8726f898 - std::panicking::try::h0d7b79db04c14552
[INFO] [stdout]                                at /rustc/a178d0322ce20e33eac124758e837cbd80a6f633/library/std/src/panicking.rs:365:19
[INFO] [stdout]   35:     0x562e8726f898 - std::panic::catch_unwind::hb01a0b5e7c8cd43b
[INFO] [stdout]                                at /rustc/a178d0322ce20e33eac124758e837cbd80a6f633/library/std/src/panic.rs:434:14
[INFO] [stdout]   36:     0x562e8726f898 - std::thread::Builder::spawn_unchecked::{{closure}}::h5bde48cc887e0d1e
[INFO] [stdout]                                at /rustc/a178d0322ce20e33eac124758e837cbd80a6f633/library/std/src/thread/mod.rs:480:30
[INFO] [stdout]   37:     0x562e8726f898 - core::ops::function::FnOnce::call_once{{vtable.shim}}::h745ea30807a29e55
[INFO] [stdout]                                at /rustc/a178d0322ce20e33eac124758e837cbd80a6f633/library/core/src/ops/function.rs:227:5
[INFO] [stdout]   38:     0x562e873d4b47 - <alloc::boxed::Box<F,A> as core::ops::function::FnOnce<Args>>::call_once::h7ece6cfefaff1005
[INFO] [stdout]                                at /rustc/a178d0322ce20e33eac124758e837cbd80a6f633/library/alloc/src/boxed.rs:1575:9
[INFO] [stdout]   39:     0x562e873d4b47 - <alloc::boxed::Box<F,A> as core::ops::function::FnOnce<Args>>::call_once::hb8b48e55c21f193e
[INFO] [stdout]                                at /rustc/a178d0322ce20e33eac124758e837cbd80a6f633/library/alloc/src/boxed.rs:1575:9
[INFO] [stdout]   40:     0x562e873d4b47 - std::sys::unix::thread::Thread::new::thread_start::h8c7c4450dba62914
[INFO] [stdout]                                at /rustc/a178d0322ce20e33eac124758e837cbd80a6f633/library/std/src/sys/unix/thread.rs:71:17
[INFO] [stdout]   41:     0x7fd36046e609 - start_thread
[INFO] [stdout]   42:     0x7fd36023e293 - clone
[INFO] [stdout]   43:                0x0 - <unknown>
[INFO] [stdout] 
[INFO] [stdout] 
[INFO] [stdout] failures:
[INFO] [stdout]     client::tests::test_fetch_result_urls_of_year
[INFO] [stdout] 
[INFO] [stdout] test result: FAILED. 0 passed; 1 failed; 0 ignored; 0 measured; 0 filtered out; finished in 0.07s
[INFO] [stdout] 
[INFO] [stderr] error: test failed, to rerun pass '--lib'
[INFO] running `Command { std: "docker" "inspect" "2d73c808fd483492e2242c5577a2228bca031ec522a2bc013a1c4d2ea539155f", kill_on_drop: false }`
[INFO] running `Command { std: "docker" "rm" "-f" "2d73c808fd483492e2242c5577a2228bca031ec522a2bc013a1c4d2ea539155f", kill_on_drop: false }`
[INFO] [stdout] 2d73c808fd483492e2242c5577a2228bca031ec522a2bc013a1c4d2ea539155f
