[INFO] cloning repository https://github.com/jgoerzen/covid19db
[INFO] running `Command { std: "git" "-c" "credential.helper=" "-c" "credential.helper=/workspace/cargo-home/bin/git-credential-null" "clone" "--bare" "https://github.com/jgoerzen/covid19db" "/workspace/cache/git-repos/https%3A%2F%2Fgithub.com%2Fjgoerzen%2Fcovid19db", kill_on_drop: false }`
[INFO] [stderr] Cloning into bare repository '/workspace/cache/git-repos/https%3A%2F%2Fgithub.com%2Fjgoerzen%2Fcovid19db'...
[INFO] running `Command { std: "git" "rev-parse" "HEAD", kill_on_drop: false }`
[INFO] [stdout] 93c6d80878735e3be6b4e7829ea7292fac9a9941
[INFO] testing jgoerzen/covid19db against 1.54.0 for beta-1.55-1
[INFO] running `Command { std: "git" "clone" "/workspace/cache/git-repos/https%3A%2F%2Fgithub.com%2Fjgoerzen%2Fcovid19db" "/workspace/builds/worker-95/source", kill_on_drop: false }`
[INFO] [stderr] Cloning into '/workspace/builds/worker-95/source'...
[INFO] [stderr] done.
[INFO] validating manifest of git repo https://github.com/jgoerzen/covid19db on toolchain 1.54.0
[INFO] running `Command { std: "/workspace/cargo-home/bin/cargo" "+1.54.0" "metadata" "--manifest-path" "Cargo.toml" "--no-deps", kill_on_drop: false }`
[INFO] started tweaking git repo https://github.com/jgoerzen/covid19db
[INFO] finished tweaking git repo https://github.com/jgoerzen/covid19db
[INFO] tweaked toml for git repo https://github.com/jgoerzen/covid19db written to /workspace/builds/worker-95/source/Cargo.toml
[INFO] crate git repo https://github.com/jgoerzen/covid19db already has a lockfile, it will not be regenerated
[INFO] running `Command { std: "/workspace/cargo-home/bin/cargo" "+1.54.0" "fetch" "--manifest-path" "Cargo.toml", kill_on_drop: false }`
[INFO] [stderr]     Blocking waiting for file lock on package cache
[INFO] [stderr]     Blocking waiting for file lock on package cache
[INFO] [stderr]  Downloading crates ...
[INFO] [stderr]   Downloaded zstd v0.6.1+zstd.1.4.9
[INFO] [stderr]   Downloaded sqlx-macros v0.3.5
[INFO] [stderr]   Downloaded sqlx v0.3.5
[INFO] [stderr]   Downloaded sqlx-core v0.3.5
[INFO] [stderr]   Downloaded tokio-socks v0.3.0
[INFO] [stderr]   Downloaded zstd-safe v3.0.1+zstd.1.4.9
[INFO] [stderr]   Downloaded julianday v0.2.0
[INFO] [stderr]   Downloaded zstd-sys v1.4.20+zstd.1.4.9
[INFO] [stderr]   Downloaded libsqlite3-sys v0.17.3
[INFO] running `Command { std: "docker" "create" "-v" "/var/lib/crater-agent-workspace/builds/worker-95/target:/opt/rustwide/target:rw,Z" "-v" "/var/lib/crater-agent-workspace/builds/worker-95/source:/opt/rustwide/workdir:ro,Z" "-v" "/var/lib/crater-agent-workspace/cargo-home:/opt/rustwide/cargo-home:ro,Z" "-v" "/var/lib/crater-agent-workspace/rustup-home:/opt/rustwide/rustup-home:ro,Z" "-e" "SOURCE_DIR=/opt/rustwide/workdir" "-e" "CARGO_TARGET_DIR=/opt/rustwide/target" "-e" "CARGO_HOME=/opt/rustwide/cargo-home" "-e" "RUSTUP_HOME=/opt/rustwide/rustup-home" "-w" "/opt/rustwide/workdir" "-m" "1610612736" "--user" "0:0" "--network" "none" "ghcr.io/rust-lang/crates-build-env/linux@sha256:34b6a614d2c27851fe6cbf88fbd1137609cefab8b10d0615aaeb6fd47975d74e" "/opt/rustwide/cargo-home/bin/cargo" "+1.54.0" "metadata" "--no-deps" "--format-version=1", kill_on_drop: false }`
[INFO] [stdout] 4b71faccc495252b5506fb11b5a1772c568d6b71047cf8c2417c08b7b4f2a375
[INFO] running `Command { std: "docker" "start" "-a" "4b71faccc495252b5506fb11b5a1772c568d6b71047cf8c2417c08b7b4f2a375", kill_on_drop: false }`
[INFO] running `Command { std: "docker" "inspect" "4b71faccc495252b5506fb11b5a1772c568d6b71047cf8c2417c08b7b4f2a375", kill_on_drop: false }`
[INFO] running `Command { std: "docker" "rm" "-f" "4b71faccc495252b5506fb11b5a1772c568d6b71047cf8c2417c08b7b4f2a375", kill_on_drop: false }`
[INFO] [stdout] 4b71faccc495252b5506fb11b5a1772c568d6b71047cf8c2417c08b7b4f2a375
[INFO] running `Command { std: "docker" "create" "-v" "/var/lib/crater-agent-workspace/builds/worker-95/target:/opt/rustwide/target:rw,Z" "-v" "/var/lib/crater-agent-workspace/builds/worker-95/source:/opt/rustwide/workdir:ro,Z" "-v" "/var/lib/crater-agent-workspace/cargo-home:/opt/rustwide/cargo-home:ro,Z" "-v" "/var/lib/crater-agent-workspace/rustup-home:/opt/rustwide/rustup-home:ro,Z" "-e" "SOURCE_DIR=/opt/rustwide/workdir" "-e" "CARGO_TARGET_DIR=/opt/rustwide/target" "-e" "CARGO_INCREMENTAL=0" "-e" "RUST_BACKTRACE=full" "-e" "RUSTFLAGS=--cap-lints=warn" "-e" "CARGO_HOME=/opt/rustwide/cargo-home" "-e" "RUSTUP_HOME=/opt/rustwide/rustup-home" "-w" "/opt/rustwide/workdir" "-m" "1610612736" "--user" "0:0" "--network" "none" "ghcr.io/rust-lang/crates-build-env/linux@sha256:34b6a614d2c27851fe6cbf88fbd1137609cefab8b10d0615aaeb6fd47975d74e" "/opt/rustwide/cargo-home/bin/cargo" "+1.54.0" "build" "--frozen" "--message-format=json", kill_on_drop: false }`
[INFO] [stdout] f7653644cc635c72dc3a5f2df87aeaf206b68d5b4021a2a9b060f32d1c2e20d4
[INFO] running `Command { std: "docker" "start" "-a" "f7653644cc635c72dc3a5f2df87aeaf206b68d5b4021a2a9b060f32d1c2e20d4", kill_on_drop: false }`
[INFO] [stderr]     Blocking waiting for file lock on package cache
[INFO] [stderr]    Compiling libc v0.2.98
[INFO] [stderr]    Compiling autocfg v1.0.1
[INFO] [stderr]    Compiling proc-macro2 v1.0.27
[INFO] [stderr]    Compiling unicode-xid v0.2.2
[INFO] [stderr]    Compiling syn v1.0.73
[INFO] [stderr]    Compiling cfg-if v1.0.0
[INFO] [stderr]    Compiling memchr v2.4.0
[INFO] [stderr]    Compiling lazy_static v1.4.0
[INFO] [stderr]    Compiling futures-core v0.3.15
[INFO] [stderr]    Compiling log v0.4.14
[INFO] [stderr]    Compiling pkg-config v0.3.19
[INFO] [stderr]    Compiling slab v0.4.3
[INFO] [stderr]    Compiling cfg-if v0.1.10
[INFO] [stderr]    Compiling fnv v1.0.7
[INFO] [stderr]    Compiling proc-macro-hack v0.5.19
[INFO] [stderr]    Compiling bitflags v1.2.1
[INFO] [stderr]    Compiling version_check v0.9.3
[INFO] [stderr]    Compiling futures-channel v0.3.15
[INFO] [stderr]    Compiling futures-sink v0.3.15
[INFO] [stderr]    Compiling bytes v0.5.6
[INFO] [stderr]    Compiling futures-task v0.3.15
[INFO] [stderr]    Compiling pin-project-lite v0.2.7
[INFO] [stderr]    Compiling proc-macro-nested v0.1.7
[INFO] [stderr]    Compiling pin-project-lite v0.1.12
[INFO] [stderr]    Compiling ryu v1.0.5
[INFO] [stderr]    Compiling futures-io v0.3.15
[INFO] [stderr]    Compiling pin-utils v0.1.0
[INFO] [stderr]    Compiling foreign-types-shared v0.1.1
[INFO] [stderr]    Compiling matches v0.1.8
[INFO] [stderr]    Compiling openssl v0.10.35
[INFO] [stderr]    Compiling once_cell v1.8.0
[INFO] [stderr]    Compiling native-tls v0.2.7
[INFO] [stderr]    Compiling tinyvec_macros v0.1.0
[INFO] [stderr]    Compiling openssl-probe v0.1.4
[INFO] [stderr]    Compiling itoa v0.4.7
[INFO] [stderr]    Compiling percent-encoding v2.1.0
[INFO] [stderr]    Compiling radium v0.5.3
[INFO] [stderr]    Compiling lexical-core v0.7.6
[INFO] [stderr]    Compiling serde_derive v1.0.126
[INFO] [stderr]    Compiling arrayvec v0.5.2
[INFO] [stderr]    Compiling static_assertions v1.1.0
[INFO] [stderr]    Compiling funty v1.1.0
[INFO] [stderr]    Compiling serde v1.0.126
[INFO] [stderr]    Compiling bytes v1.0.1
[INFO] [stderr]    Compiling byteorder v1.4.3
[INFO] [stderr]    Compiling wyz v0.2.0
[INFO] [stderr]    Compiling maybe-uninit v2.0.0
[INFO] [stderr]    Compiling tap v1.0.1
[INFO] [stderr]    Compiling httparse v1.4.1
[INFO] [stderr]    Compiling regex-syntax v0.6.25
[INFO] [stderr]    Compiling hashbrown v0.11.2
[INFO] [stderr]    Compiling unicode_categories v0.1.1
[INFO] [stderr]    Compiling maplit v1.0.2
[INFO] [stderr]    Compiling try-lock v0.2.3
[INFO] [stderr]    Compiling ppv-lite86 v0.2.10
[INFO] [stderr]    Compiling zstd-safe v3.0.1+zstd.1.4.9
[INFO] [stderr]    Compiling hex v0.4.3
[INFO] [stderr]    Compiling httpdate v0.3.2
[INFO] [stderr]    Compiling unicode-segmentation v1.8.0
[INFO] [stderr]    Compiling encoding_rs v0.8.28
[INFO] [stderr]    Compiling tower-service v0.3.1
[INFO] [stderr]    Compiling either v1.6.1
[INFO] [stderr]    Compiling regex-automata v0.1.10
[INFO] [stderr]    Compiling dotenv v0.15.0
[INFO] [stderr]    Compiling mime v0.3.16
[INFO] [stderr]    Compiling ipnet v2.3.1
[INFO] [stderr]    Compiling base64 v0.13.0
[INFO] [stderr]    Compiling remove_dir_all v0.5.3
[INFO] [stderr]    Compiling foreign-types v0.3.2
[INFO] [stderr]    Compiling unicase v2.6.0
[INFO] [stderr]    Compiling nom v6.1.2
[INFO] [stderr]    Compiling unicode-bidi v0.3.5
[INFO] [stderr]    Compiling tinyvec v1.2.0
[INFO] [stderr]    Compiling form_urlencoded v1.0.1
[INFO] [stderr]    Compiling tracing-core v0.1.18
[INFO] [stderr]    Compiling heck v0.3.3
[INFO] [stderr]    Compiling bitvec v0.19.5
[INFO] [stderr]    Compiling quote v1.0.9
[INFO] [stderr]    Compiling http v0.2.4
[INFO] [stderr]    Compiling aho-corasick v0.7.18
[INFO] [stderr]    Compiling csv-core v0.1.10
[INFO] [stderr]    Compiling futures-macro v0.3.15
[INFO] [stderr]    Compiling futures-util v0.3.15
[INFO] [stderr]    Compiling num-traits v0.2.14
[INFO] [stderr]    Compiling num-integer v0.1.44
[INFO] [stderr]    Compiling crossbeam-utils v0.7.2
[INFO] [stderr]    Compiling indexmap v1.7.0
[INFO] [stderr]    Compiling want v0.3.0
[INFO] [stderr]    Compiling tracing v0.1.26
[INFO] [stderr]    Compiling jobserver v0.1.22
[INFO] [stderr]    Compiling iovec v0.1.4
[INFO] [stderr]    Compiling net2 v0.2.37
[INFO] [stderr]    Compiling num_cpus v1.13.0
[INFO] [stderr]    Compiling time v0.1.43
[INFO] [stderr]    Compiling getrandom v0.2.3
[INFO] [stderr]    Compiling socket2 v0.3.19
[INFO] [stderr]    Compiling cc v1.0.68
[INFO] [stderr]    Compiling mio v0.6.23
[INFO] [stderr]    Compiling bytes v0.4.12
[INFO] [stderr]    Compiling mime_guess v2.0.3
[INFO] [stderr]    Compiling unicode-normalization v0.1.19
[INFO] [stderr]    Compiling rand_core v0.6.3
[INFO] [stderr]    Compiling regex v1.5.4
[INFO] [stderr]    Compiling rand_chacha v0.3.1
[INFO] [stderr]    Compiling rand v0.8.4
[INFO] [stderr]    Compiling crossbeam-queue v0.2.3
[INFO] [stderr]    Compiling chrono v0.4.19
[INFO] [stderr]    Compiling openssl-sys v0.9.65
[INFO] [stderr]    Compiling zstd-sys v1.4.20+zstd.1.4.9
[INFO] [stderr]    Compiling libsqlite3-sys v0.17.3
[INFO] [stderr]    Compiling http-body v0.3.1
[INFO] [stderr]    Compiling idna v0.2.3
[INFO] [stderr]    Compiling tempfile v3.2.0
[INFO] [stderr]    Compiling url v2.2.2
[INFO] [stderr]    Compiling julianday v0.2.0
[INFO] [stderr]    Compiling sqlformat v0.1.6
[INFO] [stderr]    Compiling tokio-macros v0.2.6
[INFO] [stderr]    Compiling thiserror-impl v1.0.26
[INFO] [stderr]    Compiling pin-project-internal v1.0.7
[INFO] [stderr]    Compiling async-stream-impl v0.2.1
[INFO] [stderr]    Compiling tokio v0.2.25
[INFO] [stderr]    Compiling async-stream v0.2.1
[INFO] [stderr]    Compiling thiserror v1.0.26
[INFO] [stderr]    Compiling pin-project v1.0.7
[INFO] [stderr]    Compiling tracing-futures v0.2.5
[INFO] [stderr]    Compiling futures-executor v0.3.15
[INFO] [stderr]    Compiling futures v0.3.15
[INFO] [stderr]    Compiling tokio-util v0.3.1
[INFO] [stderr]    Compiling async-native-tls v0.3.3
[INFO] [stderr]    Compiling tokio-tls v0.3.1
[INFO] [stderr]    Compiling tokio-socks v0.3.0
[INFO] [stderr]    Compiling sqlx-core v0.3.5
[INFO] [stderr]    Compiling h2 v0.2.7
[INFO] [stderr]    Compiling sqlx-macros v0.3.5
[INFO] [stderr]    Compiling bstr v0.2.16
[INFO] [stderr]    Compiling serde_urlencoded v0.7.0
[INFO] [stderr]    Compiling hyper v0.13.10
[INFO] [stderr]    Compiling csv v1.1.6
[INFO] [stderr]    Compiling zstd v0.6.1+zstd.1.4.9
[INFO] [stderr]    Compiling sqlx v0.3.5
[INFO] [stderr]    Compiling hyper-tls v0.4.3
[INFO] [stderr]    Compiling reqwest v0.10.10
[INFO] [stderr]    Compiling covid19db v2.0.9 (/opt/rustwide/workdir)
[INFO] [stderr]     Finished dev [unoptimized + debuginfo] target(s) in 45.36s
[INFO] running `Command { std: "docker" "inspect" "f7653644cc635c72dc3a5f2df87aeaf206b68d5b4021a2a9b060f32d1c2e20d4", kill_on_drop: false }`
[INFO] running `Command { std: "docker" "rm" "-f" "f7653644cc635c72dc3a5f2df87aeaf206b68d5b4021a2a9b060f32d1c2e20d4", kill_on_drop: false }`
[INFO] [stdout] f7653644cc635c72dc3a5f2df87aeaf206b68d5b4021a2a9b060f32d1c2e20d4
[INFO] running `Command { std: "docker" "create" "-v" "/var/lib/crater-agent-workspace/builds/worker-95/target:/opt/rustwide/target:rw,Z" "-v" "/var/lib/crater-agent-workspace/builds/worker-95/source:/opt/rustwide/workdir:ro,Z" "-v" "/var/lib/crater-agent-workspace/cargo-home:/opt/rustwide/cargo-home:ro,Z" "-v" "/var/lib/crater-agent-workspace/rustup-home:/opt/rustwide/rustup-home:ro,Z" "-e" "SOURCE_DIR=/opt/rustwide/workdir" "-e" "CARGO_TARGET_DIR=/opt/rustwide/target" "-e" "CARGO_INCREMENTAL=0" "-e" "RUST_BACKTRACE=full" "-e" "RUSTFLAGS=--cap-lints=warn" "-e" "CARGO_HOME=/opt/rustwide/cargo-home" "-e" "RUSTUP_HOME=/opt/rustwide/rustup-home" "-w" "/opt/rustwide/workdir" "-m" "1610612736" "--user" "0:0" "--network" "none" "ghcr.io/rust-lang/crates-build-env/linux@sha256:34b6a614d2c27851fe6cbf88fbd1137609cefab8b10d0615aaeb6fd47975d74e" "/opt/rustwide/cargo-home/bin/cargo" "+1.54.0" "test" "--frozen" "--no-run" "--message-format=json", kill_on_drop: false }`
[INFO] [stdout] e36c65868b90628168d621ab71c7c7078789d053404fbe8e89e29b66d2d39b7b
[INFO] running `Command { std: "docker" "start" "-a" "e36c65868b90628168d621ab71c7c7078789d053404fbe8e89e29b66d2d39b7b", kill_on_drop: false }`
[INFO] [stderr]     Blocking waiting for file lock on package cache
[INFO] [stderr]    Compiling covid19db v2.0.9 (/opt/rustwide/workdir)
[INFO] [stderr]     Finished test [unoptimized + debuginfo] target(s) in 9.35s
[INFO] running `Command { std: "docker" "inspect" "e36c65868b90628168d621ab71c7c7078789d053404fbe8e89e29b66d2d39b7b", kill_on_drop: false }`
[INFO] running `Command { std: "docker" "rm" "-f" "e36c65868b90628168d621ab71c7c7078789d053404fbe8e89e29b66d2d39b7b", kill_on_drop: false }`
[INFO] [stdout] e36c65868b90628168d621ab71c7c7078789d053404fbe8e89e29b66d2d39b7b
[INFO] running `Command { std: "docker" "create" "-v" "/var/lib/crater-agent-workspace/builds/worker-95/target:/opt/rustwide/target:rw,Z" "-v" "/var/lib/crater-agent-workspace/builds/worker-95/source:/opt/rustwide/workdir:ro,Z" "-v" "/var/lib/crater-agent-workspace/cargo-home:/opt/rustwide/cargo-home:ro,Z" "-v" "/var/lib/crater-agent-workspace/rustup-home:/opt/rustwide/rustup-home:ro,Z" "-e" "SOURCE_DIR=/opt/rustwide/workdir" "-e" "CARGO_TARGET_DIR=/opt/rustwide/target" "-e" "CARGO_INCREMENTAL=0" "-e" "RUST_BACKTRACE=full" "-e" "RUSTFLAGS=--cap-lints=warn" "-e" "CARGO_HOME=/opt/rustwide/cargo-home" "-e" "RUSTUP_HOME=/opt/rustwide/rustup-home" "-w" "/opt/rustwide/workdir" "-m" "1610612736" "--user" "0:0" "--network" "none" "ghcr.io/rust-lang/crates-build-env/linux@sha256:34b6a614d2c27851fe6cbf88fbd1137609cefab8b10d0615aaeb6fd47975d74e" "/opt/rustwide/cargo-home/bin/cargo" "+1.54.0" "test" "--frozen", kill_on_drop: false }`
[INFO] [stdout] 0613287ec25ebf2e50eac0237f5f9857683673af968a633db5fe41bf74ed9885
[INFO] running `Command { std: "docker" "start" "-a" "0613287ec25ebf2e50eac0237f5f9857683673af968a633db5fe41bf74ed9885", kill_on_drop: false }`
[INFO] [stderr]     Finished test [unoptimized + debuginfo] target(s) in 0.29s
[INFO] [stderr]      Running unittests (/opt/rustwide/target/debug/deps/covid19db-5ff3c921824352a8)
[INFO] [stdout] 
[INFO] [stdout] running 0 tests
[INFO] [stdout] 
[INFO] [stdout] test result: ok. 0 passed; 0 failed; 0 ignored; 0 measured; 0 filtered out; finished in 0.00s
[INFO] [stdout] 
[INFO] [stderr]      Running unittests (/opt/rustwide/target/debug/deps/covid19db_loader-7981fe7765a73a4d)
[INFO] [stdout] 
[INFO] [stderr]    Doc-tests covid19db
[INFO] [stdout] running 0 tests
[INFO] [stdout] 
[INFO] [stdout] test result: ok. 0 passed; 0 failed; 0 ignored; 0 measured; 0 filtered out; finished in 0.00s
[INFO] [stdout] 
[INFO] [stdout] 
[INFO] [stdout] running 22 tests
[INFO] [stdout] test src/dateutil.rs - dateutil::day_to_ymd (line 69) ... FAILED
[INFO] [stdout] test src/dateutil.rs - dateutil::jd_to_dateutc (line 109) ... FAILED
[INFO] [stdout] test src/dateutil.rs - dateutil::dateutc_to_datelocal (line 298) ... FAILED
[INFO] [stdout] test src/dateutil.rs - dateutil::dateutc_to_ymd (line 284) ... FAILED
[INFO] [stdout] test src/dateutil.rs - dateutil::day_to_jd (line 25) ... FAILED
[INFO] [stdout] test src/dateutil.rs - dateutil::day_to_nd (line 41) ... FAILED
[INFO] [stdout] test src/dateutil.rs - dateutil::day_to_dateutc (line 55) ... FAILED
[INFO] [stdout] test src/dateutil.rs - dateutil::ymd_to_jd (line 217) ... FAILED
[INFO] [stdout] test src/dateutil.rs - dateutil::dateutc_to_jd (line 270) ... FAILED
[INFO] [stdout] test src/dateutil.rs - dateutil::jd_to_ymd (line 123) ... FAILED
[INFO] [stdout] test src/dateutil.rs - dateutil::ymd_to_nd (line 191) ... FAILED
[INFO] [stdout] test src/dateutil.rs - dateutil::datelocal_to_dateutc (line 313) ... FAILED
[INFO] [stdout] test src/dateutil.rs - dateutil::dateutc_to_nd (line 244) ... FAILED
[INFO] [stdout] test src/dateutil.rs - dateutil::jd_to_nd (line 95) ... FAILED
[INFO] [stdout] test src/dateutil.rs - dateutil::nd_to_dateutc (line 151) ... FAILED
[INFO] [stdout] test src/dateutil.rs - dateutil::ymd_to_dateutc (line 231) ... FAILED
[INFO] [stdout] test src/dateutil.rs - dateutil::nd_to_ymd (line 178) ... FAILED
[INFO] [stdout] test src/dateutil.rs - dateutil::nd_to_jd (line 137) ... FAILED
[INFO] [stdout] test src/dateutil.rs - dateutil::jd_to_day (line 81) ... FAILED
[INFO] [stdout] test src/dateutil.rs - dateutil::dateutc_to_day (line 257) ... FAILED
[INFO] [stderr] error: test failed, to rerun pass '--doc'
[INFO] [stderr] 
[INFO] [stderr] Caused by:
[INFO] [stderr]   process didn't exit successfully: `rustdoc --edition=2018 --crate-type lib --crate-name covid19db --test /opt/rustwide/workdir/src/lib.rs -L dependency=/opt/rustwide/target/debug/deps -L dependency=/opt/rustwide/target/debug/deps -L native=/opt/rustwide/target/debug/build/libsqlite3-sys-afe09702a35a6065/out -L native=/opt/rustwide/target/debug/build/zstd-sys-584c81efac9fe929/out --extern chrono=/opt/rustwide/target/debug/deps/libchrono-5c90a29abcf4f05b.rlib --extern covid19db=/opt/rustwide/target/debug/deps/libcovid19db-7aebbbeaa9aa1edc.rlib --extern csv=/opt/rustwide/target/debug/deps/libcsv-6230354ce94b8698.rlib --extern julianday=/opt/rustwide/target/debug/deps/libjulianday-8c5d5622dfec45ab.rlib --extern reqwest=/opt/rustwide/target/debug/deps/libreqwest-4d641d19bbe920cd.rlib --extern serde=/opt/rustwide/target/debug/deps/libserde-29d82fb83fc0b645.rlib --extern sqlx=/opt/rustwide/target/debug/deps/libsqlx-0fa0a57ecec54432.rlib --extern tempfile=/opt/rustwide/target/debug/deps/libtempfile-b1ba193b8270213c.rlib --extern tokio=/opt/rustwide/target/debug/deps/libtokio-885e531ed0f61c12.rlib --extern zstd=/opt/rustwide/target/debug/deps/libzstd-8c30c8cd403e8f76.rlib -C embed-bitcode=no --error-format human` (signal: 9, SIGKILL: kill)
[INFO] running `Command { std: "docker" "inspect" "0613287ec25ebf2e50eac0237f5f9857683673af968a633db5fe41bf74ed9885", kill_on_drop: false }`
[INFO] running `Command { std: "docker" "rm" "-f" "0613287ec25ebf2e50eac0237f5f9857683673af968a633db5fe41bf74ed9885", kill_on_drop: false }`
[INFO] [stdout] 0613287ec25ebf2e50eac0237f5f9857683673af968a633db5fe41bf74ed9885
