[INFO] cloning repository https://github.com/flukejones/asusctl
[INFO] running `Command { std: "git" "-c" "credential.helper=" "-c" "credential.helper=/workspace/cargo-home/bin/git-credential-null" "clone" "--bare" "https://github.com/flukejones/asusctl" "/workspace/cache/git-repos/https%3A%2F%2Fgithub.com%2Fflukejones%2Fasusctl", kill_on_drop: false }`
[INFO] [stderr] Cloning into bare repository '/workspace/cache/git-repos/https%3A%2F%2Fgithub.com%2Fflukejones%2Fasusctl'...
[INFO] running `Command { std: "git" "rev-parse" "HEAD", kill_on_drop: false }`
[INFO] [stdout] 0599be02dcb6ddbb92e39d1abb9913cf35b30479
[INFO] testing flukejones/asusctl against 1.54.0 for beta-1.55-1
[INFO] running `Command { std: "git" "clone" "/workspace/cache/git-repos/https%3A%2F%2Fgithub.com%2Fflukejones%2Fasusctl" "/workspace/builds/worker-3/source", kill_on_drop: false }`
[INFO] [stderr] Cloning into '/workspace/builds/worker-3/source'...
[INFO] [stderr] done.
[INFO] validating manifest of git repo https://github.com/flukejones/asusctl on toolchain 1.54.0
[INFO] running `Command { std: "/workspace/cargo-home/bin/cargo" "+1.54.0" "metadata" "--manifest-path" "Cargo.toml" "--no-deps", kill_on_drop: false }`
[INFO] started tweaking git repo https://github.com/flukejones/asusctl
[INFO] finished tweaking git repo https://github.com/flukejones/asusctl
[INFO] tweaked toml for git repo https://github.com/flukejones/asusctl written to /workspace/builds/worker-3/source/Cargo.toml
[INFO] crate git repo https://github.com/flukejones/asusctl already has a lockfile, it will not be regenerated
[INFO] running `Command { std: "/workspace/cargo-home/bin/cargo" "+1.54.0" "fetch" "--manifest-path" "Cargo.toml", kill_on_drop: false }`
[INFO] [stderr]     Blocking waiting for file lock on package cache
[INFO] [stderr]     Blocking waiting for file lock on package cache
[INFO] running `Command { std: "docker" "create" "-v" "/var/lib/crater-agent-workspace/builds/worker-3/target:/opt/rustwide/target:rw,Z" "-v" "/var/lib/crater-agent-workspace/builds/worker-3/source:/opt/rustwide/workdir:ro,Z" "-v" "/var/lib/crater-agent-workspace/cargo-home:/opt/rustwide/cargo-home:ro,Z" "-v" "/var/lib/crater-agent-workspace/rustup-home:/opt/rustwide/rustup-home:ro,Z" "-e" "SOURCE_DIR=/opt/rustwide/workdir" "-e" "CARGO_TARGET_DIR=/opt/rustwide/target" "-e" "CARGO_HOME=/opt/rustwide/cargo-home" "-e" "RUSTUP_HOME=/opt/rustwide/rustup-home" "-w" "/opt/rustwide/workdir" "-m" "1610612736" "--user" "0:0" "--network" "none" "ghcr.io/rust-lang/crates-build-env/linux@sha256:34b6a614d2c27851fe6cbf88fbd1137609cefab8b10d0615aaeb6fd47975d74e" "/opt/rustwide/cargo-home/bin/cargo" "+1.54.0" "metadata" "--no-deps" "--format-version=1", kill_on_drop: false }`
[INFO] [stdout] ac2c8c2f8552df9e23dc55e3889df5d8f42c68eb1996e0ed73d2f17943258fa1
[INFO] running `Command { std: "docker" "start" "-a" "ac2c8c2f8552df9e23dc55e3889df5d8f42c68eb1996e0ed73d2f17943258fa1", kill_on_drop: false }`
[INFO] running `Command { std: "docker" "inspect" "ac2c8c2f8552df9e23dc55e3889df5d8f42c68eb1996e0ed73d2f17943258fa1", kill_on_drop: false }`
[INFO] running `Command { std: "docker" "rm" "-f" "ac2c8c2f8552df9e23dc55e3889df5d8f42c68eb1996e0ed73d2f17943258fa1", kill_on_drop: false }`
[INFO] [stdout] ac2c8c2f8552df9e23dc55e3889df5d8f42c68eb1996e0ed73d2f17943258fa1
[INFO] running `Command { std: "docker" "create" "-v" "/var/lib/crater-agent-workspace/builds/worker-3/target:/opt/rustwide/target:rw,Z" "-v" "/var/lib/crater-agent-workspace/builds/worker-3/source:/opt/rustwide/workdir:ro,Z" "-v" "/var/lib/crater-agent-workspace/cargo-home:/opt/rustwide/cargo-home:ro,Z" "-v" "/var/lib/crater-agent-workspace/rustup-home:/opt/rustwide/rustup-home:ro,Z" "-e" "SOURCE_DIR=/opt/rustwide/workdir" "-e" "CARGO_TARGET_DIR=/opt/rustwide/target" "-e" "CARGO_INCREMENTAL=0" "-e" "RUST_BACKTRACE=full" "-e" "RUSTFLAGS=--cap-lints=warn" "-e" "CARGO_HOME=/opt/rustwide/cargo-home" "-e" "RUSTUP_HOME=/opt/rustwide/rustup-home" "-w" "/opt/rustwide/workdir" "-m" "1610612736" "--user" "0:0" "--network" "none" "ghcr.io/rust-lang/crates-build-env/linux@sha256:34b6a614d2c27851fe6cbf88fbd1137609cefab8b10d0615aaeb6fd47975d74e" "/opt/rustwide/cargo-home/bin/cargo" "+1.54.0" "build" "--frozen" "--message-format=json", kill_on_drop: false }`
[INFO] [stdout] a30d3bdc19f9edf170906a2207ba54af64865582aa7c1f7538738dffbaa8b9cd
[INFO] running `Command { std: "docker" "start" "-a" "a30d3bdc19f9edf170906a2207ba54af64865582aa7c1f7538738dffbaa8b9cd", kill_on_drop: false }`
[INFO] [stderr]     Blocking waiting for file lock on package cache
[INFO] [stderr]     Blocking waiting for file lock on package cache
[INFO] [stderr]    Compiling proc-macro2 v1.0.27
[INFO] [stderr]    Compiling unicode-xid v0.2.2
[INFO] [stderr]    Compiling syn v1.0.72
[INFO] [stderr]    Compiling serde_derive v1.0.126
[INFO] [stderr]    Compiling serde v1.0.126
[INFO] [stderr]    Compiling libc v0.2.95
[INFO] [stderr]    Compiling autocfg v1.0.1
[INFO] [stderr]    Compiling memchr v2.4.0
[INFO] [stderr]    Compiling futures-core v0.3.15
[INFO] [stderr]    Compiling proc-macro-hack v0.5.19
[INFO] [stderr]    Compiling proc-macro-nested v0.1.7
[INFO] [stderr]    Compiling pin-project-lite v0.2.6
[INFO] [stderr]    Compiling futures-task v0.3.15
[INFO] [stderr]    Compiling futures-io v0.3.15
[INFO] [stderr]    Compiling futures-channel v0.3.15
[INFO] [stderr]    Compiling byteorder v1.4.3
[INFO] [stderr]    Compiling log v0.4.14
[INFO] [stderr]    Compiling cfg-if v1.0.0
[INFO] [stderr]    Compiling slab v0.4.3
[INFO] [stderr]    Compiling futures-sink v0.3.15
[INFO] [stderr]    Compiling bitflags v1.2.1
[INFO] [stderr]    Compiling pin-utils v0.1.0
[INFO] [stderr]    Compiling waker-fn v1.1.0
[INFO] [stderr]    Compiling parking v2.0.0
[INFO] [stderr]    Compiling cache-padded v1.1.1
[INFO] [stderr]    Compiling nix v0.17.0
[INFO] [stderr]    Compiling fastrand v1.4.1
[INFO] [stderr]    Compiling void v1.0.2
[INFO] [stderr]    Compiling pix v0.13.1
[INFO] [stderr]    Compiling pkg-config v0.3.19
[INFO] [stderr]    Compiling cfg-if v0.1.10
[INFO] [stderr]    Compiling once_cell v1.7.2
[INFO] [stderr]    Compiling scoped-tls v1.0.0
[INFO] [stderr]    Compiling adler v1.0.2
[INFO] [stderr]    Compiling color_quant v1.1.0
[INFO] [stderr]    Compiling weezl v0.1.5
[INFO] [stderr]    Compiling ryu v1.0.5
[INFO] [stderr]    Compiling serde_json v1.0.64
[INFO] [stderr]    Compiling cc v1.0.68
[INFO] [stderr]    Compiling itoa v0.4.7
[INFO] [stderr]    Compiling rusb v0.8.1
[INFO] [stderr]    Compiling regex-syntax v0.6.25
[INFO] [stderr]    Compiling humantime v2.1.0
[INFO] [stderr]    Compiling numtoa v0.2.3
[INFO] [stderr]    Compiling termcolor v1.1.2
[INFO] [stderr]    Compiling yansi-term v0.1.2
[INFO] [stderr]    Compiling concurrent-queue v1.2.2
[INFO] [stderr]    Compiling sysfs-class v0.1.3
[INFO] [stderr]    Compiling gif v0.11.2
[INFO] [stderr]    Compiling futures-macro v0.3.15
[INFO] [stderr]    Compiling futures-util v0.3.15
[INFO] [stderr]    Compiling miniz_oxide v0.4.4
[INFO] [stderr]    Compiling libudev-sys v0.1.4
[INFO] [stderr]    Compiling libusb1-sys v0.5.0
[INFO] [stderr]    Compiling quote v1.0.9
[INFO] [stderr]    Compiling futures-lite v1.12.0
[INFO] [stderr]    Compiling aho-corasick v0.7.18
[INFO] [stderr]    Compiling png_pong v0.8.2
[INFO] [stderr]    Compiling regex v1.5.4
[INFO] [stderr]    Compiling socket2 v0.4.0
[INFO] [stderr]    Compiling polling v2.0.3
[INFO] [stderr]    Compiling dirs-sys v0.3.6
[INFO] [stderr]    Compiling atty v0.2.14
[INFO] [stderr]    Compiling udev v0.6.2
[INFO] [stderr]    Compiling dirs v3.0.2
[INFO] [stderr]    Compiling nb-connect v1.2.0
[INFO] [stderr]    Compiling async-io v1.4.1
[INFO] [stderr]    Compiling env_logger v0.8.3
[INFO] [stderr]    Compiling enumflags2_derive v0.6.4
[INFO] [stderr]    Compiling thiserror-impl v1.0.25
[INFO] [stderr]    Compiling serde_repr v0.1.7
[INFO] [stderr]    Compiling derivative v2.2.0
[INFO] [stderr]    Compiling smart-default v0.6.0
[INFO] [stderr]    Compiling gumdrop_derive v0.8.0
[INFO] [stderr]    Compiling gumdrop v0.8.0
[INFO] [stderr]    Compiling thiserror v1.0.25
[INFO] [stderr]    Compiling intel-pstate v0.2.2
[INFO] [stderr]    Compiling futures-executor v0.3.15
[INFO] [stderr]    Compiling futures v0.3.15
[INFO] [stderr]    Compiling toml v0.5.8
[INFO] [stderr]    Compiling enumflags2 v0.6.4
[INFO] [stderr]    Compiling rog_fan_curve v0.1.8
[INFO] [stderr]    Compiling glam v0.14.0
[INFO] [stderr]    Compiling proc-macro-crate v0.1.5
[INFO] [stderr]    Compiling zvariant_derive v2.6.0
[INFO] [stderr]    Compiling zbus_macros v1.9.1
[INFO] [stderr]    Compiling zvariant v2.6.0
[INFO] [stderr]    Compiling zbus v1.9.1
[INFO] [stderr]    Compiling rog_aura v1.1.0 (/opt/rustwide/workdir/rog-aura)
[INFO] [stderr]    Compiling rog_profiles v0.1.1 (/opt/rustwide/workdir/rog-profiles)
[INFO] [stderr]    Compiling rog_anime v1.0.5 (/opt/rustwide/workdir/rog-anime)
[INFO] [stderr]    Compiling rog_types v3.2.0 (/opt/rustwide/workdir/rog-types)
[INFO] [stderr]    Compiling rog_dbus v3.5.0 (/opt/rustwide/workdir/rog-dbus)
[INFO] [stderr]    Compiling logind-zbus v0.7.1
[INFO] [stderr]    Compiling notify-rust v4.5.2
[INFO] [stderr]    Compiling daemon-user v1.2.0 (/opt/rustwide/workdir/daemon-user)
[INFO] [stderr]    Compiling daemon v3.7.1 (/opt/rustwide/workdir/daemon)
[INFO] [stderr]    Compiling asusctl v3.5.0 (/opt/rustwide/workdir/asusctl)
[INFO] [stderr]    Compiling asus-notify v3.0.1 (/opt/rustwide/workdir/asus-notify)
[INFO] [stderr]     Finished dev [optimized] target(s) in 1m 14s
[INFO] running `Command { std: "docker" "inspect" "a30d3bdc19f9edf170906a2207ba54af64865582aa7c1f7538738dffbaa8b9cd", kill_on_drop: false }`
[INFO] running `Command { std: "docker" "rm" "-f" "a30d3bdc19f9edf170906a2207ba54af64865582aa7c1f7538738dffbaa8b9cd", kill_on_drop: false }`
[INFO] [stdout] a30d3bdc19f9edf170906a2207ba54af64865582aa7c1f7538738dffbaa8b9cd
[INFO] running `Command { std: "docker" "create" "-v" "/var/lib/crater-agent-workspace/builds/worker-3/target:/opt/rustwide/target:rw,Z" "-v" "/var/lib/crater-agent-workspace/builds/worker-3/source:/opt/rustwide/workdir:ro,Z" "-v" "/var/lib/crater-agent-workspace/cargo-home:/opt/rustwide/cargo-home:ro,Z" "-v" "/var/lib/crater-agent-workspace/rustup-home:/opt/rustwide/rustup-home:ro,Z" "-e" "SOURCE_DIR=/opt/rustwide/workdir" "-e" "CARGO_TARGET_DIR=/opt/rustwide/target" "-e" "CARGO_INCREMENTAL=0" "-e" "RUST_BACKTRACE=full" "-e" "RUSTFLAGS=--cap-lints=warn" "-e" "CARGO_HOME=/opt/rustwide/cargo-home" "-e" "RUSTUP_HOME=/opt/rustwide/rustup-home" "-w" "/opt/rustwide/workdir" "-m" "1610612736" "--user" "0:0" "--network" "none" "ghcr.io/rust-lang/crates-build-env/linux@sha256:34b6a614d2c27851fe6cbf88fbd1137609cefab8b10d0615aaeb6fd47975d74e" "/opt/rustwide/cargo-home/bin/cargo" "+1.54.0" "test" "--frozen" "--no-run" "--message-format=json", kill_on_drop: false }`
[INFO] [stdout] 04072dc0ecb9b9b51d149147cc0ae3a0786d1dbe33a640d2112f3f1f1c73c61e
[INFO] running `Command { std: "docker" "start" "-a" "04072dc0ecb9b9b51d149147cc0ae3a0786d1dbe33a640d2112f3f1f1c73c61e", kill_on_drop: false }`
[INFO] [stderr]    Compiling version_check v0.9.3
[INFO] [stderr]    Compiling rog_anime v1.0.5 (/opt/rustwide/workdir/rog-anime)
[INFO] [stderr]    Compiling rog_profiles v0.1.1 (/opt/rustwide/workdir/rog-profiles)
[INFO] [stderr]    Compiling rog_aura v1.1.0 (/opt/rustwide/workdir/rog-aura)
[INFO] [stderr]    Compiling rog_types v3.2.0 (/opt/rustwide/workdir/rog-types)
[INFO] [stderr]    Compiling rog_dbus v3.5.0 (/opt/rustwide/workdir/rog-dbus)
[INFO] [stderr]    Compiling asus-notify v3.0.1 (/opt/rustwide/workdir/asus-notify)
[INFO] [stderr]    Compiling daemon-user v1.2.0 (/opt/rustwide/workdir/daemon-user)
[INFO] [stderr]    Compiling daemon v3.7.1 (/opt/rustwide/workdir/daemon)
[INFO] [stderr]    Compiling nom v5.1.2
[INFO] [stderr]    Compiling tinybmp v0.2.3
[INFO] [stderr]    Compiling asusctl v3.5.0 (/opt/rustwide/workdir/asusctl)
[INFO] [stderr]     Finished test [optimized] target(s) in 27.50s
[INFO] running `Command { std: "docker" "inspect" "04072dc0ecb9b9b51d149147cc0ae3a0786d1dbe33a640d2112f3f1f1c73c61e", kill_on_drop: false }`
[INFO] running `Command { std: "docker" "rm" "-f" "04072dc0ecb9b9b51d149147cc0ae3a0786d1dbe33a640d2112f3f1f1c73c61e", kill_on_drop: false }`
[INFO] [stdout] 04072dc0ecb9b9b51d149147cc0ae3a0786d1dbe33a640d2112f3f1f1c73c61e
[INFO] running `Command { std: "docker" "create" "-v" "/var/lib/crater-agent-workspace/builds/worker-3/target:/opt/rustwide/target:rw,Z" "-v" "/var/lib/crater-agent-workspace/builds/worker-3/source:/opt/rustwide/workdir:ro,Z" "-v" "/var/lib/crater-agent-workspace/cargo-home:/opt/rustwide/cargo-home:ro,Z" "-v" "/var/lib/crater-agent-workspace/rustup-home:/opt/rustwide/rustup-home:ro,Z" "-e" "SOURCE_DIR=/opt/rustwide/workdir" "-e" "CARGO_TARGET_DIR=/opt/rustwide/target" "-e" "CARGO_INCREMENTAL=0" "-e" "RUST_BACKTRACE=full" "-e" "RUSTFLAGS=--cap-lints=warn" "-e" "CARGO_HOME=/opt/rustwide/cargo-home" "-e" "RUSTUP_HOME=/opt/rustwide/rustup-home" "-w" "/opt/rustwide/workdir" "-m" "1610612736" "--user" "0:0" "--network" "none" "ghcr.io/rust-lang/crates-build-env/linux@sha256:34b6a614d2c27851fe6cbf88fbd1137609cefab8b10d0615aaeb6fd47975d74e" "/opt/rustwide/cargo-home/bin/cargo" "+1.54.0" "test" "--frozen", kill_on_drop: false }`
[INFO] [stdout] bf9ca71f7c639017c14e928ace18cb3ab38cb6273c649881452e7cc851777176
[INFO] running `Command { std: "docker" "start" "-a" "bf9ca71f7c639017c14e928ace18cb3ab38cb6273c649881452e7cc851777176", kill_on_drop: false }`
[INFO] [stderr]     Finished test [optimized] target(s) in 0.32s
[INFO] [stderr]      Running unittests (/opt/rustwide/target/debug/deps/asus_notify-7064104ade881ed1)
[INFO] [stdout] 
[INFO] [stdout] running 0 tests
[INFO] [stdout] 
[INFO] [stdout] test result: ok. 0 passed; 0 failed; 0 ignored; 0 measured; 0 filtered out; finished in 0.00s
[INFO] [stdout] 
[INFO] [stderr]      Running unittests (/opt/rustwide/target/debug/deps/asusctl-7f6d735e9007f1ac)
[INFO] [stdout] 
[INFO] [stdout] running 0 tests
[INFO] [stderr]      Running unittests (/opt/rustwide/target/debug/deps/daemon-bd8d596904b491af)
[INFO] [stdout] 
[INFO] [stdout] test result: ok. 0 passed; 0 failed; 0 ignored; 0 measured; 0 filtered out; finished in 0.00s
[INFO] [stdout] 
[INFO] [stdout] 
[INFO] [stdout] running 0 tests
[INFO] [stdout] 
[INFO] [stdout] test result: ok. 0 passed; 0 failed; 0 ignored; 0 measured; 0 filtered out; finished in 0.00s
[INFO] [stdout] 
[INFO] [stderr]      Running unittests (/opt/rustwide/target/debug/deps/asusd-560d3762e93ee60b)
[INFO] [stdout] 
[INFO] [stdout] running 0 tests
[INFO] [stdout] 
[INFO] [stdout] test result: ok. 0 passed; 0 failed; 0 ignored; 0 measured; 0 filtered out; finished in 0.00s
[INFO] [stdout] 
[INFO] [stderr]      Running unittests (/opt/rustwide/target/debug/deps/rog_user-c16ab94aa4dfc18a)
[INFO] [stdout] 
[INFO] [stdout] running 0 tests
[INFO] [stdout] 
[INFO] [stdout] test result: ok. 0 passed; 0 failed; 0 ignored; 0 measured; 0 filtered out; finished in 0.01s
[INFO] [stdout] 
[INFO] [stderr]      Running unittests (/opt/rustwide/target/debug/deps/asusd_user-7d8df0a6776329eb)
[INFO] [stdout] 
[INFO] [stdout] running 0 tests
[INFO] [stdout] 
[INFO] [stdout] test result: ok. 0 passed; 0 failed; 0 ignored; 0 measured; 0 filtered out; finished in 0.00s
[INFO] [stdout] 
[INFO] [stderr]      Running unittests (/opt/rustwide/target/debug/deps/rog_anime-e046a1bde971da05)
[INFO] [stdout] 
[INFO] [stdout] running 6 tests
[INFO] [stdout] test image::tests::led_positions ... ok
[INFO] [stdout] test image::tests::led_positions_const ... ok
[INFO] [stdout] test grid::tests::check_data_alignment ... ok
[INFO] [stdout] test image::tests::row_starts ... ok
[INFO] [stdout] test image::tests::row_pitch ... ok
[INFO] [stdout] test image::tests::row_widths ... ok
[INFO] [stdout] 
[INFO] [stdout] test result: ok. 6 passed; 0 failed; 0 ignored; 0 measured; 0 filtered out; finished in 0.03s
[INFO] [stdout] 
[INFO] [stderr]      Running unittests (/opt/rustwide/target/debug/deps/rog_aura-cf7f0011ae296db7)
[INFO] [stdout] 
[INFO] [stdout] running 0 tests
[INFO] [stdout] 
[INFO] [stdout] test result: ok. 0 passed; 0 failed; 0 ignored; 0 measured; 0 filtered out; finished in 0.01s
[INFO] [stdout] 
[INFO] [stderr]      Running unittests (/opt/rustwide/target/debug/deps/rog_dbus-93740c33d10cc448)
[INFO] [stdout] 
[INFO] [stdout] running 0 tests
[INFO] [stdout] 
[INFO] [stdout] test result: ok. 0 passed; 0 failed; 0 ignored; 0 measured; 0 filtered out; finished in 0.00s
[INFO] [stdout] 
[INFO] [stderr]      Running unittests (/opt/rustwide/target/debug/deps/rog_profiles-e1fd7d555d1f10cb)
[INFO] [stdout] 
[INFO] [stdout] running 0 tests
[INFO] [stdout] 
[INFO] [stdout] test result: ok. 0 passed; 0 failed; 0 ignored; 0 measured; 0 filtered out; finished in 0.00s
[INFO] [stdout] 
[INFO] [stderr]      Running unittests (/opt/rustwide/target/debug/deps/rog_types-aad1cca5b44b7906)
[INFO] [stdout] 
[INFO] [stdout] running 0 tests
[INFO] [stdout] 
[INFO] [stdout] test result: ok. 0 passed; 0 failed; 0 ignored; 0 measured; 0 filtered out; finished in 0.00s
[INFO] [stdout] 
[INFO] [stderr]    Doc-tests daemon
[INFO] [stdout] 
[INFO] [stdout] running 0 tests
[INFO] [stdout] 
[INFO] [stdout] test result: ok. 0 passed; 0 failed; 0 ignored; 0 measured; 0 filtered out; finished in 0.00s
[INFO] [stdout] 
[INFO] [stderr]    Doc-tests rog_user
[INFO] [stdout] 
[INFO] [stdout] running 0 tests
[INFO] [stdout] 
[INFO] [stdout] test result: ok. 0 passed; 0 failed; 0 ignored; 0 measured; 0 filtered out; finished in 0.00s
[INFO] [stdout] 
[INFO] [stderr]    Doc-tests rog_anime
[INFO] [stdout] 
[INFO] [stdout] running 0 tests
[INFO] [stdout] 
[INFO] [stdout] test result: ok. 0 passed; 0 failed; 0 ignored; 0 measured; 0 filtered out; finished in 0.00s
[INFO] [stdout] 
[INFO] [stderr]    Doc-tests rog_aura
[INFO] [stdout] 
[INFO] [stdout] running 2 tests
[INFO] [stdout] test src/builtin_modes.rs - builtin_modes::[u8; LED_MSG_LEN] (line 278) ... ignored
[INFO] [stdout] test src/builtin_modes.rs - builtin_modes::AuraEffect (line 217) ... FAILED
[INFO] [stdout] 
[INFO] [stdout] failures:
[INFO] [stdout] 
[INFO] [stdout] ---- src/builtin_modes.rs - builtin_modes::AuraEffect (line 217) stdout ----
[INFO] [stdout] error[E0425]: cannot find value `LED_MSG_LEN` in this scope
[INFO] [stdout]  --> src/builtin_modes.rs:218:17
[INFO] [stdout]   |
[INFO] [stdout] 3 | let bytes: [u8; LED_MSG_LEN] = mode.into();
[INFO] [stdout]   |                 ^^^^^^^^^^^ not found in this scope
[INFO] [stdout]   |
[INFO] [stdout] help: consider importing this constant
[INFO] [stdout]   |
[INFO] [stdout] 2 | use rog_aura::LED_MSG_LEN;
[INFO] [stdout]   |
[INFO] [stdout] 
[INFO] [stdout] error[E0425]: cannot find value `mode` in this scope
[INFO] [stdout]  --> src/builtin_modes.rs:218:32
[INFO] [stdout]   |
[INFO] [stdout] 3 | let bytes: [u8; LED_MSG_LEN] = mode.into();
[INFO] [stdout]   |                                ^^^^ not found in this scope
[INFO] [stdout] 
[INFO] [stdout] error: aborting due to 2 previous errors
[INFO] [stdout] 
[INFO] [stdout] For more information about this error, try `rustc --explain E0425`.
[INFO] [stdout] Couldn't compile the test.
[INFO] [stdout] 
[INFO] [stdout] failures:
[INFO] [stdout]     src/builtin_modes.rs - builtin_modes::AuraEffect (line 217)
[INFO] [stdout] 
[INFO] [stdout] test result: FAILED. 0 passed; 1 failed; 1 ignored; 0 measured; 0 filtered out; finished in 0.25s
[INFO] [stdout] 
[INFO] [stderr] error: test failed, to rerun pass '--doc'
[INFO] running `Command { std: "docker" "inspect" "bf9ca71f7c639017c14e928ace18cb3ab38cb6273c649881452e7cc851777176", kill_on_drop: false }`
[INFO] running `Command { std: "docker" "rm" "-f" "bf9ca71f7c639017c14e928ace18cb3ab38cb6273c649881452e7cc851777176", kill_on_drop: false }`
[INFO] [stdout] bf9ca71f7c639017c14e928ace18cb3ab38cb6273c649881452e7cc851777176
