[INFO] cloning repository https://github.com/bsundsrud/observatory
[INFO] running `Command { std: "git" "-c" "credential.helper=" "-c" "credential.helper=/workspace/cargo-home/bin/git-credential-null" "clone" "--bare" "https://github.com/bsundsrud/observatory" "/workspace/cache/git-repos/https%3A%2F%2Fgithub.com%2Fbsundsrud%2Fobservatory", kill_on_drop: false }`
[INFO] [stderr] Cloning into bare repository '/workspace/cache/git-repos/https%3A%2F%2Fgithub.com%2Fbsundsrud%2Fobservatory'...
[INFO] running `Command { std: "git" "rev-parse" "HEAD", kill_on_drop: false }`
[INFO] [stdout] f7e635c7a7d463099ec38beb98a5f8a41d8dec50
[INFO] testing bsundsrud/observatory against 1.54.0 for beta-1.55-1
[INFO] running `Command { std: "git" "clone" "/workspace/cache/git-repos/https%3A%2F%2Fgithub.com%2Fbsundsrud%2Fobservatory" "/workspace/builds/worker-6/source", kill_on_drop: false }`
[INFO] [stderr] Cloning into '/workspace/builds/worker-6/source'...
[INFO] [stderr] done.
[INFO] validating manifest of git repo https://github.com/bsundsrud/observatory on toolchain 1.54.0
[INFO] running `Command { std: "/workspace/cargo-home/bin/cargo" "+1.54.0" "metadata" "--manifest-path" "Cargo.toml" "--no-deps", kill_on_drop: false }`
[INFO] started tweaking git repo https://github.com/bsundsrud/observatory
[INFO] finished tweaking git repo https://github.com/bsundsrud/observatory
[INFO] tweaked toml for git repo https://github.com/bsundsrud/observatory written to /workspace/builds/worker-6/source/Cargo.toml
[INFO] crate git repo https://github.com/bsundsrud/observatory already has a lockfile, it will not be regenerated
[INFO] running `Command { std: "/workspace/cargo-home/bin/cargo" "+1.54.0" "fetch" "--manifest-path" "Cargo.toml", kill_on_drop: false }`
[INFO] [stderr]     Blocking waiting for file lock on package cache
[INFO] [stderr]     Blocking waiting for file lock on package cache
[INFO] running `Command { std: "docker" "create" "-v" "/var/lib/crater-agent-workspace/builds/worker-6/target:/opt/rustwide/target:rw,Z" "-v" "/var/lib/crater-agent-workspace/builds/worker-6/source:/opt/rustwide/workdir:ro,Z" "-v" "/var/lib/crater-agent-workspace/cargo-home:/opt/rustwide/cargo-home:ro,Z" "-v" "/var/lib/crater-agent-workspace/rustup-home:/opt/rustwide/rustup-home:ro,Z" "-e" "SOURCE_DIR=/opt/rustwide/workdir" "-e" "CARGO_TARGET_DIR=/opt/rustwide/target" "-e" "CARGO_HOME=/opt/rustwide/cargo-home" "-e" "RUSTUP_HOME=/opt/rustwide/rustup-home" "-w" "/opt/rustwide/workdir" "-m" "1610612736" "--user" "0:0" "--network" "none" "ghcr.io/rust-lang/crates-build-env/linux@sha256:34b6a614d2c27851fe6cbf88fbd1137609cefab8b10d0615aaeb6fd47975d74e" "/opt/rustwide/cargo-home/bin/cargo" "+1.54.0" "metadata" "--no-deps" "--format-version=1", kill_on_drop: false }`
[INFO] [stdout] 85ceb0083a2f41b6be371c5507106eb6bc0495543116902b06e5e7ef036f2014
[INFO] running `Command { std: "docker" "start" "-a" "85ceb0083a2f41b6be371c5507106eb6bc0495543116902b06e5e7ef036f2014", kill_on_drop: false }`
[INFO] running `Command { std: "docker" "inspect" "85ceb0083a2f41b6be371c5507106eb6bc0495543116902b06e5e7ef036f2014", kill_on_drop: false }`
[INFO] running `Command { std: "docker" "rm" "-f" "85ceb0083a2f41b6be371c5507106eb6bc0495543116902b06e5e7ef036f2014", kill_on_drop: false }`
[INFO] [stdout] 85ceb0083a2f41b6be371c5507106eb6bc0495543116902b06e5e7ef036f2014
[INFO] running `Command { std: "docker" "create" "-v" "/var/lib/crater-agent-workspace/builds/worker-6/target:/opt/rustwide/target:rw,Z" "-v" "/var/lib/crater-agent-workspace/builds/worker-6/source:/opt/rustwide/workdir:ro,Z" "-v" "/var/lib/crater-agent-workspace/cargo-home:/opt/rustwide/cargo-home:ro,Z" "-v" "/var/lib/crater-agent-workspace/rustup-home:/opt/rustwide/rustup-home:ro,Z" "-e" "SOURCE_DIR=/opt/rustwide/workdir" "-e" "CARGO_TARGET_DIR=/opt/rustwide/target" "-e" "CARGO_INCREMENTAL=0" "-e" "RUST_BACKTRACE=full" "-e" "RUSTFLAGS=--cap-lints=warn" "-e" "CARGO_HOME=/opt/rustwide/cargo-home" "-e" "RUSTUP_HOME=/opt/rustwide/rustup-home" "-w" "/opt/rustwide/workdir" "-m" "1610612736" "--user" "0:0" "--network" "none" "ghcr.io/rust-lang/crates-build-env/linux@sha256:34b6a614d2c27851fe6cbf88fbd1137609cefab8b10d0615aaeb6fd47975d74e" "/opt/rustwide/cargo-home/bin/cargo" "+1.54.0" "build" "--frozen" "--message-format=json", kill_on_drop: false }`
[INFO] [stdout] 65a9343cbc0175c4eeff927f1129e81c19400e727972eaf92ddfbe10496cac11
[INFO] running `Command { std: "docker" "start" "-a" "65a9343cbc0175c4eeff927f1129e81c19400e727972eaf92ddfbe10496cac11", kill_on_drop: false }`
[INFO] [stderr]    Compiling libc v0.2.49
[INFO] [stderr]    Compiling cfg-if v0.1.6
[INFO] [stderr]    Compiling autocfg v0.1.2
[INFO] [stderr]    Compiling lazy_static v1.3.0
[INFO] [stderr]    Compiling cc v1.0.29
[INFO] [stderr]    Compiling smallvec v0.6.9
[INFO] [stderr]    Compiling futures v0.1.25
[INFO] [stderr]    Compiling proc-macro2 v0.4.27
[INFO] [stderr]    Compiling arrayvec v0.4.10
[INFO] [stderr]    Compiling encoding_index_tests v0.1.4
[INFO] [stderr]    Compiling memoffset v0.2.1
[INFO] [stderr]    Compiling memchr v2.2.0
[INFO] [stderr]    Compiling failure_derive v0.1.5
[INFO] [stderr]    Compiling siphasher v0.2.3
[INFO] [stderr]    Compiling itoa v0.4.3
[INFO] [stderr]    Compiling rustc-demangle v0.1.13
[INFO] [stderr]    Compiling slog v2.4.1
[INFO] [stderr]    Compiling serde v1.0.88
[INFO] [stderr]    Compiling linked-hash-map v0.4.2
[INFO] [stderr]    Compiling httparse v1.3.3
[INFO] [stderr]    Compiling crc32fast v1.1.2
[INFO] [stderr]    Compiling num-traits v0.2.6
[INFO] [stderr]    Compiling num-integer v0.1.39
[INFO] [stderr]    Compiling arc-swap v0.3.7
[INFO] [stderr]    Compiling openssl v0.10.18
[INFO] [stderr]    Compiling quick-error v1.2.2
[INFO] [stderr]    Compiling ryu v0.2.7
[INFO] [stderr]    Compiling string v0.1.3
[INFO] [stderr]    Compiling native-tls v0.2.2
[INFO] [stderr]    Compiling dtoa v0.4.3
[INFO] [stderr]    Compiling try-lock v0.2.2
[INFO] [stderr]    Compiling encoding_rs v0.8.17
[INFO] [stderr]    Compiling safemem v0.3.0
[INFO] [stderr]    Compiling ucd-util v0.1.3
[INFO] [stderr]    Compiling regex v1.1.0
[INFO] [stderr]    Compiling crossbeam v0.2.12
[INFO] [stderr]    Compiling openssl-probe v0.1.2
[INFO] [stderr]    Compiling untrusted v0.6.2
[INFO] [stderr]    Compiling take_mut v0.2.2
[INFO] [stderr]    Compiling utf8-ranges v1.0.2
[INFO] [stderr]    Compiling linked-hash-map v0.5.1
[INFO] [stderr]    Compiling sha1 v0.6.0
[INFO] [stderr]    Compiling rand_jitter v0.1.3
[INFO] [stderr]    Compiling owning_ref v0.4.0
[INFO] [stderr]    Compiling unicase v1.4.2
[INFO] [stderr]    Compiling unicase v2.2.0
[INFO] [stderr]    Compiling v_escape v0.3.2
[INFO] [stderr]    Compiling v_htmlescape v0.3.2
[INFO] [stderr]    Compiling actix-web v0.7.18
[INFO] [stderr]    Compiling log v0.4.6
[INFO] [stderr]    Compiling crossbeam-utils v0.6.5
[INFO] [stderr]    Compiling thread_local v0.3.6
[INFO] [stderr]    Compiling encoding-index-japanese v1.20141219.5
[INFO] [stderr]    Compiling encoding-index-korean v1.20141219.5
[INFO] [stderr]    Compiling encoding-index-tradchinese v1.20141219.5
[INFO] [stderr]    Compiling encoding-index-singlebyte v1.20141219.5
[INFO] [stderr]    Compiling encoding-index-simpchinese v1.20141219.5
[INFO] [stderr]    Compiling unicode-normalization v0.1.8
[INFO] [stderr]    Compiling lru-cache v0.1.1
[INFO] [stderr]    Compiling yaml-rust v0.4.2
[INFO] [stderr]    Compiling rand_xorshift v0.1.1
[INFO] [stderr]    Compiling rand_hc v0.1.0
[INFO] [stderr]    Compiling rand_isaac v0.1.1
[INFO] [stderr]    Compiling regex-syntax v0.6.5
[INFO] [stderr]    Compiling lock_api v0.1.5
[INFO] [stderr]    Compiling base64 v0.10.1
[INFO] [stderr]    Compiling term v0.5.1
[INFO] [stderr]    Compiling base64 v0.9.3
[INFO] [stderr]    Compiling parking_lot_core v0.4.0
[INFO] [stderr]    Compiling rand_pcg v0.1.2
[INFO] [stderr]    Compiling rand_chacha v0.1.1
[INFO] [stderr]    Compiling rand v0.6.5
[INFO] [stderr]    Compiling backtrace v0.3.14
[INFO] [stderr]    Compiling log v0.3.9
[INFO] [stderr]    Compiling crossbeam-channel v0.3.8
[INFO] [stderr]    Compiling encoding v0.2.33
[INFO] [stderr]    Compiling libflate v0.1.20
[INFO] [stderr]    Compiling crossbeam-epoch v0.7.1
[INFO] [stderr]    Compiling slog-async v2.3.0
[INFO] [stderr]    Compiling slog-atomic v2.0.0
[INFO] [stderr]    Compiling phf_shared v0.7.24
[INFO] [stderr]    Compiling crossbeam-deque v0.6.3
[INFO] [stderr]    Compiling quote v0.6.11
[INFO] [stderr]    Compiling tokio-executor v0.1.6
[INFO] [stderr]    Compiling tokio-sync v0.1.2
[INFO] [stderr]    Compiling want v0.0.6
[INFO] [stderr]    Compiling tower-service v0.1.0
[INFO] [stderr]    Compiling backtrace-sys v0.1.28
[INFO] [stderr]    Compiling openssl-sys v0.9.41
[INFO] [stderr]    Compiling miniz-sys v0.1.11
[INFO] [stderr]    Compiling ring v0.13.5
[INFO] [stderr]    Compiling brotli-sys v0.3.2
[INFO] [stderr]    Compiling rand_os v0.1.2
[INFO] [stderr]    Compiling iovec v0.1.2
[INFO] [stderr]    Compiling num_cpus v1.10.0
[INFO] [stderr]    Compiling net2 v0.2.33
[INFO] [stderr]    Compiling time v0.1.42
[INFO] [stderr]    Compiling socket2 v0.3.8
[INFO] [stderr]    Compiling rand v0.5.6
[INFO] [stderr]    Compiling hostname v0.1.5
[INFO] [stderr]    Compiling signal-hook v0.1.8
[INFO] [stderr]    Compiling thread-id v2.0.0
[INFO] [stderr]    Compiling memchr v0.1.11
[INFO] [stderr]    Compiling isatty v0.1.9
[INFO] [stderr]    Compiling mime v0.3.13
[INFO] [stderr]    Compiling phf v0.7.24
[INFO] [stderr]    Compiling syn v0.15.26
[INFO] [stderr]    Compiling nom v4.2.0
[INFO] [stderr]    Compiling aho-corasick v0.6.10
[INFO] [stderr]    Compiling idna v0.1.5
[INFO] [stderr]    Compiling tokio-timer v0.2.10
[INFO] [stderr]    Compiling tokio-current-thread v0.1.4
[INFO] [stderr]    Compiling futures-cpupool v0.1.8
[INFO] [stderr]    Compiling bytes v0.4.11
[INFO] [stderr]    Compiling aho-corasick v0.5.3
[INFO] [stderr]    Compiling thread_local v0.2.7
[INFO] [stderr]    Compiling resolv-conf v0.6.2
[INFO] [stderr]    Compiling mio v0.6.16
[INFO] [stderr]    Compiling chrono v0.4.6
[INFO] [stderr]    Compiling flate2 v1.0.6
[INFO] [stderr]    Compiling regex v0.1.80
[INFO] [stderr]    Compiling tokio-io v0.1.11
[INFO] [stderr]    Compiling http v0.1.16
[INFO] [stderr]    Compiling slog-term v2.4.0
[INFO] [stderr]    Compiling url v1.7.2
[INFO] [stderr]    Compiling mio-uds v0.6.7
[INFO] [stderr]    Compiling phf_generator v0.7.24
[INFO] [stderr]    Compiling uuid v0.7.2
[INFO] [stderr]    Compiling tokio-codec v0.1.1
[INFO] [stderr]    Compiling phf_codegen v0.7.24
[INFO] [stderr]    Compiling parking_lot v0.7.1
[INFO] [stderr]    Compiling mime_guess v2.0.0-alpha.6
[INFO] [stderr]    Compiling tokio-reactor v0.1.8
[INFO] [stderr]    Compiling crossbeam v0.6.0
[INFO] [stderr]    Compiling serde_urlencoded v0.5.4
[INFO] [stderr]    Compiling serde_json v1.0.38
[INFO] [stderr]    Compiling toml v0.4.10
[INFO] [stderr]    Compiling serde_yaml v0.8.8
[INFO] [stderr]    Compiling h2 v0.1.16
[INFO] [stderr]    Compiling tokio-threadpool v0.1.11
[INFO] [stderr]    Compiling slog-scope v4.1.1
[INFO] [stderr]    Compiling slog-stdlog v3.0.2
[INFO] [stderr]    Compiling tokio-tcp v0.1.3
[INFO] [stderr]    Compiling tokio-udp v0.1.3
[INFO] [stderr]    Compiling tokio-uds v0.2.5
[INFO] [stderr]    Compiling tokio-signal v0.2.7
[INFO] [stderr]    Compiling tokio-fs v0.1.5
[INFO] [stderr]    Compiling slog-envlogger v2.1.0
[INFO] [stderr]    Compiling tokio v0.1.15
[INFO] [stderr]    Compiling cookie v0.11.0
[INFO] [stderr]    Compiling synstructure v0.10.1
[INFO] [stderr]    Compiling hyper v0.12.24
[INFO] [stderr]    Compiling brotli2 v0.3.2
[INFO] [stderr]    Compiling v_escape_derive v0.2.1
[INFO] [stderr]    Compiling actix_derive v0.3.2
[INFO] [stderr]    Compiling serde_derive v1.0.88
[INFO] [stderr]    Compiling serde_repr v0.1.3
[INFO] [stderr]    Compiling hyper-tls v0.3.1
[INFO] [stderr]    Compiling reqwest v0.9.10
[INFO] [stderr]    Compiling failure v0.1.5
[INFO] [stderr]    Compiling trust-dns-proto v0.6.3
[INFO] [stderr]    Compiling trust-dns-proto v0.5.0
[INFO] [stderr]    Compiling trust-dns-resolver v0.10.3
[INFO] [stderr]    Compiling actix v0.7.9
[INFO] [stderr]    Compiling actix-net v0.2.6
[INFO] [stderr]    Compiling observatory v0.1.0 (/opt/rustwide/workdir)
[INFO] [stdout] warning: unused imports: `App`, `HttpRequest`, `Responder`
[INFO] [stdout]  --> src/main.rs:8:25
[INFO] [stdout]   |
[INFO] [stdout] 8 | use actix_web::{server, App, HttpRequest, Responder};
[INFO] [stdout]   |                         ^^^  ^^^^^^^^^^^  ^^^^^^^^^
[INFO] [stdout]   |
[INFO] [stdout]   = note: `#[warn(unused_imports)]` on by default
[INFO] [stdout] 
[INFO] [stdout] 
[INFO] [stdout] warning: trait objects without an explicit `dyn` are deprecated
[INFO] [stdout]   --> src/logging/mod.rs:18:26
[INFO] [stdout]    |
[INFO] [stdout] 18 | fn timestamp_fn(io: &mut io::Write) -> io::Result<()> {
[INFO] [stdout]    |                          ^^^^^^^^^ help: use `dyn`: `dyn io::Write`
[INFO] [stdout]    |
[INFO] [stdout]    = note: `#[warn(bare_trait_objects)]` on by default
[INFO] [stdout]    = warning: this was previously accepted by the compiler but is being phased out; it will become a hard error in the 2021 edition!
[INFO] [stdout]    = note: for more information, see issue #80165 <https://github.com/rust-lang/rust/issues/80165>
[INFO] [stdout] 
[INFO] [stdout] 
[INFO] [stdout] warning: unused variable: `n`
[INFO] [stdout]   --> src/model/mod.rs:80:24
[INFO] [stdout]    |
[INFO] [stdout] 80 |             Some((idx, n)) => idx,
[INFO] [stdout]    |                        ^ help: if this is intentional, prefix it with an underscore: `_n`
[INFO] [stdout]    |
[INFO] [stdout]    = note: `#[warn(unused_variables)]` on by default
[INFO] [stdout] 
[INFO] [stdout] 
[INFO] [stdout] warning: field is never read: `logger`
[INFO] [stdout]   --> src/api.rs:13:5
[INFO] [stdout]    |
[INFO] [stdout] 13 |     logger: Logger,
[INFO] [stdout]    |     ^^^^^^^^^^^^^^
[INFO] [stdout]    |
[INFO] [stdout]    = note: `#[warn(dead_code)]` on by default
[INFO] [stdout] 
[INFO] [stdout] 
[INFO] [stdout] warning: function is never used: `set_global_level`
[INFO] [stdout]   --> src/logging/mod.rs:14:8
[INFO] [stdout]    |
[INFO] [stdout] 14 | pub fn set_global_level(level: Level) {
[INFO] [stdout]    |        ^^^^^^^^^^^^^^^^
[INFO] [stdout] 
[INFO] [stdout] 
[INFO] [stdout] warning: function is never used: `graph_name`
[INFO] [stdout]    --> src/model/mod.rs:143:4
[INFO] [stdout]     |
[INFO] [stdout] 143 | fn graph_name(name: &str, parent: Option<&str>) -> String {
[INFO] [stdout]     |    ^^^^^^^^^^
[INFO] [stdout] 
[INFO] [stdout] 
[INFO] [stdout] warning: associated function is never used: `new`
[INFO] [stdout]    --> src/model/mod.rs:247:12
[INFO] [stdout]     |
[INFO] [stdout] 247 |     pub fn new(normal: f64, warning: f64, danger: f64) -> Metrics {
[INFO] [stdout]     |            ^^^
[INFO] [stdout] 
[INFO] [stdout] 
[INFO] [stdout] warning: 7 warnings emitted
[INFO] [stdout] 
[INFO] [stdout] 
[INFO] [stderr]     Finished dev [unoptimized + debuginfo] target(s) in 1m 30s
[INFO] running `Command { std: "docker" "inspect" "65a9343cbc0175c4eeff927f1129e81c19400e727972eaf92ddfbe10496cac11", kill_on_drop: false }`
[INFO] running `Command { std: "docker" "rm" "-f" "65a9343cbc0175c4eeff927f1129e81c19400e727972eaf92ddfbe10496cac11", kill_on_drop: false }`
[INFO] [stdout] 65a9343cbc0175c4eeff927f1129e81c19400e727972eaf92ddfbe10496cac11
[INFO] running `Command { std: "docker" "create" "-v" "/var/lib/crater-agent-workspace/builds/worker-6/target:/opt/rustwide/target:rw,Z" "-v" "/var/lib/crater-agent-workspace/builds/worker-6/source:/opt/rustwide/workdir:ro,Z" "-v" "/var/lib/crater-agent-workspace/cargo-home:/opt/rustwide/cargo-home:ro,Z" "-v" "/var/lib/crater-agent-workspace/rustup-home:/opt/rustwide/rustup-home:ro,Z" "-e" "SOURCE_DIR=/opt/rustwide/workdir" "-e" "CARGO_TARGET_DIR=/opt/rustwide/target" "-e" "CARGO_INCREMENTAL=0" "-e" "RUST_BACKTRACE=full" "-e" "RUSTFLAGS=--cap-lints=warn" "-e" "CARGO_HOME=/opt/rustwide/cargo-home" "-e" "RUSTUP_HOME=/opt/rustwide/rustup-home" "-w" "/opt/rustwide/workdir" "-m" "1610612736" "--user" "0:0" "--network" "none" "ghcr.io/rust-lang/crates-build-env/linux@sha256:34b6a614d2c27851fe6cbf88fbd1137609cefab8b10d0615aaeb6fd47975d74e" "/opt/rustwide/cargo-home/bin/cargo" "+1.54.0" "test" "--frozen" "--no-run" "--message-format=json", kill_on_drop: false }`
[INFO] [stdout] 93c25efd94e7bc9893e3592df8e8380f524c239e9c6ca4b6f46348ab3ce9e715
[INFO] running `Command { std: "docker" "start" "-a" "93c25efd94e7bc9893e3592df8e8380f524c239e9c6ca4b6f46348ab3ce9e715", kill_on_drop: false }`
[INFO] [stderr]     Blocking waiting for file lock on package cache
[INFO] [stderr]     Blocking waiting for file lock on package cache
[INFO] [stderr]     Blocking waiting for file lock on package cache
[INFO] [stderr]    Compiling observatory v0.1.0 (/opt/rustwide/workdir)
[INFO] [stdout] warning: unused imports: `App`, `HttpRequest`, `Responder`
[INFO] [stdout]  --> src/main.rs:8:25
[INFO] [stdout]   |
[INFO] [stdout] 8 | use actix_web::{server, App, HttpRequest, Responder};
[INFO] [stdout]   |                         ^^^  ^^^^^^^^^^^  ^^^^^^^^^
[INFO] [stdout]   |
[INFO] [stdout]   = note: `#[warn(unused_imports)]` on by default
[INFO] [stdout] 
[INFO] [stdout] 
[INFO] [stdout] warning: trait objects without an explicit `dyn` are deprecated
[INFO] [stdout]   --> src/logging/mod.rs:18:26
[INFO] [stdout]    |
[INFO] [stdout] 18 | fn timestamp_fn(io: &mut io::Write) -> io::Result<()> {
[INFO] [stdout]    |                          ^^^^^^^^^ help: use `dyn`: `dyn io::Write`
[INFO] [stdout]    |
[INFO] [stdout]    = note: `#[warn(bare_trait_objects)]` on by default
[INFO] [stdout]    = warning: this was previously accepted by the compiler but is being phased out; it will become a hard error in the 2021 edition!
[INFO] [stdout]    = note: for more information, see issue #80165 <https://github.com/rust-lang/rust/issues/80165>
[INFO] [stdout] 
[INFO] [stdout] 
[INFO] [stdout] warning: unused variable: `n`
[INFO] [stdout]   --> src/model/mod.rs:80:24
[INFO] [stdout]    |
[INFO] [stdout] 80 |             Some((idx, n)) => idx,
[INFO] [stdout]    |                        ^ help: if this is intentional, prefix it with an underscore: `_n`
[INFO] [stdout]    |
[INFO] [stdout]    = note: `#[warn(unused_variables)]` on by default
[INFO] [stdout] 
[INFO] [stdout] 
[INFO] [stdout] warning: field is never read: `logger`
[INFO] [stdout]   --> src/api.rs:13:5
[INFO] [stdout]    |
[INFO] [stdout] 13 |     logger: Logger,
[INFO] [stdout]    |     ^^^^^^^^^^^^^^
[INFO] [stdout]    |
[INFO] [stdout]    = note: `#[warn(dead_code)]` on by default
[INFO] [stdout] 
[INFO] [stdout] 
[INFO] [stdout] warning: function is never used: `graph_name`
[INFO] [stdout]    --> src/model/mod.rs:143:4
[INFO] [stdout]     |
[INFO] [stdout] 143 | fn graph_name(name: &str, parent: Option<&str>) -> String {
[INFO] [stdout]     |    ^^^^^^^^^^
[INFO] [stdout] 
[INFO] [stdout] 
[INFO] [stdout] warning: associated function is never used: `new`
[INFO] [stdout]    --> src/model/mod.rs:247:12
[INFO] [stdout]     |
[INFO] [stdout] 247 |     pub fn new(normal: f64, warning: f64, danger: f64) -> Metrics {
[INFO] [stdout]     |            ^^^
[INFO] [stdout] 
[INFO] [stdout] 
[INFO] [stdout] warning: 6 warnings emitted
[INFO] [stdout] 
[INFO] [stdout] 
[INFO] [stderr]     Finished test [unoptimized + debuginfo] target(s) in 8.51s
[INFO] running `Command { std: "docker" "inspect" "93c25efd94e7bc9893e3592df8e8380f524c239e9c6ca4b6f46348ab3ce9e715", kill_on_drop: false }`
[INFO] running `Command { std: "docker" "rm" "-f" "93c25efd94e7bc9893e3592df8e8380f524c239e9c6ca4b6f46348ab3ce9e715", kill_on_drop: false }`
[INFO] [stdout] 93c25efd94e7bc9893e3592df8e8380f524c239e9c6ca4b6f46348ab3ce9e715
[INFO] running `Command { std: "docker" "create" "-v" "/var/lib/crater-agent-workspace/builds/worker-6/target:/opt/rustwide/target:rw,Z" "-v" "/var/lib/crater-agent-workspace/builds/worker-6/source:/opt/rustwide/workdir:ro,Z" "-v" "/var/lib/crater-agent-workspace/cargo-home:/opt/rustwide/cargo-home:ro,Z" "-v" "/var/lib/crater-agent-workspace/rustup-home:/opt/rustwide/rustup-home:ro,Z" "-e" "SOURCE_DIR=/opt/rustwide/workdir" "-e" "CARGO_TARGET_DIR=/opt/rustwide/target" "-e" "CARGO_INCREMENTAL=0" "-e" "RUST_BACKTRACE=full" "-e" "RUSTFLAGS=--cap-lints=warn" "-e" "CARGO_HOME=/opt/rustwide/cargo-home" "-e" "RUSTUP_HOME=/opt/rustwide/rustup-home" "-w" "/opt/rustwide/workdir" "-m" "1610612736" "--user" "0:0" "--network" "none" "ghcr.io/rust-lang/crates-build-env/linux@sha256:34b6a614d2c27851fe6cbf88fbd1137609cefab8b10d0615aaeb6fd47975d74e" "/opt/rustwide/cargo-home/bin/cargo" "+1.54.0" "test" "--frozen", kill_on_drop: false }`
[INFO] [stdout] 87e299b1e6b773088872532d42fae557bde57a59c91e3098b14e171a691de82c
[INFO] running `Command { std: "docker" "start" "-a" "87e299b1e6b773088872532d42fae557bde57a59c91e3098b14e171a691de82c", kill_on_drop: false }`
[INFO] [stderr] warning: unused imports: `App`, `HttpRequest`, `Responder`
[INFO] [stderr]  --> src/main.rs:8:25
[INFO] [stderr]   |
[INFO] [stderr] 8 | use actix_web::{server, App, HttpRequest, Responder};
[INFO] [stderr]   |                         ^^^  ^^^^^^^^^^^  ^^^^^^^^^
[INFO] [stderr]   |
[INFO] [stderr]   = note: `#[warn(unused_imports)]` on by default
[INFO] [stderr] 
[INFO] [stderr] warning: trait objects without an explicit `dyn` are deprecated
[INFO] [stderr]   --> src/logging/mod.rs:18:26
[INFO] [stderr]    |
[INFO] [stderr] 18 | fn timestamp_fn(io: &mut io::Write) -> io::Result<()> {
[INFO] [stderr]    |                          ^^^^^^^^^ help: use `dyn`: `dyn io::Write`
[INFO] [stderr]    |
[INFO] [stderr]    = note: `#[warn(bare_trait_objects)]` on by default
[INFO] [stderr]    = warning: this was previously accepted by the compiler but is being phased out; it will become a hard error in the 2021 edition!
[INFO] [stderr]    = note: for more information, see issue #80165 <https://github.com/rust-lang/rust/issues/80165>
[INFO] [stderr] 
[INFO] [stderr] warning: unused variable: `n`
[INFO] [stderr]   --> src/model/mod.rs:80:24
[INFO] [stderr]    |
[INFO] [stderr] 80 |             Some((idx, n)) => idx,
[INFO] [stderr]    |                        ^ help: if this is intentional, prefix it with an underscore: `_n`
[INFO] [stderr]    |
[INFO] [stderr]    = note: `#[warn(unused_variables)]` on by default
[INFO] [stderr] 
[INFO] [stderr] warning: field is never read: `logger`
[INFO] [stderr]   --> src/api.rs:13:5
[INFO] [stderr]    |
[INFO] [stderr] 13 |     logger: Logger,
[INFO] [stderr]    |     ^^^^^^^^^^^^^^
[INFO] [stderr]    |
[INFO] [stderr]    = note: `#[warn(dead_code)]` on by default
[INFO] [stderr] 
[INFO] [stderr] warning: function is never used: `graph_name`
[INFO] [stderr]    --> src/model/mod.rs:143:4
[INFO] [stderr]     |
[INFO] [stderr] 143 | fn graph_name(name: &str, parent: Option<&str>) -> String {
[INFO] [stderr]     |    ^^^^^^^^^^
[INFO] [stderr] 
[INFO] [stderr] warning: associated function is never used: `new`
[INFO] [stderr]    --> src/model/mod.rs:247:12
[INFO] [stderr]     |
[INFO] [stderr] 247 |     pub fn new(normal: f64, warning: f64, danger: f64) -> Metrics {
[INFO] [stderr]     |            ^^^
[INFO] [stderr] 
[INFO] [stderr] warning: 6 warnings emitted
[INFO] [stderr] 
[INFO] [stderr]     Finished test [unoptimized + debuginfo] target(s) in 0.18s
[INFO] [stderr]      Running unittests (/opt/rustwide/target/debug/deps/observatory-2e487a29276b5694)
[INFO] [stdout] 
[INFO] [stdout] running 2 tests
[INFO] [stdout] test model::test::load_parsed_file ... ok
[INFO] [stderr] 2021-08-08 02:48:59.815 DEBG Creating new graph node 'Global'
[INFO] [stderr] 2021-08-08 02:48:59.815 DEBG Creating leaf node 'foo'
[INFO] [stderr] 2021-08-08 02:48:59.815 TRCE Adding node 'foo' to graph
[INFO] [stderr] 2021-08-08 02:48:59.815 DEBG Creating leaf node 'bar'
[INFO] [stderr] 2021-08-08 02:48:59.815 TRCE Adding node 'bar' to graph
[INFO] [stderr] 2021-08-08 02:48:59.815 TRCE Adding connections
[INFO] [stderr] 2021-08-08 02:48:59.815 TRCE Connected foo => bar
[INFO] [stderr] 2021-08-08 02:48:59.815 DEBG Creating new graph node 'nested'
[INFO] [stderr] 2021-08-08 02:48:59.815 DEBG Creating leaf node 'INTERNET'
[INFO] [stderr] 2021-08-08 02:48:59.815 TRCE Adding node 'INTERNET' to graph
[INFO] [stderr] 2021-08-08 02:48:59.815 DEBG Creating new graph node 'foo'
[INFO] [stderr] 2021-08-08 02:48:59.815 DEBG Creating leaf node 'foo-1'
[INFO] [stderr] 2021-08-08 02:48:59.815 TRCE Adding node 'foo-1' to graph
[INFO] [stderr] 2021-08-08 02:48:59.815 DEBG Creating leaf node 'foo-2'
[INFO] [stderr] 2021-08-08 02:48:59.815 TRCE Adding node 'foo-2' to graph
[INFO] [stderr] 2021-08-08 02:48:59.815 TRCE Adding connections
[INFO] [stderr] 2021-08-08 02:48:59.815 TRCE Connected foo-1 => foo-2
[INFO] [stderr] 2021-08-08 02:48:59.815 TRCE Adding node 'foo' to graph
[INFO] [stderr] 2021-08-08 02:48:59.815 TRCE Adding connections
[INFO] [stderr] 2021-08-08 02:48:59.815 TRCE Connected INTERNET => foo
[INFO] [stdout] test config::test::load_simple_sample ... FAILED
[INFO] [stdout] 
[INFO] [stdout] failures:
[INFO] [stdout] 
[INFO] [stdout] ---- config::test::load_simple_sample stdout ----
[INFO] [stdout] thread 'config::test::load_simple_sample' panicked at 'assertion failed: `(left == right)`
[INFO] [stdout]   left: `1`,
[INFO] [stdout]  right: `2`', src/config/mod.rs:32:9
[INFO] [stdout] stack backtrace:
[INFO] [stdout]    0:     0x55d68d44ee50 - std::backtrace_rs::backtrace::libunwind::trace::h34055254b57d8e79
[INFO] [stdout]                                at /rustc/a178d0322ce20e33eac124758e837cbd80a6f633/library/std/src/../../backtrace/src/backtrace/libunwind.rs:90:5
[INFO] [stdout]    1:     0x55d68d44ee50 - std::backtrace_rs::backtrace::trace_unsynchronized::h8f1e3fbd9afff6ec
[INFO] [stdout]                                at /rustc/a178d0322ce20e33eac124758e837cbd80a6f633/library/std/src/../../backtrace/src/backtrace/mod.rs:66:5
[INFO] [stdout]    2:     0x55d68d44ee50 - std::sys_common::backtrace::_print_fmt::h3a99a796b770c360
[INFO] [stdout]                                at /rustc/a178d0322ce20e33eac124758e837cbd80a6f633/library/std/src/sys_common/backtrace.rs:67:5
[INFO] [stdout]    3:     0x55d68d44ee50 - <std::sys_common::backtrace::_print::DisplayBacktrace as core::fmt::Display>::fmt::h32d1f94a80615d18
[INFO] [stdout]                                at /rustc/a178d0322ce20e33eac124758e837cbd80a6f633/library/std/src/sys_common/backtrace.rs:46:22
[INFO] [stdout]    4:     0x55d68d473ecc - core::fmt::write::h306731c068f7162c
[INFO] [stdout]                                at /rustc/a178d0322ce20e33eac124758e837cbd80a6f633/library/core/src/fmt/mod.rs:1110:17
[INFO] [stdout]    5:     0x55d68d44bc75 - std::io::Write::write_fmt::h87f19b0a2cd190bc
[INFO] [stdout]                                at /rustc/a178d0322ce20e33eac124758e837cbd80a6f633/library/std/src/io/mod.rs:1588:15
[INFO] [stdout]    6:     0x55d68d450fbb - std::sys_common::backtrace::_print::h5abaa2601a852287
[INFO] [stdout]                                at /rustc/a178d0322ce20e33eac124758e837cbd80a6f633/library/std/src/sys_common/backtrace.rs:49:5
[INFO] [stdout]    7:     0x55d68d450fbb - std::sys_common::backtrace::print::h8d81445442bb638f
[INFO] [stdout]                                at /rustc/a178d0322ce20e33eac124758e837cbd80a6f633/library/std/src/sys_common/backtrace.rs:36:9
[INFO] [stdout]    8:     0x55d68d450fbb - std::panicking::default_hook::{{closure}}::hcfe804496a9fa747
[INFO] [stdout]                                at /rustc/a178d0322ce20e33eac124758e837cbd80a6f633/library/std/src/panicking.rs:208:50
[INFO] [stdout]    9:     0x55d68d450acc - std::panicking::default_hook::hbea8e3ccf2ba8901
[INFO] [stdout]                                at /rustc/a178d0322ce20e33eac124758e837cbd80a6f633/library/std/src/panicking.rs:222:9
[INFO] [stdout]   10:     0x55d68d451684 - std::panicking::rust_panic_with_hook::h7ee9e1a2d0f8975a
[INFO] [stdout]                                at /rustc/a178d0322ce20e33eac124758e837cbd80a6f633/library/std/src/panicking.rs:622:17
[INFO] [stdout]   11:     0x55d68d451167 - std::panicking::begin_panic_handler::{{closure}}::h8ab3b4491718b2c7
[INFO] [stdout]                                at /rustc/a178d0322ce20e33eac124758e837cbd80a6f633/library/std/src/panicking.rs:519:13
[INFO] [stdout]   12:     0x55d68d44f34c - std::sys_common::backtrace::__rust_end_short_backtrace::hd489062ffa586a9f
[INFO] [stdout]                                at /rustc/a178d0322ce20e33eac124758e837cbd80a6f633/library/std/src/sys_common/backtrace.rs:141:18
[INFO] [stdout]   13:     0x55d68d4510c9 - rust_begin_unwind
[INFO] [stdout]                                at /rustc/a178d0322ce20e33eac124758e837cbd80a6f633/library/std/src/panicking.rs:515:5
[INFO] [stdout]   14:     0x55d68d2c5651 - core::panicking::panic_fmt::hca6330e3e14086b4
[INFO] [stdout]                                at /rustc/a178d0322ce20e33eac124758e837cbd80a6f633/library/core/src/panicking.rs:92:14
[INFO] [stdout]   15:     0x55d68d4716f8 - core::panicking::assert_failed_inner::h33b45280069a80ed
[INFO] [stdout]   16:     0x55d68d3a217a - core::panicking::assert_failed::ha56398d842082d1d
[INFO] [stdout]                                at /rustc/a178d0322ce20e33eac124758e837cbd80a6f633/library/core/src/panicking.rs:117:5
[INFO] [stdout]   17:     0x55d68d2f3111 - observatory::config::test::load_simple_sample::hf5205a731d2bb567
[INFO] [stdout]                                at /opt/rustwide/workdir/src/config/mod.rs:32:9
[INFO] [stdout]   18:     0x55d68d2f2f9a - observatory::config::test::load_simple_sample::{{closure}}::h2d155b13a8fd7654
[INFO] [stdout]                                at /opt/rustwide/workdir/src/config/mod.rs:26:5
[INFO] [stdout]   19:     0x55d68d2fb4ee - core::ops::function::FnOnce::call_once::h45439ae2e0a14e57
[INFO] [stdout]                                at /rustc/a178d0322ce20e33eac124758e837cbd80a6f633/library/core/src/ops/function.rs:227:5
[INFO] [stdout]   20:     0x55d68d327a43 - core::ops::function::FnOnce::call_once::h152e7e439ff59e19
[INFO] [stdout]                                at /rustc/a178d0322ce20e33eac124758e837cbd80a6f633/library/core/src/ops/function.rs:227:5
[INFO] [stdout]   21:     0x55d68d327a43 - test::__rust_begin_short_backtrace::h0908f3b1fdbb72ab
[INFO] [stdout]                                at /rustc/a178d0322ce20e33eac124758e837cbd80a6f633/library/test/src/lib.rs:577:5
[INFO] [stdout]   22:     0x55d68d326500 - <alloc::boxed::Box<F,A> as core::ops::function::FnOnce<Args>>::call_once::hf6d2a51e5587546c
[INFO] [stdout]                                at /rustc/a178d0322ce20e33eac124758e837cbd80a6f633/library/alloc/src/boxed.rs:1575:9
[INFO] [stdout]   23:     0x55d68d326500 - <std::panic::AssertUnwindSafe<F> as core::ops::function::FnOnce<()>>::call_once::h8af660f3a89ef593
[INFO] [stdout]                                at /rustc/a178d0322ce20e33eac124758e837cbd80a6f633/library/std/src/panic.rs:347:9
[INFO] [stdout]   24:     0x55d68d326500 - std::panicking::try::do_call::hd36aef60f84b6d36
[INFO] [stdout]                                at /rustc/a178d0322ce20e33eac124758e837cbd80a6f633/library/std/src/panicking.rs:401:40
[INFO] [stdout]   25:     0x55d68d326500 - std::panicking::try::h9932b4480e69817c
[INFO] [stdout]                                at /rustc/a178d0322ce20e33eac124758e837cbd80a6f633/library/std/src/panicking.rs:365:19
[INFO] [stdout]   26:     0x55d68d326500 - std::panic::catch_unwind::h6aa177099cfff5f8
[INFO] [stdout]                                at /rustc/a178d0322ce20e33eac124758e837cbd80a6f633/library/std/src/panic.rs:434:14
[INFO] [stdout]   27:     0x55d68d326500 - test::run_test_in_process::h5884d6f2d99e20c3
[INFO] [stdout]                                at /rustc/a178d0322ce20e33eac124758e837cbd80a6f633/library/test/src/lib.rs:600:18
[INFO] [stdout]   28:     0x55d68d326500 - test::run_test::run_test_inner::{{closure}}::h6fdc58c6d5f5b6e3
[INFO] [stdout]                                at /rustc/a178d0322ce20e33eac124758e837cbd80a6f633/library/test/src/lib.rs:492:39
[INFO] [stdout]   29:     0x55d68d2ffbb2 - test::run_test::run_test_inner::{{closure}}::h408365d67a78ade8
[INFO] [stdout]                                at /rustc/a178d0322ce20e33eac124758e837cbd80a6f633/library/test/src/lib.rs:519:37
[INFO] [stdout]   30:     0x55d68d2ffbb2 - std::sys_common::backtrace::__rust_begin_short_backtrace::hb560b77c4f701523
[INFO] [stdout]                                at /rustc/a178d0322ce20e33eac124758e837cbd80a6f633/library/std/src/sys_common/backtrace.rs:125:18
[INFO] [stdout]   31:     0x55d68d303768 - std::thread::Builder::spawn_unchecked::{{closure}}::{{closure}}::hf2e7831dad93c597
[INFO] [stdout]                                at /rustc/a178d0322ce20e33eac124758e837cbd80a6f633/library/std/src/thread/mod.rs:481:17
[INFO] [stdout]   32:     0x55d68d303768 - <std::panic::AssertUnwindSafe<F> as core::ops::function::FnOnce<()>>::call_once::hd2e08783d8be4d02
[INFO] [stdout]                                at /rustc/a178d0322ce20e33eac124758e837cbd80a6f633/library/std/src/panic.rs:347:9
[INFO] [stdout]   33:     0x55d68d303768 - std::panicking::try::do_call::h062597b7acfd6b82
[INFO] [stdout]                                at /rustc/a178d0322ce20e33eac124758e837cbd80a6f633/library/std/src/panicking.rs:401:40
[INFO] [stdout]   34:     0x55d68d303768 - std::panicking::try::h0d7b79db04c14552
[INFO] [stdout]                                at /rustc/a178d0322ce20e33eac124758e837cbd80a6f633/library/std/src/panicking.rs:365:19
[INFO] [stdout]   35:     0x55d68d303768 - std::panic::catch_unwind::hb01a0b5e7c8cd43b
[INFO] [stdout]                                at /rustc/a178d0322ce20e33eac124758e837cbd80a6f633/library/std/src/panic.rs:434:14
[INFO] [stdout]   36:     0x55d68d303768 - std::thread::Builder::spawn_unchecked::{{closure}}::h5bde48cc887e0d1e
[INFO] [stdout]                                at /rustc/a178d0322ce20e33eac124758e837cbd80a6f633/library/std/src/thread/mod.rs:480:30
[INFO] [stdout]   37:     0x55d68d303768 - core::ops::function::FnOnce::call_once{{vtable.shim}}::h745ea30807a29e55
[INFO] [stdout]                                at /rustc/a178d0322ce20e33eac124758e837cbd80a6f633/library/core/src/ops/function.rs:227:5
[INFO] [stdout]   38:     0x55d68d456167 - <alloc::boxed::Box<F,A> as core::ops::function::FnOnce<Args>>::call_once::h7ece6cfefaff1005
[INFO] [stdout]                                at /rustc/a178d0322ce20e33eac124758e837cbd80a6f633/library/alloc/src/boxed.rs:1575:9
[INFO] [stdout]   39:     0x55d68d456167 - <alloc::boxed::Box<F,A> as core::ops::function::FnOnce<Args>>::call_once::hb8b48e55c21f193e
[INFO] [stdout]                                at /rustc/a178d0322ce20e33eac124758e837cbd80a6f633/library/alloc/src/boxed.rs:1575:9
[INFO] [stdout]   40:     0x55d68d456167 - std::sys::unix::thread::Thread::new::thread_start::h8c7c4450dba62914
[INFO] [stdout]                                at /rustc/a178d0322ce20e33eac124758e837cbd80a6f633/library/std/src/sys/unix/thread.rs:71:17
[INFO] [stdout]   41:     0x7fc9f7bdb609 - start_thread
[INFO] [stdout]   42:     0x7fc9f79ad293 - clone
[INFO] [stdout]   43:                0x0 - <unknown>
[INFO] [stdout] 
[INFO] [stdout] 
[INFO] [stdout] failures:
[INFO] [stdout]     config::test::load_simple_sample
[INFO] [stdout] 
[INFO] [stdout] test result: FAILED. 1 passed; 1 failed; 0 ignored; 0 measured; 0 filtered out; finished in 0.05s
[INFO] [stdout] 
[INFO] [stderr] error: test failed, to rerun pass '--bin observatory'
[INFO] running `Command { std: "docker" "inspect" "87e299b1e6b773088872532d42fae557bde57a59c91e3098b14e171a691de82c", kill_on_drop: false }`
[INFO] running `Command { std: "docker" "rm" "-f" "87e299b1e6b773088872532d42fae557bde57a59c91e3098b14e171a691de82c", kill_on_drop: false }`
[INFO] [stdout] 87e299b1e6b773088872532d42fae557bde57a59c91e3098b14e171a691de82c
