[INFO] cloning repository https://github.com/DigitalShooting/DSC-Rust
[INFO] running `Command { std: "git" "-c" "credential.helper=" "-c" "credential.helper=/workspace/cargo-home/bin/git-credential-null" "clone" "--bare" "https://github.com/DigitalShooting/DSC-Rust" "/workspace/cache/git-repos/https%3A%2F%2Fgithub.com%2FDigitalShooting%2FDSC-Rust", kill_on_drop: false }`
[INFO] [stderr] Cloning into bare repository '/workspace/cache/git-repos/https%3A%2F%2Fgithub.com%2FDigitalShooting%2FDSC-Rust'...
[INFO] running `Command { std: "git" "rev-parse" "HEAD", kill_on_drop: false }`
[INFO] [stdout] c03d53b7489725cad3c5d8192fa81fe8043c8844
[INFO] testing DigitalShooting/DSC-Rust against 1.54.0 for beta-1.55-1
[INFO] running `Command { std: "git" "clone" "/workspace/cache/git-repos/https%3A%2F%2Fgithub.com%2FDigitalShooting%2FDSC-Rust" "/workspace/builds/worker-6/source", kill_on_drop: false }`
[INFO] [stderr] Cloning into '/workspace/builds/worker-6/source'...
[INFO] [stderr] done.
[INFO] validating manifest of git repo https://github.com/DigitalShooting/DSC-Rust on toolchain 1.54.0
[INFO] running `Command { std: "/workspace/cargo-home/bin/cargo" "+1.54.0" "metadata" "--manifest-path" "Cargo.toml" "--no-deps", kill_on_drop: false }`
[INFO] started tweaking git repo https://github.com/DigitalShooting/DSC-Rust
[INFO] finished tweaking git repo https://github.com/DigitalShooting/DSC-Rust
[INFO] tweaked toml for git repo https://github.com/DigitalShooting/DSC-Rust written to /workspace/builds/worker-6/source/Cargo.toml
[INFO] crate git repo https://github.com/DigitalShooting/DSC-Rust already has a lockfile, it will not be regenerated
[INFO] running `Command { std: "/workspace/cargo-home/bin/cargo" "+1.54.0" "fetch" "--manifest-path" "Cargo.toml", kill_on_drop: false }`
[INFO] running `Command { std: "docker" "create" "-v" "/var/lib/crater-agent-workspace/builds/worker-6/target:/opt/rustwide/target:rw,Z" "-v" "/var/lib/crater-agent-workspace/builds/worker-6/source:/opt/rustwide/workdir:ro,Z" "-v" "/var/lib/crater-agent-workspace/cargo-home:/opt/rustwide/cargo-home:ro,Z" "-v" "/var/lib/crater-agent-workspace/rustup-home:/opt/rustwide/rustup-home:ro,Z" "-e" "SOURCE_DIR=/opt/rustwide/workdir" "-e" "CARGO_TARGET_DIR=/opt/rustwide/target" "-e" "CARGO_HOME=/opt/rustwide/cargo-home" "-e" "RUSTUP_HOME=/opt/rustwide/rustup-home" "-w" "/opt/rustwide/workdir" "-m" "1610612736" "--user" "0:0" "--network" "none" "ghcr.io/rust-lang/crates-build-env/linux@sha256:34b6a614d2c27851fe6cbf88fbd1137609cefab8b10d0615aaeb6fd47975d74e" "/opt/rustwide/cargo-home/bin/cargo" "+1.54.0" "metadata" "--no-deps" "--format-version=1", kill_on_drop: false }`
[INFO] [stderr] WARNING: Your kernel does not support swap limit capabilities or the cgroup is not mounted. Memory limited without swap.
[INFO] [stdout] 833b5831ae07c1f9b9a3780cf92a09ede3910b2ed71f440100397d7127cbbf5f
[INFO] running `Command { std: "docker" "start" "-a" "833b5831ae07c1f9b9a3780cf92a09ede3910b2ed71f440100397d7127cbbf5f", kill_on_drop: false }`
[INFO] running `Command { std: "docker" "inspect" "833b5831ae07c1f9b9a3780cf92a09ede3910b2ed71f440100397d7127cbbf5f", kill_on_drop: false }`
[INFO] running `Command { std: "docker" "rm" "-f" "833b5831ae07c1f9b9a3780cf92a09ede3910b2ed71f440100397d7127cbbf5f", kill_on_drop: false }`
[INFO] [stdout] 833b5831ae07c1f9b9a3780cf92a09ede3910b2ed71f440100397d7127cbbf5f
[INFO] running `Command { std: "docker" "create" "-v" "/var/lib/crater-agent-workspace/builds/worker-6/target:/opt/rustwide/target:rw,Z" "-v" "/var/lib/crater-agent-workspace/builds/worker-6/source:/opt/rustwide/workdir:ro,Z" "-v" "/var/lib/crater-agent-workspace/cargo-home:/opt/rustwide/cargo-home:ro,Z" "-v" "/var/lib/crater-agent-workspace/rustup-home:/opt/rustwide/rustup-home:ro,Z" "-e" "SOURCE_DIR=/opt/rustwide/workdir" "-e" "CARGO_TARGET_DIR=/opt/rustwide/target" "-e" "CARGO_INCREMENTAL=0" "-e" "RUST_BACKTRACE=full" "-e" "RUSTFLAGS=--cap-lints=warn" "-e" "CARGO_HOME=/opt/rustwide/cargo-home" "-e" "RUSTUP_HOME=/opt/rustwide/rustup-home" "-w" "/opt/rustwide/workdir" "-m" "1610612736" "--user" "0:0" "--network" "none" "ghcr.io/rust-lang/crates-build-env/linux@sha256:34b6a614d2c27851fe6cbf88fbd1137609cefab8b10d0615aaeb6fd47975d74e" "/opt/rustwide/cargo-home/bin/cargo" "+1.54.0" "build" "--frozen" "--message-format=json", kill_on_drop: false }`
[INFO] [stderr] WARNING: Your kernel does not support swap limit capabilities or the cgroup is not mounted. Memory limited without swap.
[INFO] [stdout] a28207650ab4729a1a8069fac4983c452284f13d69b5fe886e42533f486d2473
[INFO] running `Command { std: "docker" "start" "-a" "a28207650ab4729a1a8069fac4983c452284f13d69b5fe886e42533f486d2473", kill_on_drop: false }`
[INFO] [stderr]     Blocking waiting for file lock on package cache
[INFO] [stderr]     Blocking waiting for file lock on package cache
[INFO] [stderr]     Blocking waiting for file lock on package cache
[INFO] [stderr]    Compiling cc v1.0.31
[INFO] [stderr]    Compiling smallvec v0.6.9
[INFO] [stderr]    Compiling pkg-config v0.3.14
[INFO] [stderr]    Compiling proc-macro2 v0.4.27
[INFO] [stderr]    Compiling syn v1.0.18
[INFO] [stderr]    Compiling memchr v2.2.0
[INFO] [stderr]    Compiling syn v0.15.29
[INFO] [stderr]    Compiling standback v0.2.6
[INFO] [stderr]    Compiling num-traits v0.2.6
[INFO] [stderr]    Compiling ucd-trie v0.1.1
[INFO] [stderr]    Compiling ryu v0.2.7
[INFO] [stderr]    Compiling serde v1.0.89
[INFO] [stderr]    Compiling maplit v1.0.1
[INFO] [stderr]    Compiling num-integer v0.1.39
[INFO] [stderr]    Compiling safemem v0.3.0
[INFO] [stderr]    Compiling regex v1.1.2
[INFO] [stderr]    Compiling proc-macro-hack v0.5.15
[INFO] [stderr]    Compiling itoa v0.4.3
[INFO] [stderr]    Compiling humansize v1.1.0
[INFO] [stderr]    Compiling rand_pcg v0.1.2
[INFO] [stderr]    Compiling rand v0.6.5
[INFO] [stderr]    Compiling rand_jitter v0.1.3
[INFO] [stderr]    Compiling crossbeam-utils v0.6.5
[INFO] [stderr]    Compiling thread_local v0.3.6
[INFO] [stderr]    Compiling backtrace v0.3.14
[INFO] [stderr]    Compiling regex-syntax v0.5.6
[INFO] [stderr]    Compiling regex-syntax v0.6.5
[INFO] [stderr]    Compiling tokio-sync v0.1.3
[INFO] [stderr]    Compiling pest v2.1.0
[INFO] [stderr]    Compiling textwrap v0.10.0
[INFO] [stderr]    Compiling unicode-normalization v0.1.8
[INFO] [stderr]    Compiling iovec v0.1.2
[INFO] [stderr]    Compiling rand_os v0.1.3
[INFO] [stderr]    Compiling num_cpus v1.10.0
[INFO] [stderr]    Compiling net2 v0.2.33
[INFO] [stderr]    Compiling time v0.1.42
[INFO] [stderr]    Compiling atty v0.2.11
[INFO] [stderr]    Compiling base64 v0.9.3
[INFO] [stderr]    Compiling base64 v0.10.1
[INFO] [stderr]    Compiling rand_chacha v0.1.1
[INFO] [stderr]    Compiling tokio-executor v0.1.6
[INFO] [stderr]    Compiling bytes v0.4.12
[INFO] [stderr]    Compiling clap v2.32.0
[INFO] [stderr]    Compiling mio v0.6.21
[INFO] [stderr]    Compiling openssl-sys v0.9.55
[INFO] [stderr]    Compiling backtrace-sys v0.1.28
[INFO] [stderr]    Compiling dsc v0.1.0 (/opt/rustwide/workdir)
[INFO] [stderr]    Compiling aho-corasick v0.6.10
[INFO] [stderr]    Compiling pest_meta v2.1.0
[INFO] [stderr]    Compiling tokio-io v0.1.12
[INFO] [stderr]    Compiling idna v0.1.5
[INFO] [stderr]    Compiling quote v0.6.11
[INFO] [stderr]    Compiling tokio-codec v0.1.1
[INFO] [stderr]    Compiling chrono v0.4.6
[INFO] [stderr]    Compiling parking_lot_core v0.4.0
[INFO] [stderr]    Compiling regex v0.2.11
[INFO] [stderr]    Compiling parking_lot v0.7.1
[INFO] [stderr]    Compiling url v1.7.2
[INFO] [stderr]    Compiling openssl v0.10.29
[INFO] [stderr]    Compiling native-tls v0.2.4
[INFO] [stderr]    Compiling error-chain v0.12.0
[INFO] [stderr]    Compiling tokio-reactor v0.1.9
[INFO] [stderr]    Compiling hyper v0.10.15
[INFO] [stderr]    Compiling tokio-tcp v0.1.3
[INFO] [stderr]    Compiling dotenv v0.9.0
[INFO] [stderr]    Compiling pest_generator v2.1.0
[INFO] [stderr]    Compiling serde_json v1.0.39
[INFO] [stderr]    Compiling tokio-tls v0.2.1
[INFO] [stderr]    Compiling pest_derive v2.1.0
[INFO] [stderr]    Compiling serde_derive v1.0.89
[INFO] [stderr]    Compiling websocket-base v0.24.0
[INFO] [stderr]    Compiling websocket v0.24.0
[INFO] [stderr]    Compiling rustversion v1.0.2
[INFO] [stderr]    Compiling time-macros-impl v0.1.1
[INFO] [stderr]    Compiling tera v0.11.20
[INFO] [stderr]    Compiling time-macros v0.1.0
[INFO] [stderr]    Compiling time v0.2.10
[INFO] [stdout] warning: anonymous parameters are deprecated and will be removed in the next edition.
[INFO] [stdout]    --> src/session/shot.rs:143:28
[INFO] [stdout]     |
[INFO] [stdout] 143 |     fn add_shot(&mut self, Shot, &Discipline, &CountMode);
[INFO] [stdout]     |                            ^^^^ help: try naming the parameter or explicitly ignoring it: `_: Shot`
[INFO] [stdout]     |
[INFO] [stdout]     = note: `#[warn(anonymous_parameters)]` on by default
[INFO] [stdout]     = warning: this was previously accepted by the compiler but is being phased out; it will become a hard error in the 2018 edition!
[INFO] [stdout]     = note: for more information, see issue #41686 <https://github.com/rust-lang/rust/issues/41686>
[INFO] [stdout] 
[INFO] [stdout] 
[INFO] [stdout] warning: anonymous parameters are deprecated and will be removed in the next edition.
[INFO] [stdout]    --> src/session/shot.rs:143:34
[INFO] [stdout]     |
[INFO] [stdout] 143 |     fn add_shot(&mut self, Shot, &Discipline, &CountMode);
[INFO] [stdout]     |                                  ^^^^^^^^^^^ help: try naming the parameter or explicitly ignoring it: `_: &Discipline`
[INFO] [stdout]     |
[INFO] [stdout]     = warning: this was previously accepted by the compiler but is being phased out; it will become a hard error in the 2018 edition!
[INFO] [stdout]     = note: for more information, see issue #41686 <https://github.com/rust-lang/rust/issues/41686>
[INFO] [stdout] 
[INFO] [stdout] 
[INFO] [stdout] warning: anonymous parameters are deprecated and will be removed in the next edition.
[INFO] [stdout]    --> src/session/shot.rs:143:47
[INFO] [stdout]     |
[INFO] [stdout] 143 |     fn add_shot(&mut self, Shot, &Discipline, &CountMode);
[INFO] [stdout]     |                                               ^^^^^^^^^^ help: try naming the parameter or explicitly ignoring it: `_: &CountMode`
[INFO] [stdout]     |
[INFO] [stdout]     = warning: this was previously accepted by the compiler but is being phased out; it will become a hard error in the 2018 edition!
[INFO] [stdout]     = note: for more information, see issue #41686 <https://github.com/rust-lang/rust/issues/41686>
[INFO] [stdout] 
[INFO] [stdout] 
[INFO] [stdout] warning: anonymous parameters are deprecated and will be removed in the next edition.
[INFO] [stdout]    --> src/session/shot.rs:147:32
[INFO] [stdout]     |
[INFO] [stdout] 147 |     fn add_shot_raw(&mut self, ShotRaw);
[INFO] [stdout]     |                                ^^^^^^^ help: try naming the parameter or explicitly ignoring it: `_: ShotRaw`
[INFO] [stdout]     |
[INFO] [stdout]     = warning: this was previously accepted by the compiler but is being phased out; it will become a hard error in the 2018 edition!
[INFO] [stdout]     = note: for more information, see issue #41686 <https://github.com/rust-lang/rust/issues/41686>
[INFO] [stdout] 
[INFO] [stdout] 
[INFO] [stdout] warning: unused import: `std::thread`
[INFO] [stdout]   --> src/main.rs:40:5
[INFO] [stdout]    |
[INFO] [stdout] 40 | use std::thread;
[INFO] [stdout]    |     ^^^^^^^^^^^
[INFO] [stdout]    |
[INFO] [stdout]    = note: `#[warn(unused_imports)]` on by default
[INFO] [stdout] 
[INFO] [stdout] 
[INFO] [stdout] warning: unused variable: `disciplines`
[INFO] [stdout]    --> src/config/config.rs:126:36
[INFO] [stdout]     |
[INFO] [stdout] 126 |     fn parse_config(path: PathBuf, disciplines: &HashMap<String, Discipline>) -> Result<MainConfig> {
[INFO] [stdout]     |                                    ^^^^^^^^^^^ help: if this is intentional, prefix it with an underscore: `_disciplines`
[INFO] [stdout]     |
[INFO] [stdout]     = note: `#[warn(unused_variables)]` on by default
[INFO] [stdout] 
[INFO] [stdout] 
[INFO] [stdout] warning: unused variable: `duration`
[INFO] [stdout]   --> src/session/session.rs:37:34
[INFO] [stdout]    |
[INFO] [stdout] 37 |             Time::InstantStart { duration } => Some(SystemTime::now()),
[INFO] [stdout]    |                                  ^^^^^^^^ help: try ignoring the field: `duration: _`
[INFO] [stdout] 
[INFO] [stdout] 
[INFO] [stdout] warning: unused variable: `duration`
[INFO] [stdout]    --> src/session/session.rs:100:39
[INFO] [stdout]     |
[INFO] [stdout] 100 |                     Time::FirstShot { duration } if self.number_of_shots == 0 => Some(SystemTime::now()),
[INFO] [stdout]     |                                       ^^^^^^^^ help: try ignoring the field: `duration: _`
[INFO] [stdout] 
[INFO] [stdout] 
[INFO] [stdout] warning: unused variable: `err`
[INFO] [stdout]    --> src/device_api/esa/esa.rs:348:52
[INFO] [stdout]     |
[INFO] [stdout] 348 | ...                   NopResult::Err(err) => {
[INFO] [stdout]     |                                      ^^^ help: if this is intentional, prefix it with an underscore: `_err`
[INFO] [stdout] 
[INFO] [stdout] 
[INFO] [stdout] warning: unused variable: `x`
[INFO] [stdout]    --> src/web/socket.rs:194:25
[INFO] [stdout]     |
[INFO] [stdout] 194 |                     let x = manager.lock().unwrap().get_stored_sessions(since);
[INFO] [stdout]     |                         ^ help: if this is intentional, prefix it with an underscore: `_x`
[INFO] [stdout] 
[INFO] [stdout] 
[INFO] [stdout] warning: unused variable: `since`
[INFO] [stdout]   --> src/database/handler.rs:48:35
[INFO] [stdout]    |
[INFO] [stdout] 48 |     fn get_stored_sessions(&self, since: SystemTime) -> Vec<Session> {
[INFO] [stdout]    |                                   ^^^^^ help: if this is intentional, prefix it with an underscore: `_since`
[INFO] [stdout] 
[INFO] [stdout] 
[INFO] [stdout] warning: unused variable: `since`
[INFO] [stdout]    --> src/database/handler.rs:113:35
[INFO] [stdout]     |
[INFO] [stdout] 113 |     fn get_stored_sessions(&self, since: SystemTime) -> Vec<Session> {
[INFO] [stdout]     |                                   ^^^^^ help: if this is intentional, prefix it with an underscore: `_since`
[INFO] [stdout] 
[INFO] [stdout] 
[INFO] [stdout] warning: associated function is never used: `empty`
[INFO] [stdout]   --> src/session/info.rs:34:12
[INFO] [stdout]    |
[INFO] [stdout] 34 |     pub fn empty() -> User {
[INFO] [stdout]    |            ^^^^^
[INFO] [stdout]    |
[INFO] [stdout]    = note: `#[warn(dead_code)]` on by default
[INFO] [stdout] 
[INFO] [stdout] 
[INFO] [stdout] warning: associated function is never used: `demo`
[INFO] [stdout]   --> src/session/info.rs:94:12
[INFO] [stdout]    |
[INFO] [stdout] 94 |     pub fn demo() -> Line {
[INFO] [stdout]    |            ^^^^
[INFO] [stdout] 
[INFO] [stdout] 
[INFO] [stdout] warning: function is never used: `lg_discipline`
[INFO] [stdout]  --> src/helper/dsc_demo.rs:6:8
[INFO] [stdout]   |
[INFO] [stdout] 6 | pub fn lg_discipline() -> Discipline {
[INFO] [stdout]   |        ^^^^^^^^^^^^^
[INFO] [stdout] 
[INFO] [stdout] 
[INFO] [stdout] warning: function is never used: `lg_target`
[INFO] [stdout]    --> src/helper/dsc_demo.rs:139:8
[INFO] [stdout]     |
[INFO] [stdout] 139 | pub fn lg_target() -> Target {
[INFO] [stdout]     |        ^^^^^^^^^
[INFO] [stdout] 
[INFO] [stdout] 
[INFO] [stdout] warning: 16 warnings emitted
[INFO] [stdout] 
[INFO] [stdout] 
[INFO] [stderr]     Finished dev [unoptimized + debuginfo] target(s) in 2m 47s
[INFO] running `Command { std: "docker" "inspect" "a28207650ab4729a1a8069fac4983c452284f13d69b5fe886e42533f486d2473", kill_on_drop: false }`
[INFO] running `Command { std: "docker" "rm" "-f" "a28207650ab4729a1a8069fac4983c452284f13d69b5fe886e42533f486d2473", kill_on_drop: false }`
[INFO] [stdout] a28207650ab4729a1a8069fac4983c452284f13d69b5fe886e42533f486d2473
[INFO] running `Command { std: "docker" "create" "-v" "/var/lib/crater-agent-workspace/builds/worker-6/target:/opt/rustwide/target:rw,Z" "-v" "/var/lib/crater-agent-workspace/builds/worker-6/source:/opt/rustwide/workdir:ro,Z" "-v" "/var/lib/crater-agent-workspace/cargo-home:/opt/rustwide/cargo-home:ro,Z" "-v" "/var/lib/crater-agent-workspace/rustup-home:/opt/rustwide/rustup-home:ro,Z" "-e" "SOURCE_DIR=/opt/rustwide/workdir" "-e" "CARGO_TARGET_DIR=/opt/rustwide/target" "-e" "CARGO_INCREMENTAL=0" "-e" "RUST_BACKTRACE=full" "-e" "RUSTFLAGS=--cap-lints=warn" "-e" "CARGO_HOME=/opt/rustwide/cargo-home" "-e" "RUSTUP_HOME=/opt/rustwide/rustup-home" "-w" "/opt/rustwide/workdir" "-m" "1610612736" "--user" "0:0" "--network" "none" "ghcr.io/rust-lang/crates-build-env/linux@sha256:34b6a614d2c27851fe6cbf88fbd1137609cefab8b10d0615aaeb6fd47975d74e" "/opt/rustwide/cargo-home/bin/cargo" "+1.54.0" "test" "--frozen" "--no-run" "--message-format=json", kill_on_drop: false }`
[INFO] [stdout] cb65ab814cdcafbc14c1b0fa5593afd5082d69da006cdc3a187a7b8485b6bcc0
[INFO] [stderr] WARNING: Your kernel does not support swap limit capabilities or the cgroup is not mounted. Memory limited without swap.
[INFO] running `Command { std: "docker" "start" "-a" "cb65ab814cdcafbc14c1b0fa5593afd5082d69da006cdc3a187a7b8485b6bcc0", kill_on_drop: false }`
[INFO] [stderr]    Compiling dsc v0.1.0 (/opt/rustwide/workdir)
[INFO] [stdout] warning: unused import: `discipline::*`
[INFO] [stdout]    --> src/session/session.rs:241:9
[INFO] [stdout]     |
[INFO] [stdout] 241 |     use discipline::*;
[INFO] [stdout]     |         ^^^^^^^^^^^^^
[INFO] [stdout]     |
[INFO] [stdout]     = note: `#[warn(unused_imports)]` on by default
[INFO] [stdout] 
[INFO] [stdout] 
[INFO] [stdout] warning: anonymous parameters are deprecated and will be removed in the next edition.
[INFO] [stdout]    --> src/session/shot.rs:143:28
[INFO] [stdout]     |
[INFO] [stdout] 143 |     fn add_shot(&mut self, Shot, &Discipline, &CountMode);
[INFO] [stdout]     |                            ^^^^ help: try naming the parameter or explicitly ignoring it: `_: Shot`
[INFO] [stdout]     |
[INFO] [stdout]     = note: `#[warn(anonymous_parameters)]` on by default
[INFO] [stdout]     = warning: this was previously accepted by the compiler but is being phased out; it will become a hard error in the 2018 edition!
[INFO] [stdout]     = note: for more information, see issue #41686 <https://github.com/rust-lang/rust/issues/41686>
[INFO] [stdout] 
[INFO] [stdout] 
[INFO] [stdout] warning: anonymous parameters are deprecated and will be removed in the next edition.
[INFO] [stdout]    --> src/session/shot.rs:143:34
[INFO] [stdout]     |
[INFO] [stdout] 143 |     fn add_shot(&mut self, Shot, &Discipline, &CountMode);
[INFO] [stdout]     |                                  ^^^^^^^^^^^ help: try naming the parameter or explicitly ignoring it: `_: &Discipline`
[INFO] [stdout]     |
[INFO] [stdout]     = warning: this was previously accepted by the compiler but is being phased out; it will become a hard error in the 2018 edition!
[INFO] [stdout]     = note: for more information, see issue #41686 <https://github.com/rust-lang/rust/issues/41686>
[INFO] [stdout] 
[INFO] [stdout] 
[INFO] [stdout] warning: anonymous parameters are deprecated and will be removed in the next edition.
[INFO] [stdout]    --> src/session/shot.rs:143:47
[INFO] [stdout]     |
[INFO] [stdout] 143 |     fn add_shot(&mut self, Shot, &Discipline, &CountMode);
[INFO] [stdout]     |                                               ^^^^^^^^^^ help: try naming the parameter or explicitly ignoring it: `_: &CountMode`
[INFO] [stdout]     |
[INFO] [stdout]     = warning: this was previously accepted by the compiler but is being phased out; it will become a hard error in the 2018 edition!
[INFO] [stdout]     = note: for more information, see issue #41686 <https://github.com/rust-lang/rust/issues/41686>
[INFO] [stdout] 
[INFO] [stdout] 
[INFO] [stdout] warning: anonymous parameters are deprecated and will be removed in the next edition.
[INFO] [stdout]    --> src/session/shot.rs:147:32
[INFO] [stdout]     |
[INFO] [stdout] 147 |     fn add_shot_raw(&mut self, ShotRaw);
[INFO] [stdout]     |                                ^^^^^^^ help: try naming the parameter or explicitly ignoring it: `_: ShotRaw`
[INFO] [stdout]     |
[INFO] [stdout]     = warning: this was previously accepted by the compiler but is being phased out; it will become a hard error in the 2018 edition!
[INFO] [stdout]     = note: for more information, see issue #41686 <https://github.com/rust-lang/rust/issues/41686>
[INFO] [stdout] 
[INFO] [stdout] 
[INFO] [stdout] warning: unused import: `discipline::*`
[INFO] [stdout]    --> src/session/shot.rs:157:9
[INFO] [stdout]     |
[INFO] [stdout] 157 |     use discipline::*;
[INFO] [stdout]     |         ^^^^^^^^^^^^^
[INFO] [stdout] 
[INFO] [stdout] 
[INFO] [stdout] warning: unused import: `std::thread`
[INFO] [stdout]   --> src/main.rs:40:5
[INFO] [stdout]    |
[INFO] [stdout] 40 | use std::thread;
[INFO] [stdout]    |     ^^^^^^^^^^^
[INFO] [stdout] 
[INFO] [stdout] 
[INFO] [stdout] warning: unused variable: `disciplines`
[INFO] [stdout]    --> src/config/config.rs:126:36
[INFO] [stdout]     |
[INFO] [stdout] 126 |     fn parse_config(path: PathBuf, disciplines: &HashMap<String, Discipline>) -> Result<MainConfig> {
[INFO] [stdout]     |                                    ^^^^^^^^^^^ help: if this is intentional, prefix it with an underscore: `_disciplines`
[INFO] [stdout]     |
[INFO] [stdout]     = note: `#[warn(unused_variables)]` on by default
[INFO] [stdout] 
[INFO] [stdout] 
[INFO] [stdout] warning: unused variable: `duration`
[INFO] [stdout]   --> src/session/session.rs:37:34
[INFO] [stdout]    |
[INFO] [stdout] 37 |             Time::InstantStart { duration } => Some(SystemTime::now()),
[INFO] [stdout]    |                                  ^^^^^^^^ help: try ignoring the field: `duration: _`
[INFO] [stdout] 
[INFO] [stdout] 
[INFO] [stdout] warning: unused variable: `duration`
[INFO] [stdout]    --> src/session/session.rs:100:39
[INFO] [stdout]     |
[INFO] [stdout] 100 |                     Time::FirstShot { duration } if self.number_of_shots == 0 => Some(SystemTime::now()),
[INFO] [stdout]     |                                       ^^^^^^^^ help: try ignoring the field: `duration: _`
[INFO] [stdout] 
[INFO] [stdout] 
[INFO] [stdout] warning: unused variable: `shot`
[INFO] [stdout]    --> src/session/session.rs:253:13
[INFO] [stdout]     |
[INFO] [stdout] 253 |         let shot = Shot::from_cartesian_coordinates (0, 0, &target, &CountMode::Integer);
[INFO] [stdout]     |             ^^^^ help: if this is intentional, prefix it with an underscore: `_shot`
[INFO] [stdout] 
[INFO] [stdout] 
[INFO] [stdout] warning: unused variable: `err`
[INFO] [stdout]    --> src/device_api/esa/esa.rs:348:52
[INFO] [stdout]     |
[INFO] [stdout] 348 | ...                   NopResult::Err(err) => {
[INFO] [stdout]     |                                      ^^^ help: if this is intentional, prefix it with an underscore: `_err`
[INFO] [stdout] 
[INFO] [stdout] 
[INFO] [stdout] warning: unused variable: `x`
[INFO] [stdout]    --> src/web/socket.rs:194:25
[INFO] [stdout]     |
[INFO] [stdout] 194 |                     let x = manager.lock().unwrap().get_stored_sessions(since);
[INFO] [stdout]     |                         ^ help: if this is intentional, prefix it with an underscore: `_x`
[INFO] [stdout] 
[INFO] [stdout] 
[INFO] [stdout] warning: unused variable: `since`
[INFO] [stdout]   --> src/database/handler.rs:48:35
[INFO] [stdout]    |
[INFO] [stdout] 48 |     fn get_stored_sessions(&self, since: SystemTime) -> Vec<Session> {
[INFO] [stdout]    |                                   ^^^^^ help: if this is intentional, prefix it with an underscore: `_since`
[INFO] [stdout] 
[INFO] [stdout] 
[INFO] [stdout] warning: unused variable: `since`
[INFO] [stdout]    --> src/database/handler.rs:113:35
[INFO] [stdout]     |
[INFO] [stdout] 113 |     fn get_stored_sessions(&self, since: SystemTime) -> Vec<Session> {
[INFO] [stdout]     |                                   ^^^^^ help: if this is intentional, prefix it with an underscore: `_since`
[INFO] [stdout] 
[INFO] [stdout] 
[INFO] [stdout] warning: variable does not need to be mutable
[INFO] [stdout]    --> src/session/session.rs:252:13
[INFO] [stdout]     |
[INFO] [stdout] 252 |         let mut session = get_session();
[INFO] [stdout]     |             ----^^^^^^^
[INFO] [stdout]     |             |
[INFO] [stdout]     |             help: remove this `mut`
[INFO] [stdout]     |
[INFO] [stdout]     = note: `#[warn(unused_mut)]` on by default
[INFO] [stdout] 
[INFO] [stdout] 
[INFO] [stdout] warning: 16 warnings emitted
[INFO] [stdout] 
[INFO] [stdout] 
[INFO] [stderr]     Finished test [unoptimized + debuginfo] target(s) in 6.87s
[INFO] running `Command { std: "docker" "inspect" "cb65ab814cdcafbc14c1b0fa5593afd5082d69da006cdc3a187a7b8485b6bcc0", kill_on_drop: false }`
[INFO] running `Command { std: "docker" "rm" "-f" "cb65ab814cdcafbc14c1b0fa5593afd5082d69da006cdc3a187a7b8485b6bcc0", kill_on_drop: false }`
[INFO] [stdout] cb65ab814cdcafbc14c1b0fa5593afd5082d69da006cdc3a187a7b8485b6bcc0
[INFO] running `Command { std: "docker" "create" "-v" "/var/lib/crater-agent-workspace/builds/worker-6/target:/opt/rustwide/target:rw,Z" "-v" "/var/lib/crater-agent-workspace/builds/worker-6/source:/opt/rustwide/workdir:ro,Z" "-v" "/var/lib/crater-agent-workspace/cargo-home:/opt/rustwide/cargo-home:ro,Z" "-v" "/var/lib/crater-agent-workspace/rustup-home:/opt/rustwide/rustup-home:ro,Z" "-e" "SOURCE_DIR=/opt/rustwide/workdir" "-e" "CARGO_TARGET_DIR=/opt/rustwide/target" "-e" "CARGO_INCREMENTAL=0" "-e" "RUST_BACKTRACE=full" "-e" "RUSTFLAGS=--cap-lints=warn" "-e" "CARGO_HOME=/opt/rustwide/cargo-home" "-e" "RUSTUP_HOME=/opt/rustwide/rustup-home" "-w" "/opt/rustwide/workdir" "-m" "1610612736" "--user" "0:0" "--network" "none" "ghcr.io/rust-lang/crates-build-env/linux@sha256:34b6a614d2c27851fe6cbf88fbd1137609cefab8b10d0615aaeb6fd47975d74e" "/opt/rustwide/cargo-home/bin/cargo" "+1.54.0" "test" "--frozen", kill_on_drop: false }`
[INFO] [stdout] 549150291ccb4b5ef594bdcf61290b90cbef1c4942c76ee410bb06996ce02b6f
[INFO] [stderr] WARNING: Your kernel does not support swap limit capabilities or the cgroup is not mounted. Memory limited without swap.
[INFO] running `Command { std: "docker" "start" "-a" "549150291ccb4b5ef594bdcf61290b90cbef1c4942c76ee410bb06996ce02b6f", kill_on_drop: false }`
[INFO] [stderr] warning: unused import: `discipline::*`
[INFO] [stderr]    --> src/session/session.rs:241:9
[INFO] [stderr]     |
[INFO] [stderr] 241 |     use discipline::*;
[INFO] [stderr]     |         ^^^^^^^^^^^^^
[INFO] [stderr]     |
[INFO] [stderr]     = note: `#[warn(unused_imports)]` on by default
[INFO] [stderr] 
[INFO] [stderr] warning: anonymous parameters are deprecated and will be removed in the next edition.
[INFO] [stderr]    --> src/session/shot.rs:143:28
[INFO] [stderr]     |
[INFO] [stderr] 143 |     fn add_shot(&mut self, Shot, &Discipline, &CountMode);
[INFO] [stderr]     |                            ^^^^ help: try naming the parameter or explicitly ignoring it: `_: Shot`
[INFO] [stderr]     |
[INFO] [stderr]     = note: `#[warn(anonymous_parameters)]` on by default
[INFO] [stderr]     = warning: this was previously accepted by the compiler but is being phased out; it will become a hard error in the 2018 edition!
[INFO] [stderr]     = note: for more information, see issue #41686 <https://github.com/rust-lang/rust/issues/41686>
[INFO] [stderr] 
[INFO] [stderr] warning: anonymous parameters are deprecated and will be removed in the next edition.
[INFO] [stderr]    --> src/session/shot.rs:143:34
[INFO] [stderr]     |
[INFO] [stderr] 143 |     fn add_shot(&mut self, Shot, &Discipline, &CountMode);
[INFO] [stderr]     |                                  ^^^^^^^^^^^ help: try naming the parameter or explicitly ignoring it: `_: &Discipline`
[INFO] [stderr]     |
[INFO] [stderr]     = warning: this was previously accepted by the compiler but is being phased out; it will become a hard error in the 2018 edition!
[INFO] [stderr]     = note: for more information, see issue #41686 <https://github.com/rust-lang/rust/issues/41686>
[INFO] [stderr] 
[INFO] [stderr] warning: anonymous parameters are deprecated and will be removed in the next edition.
[INFO] [stderr]    --> src/session/shot.rs:143:47
[INFO] [stderr]     |
[INFO] [stderr] 143 |     fn add_shot(&mut self, Shot, &Discipline, &CountMode);
[INFO] [stderr]     |                                               ^^^^^^^^^^ help: try naming the parameter or explicitly ignoring it: `_: &CountMode`
[INFO] [stderr]     |
[INFO] [stderr]     = warning: this was previously accepted by the compiler but is being phased out; it will become a hard error in the 2018 edition!
[INFO] [stderr]     = note: for more information, see issue #41686 <https://github.com/rust-lang/rust/issues/41686>
[INFO] [stderr] 
[INFO] [stderr] warning: anonymous parameters are deprecated and will be removed in the next edition.
[INFO] [stderr]    --> src/session/shot.rs:147:32
[INFO] [stderr]     |
[INFO] [stderr] 147 |     fn add_shot_raw(&mut self, ShotRaw);
[INFO] [stderr]     |                                ^^^^^^^ help: try naming the parameter or explicitly ignoring it: `_: ShotRaw`
[INFO] [stderr]     |
[INFO] [stderr]     = warning: this was previously accepted by the compiler but is being phased out; it will become a hard error in the 2018 edition!
[INFO] [stderr]     = note: for more information, see issue #41686 <https://github.com/rust-lang/rust/issues/41686>
[INFO] [stderr] 
[INFO] [stderr] warning: unused import: `discipline::*`
[INFO] [stderr]    --> src/session/shot.rs:157:9
[INFO] [stderr]     |
[INFO] [stderr] 157 |     use discipline::*;
[INFO] [stderr]     |         ^^^^^^^^^^^^^
[INFO] [stderr] 
[INFO] [stderr] warning: unused import: `std::thread`
[INFO] [stderr]   --> src/main.rs:40:5
[INFO] [stderr]    |
[INFO] [stderr] 40 | use std::thread;
[INFO] [stderr]    |     ^^^^^^^^^^^
[INFO] [stderr] 
[INFO] [stderr] warning: unused variable: `disciplines`
[INFO] [stderr]    --> src/config/config.rs:126:36
[INFO] [stderr]     |
[INFO] [stderr] 126 |     fn parse_config(path: PathBuf, disciplines: &HashMap<String, Discipline>) -> Result<MainConfig> {
[INFO] [stderr]     |                                    ^^^^^^^^^^^ help: if this is intentional, prefix it with an underscore: `_disciplines`
[INFO] [stderr]     |
[INFO] [stderr]     = note: `#[warn(unused_variables)]` on by default
[INFO] [stderr] 
[INFO] [stderr] warning: unused variable: `duration`
[INFO] [stderr]   --> src/session/session.rs:37:34
[INFO] [stderr]    |
[INFO] [stderr] 37 |             Time::InstantStart { duration } => Some(SystemTime::now()),
[INFO] [stderr]    |                                  ^^^^^^^^ help: try ignoring the field: `duration: _`
[INFO] [stderr] 
[INFO] [stderr] warning: unused variable: `duration`
[INFO] [stderr]    --> src/session/session.rs:100:39
[INFO] [stderr]     |
[INFO] [stderr] 100 |                     Time::FirstShot { duration } if self.number_of_shots == 0 => Some(SystemTime::now()),
[INFO] [stderr]     |                                       ^^^^^^^^ help: try ignoring the field: `duration: _`
[INFO] [stderr] 
[INFO] [stderr] warning: unused variable: `shot`
[INFO] [stderr]    --> src/session/session.rs:253:13
[INFO] [stderr]     |
[INFO] [stderr] 253 |         let shot = Shot::from_cartesian_coordinates (0, 0, &target, &CountMode::Integer);
[INFO] [stderr]     |             ^^^^ help: if this is intentional, prefix it with an underscore: `_shot`
[INFO] [stderr] 
[INFO] [stderr] warning: unused variable: `err`
[INFO] [stderr]    --> src/device_api/esa/esa.rs:348:52
[INFO] [stderr]     |
[INFO] [stderr] 348 | ...                   NopResult::Err(err) => {
[INFO] [stderr]     |                                      ^^^ help: if this is intentional, prefix it with an underscore: `_err`
[INFO] [stderr] 
[INFO] [stderr] warning: unused variable: `x`
[INFO] [stderr]    --> src/web/socket.rs:194:25
[INFO] [stderr]     |
[INFO] [stderr] 194 |                     let x = manager.lock().unwrap().get_stored_sessions(since);
[INFO] [stderr]     |                         ^ help: if this is intentional, prefix it with an underscore: `_x`
[INFO] [stderr] 
[INFO] [stderr] warning: unused variable: `since`
[INFO] [stderr]   --> src/database/handler.rs:48:35
[INFO] [stderr]    |
[INFO] [stderr] 48 |     fn get_stored_sessions(&self, since: SystemTime) -> Vec<Session> {
[INFO] [stderr]    |                                   ^^^^^ help: if this is intentional, prefix it with an underscore: `_since`
[INFO] [stderr] 
[INFO] [stderr] warning: unused variable: `since`
[INFO] [stderr]    --> src/database/handler.rs:113:35
[INFO] [stderr]     |
[INFO] [stderr] 113 |     fn get_stored_sessions(&self, since: SystemTime) -> Vec<Session> {
[INFO] [stderr]     |                                   ^^^^^ help: if this is intentional, prefix it with an underscore: `_since`
[INFO] [stderr] 
[INFO] [stderr] warning: variable does not need to be mutable
[INFO] [stderr]    --> src/session/session.rs:252:13
[INFO] [stderr]     |
[INFO] [stderr] 252 |         let mut session = get_session();
[INFO] [stderr]     |             ----^^^^^^^
[INFO] [stderr]     |             |
[INFO] [stderr]     |             help: remove this `mut`
[INFO] [stderr]     |
[INFO] [stderr]     = note: `#[warn(unused_mut)]` on by default
[INFO] [stderr] 
[INFO] [stderr] warning: 16 warnings emitted
[INFO] [stderr] 
[INFO] [stderr]     Finished test [unoptimized + debuginfo] target(s) in 0.23s
[INFO] [stderr]      Running unittests (/opt/rustwide/target/debug/deps/dsc-a9a48dc3d911cdd9)
[INFO] [stdout] 
[INFO] [stdout] running 19 tests
[INFO] [stdout] test device_api::esa::esa::test::test_calculate_checksum ... ok
[INFO] [stdout] test device_api::esa::esa::test::test_form_command_data_band ... ok
[INFO] [stdout] test device_api::esa::paper_ack::test::test_real_delta ... ok
[INFO] [stdout] test session::counter::test::test_add_tenth ... ok
[INFO] [stdout] test session::counter::test::test_new_counter ... ok
[INFO] [stdout] test session::info::test::test_club_empty ... ok
[INFO] [stdout] test session::info::test::test_team_empty ... ok
[INFO] [stdout] test session::info::test::test_user_empty ... ok
[INFO] [stdout] test session::info::test::test_user_guest ... ok
[INFO] [stdout] test session::counter::test::test_add_int ... ok
[INFO] [stdout] test session::shot::test::test_zero ... ok
[INFO] [stdout] test session::session::test::test_add_shot ... ok
[INFO] [stdout] test session::shot::test::test_zero_teiler ... ok
[INFO] [stdout] test session::shot::test::test_last_ten_1 ... ok
[INFO] [stdout] test session::shot::test::test_last_ten_2 ... ok
[INFO] [stdout] test device_api::esa::esa::test::test_form_command_data_nop ... ok
[INFO] [stdout] test session::shot::test::test_first_nine ... ok
[INFO] [stdout] test session::session::test::test_new_target ... FAILED
[INFO] [stdout] test session::session::test::test_add_part ... FAILED
[INFO] [stdout] 
[INFO] [stdout] failures:
[INFO] [stdout] 
[INFO] [stdout] ---- session::session::test::test_new_target stdout ----
[INFO] [stdout] thread 'session::session::test::test_new_target' panicked at 'assertion failed: `(left == right)`
[INFO] [stdout]   left: `1`,
[INFO] [stdout]  right: `0`', src/session/session.rs:274:9
[INFO] [stdout] stack backtrace:
[INFO] [stdout]    0:     0x55df66e15730 - std::backtrace_rs::backtrace::libunwind::trace::h34055254b57d8e79
[INFO] [stdout]                                at /rustc/a178d0322ce20e33eac124758e837cbd80a6f633/library/std/src/../../backtrace/src/backtrace/libunwind.rs:90:5
[INFO] [stdout]    1:     0x55df66e15730 - std::backtrace_rs::backtrace::trace_unsynchronized::h8f1e3fbd9afff6ec
[INFO] [stdout]                                at /rustc/a178d0322ce20e33eac124758e837cbd80a6f633/library/std/src/../../backtrace/src/backtrace/mod.rs:66:5
[INFO] [stdout]    2:     0x55df66e15730 - std::sys_common::backtrace::_print_fmt::h3a99a796b770c360
[INFO] [stdout]                                at /rustc/a178d0322ce20e33eac124758e837cbd80a6f633/library/std/src/sys_common/backtrace.rs:67:5
[INFO] [stdout]    3:     0x55df66e15730 - <std::sys_common::backtrace::_print::DisplayBacktrace as core::fmt::Display>::fmt::h32d1f94a80615d18
[INFO] [stdout]                                at /rustc/a178d0322ce20e33eac124758e837cbd80a6f633/library/std/src/sys_common/backtrace.rs:46:22
[INFO] [stdout]    4:     0x55df66e37f2c - core::fmt::write::h306731c068f7162c
[INFO] [stdout]                                at /rustc/a178d0322ce20e33eac124758e837cbd80a6f633/library/core/src/fmt/mod.rs:1110:17
[INFO] [stdout]    5:     0x55df66e125c5 - std::io::Write::write_fmt::h87f19b0a2cd190bc
[INFO] [stdout]                                at /rustc/a178d0322ce20e33eac124758e837cbd80a6f633/library/std/src/io/mod.rs:1588:15
[INFO] [stdout]    6:     0x55df66e1789b - std::sys_common::backtrace::_print::h5abaa2601a852287
[INFO] [stdout]                                at /rustc/a178d0322ce20e33eac124758e837cbd80a6f633/library/std/src/sys_common/backtrace.rs:49:5
[INFO] [stdout]    7:     0x55df66e1789b - std::sys_common::backtrace::print::h8d81445442bb638f
[INFO] [stdout]                                at /rustc/a178d0322ce20e33eac124758e837cbd80a6f633/library/std/src/sys_common/backtrace.rs:36:9
[INFO] [stdout]    8:     0x55df66e1789b - std::panicking::default_hook::{{closure}}::hcfe804496a9fa747
[INFO] [stdout]                                at /rustc/a178d0322ce20e33eac124758e837cbd80a6f633/library/std/src/panicking.rs:208:50
[INFO] [stdout]    9:     0x55df66e173ac - std::panicking::default_hook::hbea8e3ccf2ba8901
[INFO] [stdout]                                at /rustc/a178d0322ce20e33eac124758e837cbd80a6f633/library/std/src/panicking.rs:222:9
[INFO] [stdout]   10:     0x55df66e17f64 - std::panicking::rust_panic_with_hook::h7ee9e1a2d0f8975a
[INFO] [stdout]                                at /rustc/a178d0322ce20e33eac124758e837cbd80a6f633/library/std/src/panicking.rs:622:17
[INFO] [stdout]   11:     0x55df66e17a47 - std::panicking::begin_panic_handler::{{closure}}::h8ab3b4491718b2c7
[INFO] [stdout]                                at /rustc/a178d0322ce20e33eac124758e837cbd80a6f633/library/std/src/panicking.rs:519:13
[INFO] [stdout]   12:     0x55df66e15c2c - std::sys_common::backtrace::__rust_end_short_backtrace::hd489062ffa586a9f
[INFO] [stdout]                                at /rustc/a178d0322ce20e33eac124758e837cbd80a6f633/library/std/src/sys_common/backtrace.rs:141:18
[INFO] [stdout]   13:     0x55df66e179a9 - rust_begin_unwind
[INFO] [stdout]                                at /rustc/a178d0322ce20e33eac124758e837cbd80a6f633/library/std/src/panicking.rs:515:5
[INFO] [stdout]   14:     0x55df66da5651 - core::panicking::panic_fmt::hca6330e3e14086b4
[INFO] [stdout]                                at /rustc/a178d0322ce20e33eac124758e837cbd80a6f633/library/core/src/panicking.rs:92:14
[INFO] [stdout]   15:     0x55df66e36848 - core::panicking::assert_failed_inner::h33b45280069a80ed
[INFO] [stdout]   16:     0x55df66dfd61a - core::panicking::assert_failed::h8f415eba37d68aec
[INFO] [stdout]                                at /rustc/a178d0322ce20e33eac124758e837cbd80a6f633/library/core/src/panicking.rs:117:5
[INFO] [stdout]   17:     0x55df66db2c6e - dsc::session::session::test::test_new_target::hf0f3768108aabe20
[INFO] [stdout]                                at /opt/rustwide/workdir/src/session/session.rs:274:9
[INFO] [stdout]   18:     0x55df66db2ada - dsc::session::session::test::test_new_target::{{closure}}::h0ff597538c0692e6
[INFO] [stdout]                                at /opt/rustwide/workdir/src/session/session.rs:270:5
[INFO] [stdout]   19:     0x55df66daf1ae - core::ops::function::FnOnce::call_once::h93a7e4a5fd5f805f
[INFO] [stdout]                                at /rustc/a178d0322ce20e33eac124758e837cbd80a6f633/library/core/src/ops/function.rs:227:5
[INFO] [stdout]   20:     0x55df66de2323 - core::ops::function::FnOnce::call_once::h152e7e439ff59e19
[INFO] [stdout]                                at /rustc/a178d0322ce20e33eac124758e837cbd80a6f633/library/core/src/ops/function.rs:227:5
[INFO] [stdout]   21:     0x55df66de2323 - test::__rust_begin_short_backtrace::h0908f3b1fdbb72ab
[INFO] [stdout]                                at /rustc/a178d0322ce20e33eac124758e837cbd80a6f633/library/test/src/lib.rs:577:5
[INFO] [stdout]   22:     0x55df66de0de0 - <alloc::boxed::Box<F,A> as core::ops::function::FnOnce<Args>>::call_once::hf6d2a51e5587546c
[INFO] [stdout]                                at /rustc/a178d0322ce20e33eac124758e837cbd80a6f633/library/alloc/src/boxed.rs:1575:9
[INFO] [stdout]   23:     0x55df66de0de0 - <std::panic::AssertUnwindSafe<F> as core::ops::function::FnOnce<()>>::call_once::h8af660f3a89ef593
[INFO] [stdout]                                at /rustc/a178d0322ce20e33eac124758e837cbd80a6f633/library/std/src/panic.rs:347:9
[INFO] [stdout]   24:     0x55df66de0de0 - std::panicking::try::do_call::hd36aef60f84b6d36
[INFO] [stdout]                                at /rustc/a178d0322ce20e33eac124758e837cbd80a6f633/library/std/src/panicking.rs:401:40
[INFO] [stdout]   25:     0x55df66de0de0 - std::panicking::try::h9932b4480e69817c
[INFO] [stdout]                                at /rustc/a178d0322ce20e33eac124758e837cbd80a6f633/library/std/src/panicking.rs:365:19
[INFO] [stdout]   26:     0x55df66de0de0 - std::panic::catch_unwind::h6aa177099cfff5f8
[INFO] [stdout]                                at /rustc/a178d0322ce20e33eac124758e837cbd80a6f633/library/std/src/panic.rs:434:14
[INFO] [stdout]   27:     0x55df66de0de0 - test::run_test_in_process::h5884d6f2d99e20c3
[INFO] [stdout]                                at /rustc/a178d0322ce20e33eac124758e837cbd80a6f633/library/test/src/lib.rs:600:18
[INFO] [stdout]   28:     0x55df66de0de0 - test::run_test::run_test_inner::{{closure}}::h6fdc58c6d5f5b6e3
[INFO] [stdout]                                at /rustc/a178d0322ce20e33eac124758e837cbd80a6f633/library/test/src/lib.rs:492:39
[INFO] [stdout]   29:     0x55df66dba492 - test::run_test::run_test_inner::{{closure}}::h408365d67a78ade8
[INFO] [stdout]                                at /rustc/a178d0322ce20e33eac124758e837cbd80a6f633/library/test/src/lib.rs:519:37
[INFO] [stdout]   30:     0x55df66dba492 - std::sys_common::backtrace::__rust_begin_short_backtrace::hb560b77c4f701523
[INFO] [stdout]                                at /rustc/a178d0322ce20e33eac124758e837cbd80a6f633/library/std/src/sys_common/backtrace.rs:125:18
[INFO] [stdout]   31:     0x55df66dbe048 - std::thread::Builder::spawn_unchecked::{{closure}}::{{closure}}::hf2e7831dad93c597
[INFO] [stdout]                                at /rustc/a178d0322ce20e33eac124758e837cbd80a6f633/library/std/src/thread/mod.rs:481:17
[INFO] [stdout]   32:     0x55df66dbe048 - <std::panic::AssertUnwindSafe<F> as core::ops::function::FnOnce<()>>::call_once::hd2e08783d8be4d02
[INFO] [stdout]                                at /rustc/a178d0322ce20e33eac124758e837cbd80a6f633/library/std/src/panic.rs:347:9
[INFO] [stdout]   33:     0x55df66dbe048 - std::panicking::try::do_call::h062597b7acfd6b82
[INFO] [stdout]                                at /rustc/a178d0322ce20e33eac124758e837cbd80a6f633/library/std/src/panicking.rs:401:40
[INFO] [stdout]   34:     0x55df66dbe048 - std::panicking::try::h0d7b79db04c14552
[INFO] [stdout]                                at /rustc/a178d0322ce20e33eac124758e837cbd80a6f633/library/std/src/panicking.rs:365:19
[INFO] [stdout]   35:     0x55df66dbe048 - std::panic::catch_unwind::hb01a0b5e7c8cd43b
[INFO] [stdout]                                at /rustc/a178d0322ce20e33eac124758e837cbd80a6f633/library/std/src/panic.rs:434:14
[INFO] [stdout]   36:     0x55df66dbe048 - std::thread::Builder::spawn_unchecked::{{closure}}::h5bde48cc887e0d1e
[INFO] [stdout]                                at /rustc/a178d0322ce20e33eac124758e837cbd80a6f633/library/std/src/thread/mod.rs:480:30
[INFO] [stdout]   37:     0x55df66dbe048 - core::ops::function::FnOnce::call_once{{vtable.shim}}::h745ea30807a29e55
[INFO] [stdout]                                at /rustc/a178d0322ce20e33eac124758e837cbd80a6f633/library/core/src/ops/function.rs:227:5
[INFO] [stdout]   38:     0x55df66e1ca27 - <alloc::boxed::Box<F,A> as core::ops::function::FnOnce<Args>>::call_once::h7ece6cfefaff1005
[INFO] [stdout]                                at /rustc/a178d0322ce20e33eac124758e837cbd80a6f633/library/alloc/src/boxed.rs:1575:9
[INFO] [stdout]   39:     0x55df66e1ca27 - <alloc::boxed::Box<F,A> as core::ops::function::FnOnce<Args>>::call_once::hb8b48e55c21f193e
[INFO] [stdout]                                at /rustc/a178d0322ce20e33eac124758e837cbd80a6f633/library/alloc/src/boxed.rs:1575:9
[INFO] [stdout]   40:     0x55df66e1ca27 - std::sys::unix::thread::Thread::new::thread_start::h8c7c4450dba62914
[INFO] [stdout]                                at /rustc/a178d0322ce20e33eac124758e837cbd80a6f633/library/std/src/sys/unix/thread.rs:71:17
[INFO] [stdout]   41:     0x7feab122a609 - start_thread
[INFO] [stdout]   42:     0x7feab1002293 - clone
[INFO] [stdout]   43:                0x0 - <unknown>
[INFO] [stdout] 
[INFO] [stdout] ---- session::session::test::test_add_part stdout ----
[INFO] [stdout] thread 'session::session::test::test_add_part' panicked at 'assertion failed: `(left == right)`
[INFO] [stdout]   left: `1`,
[INFO] [stdout]  right: `0`', src/session/session.rs:265:9
[INFO] [stdout] stack backtrace:
[INFO] [stdout]    0:     0x55df66e15730 - std::backtrace_rs::backtrace::libunwind::trace::h34055254b57d8e79
[INFO] [stdout]                                at /rustc/a178d0322ce20e33eac124758e837cbd80a6f633/library/std/src/../../backtrace/src/backtrace/libunwind.rs:90:5
[INFO] [stdout]    1:     0x55df66e15730 - std::backtrace_rs::backtrace::trace_unsynchronized::h8f1e3fbd9afff6ec
[INFO] [stdout]                                at /rustc/a178d0322ce20e33eac124758e837cbd80a6f633/library/std/src/../../backtrace/src/backtrace/mod.rs:66:5
[INFO] [stdout]    2:     0x55df66e15730 - std::sys_common::backtrace::_print_fmt::h3a99a796b770c360
[INFO] [stdout]                                at /rustc/a178d0322ce20e33eac124758e837cbd80a6f633/library/std/src/sys_common/backtrace.rs:67:5
[INFO] [stdout]    3:     0x55df66e15730 - <std::sys_common::backtrace::_print::DisplayBacktrace as core::fmt::Display>::fmt::h32d1f94a80615d18
[INFO] [stdout]                                at /rustc/a178d0322ce20e33eac124758e837cbd80a6f633/library/std/src/sys_common/backtrace.rs:46:22
[INFO] [stdout]    4:     0x55df66e37f2c - core::fmt::write::h306731c068f7162c
[INFO] [stdout]                                at /rustc/a178d0322ce20e33eac124758e837cbd80a6f633/library/core/src/fmt/mod.rs:1110:17
[INFO] [stdout]    5:     0x55df66e125c5 - std::io::Write::write_fmt::h87f19b0a2cd190bc
[INFO] [stdout]                                at /rustc/a178d0322ce20e33eac124758e837cbd80a6f633/library/std/src/io/mod.rs:1588:15
[INFO] [stdout]    6:     0x55df66e1789b - std::sys_common::backtrace::_print::h5abaa2601a852287
[INFO] [stdout]                                at /rustc/a178d0322ce20e33eac124758e837cbd80a6f633/library/std/src/sys_common/backtrace.rs:49:5
[INFO] [stdout]    7:     0x55df66e1789b - std::sys_common::backtrace::print::h8d81445442bb638f
[INFO] [stdout]                                at /rustc/a178d0322ce20e33eac124758e837cbd80a6f633/library/std/src/sys_common/backtrace.rs:36:9
[INFO] [stdout]    8:     0x55df66e1789b - std::panicking::default_hook::{{closure}}::hcfe804496a9fa747
[INFO] [stdout]                                at /rustc/a178d0322ce20e33eac124758e837cbd80a6f633/library/std/src/panicking.rs:208:50
[INFO] [stdout]    9:     0x55df66e173ac - std::panicking::default_hook::hbea8e3ccf2ba8901
[INFO] [stdout]                                at /rustc/a178d0322ce20e33eac124758e837cbd80a6f633/library/std/src/panicking.rs:222:9
[INFO] [stdout]   10:     0x55df66e17f64 - std::panicking::rust_panic_with_hook::h7ee9e1a2d0f8975a
[INFO] [stdout]                                at /rustc/a178d0322ce20e33eac124758e837cbd80a6f633/library/std/src/panicking.rs:622:17
[INFO] [stdout]   11:     0x55df66e17a47 - std::panicking::begin_panic_handler::{{closure}}::h8ab3b4491718b2c7
[INFO] [stdout]                                at /rustc/a178d0322ce20e33eac124758e837cbd80a6f633/library/std/src/panicking.rs:519:13
[INFO] [stdout]   12:     0x55df66e15c2c - std::sys_common::backtrace::__rust_end_short_backtrace::hd489062ffa586a9f
[INFO] [stdout]                                at /rustc/a178d0322ce20e33eac124758e837cbd80a6f633/library/std/src/sys_common/backtrace.rs:141:18
[INFO] [stdout]   13:     0x55df66e179a9 - rust_begin_unwind
[INFO] [stdout]                                at /rustc/a178d0322ce20e33eac124758e837cbd80a6f633/library/std/src/panicking.rs:515:5
[INFO] [stdout]   14:     0x55df66da5651 - core::panicking::panic_fmt::hca6330e3e14086b4
[INFO] [stdout]                                at /rustc/a178d0322ce20e33eac124758e837cbd80a6f633/library/core/src/panicking.rs:92:14
[INFO] [stdout]   15:     0x55df66e36848 - core::panicking::assert_failed_inner::h33b45280069a80ed
[INFO] [stdout]   16:     0x55df66dfd61a - core::panicking::assert_failed::h8f415eba37d68aec
[INFO] [stdout]                                at /rustc/a178d0322ce20e33eac124758e837cbd80a6f633/library/core/src/panicking.rs:117:5
[INFO] [stdout]   17:     0x55df66db2a91 - dsc::session::session::test::test_add_part::h88087fab2a4128c9
[INFO] [stdout]                                at /opt/rustwide/workdir/src/session/session.rs:265:9
[INFO] [stdout]   18:     0x55df66db28da - dsc::session::session::test::test_add_part::{{closure}}::hc2024526405d1d25
[INFO] [stdout]                                at /opt/rustwide/workdir/src/session/session.rs:261:5
[INFO] [stdout]   19:     0x55df66daf05e - core::ops::function::FnOnce::call_once::h5079d42922dc9d82
[INFO] [stdout]                                at /rustc/a178d0322ce20e33eac124758e837cbd80a6f633/library/core/src/ops/function.rs:227:5
[INFO] [stdout]   20:     0x55df66de2323 - core::ops::function::FnOnce::call_once::h152e7e439ff59e19
[INFO] [stdout]                                at /rustc/a178d0322ce20e33eac124758e837cbd80a6f633/library/core/src/ops/function.rs:227:5
[INFO] [stdout]   21:     0x55df66de2323 - test::__rust_begin_short_backtrace::h0908f3b1fdbb72ab
[INFO] [stdout]                                at /rustc/a178d0322ce20e33eac124758e837cbd80a6f633/library/test/src/lib.rs:577:5
[INFO] [stdout]   22:     0x55df66de0de0 - <alloc::boxed::Box<F,A> as core::ops::function::FnOnce<Args>>::call_once::hf6d2a51e5587546c
[INFO] [stdout]                                at /rustc/a178d0322ce20e33eac124758e837cbd80a6f633/library/alloc/src/boxed.rs:1575:9
[INFO] [stdout]   23:     0x55df66de0de0 - <std::panic::AssertUnwindSafe<F> as core::ops::function::FnOnce<()>>::call_once::h8af660f3a89ef593
[INFO] [stdout]                                at /rustc/a178d0322ce20e33eac124758e837cbd80a6f633/library/std/src/panic.rs:347:9
[INFO] [stdout]   24:     0x55df66de0de0 - std::panicking::try::do_call::hd36aef60f84b6d36
[INFO] [stdout]                                at /rustc/a178d0322ce20e33eac124758e837cbd80a6f633/library/std/src/panicking.rs:401:40
[INFO] [stdout]   25:     0x55df66de0de0 - std::panicking::try::h9932b4480e69817c
[INFO] [stdout]                                at /rustc/a178d0322ce20e33eac124758e837cbd80a6f633/library/std/src/panicking.rs:365:19
[INFO] [stdout]   26:     0x55df66de0de0 - std::panic::catch_unwind::h6aa177099cfff5f8
[INFO] [stdout]                                at /rustc/a178d0322ce20e33eac124758e837cbd80a6f633/library/std/src/panic.rs:434:14
[INFO] [stdout]   27:     0x55df66de0de0 - test::run_test_in_process::h5884d6f2d99e20c3
[INFO] [stdout]                                at /rustc/a178d0322ce20e33eac124758e837cbd80a6f633/library/test/src/lib.rs:600:18
[INFO] [stdout]   28:     0x55df66de0de0 - test::run_test::run_test_inner::{{closure}}::h6fdc58c6d5f5b6e3
[INFO] [stdout]                                at /rustc/a178d0322ce20e33eac124758e837cbd80a6f633/library/test/src/lib.rs:492:39
[INFO] [stdout]   29:     0x55df66dba492 - test::run_test::run_test_inner::{{closure}}::h408365d67a78ade8
[INFO] [stdout]                                at /rustc/a178d0322ce20e33eac124758e837cbd80a6f633/library/test/src/lib.rs:519:37
[INFO] [stdout]   30:     0x55df66dba492 - std::sys_common::backtrace::__rust_begin_short_backtrace::hb560b77c4f701523
[INFO] [stdout]                                at /rustc/a178d0322ce20e33eac124758e837cbd80a6f633/library/std/src/sys_common/backtrace.rs:125:18
[INFO] [stdout]   31:     0x55df66dbe048 - std::thread::Builder::spawn_unchecked::{{closure}}::{{closure}}::hf2e7831dad93c597
[INFO] [stdout]                                at /rustc/a178d0322ce20e33eac124758e837cbd80a6f633/library/std/src/thread/mod.rs:481:17
[INFO] [stdout]   32:     0x55df66dbe048 - <std::panic::AssertUnwindSafe<F> as core::ops::function::FnOnce<()>>::call_once::hd2e08783d8be4d02
[INFO] [stdout]                                at /rustc/a178d0322ce20e33eac124758e837cbd80a6f633/library/std/src/panic.rs:347:9
[INFO] [stdout]   33:     0x55df66dbe048 - std::panicking::try::do_call::h062597b7acfd6b82
[INFO] [stdout]                                at /rustc/a178d0322ce20e33eac124758e837cbd80a6f633/library/std/src/panicking.rs:401:40
[INFO] [stdout]   34:     0x55df66dbe048 - std::panicking::try::h0d7b79db04c14552
[INFO] [stdout]                                at /rustc/a178d0322ce20e33eac124758e837cbd80a6f633/library/std/src/panicking.rs:365:19
[INFO] [stdout]   35:     0x55df66dbe048 - std::panic::catch_unwind::hb01a0b5e7c8cd43b
[INFO] [stdout]                                at /rustc/a178d0322ce20e33eac124758e837cbd80a6f633/library/std/src/panic.rs:434:14
[INFO] [stdout]   36:     0x55df66dbe048 - std::thread::Builder::spawn_unchecked::{{closure}}::h5bde48cc887e0d1e
[INFO] [stdout]                                at /rustc/a178d0322ce20e33eac124758e837cbd80a6f633/library/std/src/thread/mod.rs:480:30
[INFO] [stdout]   37:     0x55df66dbe048 - core::ops::function::FnOnce::call_once{{vtable.shim}}::h745ea30807a29e55
[INFO] [stdout]                                at /rustc/a178d0322ce20e33eac124758e837cbd80a6f633/library/core/src/ops/function.rs:227:5
[INFO] [stdout]   38:     0x55df66e1ca27 - <alloc::boxed::Box<F,A> as core::ops::function::FnOnce<Args>>::call_once::h7ece6cfefaff1005
[INFO] [stdout]                                at /rustc/a178d0322ce20e33eac124758e837cbd80a6f633/library/alloc/src/boxed.rs:1575:9
[INFO] [stdout]   39:     0x55df66e1ca27 - <alloc::boxed::Box<F,A> as core::ops::function::FnOnce<Args>>::call_once::hb8b48e55c21f193e
[INFO] [stdout]                                at /rustc/a178d0322ce20e33eac124758e837cbd80a6f633/library/alloc/src/boxed.rs:1575:9
[INFO] [stdout]   40:     0x55df66e1ca27 - std::sys::unix::thread::Thread::new::thread_start::h8c7c4450dba62914
[INFO] [stdout]                                at /rustc/a178d0322ce20e33eac124758e837cbd80a6f633/library/std/src/sys/unix/thread.rs:71:17
[INFO] [stdout]   41:     0x7feab122a609 - start_thread
[INFO] [stdout]   42:     0x7feab1002293 - clone
[INFO] [stdout]   43:                0x0 - <unknown>
[INFO] [stdout] 
[INFO] [stdout] 
[INFO] [stdout] failures:
[INFO] [stdout]     session::session::test::test_add_part
[INFO] [stdout]     session::session::test::test_new_target
[INFO] [stdout] 
[INFO] [stdout] test result: FAILED. 17 passed; 2 failed; 0 ignored; 0 measured; 0 filtered out; finished in 0.08s
[INFO] [stdout] 
[INFO] [stderr] error: test failed, to rerun pass '--bin dsc'
[INFO] running `Command { std: "docker" "inspect" "549150291ccb4b5ef594bdcf61290b90cbef1c4942c76ee410bb06996ce02b6f", kill_on_drop: false }`
[INFO] running `Command { std: "docker" "rm" "-f" "549150291ccb4b5ef594bdcf61290b90cbef1c4942c76ee410bb06996ce02b6f", kill_on_drop: false }`
[INFO] [stdout] 549150291ccb4b5ef594bdcf61290b90cbef1c4942c76ee410bb06996ce02b6f
