[INFO] fetching crate unix_path 1.0.1...
[INFO] testing unix_path-1.0.1 against 1.54.0 for beta-1.55-1
[INFO] extracting crate unix_path 1.0.1 into /workspace/builds/worker-24/source
[INFO] validating manifest of crates.io crate unix_path 1.0.1 on toolchain 1.54.0
[INFO] running `Command { std: "/workspace/cargo-home/bin/cargo" "+1.54.0" "metadata" "--manifest-path" "Cargo.toml" "--no-deps", kill_on_drop: false }`
[INFO] started tweaking crates.io crate unix_path 1.0.1
[INFO] finished tweaking crates.io crate unix_path 1.0.1
[INFO] tweaked toml for crates.io crate unix_path 1.0.1 written to /workspace/builds/worker-24/source/Cargo.toml
[INFO] running `Command { std: "/workspace/cargo-home/bin/cargo" "+1.54.0" "generate-lockfile" "--manifest-path" "Cargo.toml" "-Zno-index-update", kill_on_drop: false }`
[INFO] [stderr]     Blocking waiting for file lock on package cache
[INFO] running `Command { std: "/workspace/cargo-home/bin/cargo" "+1.54.0" "fetch" "--manifest-path" "Cargo.toml", kill_on_drop: false }`
[INFO] [stderr]     Blocking waiting for file lock on package cache
[INFO] [stderr]     Blocking waiting for file lock on package cache
[INFO] [stderr]  Downloading crates ...
[INFO] [stderr]   Downloaded unix_str v1.0.0
[INFO] running `Command { std: "docker" "create" "-v" "/var/lib/crater-agent-workspace/builds/worker-24/target:/opt/rustwide/target:rw,Z" "-v" "/var/lib/crater-agent-workspace/builds/worker-24/source:/opt/rustwide/workdir:ro,Z" "-v" "/var/lib/crater-agent-workspace/cargo-home:/opt/rustwide/cargo-home:ro,Z" "-v" "/var/lib/crater-agent-workspace/rustup-home:/opt/rustwide/rustup-home:ro,Z" "-e" "SOURCE_DIR=/opt/rustwide/workdir" "-e" "CARGO_TARGET_DIR=/opt/rustwide/target" "-e" "CARGO_HOME=/opt/rustwide/cargo-home" "-e" "RUSTUP_HOME=/opt/rustwide/rustup-home" "-w" "/opt/rustwide/workdir" "-m" "1610612736" "--user" "0:0" "--network" "none" "ghcr.io/rust-lang/crates-build-env/linux@sha256:34b6a614d2c27851fe6cbf88fbd1137609cefab8b10d0615aaeb6fd47975d74e" "/opt/rustwide/cargo-home/bin/cargo" "+1.54.0" "metadata" "--no-deps" "--format-version=1", kill_on_drop: false }`
[INFO] [stdout] 395eca2f848a75d81504897eb80bf2bc5f4cba1f8b088a790de852e3dd68782d
[INFO] running `Command { std: "docker" "start" "-a" "395eca2f848a75d81504897eb80bf2bc5f4cba1f8b088a790de852e3dd68782d", kill_on_drop: false }`
[INFO] running `Command { std: "docker" "inspect" "395eca2f848a75d81504897eb80bf2bc5f4cba1f8b088a790de852e3dd68782d", kill_on_drop: false }`
[INFO] running `Command { std: "docker" "rm" "-f" "395eca2f848a75d81504897eb80bf2bc5f4cba1f8b088a790de852e3dd68782d", kill_on_drop: false }`
[INFO] [stdout] 395eca2f848a75d81504897eb80bf2bc5f4cba1f8b088a790de852e3dd68782d
[INFO] running `Command { std: "docker" "create" "-v" "/var/lib/crater-agent-workspace/builds/worker-24/target:/opt/rustwide/target:rw,Z" "-v" "/var/lib/crater-agent-workspace/builds/worker-24/source:/opt/rustwide/workdir:ro,Z" "-v" "/var/lib/crater-agent-workspace/cargo-home:/opt/rustwide/cargo-home:ro,Z" "-v" "/var/lib/crater-agent-workspace/rustup-home:/opt/rustwide/rustup-home:ro,Z" "-e" "SOURCE_DIR=/opt/rustwide/workdir" "-e" "CARGO_TARGET_DIR=/opt/rustwide/target" "-e" "CARGO_INCREMENTAL=0" "-e" "RUST_BACKTRACE=full" "-e" "RUSTFLAGS=--cap-lints=warn" "-e" "CARGO_HOME=/opt/rustwide/cargo-home" "-e" "RUSTUP_HOME=/opt/rustwide/rustup-home" "-w" "/opt/rustwide/workdir" "-m" "1610612736" "--user" "0:0" "--network" "none" "ghcr.io/rust-lang/crates-build-env/linux@sha256:34b6a614d2c27851fe6cbf88fbd1137609cefab8b10d0615aaeb6fd47975d74e" "/opt/rustwide/cargo-home/bin/cargo" "+1.54.0" "build" "--frozen" "--message-format=json", kill_on_drop: false }`
[INFO] [stdout] 1c02f2f442be90acc536e511f8837c2ed6769f046336d3fb1d6ad4a347328e6b
[INFO] running `Command { std: "docker" "start" "-a" "1c02f2f442be90acc536e511f8837c2ed6769f046336d3fb1d6ad4a347328e6b", kill_on_drop: false }`
[INFO] [stderr]    Compiling unix_str v1.0.0
[INFO] [stderr]    Compiling unix_path v1.0.1 (/opt/rustwide/workdir)
[INFO] [stderr]     Finished dev [unoptimized + debuginfo] target(s) in 3.52s
[INFO] running `Command { std: "docker" "inspect" "1c02f2f442be90acc536e511f8837c2ed6769f046336d3fb1d6ad4a347328e6b", kill_on_drop: false }`
[INFO] running `Command { std: "docker" "rm" "-f" "1c02f2f442be90acc536e511f8837c2ed6769f046336d3fb1d6ad4a347328e6b", kill_on_drop: false }`
[INFO] [stdout] 1c02f2f442be90acc536e511f8837c2ed6769f046336d3fb1d6ad4a347328e6b
[INFO] running `Command { std: "docker" "create" "-v" "/var/lib/crater-agent-workspace/builds/worker-24/target:/opt/rustwide/target:rw,Z" "-v" "/var/lib/crater-agent-workspace/builds/worker-24/source:/opt/rustwide/workdir:ro,Z" "-v" "/var/lib/crater-agent-workspace/cargo-home:/opt/rustwide/cargo-home:ro,Z" "-v" "/var/lib/crater-agent-workspace/rustup-home:/opt/rustwide/rustup-home:ro,Z" "-e" "SOURCE_DIR=/opt/rustwide/workdir" "-e" "CARGO_TARGET_DIR=/opt/rustwide/target" "-e" "CARGO_INCREMENTAL=0" "-e" "RUST_BACKTRACE=full" "-e" "RUSTFLAGS=--cap-lints=warn" "-e" "CARGO_HOME=/opt/rustwide/cargo-home" "-e" "RUSTUP_HOME=/opt/rustwide/rustup-home" "-w" "/opt/rustwide/workdir" "-m" "1610612736" "--user" "0:0" "--network" "none" "ghcr.io/rust-lang/crates-build-env/linux@sha256:34b6a614d2c27851fe6cbf88fbd1137609cefab8b10d0615aaeb6fd47975d74e" "/opt/rustwide/cargo-home/bin/cargo" "+1.54.0" "test" "--frozen" "--no-run" "--message-format=json", kill_on_drop: false }`
[INFO] [stdout] 4c27ef6d70f6635dc434bec47739195f3177b26224b9585ea7b4088422a71104
[INFO] running `Command { std: "docker" "start" "-a" "4c27ef6d70f6635dc434bec47739195f3177b26224b9585ea7b4088422a71104", kill_on_drop: false }`
[INFO] [stderr]    Compiling unix_path v1.0.1 (/opt/rustwide/workdir)
[INFO] [stderr]     Finished test [unoptimized + debuginfo] target(s) in 3.39s
[INFO] running `Command { std: "docker" "inspect" "4c27ef6d70f6635dc434bec47739195f3177b26224b9585ea7b4088422a71104", kill_on_drop: false }`
[INFO] running `Command { std: "docker" "rm" "-f" "4c27ef6d70f6635dc434bec47739195f3177b26224b9585ea7b4088422a71104", kill_on_drop: false }`
[INFO] [stdout] 4c27ef6d70f6635dc434bec47739195f3177b26224b9585ea7b4088422a71104
[INFO] running `Command { std: "docker" "create" "-v" "/var/lib/crater-agent-workspace/builds/worker-24/target:/opt/rustwide/target:rw,Z" "-v" "/var/lib/crater-agent-workspace/builds/worker-24/source:/opt/rustwide/workdir:ro,Z" "-v" "/var/lib/crater-agent-workspace/cargo-home:/opt/rustwide/cargo-home:ro,Z" "-v" "/var/lib/crater-agent-workspace/rustup-home:/opt/rustwide/rustup-home:ro,Z" "-e" "SOURCE_DIR=/opt/rustwide/workdir" "-e" "CARGO_TARGET_DIR=/opt/rustwide/target" "-e" "CARGO_INCREMENTAL=0" "-e" "RUST_BACKTRACE=full" "-e" "RUSTFLAGS=--cap-lints=warn" "-e" "CARGO_HOME=/opt/rustwide/cargo-home" "-e" "RUSTUP_HOME=/opt/rustwide/rustup-home" "-w" "/opt/rustwide/workdir" "-m" "1610612736" "--user" "0:0" "--network" "none" "ghcr.io/rust-lang/crates-build-env/linux@sha256:34b6a614d2c27851fe6cbf88fbd1137609cefab8b10d0615aaeb6fd47975d74e" "/opt/rustwide/cargo-home/bin/cargo" "+1.54.0" "test" "--frozen", kill_on_drop: false }`
[INFO] [stdout] 8cdb5e8bcf250dd5cd49d38449b65aa609caba4109cdc217a0c99ea8970c2925
[INFO] running `Command { std: "docker" "start" "-a" "8cdb5e8bcf250dd5cd49d38449b65aa609caba4109cdc217a0c99ea8970c2925", kill_on_drop: false }`
[INFO] [stderr]     Finished test [unoptimized + debuginfo] target(s) in 0.02s
[INFO] [stderr]      Running unittests (/opt/rustwide/target/debug/deps/unix_path-b8cc64ead913828e)
[INFO] [stdout] 
[INFO] [stdout] running 13 tests
[INFO] [stdout] test tests::into ... ok
[INFO] [stdout] test tests::into_rc ... ok
[INFO] [stdout] test tests::test_eq_receivers ... ok
[INFO] [stdout] test tests::test_components_debug ... ok
[INFO] [stdout] test tests::test_set_file_name ... ok
[INFO] [stdout] test tests::test_stem_ext ... ok
[INFO] [stdout] test tests::test_compare ... ok
[INFO] [stdout] test tests::test_iter_debug ... ok
[INFO] [stdout] test tests::into_boxed ... ok
[INFO] [stdout] test tests::test_push ... ok
[INFO] [stdout] test tests::test_set_extension ... ok
[INFO] [stdout] test tests::test_pop ... ok
[INFO] [stdout] test tests::test_decompositions_unix ... ok
[INFO] [stdout] 
[INFO] [stdout] test result: ok. 13 passed; 0 failed; 0 ignored; 0 measured; 0 filtered out; finished in 0.01s
[INFO] [stdout] 
[INFO] [stderr]    Doc-tests unix_path
[INFO] [stdout] 
[INFO] [stdout] running 44 tests
[INFO] [stdout] test src/lib.rs - PathBuf::push (line 813) ... FAILED
[INFO] [stdout] test src/lib.rs - PathBuf::with_capacity (line 772) ... FAILED
[INFO] [stdout] test src/lib.rs - Components (line 292) ... ok
[INFO] [stdout] test src/lib.rs - Component::as_unix_str (line 256) ... FAILED
[INFO] [stdout] test src/lib.rs - Component (line 215) ... FAILED
[INFO] [stdout] test src/lib.rs - Path::components (line 1817) ... FAILED
[INFO] [stdout] test src/lib.rs - Path::new (line 1356) ... FAILED
[INFO] [stdout] test src/lib.rs - Components::as_path (line 380) ... FAILED
[INFO] [stdout] test src/lib.rs - (line 23) ... ok
[INFO] [stdout] test src/lib.rs - Path::strip_prefix (line 1584) ... FAILED
[INFO] [stdout] test src/lib.rs - Path (line 1301) ... FAILED
[INFO] [stdout] test src/lib.rs - Path::file_stem (line 1673) ... FAILED
[INFO] [stdout] test src/lib.rs - Path::file_name (line 1555) ... FAILED
[INFO] [stdout] test src/lib.rs - Path::new (line 1348) ... ok
[INFO] [stdout] test src/lib.rs - Path::parent (line 1499) ... FAILED
[INFO] [stdout] test src/lib.rs - PathBuf::new (line 756) ... ok
[INFO] [stdout] test src/lib.rs - (line 41) ... ok
[INFO] [stdout] test src/lib.rs - Path::is_absolute (line 1450) ... ok
[INFO] [stdout] test src/lib.rs - Path::to_path_buf (line 1431) ... ok
[INFO] [stdout] test src/lib.rs - Path::has_root (line 1484) ... ok
[INFO] [stdout] test src/lib.rs - PathBuf (line 733) ... ok
[INFO] [stdout] test src/lib.rs - PathBuf (line 709) ... ok
[INFO] [stdout] test src/lib.rs - is_separator (line 109) ... ok
[INFO] [stdout] test src/lib.rs - Path::as_unix_str (line 1372) ... ok
[INFO] [stdout] test src/lib.rs - Ancestors (line 658) ... ok
[INFO] [stdout] test src/lib.rs - Path::with_extension (line 1779) ... ok
[INFO] [stdout] test src/lib.rs - Path::to_str (line 1391) ... ok
[INFO] [stdout] test src/lib.rs - PathBuf::set_extension (line 931) ... ok
[INFO] [stdout] test src/lib.rs - PathBuf::pop (line 861) ... ok
[INFO] [stdout] test src/lib.rs - Path::to_string_lossy (line 1411) ... ok
[INFO] [stdout] test src/lib.rs - PathBuf::into_unix_string (line 974) ... ok
[INFO] [stdout] test src/lib.rs - Path::ends_with (line 1645) ... ok
[INFO] [stdout] test src/lib.rs - PathBuf::push (line 823) ... ok
[INFO] [stdout] test src/lib.rs - Path::is_relative (line 1467) ... ok
[INFO] [stdout] test src/lib.rs - Iter::as_path (line 514) ... ok
[INFO] [stdout] test src/lib.rs - PathBuf::set_file_name (line 895) ... ok
[INFO] [stdout] test src/lib.rs - Path::extension (line 1699) ... ok
[INFO] [stdout] test src/lib.rs - PathBuf (line 724) ... ok
[INFO] [stdout] test src/lib.rs - Path::iter (line 1850) ... ok
[INFO] [stdout] test src/lib.rs - Path::with_file_name (line 1749) ... ok
[INFO] [stdout] test src/lib.rs - Path::join (line 1722) ... ok
[INFO] [stdout] test src/lib.rs - Path::ancestors (line 1531) ... ok
[INFO] [stdout] test src/lib.rs - PathBuf::as_path (line 795) ... ok
[INFO] [stdout] test src/lib.rs - Path::starts_with (line 1619) ... ok
[INFO] [stdout] 
[INFO] [stdout] failures:
[INFO] [stdout] 
[INFO] [stdout] ---- src/lib.rs - PathBuf::push (line 813) stdout ----
[INFO] [stdout] Couldn't compile the test.
[INFO] [stdout] ---- src/lib.rs - PathBuf::with_capacity (line 772) stdout ----
[INFO] [stdout] Couldn't compile the test.
[INFO] [stdout] ---- src/lib.rs - Component::as_unix_str (line 256) stdout ----
[INFO] [stdout] Couldn't compile the test.
[INFO] [stdout] ---- src/lib.rs - Component (line 215) stdout ----
[INFO] [stdout] Couldn't compile the test.
[INFO] [stdout] ---- src/lib.rs - Path::components (line 1817) stdout ----
[INFO] [stdout] Couldn't compile the test.
[INFO] [stdout] ---- src/lib.rs - Path::new (line 1356) stdout ----
[INFO] [stdout] Couldn't compile the test.
[INFO] [stdout] ---- src/lib.rs - Components::as_path (line 380) stdout ----
[INFO] [stdout] Couldn't compile the test.
[INFO] [stdout] ---- src/lib.rs - Path::strip_prefix (line 1584) stdout ----
[INFO] [stdout] Couldn't compile the test.
[INFO] [stdout] ---- src/lib.rs - Path (line 1301) stdout ----
[INFO] [stdout] Couldn't compile the test.
[INFO] [stdout] ---- src/lib.rs - Path::file_stem (line 1673) stdout ----
[INFO] [stdout] Couldn't compile the test.
[INFO] [stdout] ---- src/lib.rs - Path::file_name (line 1555) stdout ----
[INFO] [stdout] Couldn't compile the test.
[INFO] [stdout] ---- src/lib.rs - Path::parent (line 1499) stdout ----
[INFO] [stdout] Couldn't compile the test.
[INFO] [stdout] 
[INFO] [stdout] failures:
[INFO] [stdout]     src/lib.rs - Component (line 215)
[INFO] [stdout]     src/lib.rs - Component::as_unix_str (line 256)
[INFO] [stdout]     src/lib.rs - Components::as_path (line 380)
[INFO] [stdout]     src/lib.rs - Path (line 1301)
[INFO] [stdout]     src/lib.rs - Path::components (line 1817)
[INFO] [stdout]     src/lib.rs - Path::file_name (line 1555)
[INFO] [stdout]     src/lib.rs - Path::file_stem (line 1673)
[INFO] [stdout]     src/lib.rs - Path::new (line 1356)
[INFO] [stdout]     src/lib.rs - Path::parent (line 1499)
[INFO] [stdout]     src/lib.rs - Path::strip_prefix (line 1584)
[INFO] [stdout]     src/lib.rs - PathBuf::push (line 813)
[INFO] [stdout]     src/lib.rs - PathBuf::with_capacity (line 772)
[INFO] [stdout] 
[INFO] [stdout] test result: FAILED. 32 passed; 12 failed; 0 ignored; 0 measured; 0 filtered out; finished in 3.24s
[INFO] [stdout] 
[INFO] [stderr] error: test failed, to rerun pass '--doc'
[INFO] running `Command { std: "docker" "inspect" "8cdb5e8bcf250dd5cd49d38449b65aa609caba4109cdc217a0c99ea8970c2925", kill_on_drop: false }`
[INFO] running `Command { std: "docker" "rm" "-f" "8cdb5e8bcf250dd5cd49d38449b65aa609caba4109cdc217a0c99ea8970c2925", kill_on_drop: false }`
[INFO] [stdout] 8cdb5e8bcf250dd5cd49d38449b65aa609caba4109cdc217a0c99ea8970c2925
