[INFO] fetching crate tinystr 0.4.10...
[INFO] testing tinystr-0.4.10 against 1.54.0 for beta-1.55-1
[INFO] extracting crate tinystr 0.4.10 into /workspace/builds/worker-64/source
[INFO] validating manifest of crates.io crate tinystr 0.4.10 on toolchain 1.54.0
[INFO] running `Command { std: "/workspace/cargo-home/bin/cargo" "+1.54.0" "metadata" "--manifest-path" "Cargo.toml" "--no-deps", kill_on_drop: false }`
[INFO] started tweaking crates.io crate tinystr 0.4.10
[INFO] removed 0 missing tests
[INFO] finished tweaking crates.io crate tinystr 0.4.10
[INFO] tweaked toml for crates.io crate tinystr 0.4.10 written to /workspace/builds/worker-64/source/Cargo.toml
[INFO] crate crates.io crate tinystr 0.4.10 already has a lockfile, it will not be regenerated
[INFO] running `Command { std: "/workspace/cargo-home/bin/cargo" "+1.54.0" "fetch" "--manifest-path" "Cargo.toml", kill_on_drop: false }`
[INFO] [stderr]     Blocking waiting for file lock on package cache
[INFO] running `Command { std: "docker" "create" "-v" "/var/lib/crater-agent-workspace/builds/worker-64/target:/opt/rustwide/target:rw,Z" "-v" "/var/lib/crater-agent-workspace/builds/worker-64/source:/opt/rustwide/workdir:ro,Z" "-v" "/var/lib/crater-agent-workspace/cargo-home:/opt/rustwide/cargo-home:ro,Z" "-v" "/var/lib/crater-agent-workspace/rustup-home:/opt/rustwide/rustup-home:ro,Z" "-e" "SOURCE_DIR=/opt/rustwide/workdir" "-e" "CARGO_TARGET_DIR=/opt/rustwide/target" "-e" "CARGO_HOME=/opt/rustwide/cargo-home" "-e" "RUSTUP_HOME=/opt/rustwide/rustup-home" "-w" "/opt/rustwide/workdir" "-m" "1610612736" "--user" "0:0" "--network" "none" "ghcr.io/rust-lang/crates-build-env/linux@sha256:34b6a614d2c27851fe6cbf88fbd1137609cefab8b10d0615aaeb6fd47975d74e" "/opt/rustwide/cargo-home/bin/cargo" "+1.54.0" "metadata" "--no-deps" "--format-version=1", kill_on_drop: false }`
[INFO] [stdout] b371a40df490fbbc20a2afae79d823fd9f6ddcd314b6484deded5caaa12a6890
[INFO] running `Command { std: "docker" "start" "-a" "b371a40df490fbbc20a2afae79d823fd9f6ddcd314b6484deded5caaa12a6890", kill_on_drop: false }`
[INFO] running `Command { std: "docker" "inspect" "b371a40df490fbbc20a2afae79d823fd9f6ddcd314b6484deded5caaa12a6890", kill_on_drop: false }`
[INFO] running `Command { std: "docker" "rm" "-f" "b371a40df490fbbc20a2afae79d823fd9f6ddcd314b6484deded5caaa12a6890", kill_on_drop: false }`
[INFO] [stdout] b371a40df490fbbc20a2afae79d823fd9f6ddcd314b6484deded5caaa12a6890
[INFO] running `Command { std: "docker" "create" "-v" "/var/lib/crater-agent-workspace/builds/worker-64/target:/opt/rustwide/target:rw,Z" "-v" "/var/lib/crater-agent-workspace/builds/worker-64/source:/opt/rustwide/workdir:ro,Z" "-v" "/var/lib/crater-agent-workspace/cargo-home:/opt/rustwide/cargo-home:ro,Z" "-v" "/var/lib/crater-agent-workspace/rustup-home:/opt/rustwide/rustup-home:ro,Z" "-e" "SOURCE_DIR=/opt/rustwide/workdir" "-e" "CARGO_TARGET_DIR=/opt/rustwide/target" "-e" "CARGO_INCREMENTAL=0" "-e" "RUST_BACKTRACE=full" "-e" "RUSTFLAGS=--cap-lints=warn" "-e" "CARGO_HOME=/opt/rustwide/cargo-home" "-e" "RUSTUP_HOME=/opt/rustwide/rustup-home" "-w" "/opt/rustwide/workdir" "-m" "1610612736" "--user" "0:0" "--network" "none" "ghcr.io/rust-lang/crates-build-env/linux@sha256:34b6a614d2c27851fe6cbf88fbd1137609cefab8b10d0615aaeb6fd47975d74e" "/opt/rustwide/cargo-home/bin/cargo" "+1.54.0" "build" "--frozen" "--message-format=json", kill_on_drop: false }`
[INFO] [stdout] c2385471d11fd4f374096388645e45405fe3d62bb45e082ffb34f4209d57b3de
[INFO] running `Command { std: "docker" "start" "-a" "c2385471d11fd4f374096388645e45405fe3d62bb45e082ffb34f4209d57b3de", kill_on_drop: false }`
[INFO] [stderr]    Compiling tinystr-raw v0.1.3
[INFO] [stderr]    Compiling tinystr-macros v0.2.0
[INFO] [stderr]    Compiling tinystr v0.4.10 (/opt/rustwide/workdir)
[INFO] [stderr]     Finished dev [unoptimized + debuginfo] target(s) in 1.34s
[INFO] running `Command { std: "docker" "inspect" "c2385471d11fd4f374096388645e45405fe3d62bb45e082ffb34f4209d57b3de", kill_on_drop: false }`
[INFO] running `Command { std: "docker" "rm" "-f" "c2385471d11fd4f374096388645e45405fe3d62bb45e082ffb34f4209d57b3de", kill_on_drop: false }`
[INFO] [stdout] c2385471d11fd4f374096388645e45405fe3d62bb45e082ffb34f4209d57b3de
[INFO] running `Command { std: "docker" "create" "-v" "/var/lib/crater-agent-workspace/builds/worker-64/target:/opt/rustwide/target:rw,Z" "-v" "/var/lib/crater-agent-workspace/builds/worker-64/source:/opt/rustwide/workdir:ro,Z" "-v" "/var/lib/crater-agent-workspace/cargo-home:/opt/rustwide/cargo-home:ro,Z" "-v" "/var/lib/crater-agent-workspace/rustup-home:/opt/rustwide/rustup-home:ro,Z" "-e" "SOURCE_DIR=/opt/rustwide/workdir" "-e" "CARGO_TARGET_DIR=/opt/rustwide/target" "-e" "CARGO_INCREMENTAL=0" "-e" "RUST_BACKTRACE=full" "-e" "RUSTFLAGS=--cap-lints=warn" "-e" "CARGO_HOME=/opt/rustwide/cargo-home" "-e" "RUSTUP_HOME=/opt/rustwide/rustup-home" "-w" "/opt/rustwide/workdir" "-m" "1610612736" "--user" "0:0" "--network" "none" "ghcr.io/rust-lang/crates-build-env/linux@sha256:34b6a614d2c27851fe6cbf88fbd1137609cefab8b10d0615aaeb6fd47975d74e" "/opt/rustwide/cargo-home/bin/cargo" "+1.54.0" "test" "--frozen" "--no-run" "--message-format=json", kill_on_drop: false }`
[INFO] [stdout] 2e13f01072aa0af4d27e1259efd381bed217d4f8b0e86c7b60f865ab5b2d6c32
[INFO] running `Command { std: "docker" "start" "-a" "2e13f01072aa0af4d27e1259efd381bed217d4f8b0e86c7b60f865ab5b2d6c32", kill_on_drop: false }`
[INFO] [stderr]    Compiling autocfg v1.0.1
[INFO] [stderr]    Compiling libc v0.2.98
[INFO] [stderr]    Compiling cfg-if v1.0.0
[INFO] [stderr]    Compiling serde v1.0.126
[INFO] [stderr]    Compiling lazy_static v1.4.0
[INFO] [stderr]    Compiling crossbeam-utils v0.8.5
[INFO] [stderr]    Compiling semver v1.0.3
[INFO] [stderr]    Compiling proc-macro2 v1.0.27
[INFO] [stderr]    Compiling memchr v2.4.0
[INFO] [stderr]    Compiling ryu v1.0.5
[INFO] [stderr]    Compiling libm v0.2.1
[INFO] [stderr]    Compiling crossbeam-epoch v0.9.5
[INFO] [stderr]    Compiling rayon-core v1.9.1
[INFO] [stderr]    Compiling unicode-xid v0.2.2
[INFO] [stderr]    Compiling either v1.6.1
[INFO] [stderr]    Compiling scopeguard v1.1.0
[INFO] [stderr]    Compiling bitflags v1.2.1
[INFO] [stderr]    Compiling serde_json v1.0.64
[INFO] [stderr]    Compiling syn v1.0.73
[INFO] [stderr]    Compiling itoa v0.4.7
[INFO] [stderr]    Compiling regex-automata v0.1.10
[INFO] [stderr]    Compiling unicode-width v0.1.8
[INFO] [stderr]    Compiling ppv-lite86 v0.2.10
[INFO] [stderr]    Compiling plotters-backend v0.3.2
[INFO] [stderr]    Compiling serde_derive v1.0.126
[INFO] [stderr]    Compiling half v1.7.1
[INFO] [stderr]    Compiling same-file v1.0.6
[INFO] [stderr]    Compiling regex-syntax v0.6.25
[INFO] [stderr]    Compiling oorandom v11.1.3
[INFO] [stderr]    Compiling iai v0.1.1
[INFO] [stderr]    Compiling itertools v0.9.0
[INFO] [stderr]    Compiling itertools v0.10.1
[INFO] [stderr]    Compiling textwrap v0.11.0
[INFO] [stderr]    Compiling walkdir v2.3.2
[INFO] [stderr]    Compiling plotters-svg v0.3.1
[INFO] [stderr]    Compiling memoffset v0.6.4
[INFO] [stderr]    Compiling num-traits v0.2.14
[INFO] [stderr]    Compiling rayon v1.5.1
[INFO] [stderr]    Compiling clap v2.33.3
[INFO] [stderr]    Compiling crossbeam-channel v0.5.1
[INFO] [stderr]    Compiling rustc_version v0.4.0
[INFO] [stderr]    Compiling csv-core v0.1.10
[INFO] [stderr]    Compiling quote v1.0.9
[INFO] [stderr]    Compiling getrandom v0.2.3
[INFO] [stderr]    Compiling num_cpus v1.13.0
[INFO] [stderr]    Compiling atty v0.2.14
[INFO] [stderr]    Compiling cast v0.2.7
[INFO] [stderr]    Compiling rand_core v0.6.3
[INFO] [stderr]    Compiling crossbeam-deque v0.8.0
[INFO] [stderr]    Compiling regex v1.5.4
[INFO] [stderr]    Compiling rand_chacha v0.3.1
[INFO] [stderr]    Compiling rand_pcg v0.3.1
[INFO] [stderr]    Compiling criterion-plot v0.4.3
[INFO] [stderr]    Compiling rand v0.8.4
[INFO] [stderr]    Compiling plotters v0.3.1
[INFO] [stderr]    Compiling rand_distr v0.4.1
[INFO] [stderr]    Compiling bstr v0.2.16
[INFO] [stderr]    Compiling serde_cbor v0.11.1
[INFO] [stderr]    Compiling bincode v1.3.3
[INFO] [stderr]    Compiling csv v1.1.6
[INFO] [stderr]    Compiling tinytemplate v1.2.1
[INFO] [stderr]    Compiling criterion v0.3.4
[INFO] [stderr]    Compiling tinystr v0.4.10 (/opt/rustwide/workdir)
[INFO] [stderr]     Finished test [unoptimized + debuginfo] target(s) in 19.44s
[INFO] running `Command { std: "docker" "inspect" "2e13f01072aa0af4d27e1259efd381bed217d4f8b0e86c7b60f865ab5b2d6c32", kill_on_drop: false }`
[INFO] running `Command { std: "docker" "rm" "-f" "2e13f01072aa0af4d27e1259efd381bed217d4f8b0e86c7b60f865ab5b2d6c32", kill_on_drop: false }`
[INFO] [stdout] 2e13f01072aa0af4d27e1259efd381bed217d4f8b0e86c7b60f865ab5b2d6c32
[INFO] running `Command { std: "docker" "create" "-v" "/var/lib/crater-agent-workspace/builds/worker-64/target:/opt/rustwide/target:rw,Z" "-v" "/var/lib/crater-agent-workspace/builds/worker-64/source:/opt/rustwide/workdir:ro,Z" "-v" "/var/lib/crater-agent-workspace/cargo-home:/opt/rustwide/cargo-home:ro,Z" "-v" "/var/lib/crater-agent-workspace/rustup-home:/opt/rustwide/rustup-home:ro,Z" "-e" "SOURCE_DIR=/opt/rustwide/workdir" "-e" "CARGO_TARGET_DIR=/opt/rustwide/target" "-e" "CARGO_INCREMENTAL=0" "-e" "RUST_BACKTRACE=full" "-e" "RUSTFLAGS=--cap-lints=warn" "-e" "CARGO_HOME=/opt/rustwide/cargo-home" "-e" "RUSTUP_HOME=/opt/rustwide/rustup-home" "-w" "/opt/rustwide/workdir" "-m" "1610612736" "--user" "0:0" "--network" "none" "ghcr.io/rust-lang/crates-build-env/linux@sha256:34b6a614d2c27851fe6cbf88fbd1137609cefab8b10d0615aaeb6fd47975d74e" "/opt/rustwide/cargo-home/bin/cargo" "+1.54.0" "test" "--frozen", kill_on_drop: false }`
[INFO] [stdout] 308cee5435d9f9abd4e64b9d6ec0153f68f3f8fcbb98f943ae6546bc8a013611
[INFO] running `Command { std: "docker" "start" "-a" "308cee5435d9f9abd4e64b9d6ec0153f68f3f8fcbb98f943ae6546bc8a013611", kill_on_drop: false }`
[INFO] [stderr]     Finished test [unoptimized + debuginfo] target(s) in 0.08s
[INFO] [stderr]      Running unittests (/opt/rustwide/target/debug/deps/tinystr-61181c8913736003)
[INFO] [stdout] 
[INFO] [stdout] running 3 tests
[INFO] [stdout] test macros::test_tinystr16 ... ok
[INFO] [stdout] test macros::test_tinystr8 ... ok
[INFO] [stdout] test macros::test_tinystr4 ... ok
[INFO] [stdout] 
[INFO] [stdout] test result: ok. 3 passed; 0 failed; 0 ignored; 0 measured; 0 filtered out; finished in 0.00s
[INFO] [stdout] 
[INFO] [stderr]      Running tests/main.rs (/opt/rustwide/target/debug/deps/main-345490d08e6723d9)
[INFO] [stdout] 
[INFO] [stdout] running 45 tests
[INFO] [stdout] test supports_std_error ... ok
[INFO] [stdout] test tiny16_alpha ... ok
[INFO] [stdout] test tiny16_debug ... ok
[INFO] [stdout] test tiny16_display ... ok
[INFO] [stdout] test tiny16_eq ... ok
[INFO] [stdout] test tiny16_from_bytes ... ok
[INFO] [stdout] test tiny16_new_unchecked ... ok
[INFO] [stdout] test tiny16_nonascii ... ok
[INFO] [stdout] test tiny16_null ... ok
[INFO] [stdout] test tiny16_numeric ... ok
[INFO] [stdout] test tiny16_ord ... ok
[INFO] [stdout] test tiny16_size ... ok
[INFO] [stdout] test tiny16_titlecase ... ok
[INFO] [stdout] test tiny4_alpha ... ok
[INFO] [stdout] test tiny4_basic ... ok
[INFO] [stdout] test tiny4_debug ... ok
[INFO] [stdout] test tiny4_display ... ok
[INFO] [stdout] test tiny4_eq ... ok
[INFO] [stdout] test tiny4_from_bytes ... ok
[INFO] [stdout] test tiny4_new_unchecked ... ok
[INFO] [stdout] test tiny4_nonascii ... ok
[INFO] [stdout] test tiny4_numeric ... ok
[INFO] [stdout] test tiny4_null ... ok
[INFO] [stdout] test tiny4_ord ... ok
[INFO] [stdout] test tiny4_size ... ok
[INFO] [stdout] test tiny4_titlecase ... ok
[INFO] [stdout] test tiny8_alpha ... ok
[INFO] [stdout] test tiny8_basic ... ok
[INFO] [stdout] test tiny8_debug ... ok
[INFO] [stdout] test tiny8_display ... ok
[INFO] [stdout] test tiny8_eq ... ok
[INFO] [stdout] test tiny8_from_bytes ... ok
[INFO] [stdout] test tiny8_new_unchecked ... ok
[INFO] [stdout] test tiny8_nonascii ... ok
[INFO] [stdout] test tiny8_null ... ok
[INFO] [stdout] test tiny8_numeric ... ok
[INFO] [stdout] test tiny8_ord ... ok
[INFO] [stdout] test tiny8_size ... ok
[INFO] [stdout] test tiny8_titlecase ... ok
[INFO] [stdout] test tiny_sizes ... ok
[INFO] [stdout] test tinyauto_basic ... ok
[INFO] [stdout] test tinyauto_nonascii ... ok
[INFO] [stdout] test tinystr16_ord_consistency ... ok
[INFO] [stdout] test tinystr4_ord_consistency ... ok
[INFO] [stdout] test tinystr8_ord_consistency ... ok
[INFO] [stdout] 
[INFO] [stdout] test result: ok. 45 passed; 0 failed; 0 ignored; 0 measured; 0 filtered out; finished in 0.01s
[INFO] [stdout] 
[INFO] [stderr]    Doc-tests tinystr
[INFO] [stdout] 
[INFO] [stdout] running 41 tests
[INFO] [stdout] test src/lib.rs - (line 38) ... FAILED
[INFO] [stdout] test src/tinystr16.rs - tinystr16::TinyStr16::from_native_unchecked (line 122) ... FAILED
[INFO] [stdout] test src/tinystr16.rs - tinystr16::TinyStr16::new_unchecked (line 50) ... FAILED
[INFO] [stdout] test src/macros.rs - tinystr4 (line 8) ... FAILED
[INFO] [stdout] test src/tinystr8.rs - tinystr8::TinyStr8::new_unchecked (line 50) ... FAILED
[INFO] [stdout] test src/tinystr4.rs - tinystr4::TinyStr4::to_ascii_uppercase (line 272) ... FAILED
[INFO] [stdout] test src/tinystr16.rs - tinystr16::TinyStr16::as_str (line 78) ... FAILED
[INFO] [stdout] test src/tinystr16.rs - tinystr16::TinyStr16::to_ascii_uppercase (line 286) ... FAILED
[INFO] [stdout] test src/tinystr4.rs - tinystr4::TinyStr4::to_ascii_titlecase (line 251) ... FAILED
[INFO] [stdout] test src/tinystr4.rs - tinystr4::TinyStr4::from_native_unchecked (line 122) ... FAILED
[INFO] [stdout] test src/tinystr4.rs - tinystr4::TinyStr4::to_ascii_lowercase (line 230) ... FAILED
[INFO] [stdout] test src/tinystr16.rs - tinystr16::TinyStr16::to_ascii_titlecase (line 262) ... FAILED
[INFO] [stdout] test src/tinystr4.rs - tinystr4::TinyStr4::new_unchecked (line 50) ... FAILED
[INFO] [stdout] test src/tinystr8.rs - tinystr8::TinyStr8::to_ascii_lowercase (line 230) ... FAILED
[INFO] [stdout] test src/tinystr8.rs - tinystr8::TinyStr8 (line 13) ... ok
[INFO] [stdout] test src/tinystr16.rs - tinystr16::TinyStr16::from_bytes (line 31) ... ok
[INFO] [stdout] test src/tinystr16.rs - tinystr16::TinyStr16::is_ascii_numeric (line 211) ... ok
[INFO] [stdout] test src/tinystr4.rs - tinystr4::TinyStr4::is_ascii_alphabetic (line 153) ... ok
[INFO] [stdout] test src/tinystr16.rs - tinystr16::TinyStr16::as_unsigned (line 98) ... ok
[INFO] [stdout] test src/tinystr4.rs - tinystr4::TinyStr4::as_unsigned (line 98) ... ok
[INFO] [stdout] test src/macros.rs - tinystr16 (line 66) ... ok
[INFO] [stdout] test src/tinystr16.rs - tinystr16::TinyStr16::is_ascii_alphabetic (line 153) ... ok
[INFO] [stdout] test src/tinystr4.rs - tinystr4::TinyStr4::is_ascii_numeric (line 206) ... ok
[INFO] [stdout] test src/tinystr8.rs - tinystr8::TinyStr8::as_unsigned (line 98) ... ok
[INFO] [stdout] test src/tinystr4.rs - tinystr4::TinyStr4::as_str (line 78) ... ok
[INFO] [stdout] test src/tinystr8.rs - tinystr8::TinyStr8::from_native_unchecked (line 122) ... ok
[INFO] [stdout] test src/tinystr4.rs - tinystr4::TinyStr4::is_ascii_alphanumeric (line 180) ... ok
[INFO] [stdout] test src/tinystr8.rs - tinystr8::TinyStr8::as_str (line 78) ... ok
[INFO] [stdout] test src/tinystr8.rs - tinystr8::TinyStr8::to_ascii_titlecase (line 255) ... ok
[INFO] [stdout] test src/tinystr4.rs - tinystr4::TinyStr4::from_bytes (line 31) ... ok
[INFO] [stdout] test src/tinystr8.rs - tinystr8::TinyStr8::is_ascii_alphanumeric (line 180) ... ok
[INFO] [stdout] test src/macros.rs - tinystr8 (line 37) ... ok
[INFO] [stdout] test src/tinystr16.rs - tinystr16::TinyStr16::is_ascii_alphanumeric (line 182) ... ok
[INFO] [stdout] test src/tinystr16.rs - tinystr16::TinyStr16::to_ascii_lowercase (line 237) ... ok
[INFO] [stdout] test src/tinystr4.rs - tinystr4::TinyStr4 (line 13) ... ok
[INFO] [stdout] test src/tinystr8.rs - tinystr8::TinyStr8::is_ascii_alphabetic (line 153) ... ok
[INFO] [stdout] test src/tinystr8.rs - tinystr8::TinyStr8::is_ascii_numeric (line 206) ... ok
[INFO] [stdout] test src/tinystrauto.rs - tinystrauto::TinyStrAuto (line 21) ... ok
[INFO] [stdout] test src/tinystr8.rs - tinystr8::TinyStr8::to_ascii_uppercase (line 279) ... ok
[INFO] [stdout] test src/tinystr16.rs - tinystr16::TinyStr16 (line 13) ... ok
[INFO] [stdout] test src/tinystr8.rs - tinystr8::TinyStr8::from_bytes (line 31) ... ok
[INFO] [stdout] 
[INFO] [stdout] failures:
[INFO] [stdout] 
[INFO] [stdout] ---- src/lib.rs - (line 38) stdout ----
[INFO] [stdout] Couldn't compile the test.
[INFO] [stdout] ---- src/tinystr16.rs - tinystr16::TinyStr16::from_native_unchecked (line 122) stdout ----
[INFO] [stdout] Couldn't compile the test.
[INFO] [stdout] ---- src/tinystr16.rs - tinystr16::TinyStr16::new_unchecked (line 50) stdout ----
[INFO] [stdout] Couldn't compile the test.
[INFO] [stdout] ---- src/macros.rs - tinystr4 (line 8) stdout ----
[INFO] [stdout] Couldn't compile the test.
[INFO] [stdout] ---- src/tinystr8.rs - tinystr8::TinyStr8::new_unchecked (line 50) stdout ----
[INFO] [stdout] Couldn't compile the test.
[INFO] [stdout] ---- src/tinystr4.rs - tinystr4::TinyStr4::to_ascii_uppercase (line 272) stdout ----
[INFO] [stdout] Couldn't compile the test.
[INFO] [stdout] ---- src/tinystr16.rs - tinystr16::TinyStr16::as_str (line 78) stdout ----
[INFO] [stdout] Couldn't compile the test.
[INFO] [stdout] ---- src/tinystr16.rs - tinystr16::TinyStr16::to_ascii_uppercase (line 286) stdout ----
[INFO] [stdout] Couldn't compile the test.
[INFO] [stdout] ---- src/tinystr4.rs - tinystr4::TinyStr4::to_ascii_titlecase (line 251) stdout ----
[INFO] [stdout] Couldn't compile the test.
[INFO] [stdout] ---- src/tinystr4.rs - tinystr4::TinyStr4::from_native_unchecked (line 122) stdout ----
[INFO] [stdout] Couldn't compile the test.
[INFO] [stdout] ---- src/tinystr4.rs - tinystr4::TinyStr4::to_ascii_lowercase (line 230) stdout ----
[INFO] [stdout] Couldn't compile the test.
[INFO] [stdout] ---- src/tinystr16.rs - tinystr16::TinyStr16::to_ascii_titlecase (line 262) stdout ----
[INFO] [stdout] Couldn't compile the test.
[INFO] [stdout] ---- src/tinystr4.rs - tinystr4::TinyStr4::new_unchecked (line 50) stdout ----
[INFO] [stdout] Couldn't compile the test.
[INFO] [stdout] ---- src/tinystr8.rs - tinystr8::TinyStr8::to_ascii_lowercase (line 230) stdout ----
[INFO] [stdout] Couldn't compile the test.
[INFO] [stdout] 
[INFO] [stdout] failures:
[INFO] [stdout]     src/lib.rs - (line 38)
[INFO] [stdout]     src/macros.rs - tinystr4 (line 8)
[INFO] [stdout]     src/tinystr16.rs - tinystr16::TinyStr16::as_str (line 78)
[INFO] [stdout]     src/tinystr16.rs - tinystr16::TinyStr16::from_native_unchecked (line 122)
[INFO] [stdout]     src/tinystr16.rs - tinystr16::TinyStr16::new_unchecked (line 50)
[INFO] [stdout]     src/tinystr16.rs - tinystr16::TinyStr16::to_ascii_titlecase (line 262)
[INFO] [stdout]     src/tinystr16.rs - tinystr16::TinyStr16::to_ascii_uppercase (line 286)
[INFO] [stdout]     src/tinystr4.rs - tinystr4::TinyStr4::from_native_unchecked (line 122)
[INFO] [stdout]     src/tinystr4.rs - tinystr4::TinyStr4::new_unchecked (line 50)
[INFO] [stdout]     src/tinystr4.rs - tinystr4::TinyStr4::to_ascii_lowercase (line 230)
[INFO] [stdout]     src/tinystr4.rs - tinystr4::TinyStr4::to_ascii_titlecase (line 251)
[INFO] [stdout]     src/tinystr4.rs - tinystr4::TinyStr4::to_ascii_uppercase (line 272)
[INFO] [stdout]     src/tinystr8.rs - tinystr8::TinyStr8::new_unchecked (line 50)
[INFO] [stdout]     src/tinystr8.rs - tinystr8::TinyStr8::to_ascii_lowercase (line 230)
[INFO] [stdout] 
[INFO] [stdout] test result: FAILED. 27 passed; 14 failed; 0 ignored; 0 measured; 0 filtered out; finished in 3.31s
[INFO] [stdout] 
[INFO] [stderr] error: test failed, to rerun pass '--doc'
[INFO] running `Command { std: "docker" "inspect" "308cee5435d9f9abd4e64b9d6ec0153f68f3f8fcbb98f943ae6546bc8a013611", kill_on_drop: false }`
[INFO] running `Command { std: "docker" "rm" "-f" "308cee5435d9f9abd4e64b9d6ec0153f68f3f8fcbb98f943ae6546bc8a013611", kill_on_drop: false }`
[INFO] [stdout] 308cee5435d9f9abd4e64b9d6ec0153f68f3f8fcbb98f943ae6546bc8a013611
