[INFO] fetching crate substrate-frame-rpc-support 3.0.0...
[INFO] testing substrate-frame-rpc-support-3.0.0 against beta-2021-08-01 for beta-1.55-1
[INFO] extracting crate substrate-frame-rpc-support 3.0.0 into /workspace/builds/worker-7/source
[INFO] validating manifest of crates.io crate substrate-frame-rpc-support 3.0.0 on toolchain beta-2021-08-01
[INFO] running `Command { std: "/workspace/cargo-home/bin/cargo" "+beta-2021-08-01" "metadata" "--manifest-path" "Cargo.toml" "--no-deps", kill_on_drop: false }`
[INFO] started tweaking crates.io crate substrate-frame-rpc-support 3.0.0
[INFO] finished tweaking crates.io crate substrate-frame-rpc-support 3.0.0
[INFO] tweaked toml for crates.io crate substrate-frame-rpc-support 3.0.0 written to /workspace/builds/worker-7/source/Cargo.toml
[INFO] running `Command { std: "/workspace/cargo-home/bin/cargo" "+beta-2021-08-01" "generate-lockfile" "--manifest-path" "Cargo.toml" "-Zno-index-update", kill_on_drop: false }`
[INFO] running `Command { std: "/workspace/cargo-home/bin/cargo" "+beta-2021-08-01" "fetch" "--manifest-path" "Cargo.toml", kill_on_drop: false }`
[INFO] running `Command { std: "docker" "create" "-v" "/var/lib/crater-agent-workspace/builds/worker-7/target:/opt/rustwide/target:rw,Z" "-v" "/var/lib/crater-agent-workspace/builds/worker-7/source:/opt/rustwide/workdir:ro,Z" "-v" "/var/lib/crater-agent-workspace/cargo-home:/opt/rustwide/cargo-home:ro,Z" "-v" "/var/lib/crater-agent-workspace/rustup-home:/opt/rustwide/rustup-home:ro,Z" "-e" "SOURCE_DIR=/opt/rustwide/workdir" "-e" "CARGO_TARGET_DIR=/opt/rustwide/target" "-e" "CARGO_HOME=/opt/rustwide/cargo-home" "-e" "RUSTUP_HOME=/opt/rustwide/rustup-home" "-w" "/opt/rustwide/workdir" "-m" "1610612736" "--user" "0:0" "--network" "none" "ghcr.io/rust-lang/crates-build-env/linux@sha256:34b6a614d2c27851fe6cbf88fbd1137609cefab8b10d0615aaeb6fd47975d74e" "/opt/rustwide/cargo-home/bin/cargo" "+beta-2021-08-01" "metadata" "--no-deps" "--format-version=1", kill_on_drop: false }`
[INFO] [stdout] 37d9c226ddcf67335631a873912cfd4c7e04e27a7e4264ece98c6be597149b7e
[INFO] [stderr] WARNING: Your kernel does not support swap limit capabilities or the cgroup is not mounted. Memory limited without swap.
[INFO] running `Command { std: "docker" "start" "-a" "37d9c226ddcf67335631a873912cfd4c7e04e27a7e4264ece98c6be597149b7e", kill_on_drop: false }`
[INFO] running `Command { std: "docker" "inspect" "37d9c226ddcf67335631a873912cfd4c7e04e27a7e4264ece98c6be597149b7e", kill_on_drop: false }`
[INFO] running `Command { std: "docker" "rm" "-f" "37d9c226ddcf67335631a873912cfd4c7e04e27a7e4264ece98c6be597149b7e", kill_on_drop: false }`
[INFO] [stdout] 37d9c226ddcf67335631a873912cfd4c7e04e27a7e4264ece98c6be597149b7e
[INFO] running `Command { std: "docker" "create" "-v" "/var/lib/crater-agent-workspace/builds/worker-7/target:/opt/rustwide/target:rw,Z" "-v" "/var/lib/crater-agent-workspace/builds/worker-7/source:/opt/rustwide/workdir:ro,Z" "-v" "/var/lib/crater-agent-workspace/cargo-home:/opt/rustwide/cargo-home:ro,Z" "-v" "/var/lib/crater-agent-workspace/rustup-home:/opt/rustwide/rustup-home:ro,Z" "-e" "SOURCE_DIR=/opt/rustwide/workdir" "-e" "CARGO_TARGET_DIR=/opt/rustwide/target" "-e" "CARGO_INCREMENTAL=0" "-e" "RUST_BACKTRACE=full" "-e" "RUSTFLAGS=--cap-lints=warn" "-e" "CARGO_HOME=/opt/rustwide/cargo-home" "-e" "RUSTUP_HOME=/opt/rustwide/rustup-home" "-w" "/opt/rustwide/workdir" "-m" "1610612736" "--user" "0:0" "--network" "none" "ghcr.io/rust-lang/crates-build-env/linux@sha256:34b6a614d2c27851fe6cbf88fbd1137609cefab8b10d0615aaeb6fd47975d74e" "/opt/rustwide/cargo-home/bin/cargo" "+beta-2021-08-01" "build" "--frozen" "--message-format=json", kill_on_drop: false }`
[INFO] [stdout] 2cbda15407a8f7b05b241e5eee0a864247b1f4d03fe70dcb22f4b45270376e47
[INFO] [stderr] WARNING: Your kernel does not support swap limit capabilities or the cgroup is not mounted. Memory limited without swap.
[INFO] running `Command { std: "docker" "start" "-a" "2cbda15407a8f7b05b241e5eee0a864247b1f4d03fe70dcb22f4b45270376e47", kill_on_drop: false }`
[INFO] [stderr]    Compiling proc-macro2 v1.0.28
[INFO] [stderr]    Compiling log v0.4.14
[INFO] [stderr]    Compiling byteorder v1.4.3
[INFO] [stderr]    Compiling radium v0.6.2
[INFO] [stderr]    Compiling futures-sink v0.3.16
[INFO] [stderr]    Compiling futures-channel v0.3.16
[INFO] [stderr]    Compiling arrayvec v0.7.1
[INFO] [stderr]    Compiling byte-slice-cast v1.0.0
[INFO] [stderr]    Compiling sp-std v3.0.0
[INFO] [stderr]    Compiling parity-util-mem v0.9.0
[INFO] [stderr]    Compiling ahash v0.4.7
[INFO] [stderr]    Compiling bytes v1.0.1
[INFO] [stderr]    Compiling pin-project-internal v0.4.28
[INFO] [stderr]    Compiling multimap v0.8.3
[INFO] [stderr]    Compiling bytes v0.5.6
[INFO] [stderr]    Compiling unsigned-varint v0.5.1
[INFO] [stderr]    Compiling signal-hook v0.3.9
[INFO] [stderr]    Compiling unsigned-varint v0.7.0
[INFO] [stderr]    Compiling pin-project-lite v0.1.12
[INFO] [stderr]    Compiling bs58 v0.4.0
[INFO] [stderr]    Compiling prometheus v0.11.0
[INFO] [stderr]    Compiling httpdate v0.3.2
[INFO] [stderr]    Compiling tower-service v0.3.1
[INFO] [stderr]    Compiling futures-util v0.3.16
[INFO] [stderr]    Compiling atomic v0.5.0
[INFO] [stderr]    Compiling itertools v0.9.0
[INFO] [stderr]    Compiling ring v0.16.20
[INFO] [stderr]    Compiling hashbrown v0.9.1
[INFO] [stderr]    Compiling which v4.2.2
[INFO] [stderr]    Compiling signal-hook-registry v1.4.0
[INFO] [stderr]    Compiling time v0.1.43
[INFO] [stderr]    Compiling uint v0.9.1
[INFO] [stderr]    Compiling parking_lot v0.11.1
[INFO] [stderr]    Compiling bytes v0.4.12
[INFO] [stderr]    Compiling num-integer v0.1.44
[INFO] [stderr]    Compiling integer-sqrt v0.1.5
[INFO] [stderr]    Compiling crypto-mac v0.8.0
[INFO] [stderr]    Compiling block-buffer v0.7.3
[INFO] [stderr]    Compiling http v0.2.4
[INFO] [stderr]    Compiling tokio v0.2.25
[INFO] [stderr]    Compiling sp-panic-handler v3.0.0
[INFO] [stderr]    Compiling pbkdf2 v0.3.0
[INFO] [stderr]    Compiling prost-build v0.7.0
[INFO] [stderr]    Compiling pbkdf2 v0.4.0
[INFO] [stderr]    Compiling hmac v0.8.1
[INFO] [stderr]    Compiling sha2 v0.8.2
[INFO] [stderr]    Compiling once_cell v1.8.0
[INFO] [stderr]    Compiling fixed-hash v0.7.0
[INFO] [stderr]    Compiling tempfile v3.2.0
[INFO] [stderr]    Compiling http v0.1.21
[INFO] [stderr]    Compiling string v0.2.1
[INFO] [stderr]    Compiling tokio-buf v0.1.1
[INFO] [stderr]    Compiling num-bigint v0.2.6
[INFO] [stderr]    Compiling chrono v0.4.19
[INFO] [stderr]    Compiling bitvec v0.20.4
[INFO] [stderr]    Compiling ahash v0.7.4
[INFO] [stderr]    Compiling thread_local v1.1.3
[INFO] [stderr]    Compiling blocking v1.0.2
[INFO] [stderr]    Compiling async-executor v1.4.1
[INFO] [stderr]    Compiling libsecp256k1 v0.3.5
[INFO] [stderr]    Compiling hashbrown v0.11.2
[INFO] [stderr]    Compiling quote v1.0.9
[INFO] [stderr]    Compiling syn v1.0.74
[INFO] [stderr]    Compiling proc-macro-error-attr v1.0.4
[INFO] [stderr]    Compiling num-rational v0.2.4
[INFO] [stderr]    Compiling indexmap v1.7.0
[INFO] [stderr]    Compiling lru v0.6.6
[INFO] [stderr]    Compiling wasmi v0.6.2
[INFO] [stderr]    Compiling petgraph v0.5.1
[INFO] [stderr]    Compiling http-body v0.3.1
[INFO] [stderr]    Compiling http-body v0.1.0
[INFO] [stderr]    Compiling synstructure v0.12.5
[INFO] [stderr]    Compiling proc-macro-error v1.0.4
[INFO] [stderr]    Compiling serde_derive v1.0.127
[INFO] [stderr]    Compiling ctor v0.1.20
[INFO] [stderr]    Compiling thiserror-impl v1.0.26
[INFO] [stderr]    Compiling futures-macro v0.3.16
[INFO] [stderr]    Compiling impl-trait-for-tuples v0.2.1
[INFO] [stderr]    Compiling zeroize_derive v1.1.0
[INFO] [stderr]    Compiling parity-util-mem-derive v0.1.0
[INFO] [stderr]    Compiling sp-debug-derive v3.0.0
[INFO] [stderr]    Compiling ref-cast-impl v1.0.6
[INFO] [stderr]    Compiling dyn-clonable-impl v0.9.0
[INFO] [stderr]    Compiling pin-project-internal v1.0.8
[INFO] [stderr]    Compiling derive_more v0.99.16
[INFO] [stderr]    Compiling async-trait v0.1.51
[INFO] [stderr]    Compiling prost-derive v0.7.0
[INFO] [stderr]    Compiling asn1_der_derive v0.1.2
[INFO] [stderr]    Compiling libp2p-core-derive v0.21.0
[INFO] [stderr]    Compiling failure_derive v0.1.8
[INFO] [stderr]    Compiling frame-support-procedural-tools-derive v3.0.0
[INFO] [stderr]    Compiling dyn-clonable v0.9.0
[INFO] [stderr]    Compiling asn1_der v0.6.3
[INFO] [stderr]    Compiling ref-cast v1.0.6
[INFO] [stderr]    Compiling zeroize v1.4.1
[INFO] [stderr]    Compiling value-bag v1.0.0-alpha.7
[INFO] [stderr]    Compiling curve25519-dalek v3.2.0
[INFO] [stderr]    Compiling curve25519-dalek v2.1.3
[INFO] [stderr]    Compiling merlin v2.0.1
[INFO] [stderr]    Compiling secrecy v0.7.0
[INFO] [stderr]    Compiling thiserror v1.0.26
[INFO] [stderr]    Compiling tracing v0.1.26
[INFO] [stderr]    Compiling tracing-log v0.1.2
[INFO] [stderr]    Compiling trie-db v0.22.6
[INFO] [stderr]    Compiling polling v2.1.0
[INFO] [stderr]    Compiling tokio-io v0.1.13
[INFO] [stderr]    Compiling mio v0.6.23
[INFO] [stderr]    Compiling tokio-util v0.3.1
[INFO] [stderr]    Compiling kv-log-macro v1.0.7
[INFO] [stderr]    Compiling want v0.3.0
[INFO] [stderr]    Compiling tokio-threadpool v0.1.18
[INFO] [stderr]    Compiling want v0.2.0
[INFO] [stderr]    Compiling tiny-bip39 v0.8.0
[INFO] [stderr]    Compiling failure v0.1.8
[INFO] [stderr]    Compiling prost v0.7.0
[INFO] [stderr]    Compiling async-io v1.6.0
[INFO] [stderr]    Compiling pin-project v1.0.8
[INFO] [stderr]    Compiling h2 v0.1.26
[INFO] [stderr]    Compiling tracing-futures v0.2.5
[INFO] [stderr]    Compiling pin-project v0.4.28
[INFO] [stderr]    Compiling prost-types v0.7.0
[INFO] [stderr]    Compiling tokio-reactor v0.1.12
[INFO] [stderr]    Compiling async-global-executor v2.0.2
[INFO] [stderr]    Compiling async-process v1.1.0
[INFO] [stderr]    Compiling tokio v0.1.22
[INFO] [stderr]    Compiling tokio-tcp v0.1.4
[INFO] [stderr]    Compiling async-std v1.9.0
[INFO] [stderr]    Compiling futures-executor v0.3.16
[INFO] [stderr]    Compiling h2 v0.2.7
[INFO] [stderr]    Compiling futures v0.3.16
[INFO] [stderr]    Compiling rw-stream-sink v0.2.1
[INFO] [stderr]    Compiling multistream-select v0.10.2
[INFO] [stderr]    Compiling wasm-timer v0.2.5
[INFO] [stderr]    Compiling sp-utils v3.0.0
[INFO] [stderr]    Compiling hyper v0.12.36
[INFO] [stderr]    Compiling libp2p-core v0.27.1
[INFO] [stderr]    Compiling serde v1.0.127
[INFO] [stderr]    Compiling toml v0.5.8
[INFO] [stderr]    Compiling impl-serde v0.3.1
[INFO] [stderr]    Compiling serde_json v1.0.66
[INFO] [stderr]    Compiling tracing-serde v0.1.2
[INFO] [stderr]    Compiling ed25519-dalek v1.0.1
[INFO] [stderr]    Compiling schnorrkel v0.9.1
[INFO] [stderr]    Compiling hyper v0.13.10
[INFO] [stderr]    Compiling substrate-bip39 v0.4.2
[INFO] [stderr]    Compiling proc-macro-crate v1.0.0
[INFO] [stderr]    Compiling proc-macro-crate v0.1.5
[INFO] [stderr]    Compiling tracing-subscriber v0.2.19
[INFO] [stderr]    Compiling jsonrpc-core v15.1.0
[INFO] [stderr]    Compiling sp-chain-spec v3.0.0
[INFO] [stderr]    Compiling frame-support-procedural-tools v3.0.0
[INFO] [stderr]    Compiling parity-scale-codec-derive v2.2.0
[INFO] [stderr]    Compiling sp-runtime-interface-proc-macro v3.0.0
[INFO] [stderr]    Compiling multihash-derive v0.7.2
[INFO] [stderr]    Compiling sp-api-proc-macro v3.0.0
[INFO] [stderr]    Compiling jsonrpc-derive v15.1.0
[INFO] [stderr]    Compiling jsonrpc-pubsub v15.1.0
[INFO] [stderr]    Compiling frame-support-procedural v3.0.0
[INFO] [stderr]    Compiling jsonrpc-client-transports v15.1.0
[INFO] [stderr]    Compiling jsonrpc-core-client v15.1.0
[INFO] [stderr]    Compiling multihash v0.13.2
[INFO] [stderr]    Compiling parity-multiaddr v0.11.2
[INFO] [stderr]    Compiling parity-scale-codec v2.2.0
[INFO] [stderr]    Compiling substrate-prometheus-endpoint v0.9.0
[INFO] [stderr]    Compiling impl-codec v0.5.1
[INFO] [stderr]    Compiling sp-storage v3.0.0
[INFO] [stderr]    Compiling sp-tracing v3.0.0
[INFO] [stderr]    Compiling sp-wasm-interface v3.0.0
[INFO] [stderr]    Compiling sp-arithmetic v3.0.0
[INFO] [stderr]    Compiling primitive-types v0.9.1
[INFO] [stderr]    Compiling sp-externalities v0.9.0
[INFO] [stderr]    Compiling libp2p-swarm v0.27.2
[INFO] [stderr]    Compiling sp-runtime-interface v3.0.0
[INFO] [stderr]    Compiling memory-db v0.26.0
[INFO] [stderr]    Compiling kvdb v0.9.0
[INFO] [stderr]    Compiling sp-database v3.0.0
[INFO] [stderr]    Compiling sp-core v3.0.0
[INFO] [stderr]    Compiling libp2p v0.34.0
[INFO] [stderr]    Compiling sp-trie v3.0.0
[INFO] [stderr]    Compiling sp-keystore v0.9.0
[INFO] [stderr]    Compiling sp-inherents v3.0.0
[INFO] [stderr]    Compiling frame-metadata v13.0.0
[INFO] [stderr]    Compiling sp-rpc v3.0.0
[INFO] [stderr]    Compiling sp-state-machine v0.9.0
[INFO] [stderr]    Compiling sp-io v3.0.0
[INFO] [stderr]    Compiling sp-application-crypto v3.0.0
[INFO] [stderr]    Compiling sp-runtime v3.0.0
[INFO] [stderr]    Compiling sp-version v3.0.0
[INFO] [stderr]    Compiling sp-staking v3.0.0
[INFO] [stderr]    Compiling frame-support v3.0.0
[INFO] [stderr]    Compiling sp-api v3.0.0
[INFO] [stderr]    Compiling sp-consensus v0.9.0
[INFO] [stderr]    Compiling sp-blockchain v3.0.0
[INFO] [stderr]    Compiling sp-transaction-pool v3.0.0
[INFO] [stderr]    Compiling sc-rpc-api v0.9.0
[INFO] [stderr]    Compiling substrate-frame-rpc-support v3.0.0 (/opt/rustwide/workdir)
[INFO] [stderr]     Finished dev [unoptimized + debuginfo] target(s) in 3m 49s
[INFO] running `Command { std: "docker" "inspect" "2cbda15407a8f7b05b241e5eee0a864247b1f4d03fe70dcb22f4b45270376e47", kill_on_drop: false }`
[INFO] running `Command { std: "docker" "rm" "-f" "2cbda15407a8f7b05b241e5eee0a864247b1f4d03fe70dcb22f4b45270376e47", kill_on_drop: false }`
[INFO] [stdout] 2cbda15407a8f7b05b241e5eee0a864247b1f4d03fe70dcb22f4b45270376e47
[INFO] running `Command { std: "docker" "create" "-v" "/var/lib/crater-agent-workspace/builds/worker-7/target:/opt/rustwide/target:rw,Z" "-v" "/var/lib/crater-agent-workspace/builds/worker-7/source:/opt/rustwide/workdir:ro,Z" "-v" "/var/lib/crater-agent-workspace/cargo-home:/opt/rustwide/cargo-home:ro,Z" "-v" "/var/lib/crater-agent-workspace/rustup-home:/opt/rustwide/rustup-home:ro,Z" "-e" "SOURCE_DIR=/opt/rustwide/workdir" "-e" "CARGO_TARGET_DIR=/opt/rustwide/target" "-e" "CARGO_INCREMENTAL=0" "-e" "RUST_BACKTRACE=full" "-e" "RUSTFLAGS=--cap-lints=warn" "-e" "CARGO_HOME=/opt/rustwide/cargo-home" "-e" "RUSTUP_HOME=/opt/rustwide/rustup-home" "-w" "/opt/rustwide/workdir" "-m" "1610612736" "--user" "0:0" "--network" "none" "ghcr.io/rust-lang/crates-build-env/linux@sha256:34b6a614d2c27851fe6cbf88fbd1137609cefab8b10d0615aaeb6fd47975d74e" "/opt/rustwide/cargo-home/bin/cargo" "+beta-2021-08-01" "test" "--frozen" "--no-run" "--message-format=json", kill_on_drop: false }`
[INFO] [stderr] WARNING: Your kernel does not support swap limit capabilities or the cgroup is not mounted. Memory limited without swap.
[INFO] [stdout] d8a96f205ce6e40b03f6ee1c30c3404d73ee6c2b10719f0e614bd1b3ebf621d3
[INFO] running `Command { std: "docker" "start" "-a" "d8a96f205ce6e40b03f6ee1c30c3404d73ee6c2b10719f0e614bd1b3ebf621d3", kill_on_drop: false }`
[INFO] [stderr]    Compiling substrate-frame-rpc-support v3.0.0 (/opt/rustwide/workdir)
[INFO] [stderr]     Finished test [unoptimized + debuginfo] target(s) in 2.21s
[INFO] running `Command { std: "docker" "inspect" "d8a96f205ce6e40b03f6ee1c30c3404d73ee6c2b10719f0e614bd1b3ebf621d3", kill_on_drop: false }`
[INFO] running `Command { std: "docker" "rm" "-f" "d8a96f205ce6e40b03f6ee1c30c3404d73ee6c2b10719f0e614bd1b3ebf621d3", kill_on_drop: false }`
[INFO] [stdout] d8a96f205ce6e40b03f6ee1c30c3404d73ee6c2b10719f0e614bd1b3ebf621d3
[INFO] running `Command { std: "docker" "create" "-v" "/var/lib/crater-agent-workspace/builds/worker-7/target:/opt/rustwide/target:rw,Z" "-v" "/var/lib/crater-agent-workspace/builds/worker-7/source:/opt/rustwide/workdir:ro,Z" "-v" "/var/lib/crater-agent-workspace/cargo-home:/opt/rustwide/cargo-home:ro,Z" "-v" "/var/lib/crater-agent-workspace/rustup-home:/opt/rustwide/rustup-home:ro,Z" "-e" "SOURCE_DIR=/opt/rustwide/workdir" "-e" "CARGO_TARGET_DIR=/opt/rustwide/target" "-e" "CARGO_INCREMENTAL=0" "-e" "RUST_BACKTRACE=full" "-e" "RUSTFLAGS=--cap-lints=warn" "-e" "CARGO_HOME=/opt/rustwide/cargo-home" "-e" "RUSTUP_HOME=/opt/rustwide/rustup-home" "-w" "/opt/rustwide/workdir" "-m" "1610612736" "--user" "0:0" "--network" "none" "ghcr.io/rust-lang/crates-build-env/linux@sha256:34b6a614d2c27851fe6cbf88fbd1137609cefab8b10d0615aaeb6fd47975d74e" "/opt/rustwide/cargo-home/bin/cargo" "+beta-2021-08-01" "test" "--frozen", kill_on_drop: false }`
[INFO] [stdout] 63551d6aaabc073bfd64e30d2618d7e480a08a3702577d5f4e1b93a6f6fd38fb
[INFO] [stderr] WARNING: Your kernel does not support swap limit capabilities or the cgroup is not mounted. Memory limited without swap.
[INFO] running `Command { std: "docker" "start" "-a" "63551d6aaabc073bfd64e30d2618d7e480a08a3702577d5f4e1b93a6f6fd38fb", kill_on_drop: false }`
[INFO] [stderr]     Finished test [unoptimized + debuginfo] target(s) in 0.31s
[INFO] [stderr]      Running unittests (/opt/rustwide/target/debug/deps/substrate_frame_rpc_support-e57d5acd346f5091)
[INFO] [stdout] 
[INFO] [stderr]    Doc-tests substrate-frame-rpc-support
[INFO] [stdout] running 0 tests
[INFO] [stdout] 
[INFO] [stdout] test result: ok. 0 passed; 0 failed; 0 ignored; 0 measured; 0 filtered out; finished in 0.00s
[INFO] [stdout] 
[INFO] [stdout] 
[INFO] [stdout] running 1 test
[INFO] [stdout] test src/lib.rs - StorageQuery (line 36) - compile ... FAILED
[INFO] [stdout] 
[INFO] [stdout] failures:
[INFO] [stdout] 
[INFO] [stdout] ---- src/lib.rs - StorageQuery (line 36) stdout ----
[INFO] [stdout] error[E0432]: unresolved import `frame_system`
[INFO] [stdout]  --> src/lib.rs:43:5
[INFO] [stdout]   |
[INFO] [stdout] 9 | use frame_system::Config;
[INFO] [stdout]   |     ^^^^^^^^^^^^ use of undeclared crate or module `frame_system`
[INFO] [stdout] 
[INFO] [stdout] error[E0433]: failed to resolve: use of undeclared crate or module `tokio`
[INFO] [stdout]   --> src/lib.rs:51:5
[INFO] [stdout]    |
[INFO] [stdout] 17 |     tokio::runtime::Runtime::new().unwrap().block_on(test())
[INFO] [stdout]    |     ^^^^^ use of undeclared crate or module `tokio`
[INFO] [stdout] 
[INFO] [stdout] error[E0433]: failed to resolve: use of undeclared crate or module `frame_system`
[INFO] [stdout]   --> src/lib.rs:56:1
[INFO] [stdout]    |
[INFO] [stdout] 22 | / decl_module! {
[INFO] [stdout] 23 | |     pub struct Module<T: Config> for enum Call where origin: T::Origin {}
[INFO] [stdout] 24 | | }
[INFO] [stdout]    | |_^ use of undeclared crate or module `frame_system`
[INFO] [stdout]    |
[INFO] [stdout]    = note: this error originates in the macro `decl_module` (in Nightly builds, run with -Z macro-backtrace for more info)
[INFO] [stdout] 
[INFO] [stdout] error: aborting due to 3 previous errors
[INFO] [stdout] 
[INFO] [stdout] Some errors have detailed explanations: E0432, E0433.
[INFO] [stdout] For more information about an error, try `rustc --explain E0432`.
[INFO] [stdout] Couldn't compile the test.
[INFO] [stdout] 
[INFO] [stdout] failures:
[INFO] [stdout]     src/lib.rs - StorageQuery (line 36)
[INFO] [stdout] 
[INFO] [stdout] test result: FAILED. 0 passed; 1 failed; 0 ignored; 0 measured; 0 filtered out; finished in 0.60s
[INFO] [stdout] 
[INFO] [stderr] error: test failed, to rerun pass '--doc'
[INFO] running `Command { std: "docker" "inspect" "63551d6aaabc073bfd64e30d2618d7e480a08a3702577d5f4e1b93a6f6fd38fb", kill_on_drop: false }`
[INFO] running `Command { std: "docker" "rm" "-f" "63551d6aaabc073bfd64e30d2618d7e480a08a3702577d5f4e1b93a6f6fd38fb", kill_on_drop: false }`
[INFO] [stdout] 63551d6aaabc073bfd64e30d2618d7e480a08a3702577d5f4e1b93a6f6fd38fb
