[INFO] fetching crate numas 0.2.7...
[INFO] testing numas-0.2.7 against 1.54.0 for beta-1.55-1
[INFO] extracting crate numas 0.2.7 into /workspace/builds/worker-75/source
[INFO] validating manifest of crates.io crate numas 0.2.7 on toolchain 1.54.0
[INFO] running `Command { std: "/workspace/cargo-home/bin/cargo" "+1.54.0" "metadata" "--manifest-path" "Cargo.toml" "--no-deps", kill_on_drop: false }`
[INFO] started tweaking crates.io crate numas 0.2.7
[INFO] finished tweaking crates.io crate numas 0.2.7
[INFO] tweaked toml for crates.io crate numas 0.2.7 written to /workspace/builds/worker-75/source/Cargo.toml
[INFO] running `Command { std: "/workspace/cargo-home/bin/cargo" "+1.54.0" "generate-lockfile" "--manifest-path" "Cargo.toml" "-Zno-index-update", kill_on_drop: false }`
[INFO] running `Command { std: "/workspace/cargo-home/bin/cargo" "+1.54.0" "fetch" "--manifest-path" "Cargo.toml", kill_on_drop: false }`
[INFO] running `Command { std: "docker" "create" "-v" "/var/lib/crater-agent-workspace/builds/worker-75/target:/opt/rustwide/target:rw,Z" "-v" "/var/lib/crater-agent-workspace/builds/worker-75/source:/opt/rustwide/workdir:ro,Z" "-v" "/var/lib/crater-agent-workspace/cargo-home:/opt/rustwide/cargo-home:ro,Z" "-v" "/var/lib/crater-agent-workspace/rustup-home:/opt/rustwide/rustup-home:ro,Z" "-e" "SOURCE_DIR=/opt/rustwide/workdir" "-e" "CARGO_TARGET_DIR=/opt/rustwide/target" "-e" "CARGO_HOME=/opt/rustwide/cargo-home" "-e" "RUSTUP_HOME=/opt/rustwide/rustup-home" "-w" "/opt/rustwide/workdir" "-m" "1610612736" "--user" "0:0" "--network" "none" "ghcr.io/rust-lang/crates-build-env/linux@sha256:34b6a614d2c27851fe6cbf88fbd1137609cefab8b10d0615aaeb6fd47975d74e" "/opt/rustwide/cargo-home/bin/cargo" "+1.54.0" "metadata" "--no-deps" "--format-version=1", kill_on_drop: false }`
[INFO] [stdout] fa1de2e6eeb86883f34f9625eb3047eb5822972e44e4c6c03fdf9730c8b2225a
[INFO] running `Command { std: "docker" "start" "-a" "fa1de2e6eeb86883f34f9625eb3047eb5822972e44e4c6c03fdf9730c8b2225a", kill_on_drop: false }`
[INFO] running `Command { std: "docker" "inspect" "fa1de2e6eeb86883f34f9625eb3047eb5822972e44e4c6c03fdf9730c8b2225a", kill_on_drop: false }`
[INFO] running `Command { std: "docker" "rm" "-f" "fa1de2e6eeb86883f34f9625eb3047eb5822972e44e4c6c03fdf9730c8b2225a", kill_on_drop: false }`
[INFO] [stdout] fa1de2e6eeb86883f34f9625eb3047eb5822972e44e4c6c03fdf9730c8b2225a
[INFO] running `Command { std: "docker" "create" "-v" "/var/lib/crater-agent-workspace/builds/worker-75/target:/opt/rustwide/target:rw,Z" "-v" "/var/lib/crater-agent-workspace/builds/worker-75/source:/opt/rustwide/workdir:ro,Z" "-v" "/var/lib/crater-agent-workspace/cargo-home:/opt/rustwide/cargo-home:ro,Z" "-v" "/var/lib/crater-agent-workspace/rustup-home:/opt/rustwide/rustup-home:ro,Z" "-e" "SOURCE_DIR=/opt/rustwide/workdir" "-e" "CARGO_TARGET_DIR=/opt/rustwide/target" "-e" "CARGO_INCREMENTAL=0" "-e" "RUST_BACKTRACE=full" "-e" "RUSTFLAGS=--cap-lints=warn" "-e" "CARGO_HOME=/opt/rustwide/cargo-home" "-e" "RUSTUP_HOME=/opt/rustwide/rustup-home" "-w" "/opt/rustwide/workdir" "-m" "1610612736" "--user" "0:0" "--network" "none" "ghcr.io/rust-lang/crates-build-env/linux@sha256:34b6a614d2c27851fe6cbf88fbd1137609cefab8b10d0615aaeb6fd47975d74e" "/opt/rustwide/cargo-home/bin/cargo" "+1.54.0" "build" "--frozen" "--message-format=json", kill_on_drop: false }`
[INFO] [stdout] 19f6e37364931a08447f722431ee0e7bcdee6170fd1757e97643d511231a852d
[INFO] running `Command { std: "docker" "start" "-a" "19f6e37364931a08447f722431ee0e7bcdee6170fd1757e97643d511231a852d", kill_on_drop: false }`
[INFO] [stderr]    Compiling autocfg v0.1.7
[INFO] [stderr]    Compiling rand_core v0.4.2
[INFO] [stderr]    Compiling rand_core v0.3.1
[INFO] [stderr]    Compiling rand_jitter v0.1.4
[INFO] [stderr]    Compiling rand_os v0.1.3
[INFO] [stderr]    Compiling rand_isaac v0.1.1
[INFO] [stderr]    Compiling rand_hc v0.1.0
[INFO] [stderr]    Compiling rand_xorshift v0.1.1
[INFO] [stderr]    Compiling rand_pcg v0.1.2
[INFO] [stderr]    Compiling rand_chacha v0.1.1
[INFO] [stderr]    Compiling rand v0.6.5
[INFO] [stderr]    Compiling numas v0.2.7 (/opt/rustwide/workdir)
[INFO] [stderr]     Finished dev [unoptimized + debuginfo] target(s) in 4.80s
[INFO] running `Command { std: "docker" "inspect" "19f6e37364931a08447f722431ee0e7bcdee6170fd1757e97643d511231a852d", kill_on_drop: false }`
[INFO] running `Command { std: "docker" "rm" "-f" "19f6e37364931a08447f722431ee0e7bcdee6170fd1757e97643d511231a852d", kill_on_drop: false }`
[INFO] [stdout] 19f6e37364931a08447f722431ee0e7bcdee6170fd1757e97643d511231a852d
[INFO] running `Command { std: "docker" "create" "-v" "/var/lib/crater-agent-workspace/builds/worker-75/target:/opt/rustwide/target:rw,Z" "-v" "/var/lib/crater-agent-workspace/builds/worker-75/source:/opt/rustwide/workdir:ro,Z" "-v" "/var/lib/crater-agent-workspace/cargo-home:/opt/rustwide/cargo-home:ro,Z" "-v" "/var/lib/crater-agent-workspace/rustup-home:/opt/rustwide/rustup-home:ro,Z" "-e" "SOURCE_DIR=/opt/rustwide/workdir" "-e" "CARGO_TARGET_DIR=/opt/rustwide/target" "-e" "CARGO_INCREMENTAL=0" "-e" "RUST_BACKTRACE=full" "-e" "RUSTFLAGS=--cap-lints=warn" "-e" "CARGO_HOME=/opt/rustwide/cargo-home" "-e" "RUSTUP_HOME=/opt/rustwide/rustup-home" "-w" "/opt/rustwide/workdir" "-m" "1610612736" "--user" "0:0" "--network" "none" "ghcr.io/rust-lang/crates-build-env/linux@sha256:34b6a614d2c27851fe6cbf88fbd1137609cefab8b10d0615aaeb6fd47975d74e" "/opt/rustwide/cargo-home/bin/cargo" "+1.54.0" "test" "--frozen" "--no-run" "--message-format=json", kill_on_drop: false }`
[INFO] [stdout] c5d563a0f4dcbcf973f3f0ed677ecf17a05c36a4983feecc9fd82f5a5ed0fff5
[INFO] running `Command { std: "docker" "start" "-a" "c5d563a0f4dcbcf973f3f0ed677ecf17a05c36a4983feecc9fd82f5a5ed0fff5", kill_on_drop: false }`
[INFO] [stderr]    Compiling numas v0.2.7 (/opt/rustwide/workdir)
[INFO] [stderr]     Finished test [unoptimized + debuginfo] target(s) in 0.81s
[INFO] running `Command { std: "docker" "inspect" "c5d563a0f4dcbcf973f3f0ed677ecf17a05c36a4983feecc9fd82f5a5ed0fff5", kill_on_drop: false }`
[INFO] running `Command { std: "docker" "rm" "-f" "c5d563a0f4dcbcf973f3f0ed677ecf17a05c36a4983feecc9fd82f5a5ed0fff5", kill_on_drop: false }`
[INFO] [stdout] c5d563a0f4dcbcf973f3f0ed677ecf17a05c36a4983feecc9fd82f5a5ed0fff5
[INFO] running `Command { std: "docker" "create" "-v" "/var/lib/crater-agent-workspace/builds/worker-75/target:/opt/rustwide/target:rw,Z" "-v" "/var/lib/crater-agent-workspace/builds/worker-75/source:/opt/rustwide/workdir:ro,Z" "-v" "/var/lib/crater-agent-workspace/cargo-home:/opt/rustwide/cargo-home:ro,Z" "-v" "/var/lib/crater-agent-workspace/rustup-home:/opt/rustwide/rustup-home:ro,Z" "-e" "SOURCE_DIR=/opt/rustwide/workdir" "-e" "CARGO_TARGET_DIR=/opt/rustwide/target" "-e" "CARGO_INCREMENTAL=0" "-e" "RUST_BACKTRACE=full" "-e" "RUSTFLAGS=--cap-lints=warn" "-e" "CARGO_HOME=/opt/rustwide/cargo-home" "-e" "RUSTUP_HOME=/opt/rustwide/rustup-home" "-w" "/opt/rustwide/workdir" "-m" "1610612736" "--user" "0:0" "--network" "none" "ghcr.io/rust-lang/crates-build-env/linux@sha256:34b6a614d2c27851fe6cbf88fbd1137609cefab8b10d0615aaeb6fd47975d74e" "/opt/rustwide/cargo-home/bin/cargo" "+1.54.0" "test" "--frozen", kill_on_drop: false }`
[INFO] [stdout] c375e14652b497c7621cbd6eee222b25b66d6c822d253b0abd0f418a1cfd25cb
[INFO] running `Command { std: "docker" "start" "-a" "c375e14652b497c7621cbd6eee222b25b66d6c822d253b0abd0f418a1cfd25cb", kill_on_drop: false }`
[INFO] [stderr]     Blocking waiting for file lock on package cache
[INFO] [stderr]     Blocking waiting for file lock on package cache
[INFO] [stderr]     Finished test [unoptimized + debuginfo] target(s) in 0.05s
[INFO] [stderr]      Running unittests (/opt/rustwide/target/debug/deps/numas-979e288c2302f629)
[INFO] [stdout] 
[INFO] [stdout] running 0 tests
[INFO] [stdout] 
[INFO] [stdout] test result: ok. 0 passed; 0 failed; 0 ignored; 0 measured; 0 filtered out; finished in 0.00s
[INFO] [stdout] 
[INFO] [stderr]    Doc-tests numas
[INFO] [stdout] 
[INFO] [stdout] running 26 tests
[INFO] [stdout] test src/operator/relational.rs - operator::relational::Array<T>::ge (line 138) ... FAILED
[INFO] [stdout] test src/operator/relational.rs - operator::relational::Array<T>::le (line 56) ... FAILED
[INFO] [stdout] test src/operator/relational.rs - operator::relational::Array<T>::neq (line 222) ... FAILED
[INFO] [stdout] test src/array/slice.rs - tuple (line 30) ... ok
[INFO] [stdout] test src/factory/fill.rs - factory::fill::ones (line 79) ... ok
[INFO] [stdout] test src/linear_algebra/mod.rs - linear_algebra::is_matrix (line 13) ... ok
[INFO] [stdout] test src/operator/relational.rs - operator::relational::Array<T>::lt (line 15) ... ok
[INFO] [stdout] test src/operator/relational.rs - operator::relational::Array<T>::eq (line 181) ... ok
[INFO] [stdout] test src/mathematic/round.rs - mathematic::round::Array<T>::trunc (line 63) ... ok
[INFO] [stdout] test src/array/array.rs - array::array::Array<T>::set (line 102) ... ok
[INFO] [stdout] test src/factory/fill.rs - factory::fill::zeroes (line 57) ... ok
[INFO] [stdout] test src/mathematic/miscellaneous.rs - mathematic::miscellaneous::Array<T>::sqrt (line 9) ... ok
[INFO] [stdout] test src/factory/fill.rs - factory::fill::full (line 13) ... ok
[INFO] [stdout] test src/mathematic/reducer.rs - mathematic::reducer::Array<T>::prod (line 32) ... ok
[INFO] [stdout] test src/mathematic/round.rs - mathematic::round::Array<T>::floor (line 45) ... ok
[INFO] [stdout] test src/linear_algebra/mod.rs - linear_algebra::is_vector (line 35) ... ok
[INFO] [stdout] test src/mathematic/reducer.rs - mathematic::reducer::Array<T>::sum (line 10) ... ok
[INFO] [stdout] test src/array/array.rs - array::array::Array<T>::get (line 164) ... ok
[INFO] [stdout] test src/array/mod.rs - u (line 10) ... ok
[INFO] [stdout] test src/factory/fill.rs - factory::fill::zeros (line 35) ... ok
[INFO] [stdout] test src/mathematic/round.rs - mathematic::round::Array<T>::ceil (line 27) ... ok
[INFO] [stdout] test src/array/slice.rs - s (line 5) ... ok
[INFO] [stdout] test src/operator/relational.rs - operator::relational::Array<T>::gt (line 97) ... ok
[INFO] [stdout] test src/factory/numeric.rs - factory::numeric::linspace (line 13) ... ok
[INFO] [stdout] test src/factory/numeric.rs - factory::numeric::arange (line 45) ... ok
[INFO] [stdout] test src/mathematic/round.rs - mathematic::round::Array<T>::round (line 9) ... ok
[INFO] [stdout] 
[INFO] [stdout] failures:
[INFO] [stdout] 
[INFO] [stdout] ---- src/operator/relational.rs - operator::relational::Array<T>::ge (line 138) stdout ----
[INFO] [stdout] Couldn't compile the test.
[INFO] [stdout] ---- src/operator/relational.rs - operator::relational::Array<T>::le (line 56) stdout ----
[INFO] [stdout] Couldn't compile the test.
[INFO] [stdout] ---- src/operator/relational.rs - operator::relational::Array<T>::neq (line 222) stdout ----
[INFO] [stdout] Couldn't compile the test.
[INFO] [stdout] 
[INFO] [stdout] failures:
[INFO] [stdout]     src/operator/relational.rs - operator::relational::Array<T>::ge (line 138)
[INFO] [stdout]     src/operator/relational.rs - operator::relational::Array<T>::le (line 56)
[INFO] [stdout]     src/operator/relational.rs - operator::relational::Array<T>::neq (line 222)
[INFO] [stdout] 
[INFO] [stdout] test result: FAILED. 23 passed; 3 failed; 0 ignored; 0 measured; 0 filtered out; finished in 2.03s
[INFO] [stdout] 
[INFO] [stderr] error: test failed, to rerun pass '--doc'
[INFO] running `Command { std: "docker" "inspect" "c375e14652b497c7621cbd6eee222b25b66d6c822d253b0abd0f418a1cfd25cb", kill_on_drop: false }`
[INFO] running `Command { std: "docker" "rm" "-f" "c375e14652b497c7621cbd6eee222b25b66d6c822d253b0abd0f418a1cfd25cb", kill_on_drop: false }`
[INFO] [stdout] c375e14652b497c7621cbd6eee222b25b66d6c822d253b0abd0f418a1cfd25cb
