[INFO] fetching crate mangadex-home 0.5.3...
[INFO] testing mangadex-home-0.5.3 against beta-2021-08-01 for beta-1.55-1
[INFO] extracting crate mangadex-home 0.5.3 into /workspace/builds/worker-0/source
[INFO] validating manifest of crates.io crate mangadex-home 0.5.3 on toolchain beta-2021-08-01
[INFO] running `Command { std: "/workspace/cargo-home/bin/cargo" "+beta-2021-08-01" "metadata" "--manifest-path" "Cargo.toml" "--no-deps", kill_on_drop: false }`
[INFO] started tweaking crates.io crate mangadex-home 0.5.3
[INFO] finished tweaking crates.io crate mangadex-home 0.5.3
[INFO] tweaked toml for crates.io crate mangadex-home 0.5.3 written to /workspace/builds/worker-0/source/Cargo.toml
[INFO] crate crates.io crate mangadex-home 0.5.3 already has a lockfile, it will not be regenerated
[INFO] running `Command { std: "/workspace/cargo-home/bin/cargo" "+beta-2021-08-01" "fetch" "--manifest-path" "Cargo.toml", kill_on_drop: false }`
[INFO] [stderr]  Downloading crates ...
[INFO] [stderr]   Downloaded vergen v5.1.13
[INFO] [stderr]   Downloaded convert_case v0.4.0
[INFO] [stderr]   Downloaded actix-codec v0.4.0
[INFO] [stderr]   Downloaded maxminddb v0.20.0
[INFO] [stderr]   Downloaded local-channel v0.1.2
[INFO] [stderr]   Downloaded actix-macros v0.2.1
[INFO] [stderr]   Downloaded actix-tls v3.0.0-beta.5
[INFO] [stderr]   Downloaded actix-service v2.0.0
[INFO] [stderr]   Downloaded local-waker v0.1.1
[INFO] [stderr]   Downloaded rustc_version v0.3.3
[INFO] [stderr]   Downloaded arc-swap v1.3.0
[INFO] [stderr]   Downloaded procfs v0.9.1
[INFO] [stderr]   Downloaded redis v0.21.0
[INFO] [stderr]   Downloaded language-tags v0.3.2
[INFO] [stderr]   Downloaded actix-web-codegen v0.5.0-beta.3
[INFO] [stderr]   Downloaded actix-server v2.0.0-beta.5
[INFO] [stderr]   Downloaded crc v1.8.1
[INFO] [stderr]   Downloaded lfu_cache v1.2.1
[INFO] [stderr]   Downloaded derive_more v0.99.16
[INFO] [stderr]   Downloaded sqlx-rt v0.5.5
[INFO] [stderr]   Downloaded libgit2-sys v0.12.21+1.1.0
[INFO] [stderr]   Downloaded sqlx-macros v0.5.5
[INFO] [stderr]   Downloaded prometheus v0.12.0
[INFO] [stderr]   Downloaded sqlx-core v0.5.5
[INFO] [stderr]   Downloaded build_const v0.2.2
[INFO] [stderr]   Downloaded hashlink v0.7.0
[INFO] [stderr]   Downloaded actix-rt v2.2.0
[INFO] [stderr]   Downloaded sqlx v0.5.5
[INFO] [stderr]   Downloaded tokio-stream v0.1.7
[INFO] [stderr]   Downloaded sysinfo v0.19.1
[INFO] [stderr]   Downloaded zstd-sys v1.5.0+zstd.1.4.9
[INFO] [stderr]   Downloaded sodiumoxide v0.2.7
[INFO] [stderr]   Downloaded libsqlite3-sys v0.22.2
[INFO] [stderr]   Downloaded libsodium-sys v0.2.7
[INFO] [stderr]   Downloaded zstd-safe v3.1.0+zstd.1.4.9
[INFO] [stderr]   Downloaded zstd v0.7.0+zstd.1.4.9
[INFO] [stderr]   Downloaded actix-http v3.0.0-beta.8
[INFO] [stderr]   Downloaded serde_repr v0.1.7
[INFO] [stderr]   Downloaded actix-utils v3.0.0
[INFO] [stderr]   Downloaded cookie v0.15.1
[INFO] [stderr]   Downloaded actix-web v4.0.0-beta.8
[INFO] [stderr]   Downloaded ctrlc v3.1.9
[INFO] [stderr]   Downloaded protobuf v2.24.1
[INFO] [stderr]   Downloaded signature v1.3.1
[INFO] [stderr]   Downloaded git2 v0.13.20
[INFO] running `Command { std: "docker" "create" "-v" "/var/lib/crater-agent-workspace/builds/worker-0/target:/opt/rustwide/target:rw,Z" "-v" "/var/lib/crater-agent-workspace/builds/worker-0/source:/opt/rustwide/workdir:ro,Z" "-v" "/var/lib/crater-agent-workspace/cargo-home:/opt/rustwide/cargo-home:ro,Z" "-v" "/var/lib/crater-agent-workspace/rustup-home:/opt/rustwide/rustup-home:ro,Z" "-e" "SOURCE_DIR=/opt/rustwide/workdir" "-e" "CARGO_TARGET_DIR=/opt/rustwide/target" "-e" "CARGO_HOME=/opt/rustwide/cargo-home" "-e" "RUSTUP_HOME=/opt/rustwide/rustup-home" "-w" "/opt/rustwide/workdir" "-m" "1610612736" "--user" "0:0" "--network" "none" "ghcr.io/rust-lang/crates-build-env/linux@sha256:34b6a614d2c27851fe6cbf88fbd1137609cefab8b10d0615aaeb6fd47975d74e" "/opt/rustwide/cargo-home/bin/cargo" "+beta-2021-08-01" "metadata" "--no-deps" "--format-version=1", kill_on_drop: false }`
[INFO] [stdout] 7d4712efaf2c16f248c4736c0f0a0a77ba397450099a29a1b7878bcd7aa1a915
[INFO] [stderr] WARNING: Your kernel does not support swap limit capabilities or the cgroup is not mounted. Memory limited without swap.
[INFO] running `Command { std: "docker" "start" "-a" "7d4712efaf2c16f248c4736c0f0a0a77ba397450099a29a1b7878bcd7aa1a915", kill_on_drop: false }`
[INFO] running `Command { std: "docker" "inspect" "7d4712efaf2c16f248c4736c0f0a0a77ba397450099a29a1b7878bcd7aa1a915", kill_on_drop: false }`
[INFO] running `Command { std: "docker" "rm" "-f" "7d4712efaf2c16f248c4736c0f0a0a77ba397450099a29a1b7878bcd7aa1a915", kill_on_drop: false }`
[INFO] [stdout] 7d4712efaf2c16f248c4736c0f0a0a77ba397450099a29a1b7878bcd7aa1a915
[INFO] running `Command { std: "docker" "create" "-v" "/var/lib/crater-agent-workspace/builds/worker-0/target:/opt/rustwide/target:rw,Z" "-v" "/var/lib/crater-agent-workspace/builds/worker-0/source:/opt/rustwide/workdir:ro,Z" "-v" "/var/lib/crater-agent-workspace/cargo-home:/opt/rustwide/cargo-home:ro,Z" "-v" "/var/lib/crater-agent-workspace/rustup-home:/opt/rustwide/rustup-home:ro,Z" "-e" "SOURCE_DIR=/opt/rustwide/workdir" "-e" "CARGO_TARGET_DIR=/opt/rustwide/target" "-e" "CARGO_INCREMENTAL=0" "-e" "RUST_BACKTRACE=full" "-e" "RUSTFLAGS=--cap-lints=warn" "-e" "CARGO_HOME=/opt/rustwide/cargo-home" "-e" "RUSTUP_HOME=/opt/rustwide/rustup-home" "-w" "/opt/rustwide/workdir" "-m" "1610612736" "--user" "0:0" "--network" "none" "ghcr.io/rust-lang/crates-build-env/linux@sha256:34b6a614d2c27851fe6cbf88fbd1137609cefab8b10d0615aaeb6fd47975d74e" "/opt/rustwide/cargo-home/bin/cargo" "+beta-2021-08-01" "build" "--frozen" "--message-format=json", kill_on_drop: false }`
[INFO] [stdout] d7ff14f23b584b402afb572a51804b52ec36558b870f8de4a598238e343d20e3
[INFO] [stderr] WARNING: Your kernel does not support swap limit capabilities or the cgroup is not mounted. Memory limited without swap.
[INFO] running `Command { std: "docker" "start" "-a" "d7ff14f23b584b402afb572a51804b52ec36558b870f8de4a598238e343d20e3", kill_on_drop: false }`
[INFO] [stderr]    Compiling proc-macro2 v1.0.27
[INFO] [stderr]    Compiling syn v1.0.73
[INFO] [stderr]    Compiling serde_derive v1.0.126
[INFO] [stderr]    Compiling serde v1.0.126
[INFO] [stderr]    Compiling memchr v2.4.0
[INFO] [stderr]    Compiling once_cell v1.8.0
[INFO] [stderr]    Compiling log v0.4.14
[INFO] [stderr]    Compiling pin-project-lite v0.2.7
[INFO] [stderr]    Compiling futures-core v0.3.15
[INFO] [stderr]    Compiling proc-macro-hack v0.5.19
[INFO] [stderr]    Compiling futures-sink v0.3.15
[INFO] [stderr]    Compiling spin v0.5.2
[INFO] [stderr]    Compiling futures-channel v0.3.15
[INFO] [stderr]    Compiling proc-macro-nested v0.1.7
[INFO] [stderr]    Compiling untrusted v0.7.1
[INFO] [stderr]    Compiling futures-task v0.3.15
[INFO] [stderr]    Compiling futures-io v0.3.15
[INFO] [stderr]    Compiling pin-utils v0.1.0
[INFO] [stderr]    Compiling base64 v0.13.0
[INFO] [stderr]    Compiling regex-syntax v0.6.25
[INFO] [stderr]    Compiling byteorder v1.4.3
[INFO] [stderr]    Compiling const_fn v0.4.8
[INFO] [stderr]    Compiling radium v0.5.3
[INFO] [stderr]    Compiling cpufeatures v0.1.5
[INFO] [stderr]    Compiling httparse v1.4.1
[INFO] [stderr]    Compiling serde_json v1.0.64
[INFO] [stderr]    Compiling crossbeam-utils v0.8.5
[INFO] [stderr]    Compiling funty v1.1.0
[INFO] [stderr]    Compiling wyz v0.2.0
[INFO] [stderr]    Compiling local-waker v0.1.1
[INFO] [stderr]    Compiling build_const v0.2.2
[INFO] [stderr]    Compiling tap v1.0.1
[INFO] [stderr]    Compiling zstd-safe v3.1.0+zstd.1.4.9
[INFO] [stderr]    Compiling whoami v1.1.2
[INFO] [stderr]    Compiling same-file v1.0.6
[INFO] [stderr]    Compiling crossbeam-queue v0.3.2
[INFO] [stderr]    Compiling convert_case v0.4.0
[INFO] [stderr]    Compiling httpdate v1.0.1
[INFO] [stderr]    Compiling tower-service v0.3.1
[INFO] [stderr]    Compiling protobuf v2.24.1
[INFO] [stderr]    Compiling async-trait v0.1.50
[INFO] [stderr]    Compiling language-tags v0.3.2
[INFO] [stderr]    Compiling ahash v0.4.7
[INFO] [stderr]    Compiling prometheus v0.12.0
[INFO] [stderr]    Compiling linked-hash-map v0.5.4
[INFO] [stderr]    Compiling signature v1.3.1
[INFO] [stderr]    Compiling dotenv v0.15.0
[INFO] [stderr]    Compiling ipnet v2.3.1
[INFO] [stderr]    Compiling ansi_term v0.12.1
[INFO] [stderr]    Compiling sha1 v0.6.0
[INFO] [stderr]    Compiling lfu_cache v1.2.1
[INFO] [stderr]    Compiling arc-swap v1.3.0
[INFO] [stderr]    Compiling instant v0.1.10
[INFO] [stderr]    Compiling lock_api v0.4.4
[INFO] [stderr]    Compiling tokio v1.8.1
[INFO] [stderr]    Compiling ahash v0.7.4
[INFO] [stderr]    Compiling futures-macro v0.3.15
[INFO] [stderr]    Compiling futures-util v0.3.15
[INFO] [stderr]    Compiling indexmap v1.7.0
[INFO] [stderr]    Compiling standback v0.2.17
[INFO] [stderr]    Compiling tracing-core v0.1.18
[INFO] [stderr]    Compiling time v0.2.27
[INFO] [stderr]    Compiling num-integer v0.1.44
[INFO] [stderr]    Compiling nom v6.1.2
[INFO] [stderr]    Compiling cookie v0.15.1
[INFO] [stderr]    Compiling sharded-slab v0.1.1
[INFO] [stderr]    Compiling thread_local v1.1.3
[INFO] [stderr]    Compiling actix-utils v3.0.0
[INFO] [stderr]    Compiling crc v1.8.1
[INFO] [stderr]    Compiling walkdir v2.3.2
[INFO] [stderr]    Compiling ed25519 v1.1.1
[INFO] [stderr]    Compiling hashbrown v0.9.1
[INFO] [stderr]    Compiling yaml-rust v0.4.5
[INFO] [stderr]    Compiling unicode-normalization v0.1.19
[INFO] [stderr]    Compiling jobserver v0.1.22
[INFO] [stderr]    Compiling parking_lot_core v0.8.3
[INFO] [stderr]    Compiling getrandom v0.2.3
[INFO] [stderr]    Compiling num_cpus v1.13.0
[INFO] [stderr]    Compiling signal-hook-registry v1.4.0
[INFO] [stderr]    Compiling iovec v0.1.4
[INFO] [stderr]    Compiling time v0.1.43
[INFO] [stderr]    Compiling socket2 v0.4.0
[INFO] [stderr]    Compiling terminal_size v0.1.17
[INFO] [stderr]    Compiling atty v0.2.14
[INFO] [stderr]    Compiling filetime v0.2.14
[INFO] [stderr]    Compiling xattr v0.2.2
[INFO] [stderr]    Compiling nix v0.20.0
[INFO] [stderr]    Compiling actix-service v2.0.0
[INFO] [stderr]    Compiling lru v0.6.5
[INFO] [stderr]    Compiling aho-corasick v0.7.18
[INFO] [stderr]    Compiling bitvec v0.19.5
[INFO] [stderr]    Compiling cc v1.0.69
[INFO] [stderr]    Compiling crossbeam-channel v0.5.1
[INFO] [stderr]    Compiling rand_core v0.6.3
[INFO] [stderr]    Compiling bytes v0.4.12
[INFO] [stderr]    Compiling parking_lot v0.11.1
[INFO] [stderr]    Compiling quote v1.0.9
[INFO] [stderr]    Compiling regex-automata v0.1.10
[INFO] [stderr]    Compiling textwrap v0.12.1
[INFO] [stderr]    Compiling atoi v0.4.0
[INFO] [stderr]    Compiling cipher v0.3.0
[INFO] [stderr]    Compiling idna v0.2.3
[INFO] [stderr]    Compiling stringprep v0.1.2
[INFO] [stderr]    Compiling tar v0.4.35
[INFO] [stderr]    Compiling rand_chacha v0.3.1
[INFO] [stderr]    Compiling hashbrown v0.11.2
[INFO] [stderr]    Compiling sha2 v0.9.5
[INFO] [stderr]    Compiling sha-1 v0.9.6
[INFO] [stderr]    Compiling chacha20 v0.7.1
[INFO] [stderr]    Compiling proc-macro-error-attr v1.0.4
[INFO] [stderr]    Compiling regex v1.5.4
[INFO] [stderr]    Compiling rand v0.8.4
[INFO] [stderr]    Compiling hashlink v0.7.0
[INFO] [stderr]    Compiling matchers v0.0.1
[INFO] [stderr]    Compiling ring v0.16.20
[INFO] [stderr]    Compiling zstd-sys v1.5.0+zstd.1.4.9
[INFO] [stderr]    Compiling libsqlite3-sys v0.22.2
[INFO] [stderr]    Compiling brotli-sys v0.3.2
[INFO] [stderr]    Compiling libsodium-sys v0.2.7
[INFO] [stderr]    Compiling ctrlc v3.1.9
[INFO] [stderr]    Compiling sqlformat v0.1.6
[INFO] [stderr]    Compiling webpki v0.21.4
[INFO] [stderr]    Compiling sct v0.6.1
[INFO] [stderr]    Compiling proc-macro-error v1.0.4
[INFO] [stderr]    Compiling webpki-roots v0.21.1
[INFO] [stderr]    Compiling brotli2 v0.3.2
[INFO] [stderr]    Compiling tokio-macros v1.3.0
[INFO] [stderr]    Compiling actix-macros v0.2.1
[INFO] [stderr]    Compiling tracing-attributes v0.1.15
[INFO] [stderr]    Compiling time-macros-impl v0.1.2
[INFO] [stderr]    Compiling thiserror-impl v1.0.26
[INFO] [stderr]    Compiling pin-project-internal v1.0.7
[INFO] [stderr]    Compiling derive_more v0.99.16
[INFO] [stderr]    Compiling actix-web-codegen v0.5.0-beta.3
[INFO] [stderr]    Compiling clap_derive v3.0.0-beta.2
[INFO] [stderr]    Compiling serde_repr v0.1.7
[INFO] [stderr]    Compiling time-macros v0.1.1
[INFO] [stderr]    Compiling thiserror v1.0.26
[INFO] [stderr]    Compiling tracing v0.1.26
[INFO] [stderr]    Compiling pin-project v1.0.7
[INFO] [stderr]    Compiling tracing-futures v0.2.5
[INFO] [stderr]    Compiling clap v3.0.0-beta.2
[INFO] [stderr]    Compiling futures-executor v0.3.15
[INFO] [stderr]    Compiling local-channel v0.1.2
[INFO] [stderr]    Compiling futures v0.3.15
[INFO] [stderr]    Compiling bytes v1.0.1
[INFO] [stderr]    Compiling url v2.2.2
[INFO] [stderr]    Compiling either v1.6.1
[INFO] [stderr]    Compiling chrono v0.4.19
[INFO] [stderr]    Compiling serde_urlencoded v0.7.0
[INFO] [stderr]    Compiling tracing-serde v0.1.2
[INFO] [stderr]    Compiling serde_yaml v0.8.17
[INFO] [stderr]    Compiling bincode v1.3.3
[INFO] [stderr]    Compiling mio v0.7.13
[INFO] [stderr]    Compiling rustls v0.19.1
[INFO] [stderr]    Compiling tokio-io v0.1.13
[INFO] [stderr]    Compiling want v0.3.0
[INFO] [stderr]    Compiling tracing-log v0.1.2
[INFO] [stderr]    Compiling maxminddb v0.20.0
[INFO] [stderr]    Compiling http v0.2.4
[INFO] [stderr]    Compiling bytestring v1.0.0
[INFO] [stderr]    Compiling combine v4.6.0
[INFO] [stderr]    Compiling flate2 v1.0.20
[INFO] [stderr]    Compiling tracing-subscriber v0.2.19
[INFO] [stderr]    Compiling procfs v0.9.1
[INFO] [stderr]    Compiling http-body v0.4.2
[INFO] [stderr]    Compiling actix-router v0.2.7
[INFO] [stderr]    Compiling tokio-util v0.6.7
[INFO] [stderr]    Compiling tokio-rustls v0.22.0
[INFO] [stderr]    Compiling actix-rt v2.2.0
[INFO] [stderr]    Compiling actix-server v2.0.0-beta.5
[INFO] [stderr]    Compiling sqlx-rt v0.5.5
[INFO] [stderr]    Compiling zstd v0.7.0+zstd.1.4.9
[INFO] [stderr]    Compiling h2 v0.3.3
[INFO] [stderr]    Compiling actix-codec v0.4.0
[INFO] [stderr]    Compiling tokio-stream v0.1.7
[INFO] [stderr]    Compiling actix-tls v3.0.0-beta.5
[INFO] [stderr]    Compiling sqlx-core v0.5.5
[INFO] [stderr]    Compiling redis v0.21.0
[INFO] [stderr]    Compiling actix-http v3.0.0-beta.8
[INFO] [stderr]    Compiling sodiumoxide v0.2.7
[INFO] [stderr]    Compiling hyper v0.14.10
[INFO] [stderr]    Compiling sqlx-macros v0.5.5
[INFO] [stderr]    Compiling actix-web v4.0.0-beta.8
[INFO] [stderr]    Compiling hyper-rustls v0.22.1
[INFO] [stderr]    Compiling reqwest v0.11.4
[INFO] [stderr]    Compiling sqlx v0.5.5
[INFO] [stderr]    Compiling mangadex-home v0.5.3 (/opt/rustwide/workdir)
[INFO] [stderr]     Finished dev [unoptimized + debuginfo] target(s) in 9m 52s
[INFO] running `Command { std: "docker" "inspect" "d7ff14f23b584b402afb572a51804b52ec36558b870f8de4a598238e343d20e3", kill_on_drop: false }`
[INFO] running `Command { std: "docker" "rm" "-f" "d7ff14f23b584b402afb572a51804b52ec36558b870f8de4a598238e343d20e3", kill_on_drop: false }`
[INFO] [stdout] d7ff14f23b584b402afb572a51804b52ec36558b870f8de4a598238e343d20e3
[INFO] running `Command { std: "docker" "create" "-v" "/var/lib/crater-agent-workspace/builds/worker-0/target:/opt/rustwide/target:rw,Z" "-v" "/var/lib/crater-agent-workspace/builds/worker-0/source:/opt/rustwide/workdir:ro,Z" "-v" "/var/lib/crater-agent-workspace/cargo-home:/opt/rustwide/cargo-home:ro,Z" "-v" "/var/lib/crater-agent-workspace/rustup-home:/opt/rustwide/rustup-home:ro,Z" "-e" "SOURCE_DIR=/opt/rustwide/workdir" "-e" "CARGO_TARGET_DIR=/opt/rustwide/target" "-e" "CARGO_INCREMENTAL=0" "-e" "RUST_BACKTRACE=full" "-e" "RUSTFLAGS=--cap-lints=warn" "-e" "CARGO_HOME=/opt/rustwide/cargo-home" "-e" "RUSTUP_HOME=/opt/rustwide/rustup-home" "-w" "/opt/rustwide/workdir" "-m" "1610612736" "--user" "0:0" "--network" "none" "ghcr.io/rust-lang/crates-build-env/linux@sha256:34b6a614d2c27851fe6cbf88fbd1137609cefab8b10d0615aaeb6fd47975d74e" "/opt/rustwide/cargo-home/bin/cargo" "+beta-2021-08-01" "test" "--frozen" "--no-run" "--message-format=json", kill_on_drop: false }`
[INFO] [stdout] 74467b33ad7aaa27564bba08409cea7748b38bd7f34f4065658e15dcb088af3d
[INFO] [stderr] WARNING: Your kernel does not support swap limit capabilities or the cgroup is not mounted. Memory limited without swap.
[INFO] running `Command { std: "docker" "start" "-a" "74467b33ad7aaa27564bba08409cea7748b38bd7f34f4065658e15dcb088af3d", kill_on_drop: false }`
[INFO] [stderr]    Compiling tempfile v3.2.0
[INFO] [stderr]    Compiling mangadex-home v0.5.3 (/opt/rustwide/workdir)
[INFO] [stderr]     Finished test [unoptimized + debuginfo] target(s) in 24.69s
[INFO] running `Command { std: "docker" "inspect" "74467b33ad7aaa27564bba08409cea7748b38bd7f34f4065658e15dcb088af3d", kill_on_drop: false }`
[INFO] running `Command { std: "docker" "rm" "-f" "74467b33ad7aaa27564bba08409cea7748b38bd7f34f4065658e15dcb088af3d", kill_on_drop: false }`
[INFO] [stdout] 74467b33ad7aaa27564bba08409cea7748b38bd7f34f4065658e15dcb088af3d
[INFO] running `Command { std: "docker" "create" "-v" "/var/lib/crater-agent-workspace/builds/worker-0/target:/opt/rustwide/target:rw,Z" "-v" "/var/lib/crater-agent-workspace/builds/worker-0/source:/opt/rustwide/workdir:ro,Z" "-v" "/var/lib/crater-agent-workspace/cargo-home:/opt/rustwide/cargo-home:ro,Z" "-v" "/var/lib/crater-agent-workspace/rustup-home:/opt/rustwide/rustup-home:ro,Z" "-e" "SOURCE_DIR=/opt/rustwide/workdir" "-e" "CARGO_TARGET_DIR=/opt/rustwide/target" "-e" "CARGO_INCREMENTAL=0" "-e" "RUST_BACKTRACE=full" "-e" "RUSTFLAGS=--cap-lints=warn" "-e" "CARGO_HOME=/opt/rustwide/cargo-home" "-e" "RUSTUP_HOME=/opt/rustwide/rustup-home" "-w" "/opt/rustwide/workdir" "-m" "1610612736" "--user" "0:0" "--network" "none" "ghcr.io/rust-lang/crates-build-env/linux@sha256:34b6a614d2c27851fe6cbf88fbd1137609cefab8b10d0615aaeb6fd47975d74e" "/opt/rustwide/cargo-home/bin/cargo" "+beta-2021-08-01" "test" "--frozen", kill_on_drop: false }`
[INFO] [stdout] 8030ecbb7bdc50537934e7166cc259c9fb1ef8a92500baaa56bf3f97665ea3eb
[INFO] [stderr] WARNING: Your kernel does not support swap limit capabilities or the cgroup is not mounted. Memory limited without swap.
[INFO] running `Command { std: "docker" "start" "-a" "8030ecbb7bdc50537934e7166cc259c9fb1ef8a92500baaa56bf3f97665ea3eb", kill_on_drop: false }`
[INFO] [stderr]     Finished test [unoptimized + debuginfo] target(s) in 0.32s
[INFO] [stderr]      Running unittests (/opt/rustwide/target/debug/deps/mangadex_home-6f7d14d5759f166b)
[INFO] [stdout] 
[INFO] [stdout] running 43 tests
[INFO] [stdout] test cache::compat::parse::empty_metadata ... ok
[INFO] [stdout] test cache::compat::parse::wrong_image_type ... ok
[INFO] [stdout] test cache::disk::md5_hash::from_data_saver_path ... ok
[INFO] [stdout] test cache::disk::md5_hash::from_invalid_paths ... ok
[INFO] [stdout] test cache::disk::md5_hash::to_cache_path ... ok
[INFO] [stdout] test cache::compat::parse::invalid_size ... ok
[INFO] [stdout] test cache::compat::parse::invalid_date_time ... ok
[INFO] [stdout] test cache::compat::parse::from_valid_legacy_format ... ok
[INFO] [stdout] test cache::disk::md5_hash::from_data_path ... ok
[INFO] [stdout] test cache::disk::md5_hash::can_handle_long_paths ... ok
[INFO] [stdout] test cache::compat::parse::wrong_date_time_type ... ok
[INFO] [stdout] test cache::disk::remove_file_handler::should_delete_existing_file ... ok
[INFO] [stdout] test cache::fs::metadata_future::data_is_immediately_available_in_chunks ... ok
[INFO] [stdout] test cache::fs::metadata_future::full_data_is_available ... ok
[INFO] [stdout] test cache::fs::metadata_future::underlying_reader_reports_early_eof ... ok
[INFO] [stdout] test cache::fs::metadata_future::invalid_metadata ... ok
[INFO] [stdout] test cache::disk::remove_file_handler::should_not_panic_on_invalid_hash ... ok
[INFO] [stdout] test cache::fs::metadata_future::data_is_available_in_chunks ... ok
[INFO] [stdout] test cache::mem::cache_ops::get_disk_cached ... ok
[INFO] [stdout] test cache::fs::metadata_future::underlying_reader_reports_err ... ok
[INFO] [stdout] test cache::fs::read_file_compat::can_read_legacy ... ok
[INFO] [stdout] test cache::disk::remove_file_handler::should_not_panic_on_malicious_hashes ... ok
[INFO] [stdout] test cache::mem::cache_ops::get_mem_cached ... ok
[INFO] [stdout] test cache::compat::parse::invalid_image_mime_value ... ok
[INFO] [stdout] test cache::mem::cache_ops::get_mem_locked ... ok
[INFO] [stdout] test cache::mem::cache_ops::put_puts_into_disk_and_hears_from_rx ... ok
[INFO] [stdout] test cache::mem::cache_ops::get_miss ... ok
[INFO] [stdout] test cache::mem::db_listener::pops_items ... ok
[INFO] [stdout] test cache::mem::db_listener::put_into_memory ... ok
[INFO] [stdout] test cache::mem::mem_threshold::large_amount_cannot_overflow ... ok
[INFO] [stdout] test cache::fs::read_file::can_read ... ok
[INFO] [stdout] test config::config::cli_has_priority ... ok
[INFO] [stdout] test cache::tests::metadata_size ... ok
[INFO] [stdout] test cache::mem::mem_threshold::small_amount_works ... ok
[INFO] [stdout] test cache::disk::remove_file_handler::should_not_panic_on_invalid_path ... ok
[INFO] [stdout] test config::sample_yaml::parses ... ok
[INFO] [stdout] test stop::stop::stop_url_does_not_have_ping_in_url ... ok
[INFO] [stdout] test cache::disk::db::get ... ok
[INFO] [stdout] test cache::disk::db::put ... ok
[INFO] [stdout] test cache::disk::disk_cache::db_is_initialized ... ok
[INFO] [stdout] test cache::disk::disk_cache::db_can_load_from_existing ... ok
[INFO] [stdout] test cache::disk::disk_cache::db_initializes_empty ... ok
[INFO] [stdout] test cache::disk::remove_file_handler::should_delete_existing_hash ... FAILED
[INFO] [stdout] 
[INFO] [stdout] failures:
[INFO] [stdout] 
[INFO] [stdout] ---- cache::disk::remove_file_handler::should_delete_existing_hash stdout ----
[INFO] [stdout] Error: Os { code: 30, kind: ReadOnlyFilesystem, message: "Read-only file system" }
[INFO] [stdout] thread 'cache::disk::remove_file_handler::should_delete_existing_hash' panicked at 'assertion failed: `(left == right)`
[INFO] [stdout]   left: `1`,
[INFO] [stdout]  right: `0`: the test returned a termination value with a non-zero status code (1) which indicates a failure', /rustc/53fd98ca776cb875bc9e5514f56b52eb74f9e7a9/library/test/src/lib.rs:194:5
[INFO] [stdout] stack backtrace:
[INFO] [stdout]    0:     0x55d8bdad7160 - std::backtrace_rs::backtrace::libunwind::trace::hff4d1766e93f64f1
[INFO] [stdout]                                at /rustc/53fd98ca776cb875bc9e5514f56b52eb74f9e7a9/library/std/src/../../backtrace/src/backtrace/libunwind.rs:90:5
[INFO] [stdout]    1:     0x55d8bdad7160 - std::backtrace_rs::backtrace::trace_unsynchronized::h56bbc8eb78770bcb
[INFO] [stdout]                                at /rustc/53fd98ca776cb875bc9e5514f56b52eb74f9e7a9/library/std/src/../../backtrace/src/backtrace/mod.rs:66:5
[INFO] [stdout]    2:     0x55d8bdad7160 - std::sys_common::backtrace::_print_fmt::h5c8e75464faca780
[INFO] [stdout]                                at /rustc/53fd98ca776cb875bc9e5514f56b52eb74f9e7a9/library/std/src/sys_common/backtrace.rs:67:5
[INFO] [stdout]    3:     0x55d8bdad7160 - <std::sys_common::backtrace::_print::DisplayBacktrace as core::fmt::Display>::fmt::h48b88277def8b362
[INFO] [stdout]                                at /rustc/53fd98ca776cb875bc9e5514f56b52eb74f9e7a9/library/std/src/sys_common/backtrace.rs:46:22
[INFO] [stdout]    4:     0x55d8bdafca3c - core::fmt::write::h3381b3176fe2b3d3
[INFO] [stdout]                                at /rustc/53fd98ca776cb875bc9e5514f56b52eb74f9e7a9/library/core/src/fmt/mod.rs:1115:17
[INFO] [stdout]    5:     0x55d8bdad1ba5 - std::io::Write::write_fmt::h5f34a676f60246b5
[INFO] [stdout]                                at /rustc/53fd98ca776cb875bc9e5514f56b52eb74f9e7a9/library/std/src/io/mod.rs:1665:15
[INFO] [stdout]    6:     0x55d8bdad979b - std::sys_common::backtrace::_print::ha537687d6c17dd0d
[INFO] [stdout]                                at /rustc/53fd98ca776cb875bc9e5514f56b52eb74f9e7a9/library/std/src/sys_common/backtrace.rs:49:5
[INFO] [stdout]    7:     0x55d8bdad979b - std::sys_common::backtrace::print::h61376ae57d131d72
[INFO] [stdout]                                at /rustc/53fd98ca776cb875bc9e5514f56b52eb74f9e7a9/library/std/src/sys_common/backtrace.rs:36:9
[INFO] [stdout]    8:     0x55d8bdad979b - std::panicking::default_hook::{{closure}}::h0f7208c0b9644a54
[INFO] [stdout]                                at /rustc/53fd98ca776cb875bc9e5514f56b52eb74f9e7a9/library/std/src/panicking.rs:208:50
[INFO] [stdout]    9:     0x55d8bdad92ac - std::panicking::default_hook::hdac7fc06578c14ce
[INFO] [stdout]                                at /rustc/53fd98ca776cb875bc9e5514f56b52eb74f9e7a9/library/std/src/panicking.rs:222:9
[INFO] [stdout]   10:     0x55d8bdad9e64 - std::panicking::rust_panic_with_hook::h72b21c283da3d1ef
[INFO] [stdout]                                at /rustc/53fd98ca776cb875bc9e5514f56b52eb74f9e7a9/library/std/src/panicking.rs:622:17
[INFO] [stdout]   11:     0x55d8bdad9947 - std::panicking::begin_panic_handler::{{closure}}::he5778f1729cff84a
[INFO] [stdout]                                at /rustc/53fd98ca776cb875bc9e5514f56b52eb74f9e7a9/library/std/src/panicking.rs:519:13
[INFO] [stdout]   12:     0x55d8bdad763c - std::sys_common::backtrace::__rust_end_short_backtrace::h2d11ca8b453b4b1d
[INFO] [stdout]                                at /rustc/53fd98ca776cb875bc9e5514f56b52eb74f9e7a9/library/std/src/sys_common/backtrace.rs:141:18
[INFO] [stdout]   13:     0x55d8bdad98a9 - rust_begin_unwind
[INFO] [stdout]                                at /rustc/53fd98ca776cb875bc9e5514f56b52eb74f9e7a9/library/std/src/panicking.rs:515:5
[INFO] [stdout]   14:     0x55d8bd2b7bb1 - core::panicking::panic_fmt::hf9de31d4acbce4db
[INFO] [stdout]                                at /rustc/53fd98ca776cb875bc9e5514f56b52eb74f9e7a9/library/core/src/panicking.rs:92:14
[INFO] [stdout]   15:     0x55d8bdafb3fe - core::panicking::assert_failed_inner::h62e8cb2847a6e7ec
[INFO] [stdout]   16:     0x55d8bd455cda - core::panicking::assert_failed::hbca2baecd0abfd19
[INFO] [stdout]                                at /rustc/53fd98ca776cb875bc9e5514f56b52eb74f9e7a9/library/core/src/panicking.rs:117:5
[INFO] [stdout]   17:     0x55d8bd3945d9 - test::assert_test_result::h1c66b540f7ba7d34
[INFO] [stdout]                                at /rustc/53fd98ca776cb875bc9e5514f56b52eb74f9e7a9/library/test/src/lib.rs:194:5
[INFO] [stdout]   18:     0x55d8bd346d35 - mangadex_home::cache::disk::remove_file_handler::should_delete_existing_hash::{{closure}}::h87e4a3a985a5fb40
[INFO] [stdout]                                at /opt/rustwide/workdir/src/cache/disk.rs:455:11
[INFO] [stdout]   19:     0x55d8bd3581de - core::ops::function::FnOnce::call_once::h4666448d134f2c28
[INFO] [stdout]                                at /rustc/53fd98ca776cb875bc9e5514f56b52eb74f9e7a9/library/core/src/ops/function.rs:227:5
[INFO] [stdout]   20:     0x55d8bd4dfce3 - core::ops::function::FnOnce::call_once::hbb52c4519d3137b0
[INFO] [stdout]                                at /rustc/53fd98ca776cb875bc9e5514f56b52eb74f9e7a9/library/core/src/ops/function.rs:227:5
[INFO] [stdout]   21:     0x55d8bd4dfce3 - test::__rust_begin_short_backtrace::h86fe3a2a5a5121af
[INFO] [stdout]                                at /rustc/53fd98ca776cb875bc9e5514f56b52eb74f9e7a9/library/test/src/lib.rs:578:5
[INFO] [stdout]   22:     0x55d8bd4de798 - <alloc::boxed::Box<F,A> as core::ops::function::FnOnce<Args>>::call_once::hfd956bc3d57399be
[INFO] [stdout]                                at /rustc/53fd98ca776cb875bc9e5514f56b52eb74f9e7a9/library/alloc/src/boxed.rs:1572:9
[INFO] [stdout]   23:     0x55d8bd4de798 - <std::panic::AssertUnwindSafe<F> as core::ops::function::FnOnce<()>>::call_once::h40dc93e0ddb5938a
[INFO] [stdout]                                at /rustc/53fd98ca776cb875bc9e5514f56b52eb74f9e7a9/library/std/src/panic.rs:347:9
[INFO] [stdout]   24:     0x55d8bd4de798 - std::panicking::try::do_call::h90d07750cb47c562
[INFO] [stdout]                                at /rustc/53fd98ca776cb875bc9e5514f56b52eb74f9e7a9/library/std/src/panicking.rs:401:40
[INFO] [stdout]   25:     0x55d8bd4de798 - std::panicking::try::h063c84733ad2a629
[INFO] [stdout]                                at /rustc/53fd98ca776cb875bc9e5514f56b52eb74f9e7a9/library/std/src/panicking.rs:365:19
[INFO] [stdout]   26:     0x55d8bd4de798 - std::panic::catch_unwind::h0c464836a84e7c08
[INFO] [stdout]                                at /rustc/53fd98ca776cb875bc9e5514f56b52eb74f9e7a9/library/std/src/panic.rs:434:14
[INFO] [stdout]   27:     0x55d8bd4de798 - test::run_test_in_process::h5cb06ef620b157fc
[INFO] [stdout]                                at /rustc/53fd98ca776cb875bc9e5514f56b52eb74f9e7a9/library/test/src/lib.rs:601:18
[INFO] [stdout]   28:     0x55d8bd4de798 - test::run_test::run_test_inner::{{closure}}::h76f677f4b93f9828
[INFO] [stdout]                                at /rustc/53fd98ca776cb875bc9e5514f56b52eb74f9e7a9/library/test/src/lib.rs:493:39
[INFO] [stdout]   29:     0x55d8bd4acf2d - test::run_test::run_test_inner::{{closure}}::h366d01fe04f4d67a
[INFO] [stdout]                                at /rustc/53fd98ca776cb875bc9e5514f56b52eb74f9e7a9/library/test/src/lib.rs:520:37
[INFO] [stdout]   30:     0x55d8bd4acf2d - std::sys_common::backtrace::__rust_begin_short_backtrace::h7dfa0de4eb395af2
[INFO] [stdout]                                at /rustc/53fd98ca776cb875bc9e5514f56b52eb74f9e7a9/library/std/src/sys_common/backtrace.rs:125:18
[INFO] [stdout]   31:     0x55d8bd4b16f8 - std::thread::Builder::spawn_unchecked::{{closure}}::{{closure}}::hf0a74bb58798037f
[INFO] [stdout]                                at /rustc/53fd98ca776cb875bc9e5514f56b52eb74f9e7a9/library/std/src/thread/mod.rs:476:17
[INFO] [stdout]   32:     0x55d8bd4b16f8 - <std::panic::AssertUnwindSafe<F> as core::ops::function::FnOnce<()>>::call_once::hb024e854818586ac
[INFO] [stdout]                                at /rustc/53fd98ca776cb875bc9e5514f56b52eb74f9e7a9/library/std/src/panic.rs:347:9
[INFO] [stdout]   33:     0x55d8bd4b16f8 - std::panicking::try::do_call::hb2dd9f1d0d48e41d
[INFO] [stdout]                                at /rustc/53fd98ca776cb875bc9e5514f56b52eb74f9e7a9/library/std/src/panicking.rs:401:40
[INFO] [stdout]   34:     0x55d8bd4b16f8 - std::panicking::try::h4717ae7bac8b2bf3
[INFO] [stdout]                                at /rustc/53fd98ca776cb875bc9e5514f56b52eb74f9e7a9/library/std/src/panicking.rs:365:19
[INFO] [stdout]   35:     0x55d8bd4b16f8 - std::panic::catch_unwind::h0dc8a061326ce8d8
[INFO] [stdout]                                at /rustc/53fd98ca776cb875bc9e5514f56b52eb74f9e7a9/library/std/src/panic.rs:434:14
[INFO] [stdout]   36:     0x55d8bd4b16f8 - std::thread::Builder::spawn_unchecked::{{closure}}::haa369e2d6fd00aa1
[INFO] [stdout]                                at /rustc/53fd98ca776cb875bc9e5514f56b52eb74f9e7a9/library/std/src/thread/mod.rs:475:30
[INFO] [stdout]   37:     0x55d8bd4b16f8 - core::ops::function::FnOnce::call_once{{vtable.shim}}::h36dcf3de8b056f17
[INFO] [stdout]                                at /rustc/53fd98ca776cb875bc9e5514f56b52eb74f9e7a9/library/core/src/ops/function.rs:227:5
[INFO] [stdout]   38:     0x55d8bdadf9c7 - <alloc::boxed::Box<F,A> as core::ops::function::FnOnce<Args>>::call_once::h65c29e4642be2358
[INFO] [stdout]                                at /rustc/53fd98ca776cb875bc9e5514f56b52eb74f9e7a9/library/alloc/src/boxed.rs:1572:9
[INFO] [stdout]   39:     0x55d8bdadf9c7 - <alloc::boxed::Box<F,A> as core::ops::function::FnOnce<Args>>::call_once::hd0f8f7fbbd9fffbf
[INFO] [stdout]                                at /rustc/53fd98ca776cb875bc9e5514f56b52eb74f9e7a9/library/alloc/src/boxed.rs:1572:9
[INFO] [stdout]   40:     0x55d8bdadf9c7 - std::sys::unix::thread::Thread::new::thread_start::h2fd22fee3ca77b65
[INFO] [stdout]                                at /rustc/53fd98ca776cb875bc9e5514f56b52eb74f9e7a9/library/std/src/sys/unix/thread.rs:74:17
[INFO] [stdout]   41:     0x7fa3365d1609 - start_thread
[INFO] [stdout]   42:     0x7fa3363a1293 - clone
[INFO] [stdout]   43:                0x0 - <unknown>
[INFO] [stdout] 
[INFO] [stdout] 
[INFO] [stdout] failures:
[INFO] [stdout]     cache::disk::remove_file_handler::should_delete_existing_hash
[INFO] [stdout] 
[INFO] [stdout] test result: FAILED. 42 passed; 1 failed; 0 ignored; 0 measured; 0 filtered out; finished in 0.24s
[INFO] [stdout] 
[INFO] [stderr] error: test failed, to rerun pass '--bin mangadex-home'
[INFO] running `Command { std: "docker" "inspect" "8030ecbb7bdc50537934e7166cc259c9fb1ef8a92500baaa56bf3f97665ea3eb", kill_on_drop: false }`
[INFO] running `Command { std: "docker" "rm" "-f" "8030ecbb7bdc50537934e7166cc259c9fb1ef8a92500baaa56bf3f97665ea3eb", kill_on_drop: false }`
[INFO] [stdout] 8030ecbb7bdc50537934e7166cc259c9fb1ef8a92500baaa56bf3f97665ea3eb
