[INFO] fetching crate lasso 0.5.1...
[INFO] testing lasso-0.5.1 against 1.54.0 for beta-1.55-1
[INFO] extracting crate lasso 0.5.1 into /workspace/builds/worker-112/source
[INFO] validating manifest of crates.io crate lasso 0.5.1 on toolchain 1.54.0
[INFO] running `Command { std: "/workspace/cargo-home/bin/cargo" "+1.54.0" "metadata" "--manifest-path" "Cargo.toml" "--no-deps", kill_on_drop: false }`
[INFO] started tweaking crates.io crate lasso 0.5.1
[INFO] finished tweaking crates.io crate lasso 0.5.1
[INFO] tweaked toml for crates.io crate lasso 0.5.1 written to /workspace/builds/worker-112/source/Cargo.toml
[INFO] running `Command { std: "/workspace/cargo-home/bin/cargo" "+1.54.0" "generate-lockfile" "--manifest-path" "Cargo.toml" "-Zno-index-update", kill_on_drop: false }`
[INFO] [stderr]     Blocking waiting for file lock on package cache
[INFO] running `Command { std: "/workspace/cargo-home/bin/cargo" "+1.54.0" "fetch" "--manifest-path" "Cargo.toml", kill_on_drop: false }`
[INFO] [stderr]     Blocking waiting for file lock on package cache
[INFO] [stderr]     Blocking waiting for file lock on package cache
[INFO] [stderr]  Downloading crates ...
[INFO] [stderr]   Downloaded deepsize v0.2.0
[INFO] [stderr]   Downloaded abomonation v0.7.3
[INFO] running `Command { std: "docker" "create" "-v" "/var/lib/crater-agent-workspace/builds/worker-112/target:/opt/rustwide/target:rw,Z" "-v" "/var/lib/crater-agent-workspace/builds/worker-112/source:/opt/rustwide/workdir:ro,Z" "-v" "/var/lib/crater-agent-workspace/cargo-home:/opt/rustwide/cargo-home:ro,Z" "-v" "/var/lib/crater-agent-workspace/rustup-home:/opt/rustwide/rustup-home:ro,Z" "-e" "SOURCE_DIR=/opt/rustwide/workdir" "-e" "CARGO_TARGET_DIR=/opt/rustwide/target" "-e" "CARGO_HOME=/opt/rustwide/cargo-home" "-e" "RUSTUP_HOME=/opt/rustwide/rustup-home" "-w" "/opt/rustwide/workdir" "-m" "1610612736" "--user" "0:0" "--network" "none" "ghcr.io/rust-lang/crates-build-env/linux@sha256:34b6a614d2c27851fe6cbf88fbd1137609cefab8b10d0615aaeb6fd47975d74e" "/opt/rustwide/cargo-home/bin/cargo" "+1.54.0" "metadata" "--no-deps" "--format-version=1", kill_on_drop: false }`
[INFO] [stdout] 73946d053a4b69e27982b3b14aea7ef34299098e5bb7a302c48c239d34717389
[INFO] running `Command { std: "docker" "start" "-a" "73946d053a4b69e27982b3b14aea7ef34299098e5bb7a302c48c239d34717389", kill_on_drop: false }`
[INFO] running `Command { std: "docker" "inspect" "73946d053a4b69e27982b3b14aea7ef34299098e5bb7a302c48c239d34717389", kill_on_drop: false }`
[INFO] running `Command { std: "docker" "rm" "-f" "73946d053a4b69e27982b3b14aea7ef34299098e5bb7a302c48c239d34717389", kill_on_drop: false }`
[INFO] [stdout] 73946d053a4b69e27982b3b14aea7ef34299098e5bb7a302c48c239d34717389
[INFO] running `Command { std: "docker" "create" "-v" "/var/lib/crater-agent-workspace/builds/worker-112/target:/opt/rustwide/target:rw,Z" "-v" "/var/lib/crater-agent-workspace/builds/worker-112/source:/opt/rustwide/workdir:ro,Z" "-v" "/var/lib/crater-agent-workspace/cargo-home:/opt/rustwide/cargo-home:ro,Z" "-v" "/var/lib/crater-agent-workspace/rustup-home:/opt/rustwide/rustup-home:ro,Z" "-e" "SOURCE_DIR=/opt/rustwide/workdir" "-e" "CARGO_TARGET_DIR=/opt/rustwide/target" "-e" "CARGO_INCREMENTAL=0" "-e" "RUST_BACKTRACE=full" "-e" "RUSTFLAGS=--cap-lints=warn" "-e" "CARGO_HOME=/opt/rustwide/cargo-home" "-e" "RUSTUP_HOME=/opt/rustwide/rustup-home" "-w" "/opt/rustwide/workdir" "-m" "1610612736" "--user" "0:0" "--network" "none" "ghcr.io/rust-lang/crates-build-env/linux@sha256:34b6a614d2c27851fe6cbf88fbd1137609cefab8b10d0615aaeb6fd47975d74e" "/opt/rustwide/cargo-home/bin/cargo" "+1.54.0" "build" "--frozen" "--message-format=json", kill_on_drop: false }`
[INFO] [stdout] dd0c9e7b3656e04725ea9d5037c887d56be2c44c98c8061ae21958560f95def7
[INFO] running `Command { std: "docker" "start" "-a" "dd0c9e7b3656e04725ea9d5037c887d56be2c44c98c8061ae21958560f95def7", kill_on_drop: false }`
[INFO] [stderr]    Compiling version_check v0.9.3
[INFO] [stderr]    Compiling cfg-if v1.0.0
[INFO] [stderr]    Compiling once_cell v1.8.0
[INFO] [stderr]    Compiling getrandom v0.2.3
[INFO] [stderr]    Compiling ahash v0.7.4
[INFO] [stderr]    Compiling hashbrown v0.11.2
[INFO] [stderr]    Compiling lasso v0.5.1 (/opt/rustwide/workdir)
[INFO] [stderr]     Finished dev [unoptimized + debuginfo] target(s) in 4.41s
[INFO] running `Command { std: "docker" "inspect" "dd0c9e7b3656e04725ea9d5037c887d56be2c44c98c8061ae21958560f95def7", kill_on_drop: false }`
[INFO] running `Command { std: "docker" "rm" "-f" "dd0c9e7b3656e04725ea9d5037c887d56be2c44c98c8061ae21958560f95def7", kill_on_drop: false }`
[INFO] [stdout] dd0c9e7b3656e04725ea9d5037c887d56be2c44c98c8061ae21958560f95def7
[INFO] running `Command { std: "docker" "create" "-v" "/var/lib/crater-agent-workspace/builds/worker-112/target:/opt/rustwide/target:rw,Z" "-v" "/var/lib/crater-agent-workspace/builds/worker-112/source:/opt/rustwide/workdir:ro,Z" "-v" "/var/lib/crater-agent-workspace/cargo-home:/opt/rustwide/cargo-home:ro,Z" "-v" "/var/lib/crater-agent-workspace/rustup-home:/opt/rustwide/rustup-home:ro,Z" "-e" "SOURCE_DIR=/opt/rustwide/workdir" "-e" "CARGO_TARGET_DIR=/opt/rustwide/target" "-e" "CARGO_INCREMENTAL=0" "-e" "RUST_BACKTRACE=full" "-e" "RUSTFLAGS=--cap-lints=warn" "-e" "CARGO_HOME=/opt/rustwide/cargo-home" "-e" "RUSTUP_HOME=/opt/rustwide/rustup-home" "-w" "/opt/rustwide/workdir" "-m" "1610612736" "--user" "0:0" "--network" "none" "ghcr.io/rust-lang/crates-build-env/linux@sha256:34b6a614d2c27851fe6cbf88fbd1137609cefab8b10d0615aaeb6fd47975d74e" "/opt/rustwide/cargo-home/bin/cargo" "+1.54.0" "test" "--frozen" "--no-run" "--message-format=json", kill_on_drop: false }`
[INFO] [stdout] 9c431e7be44d09372f23c6ae44833262ef203309ada138692b0ec2657d046c2f
[INFO] running `Command { std: "docker" "start" "-a" "9c431e7be44d09372f23c6ae44833262ef203309ada138692b0ec2657d046c2f", kill_on_drop: false }`
[INFO] [stderr]     Blocking waiting for file lock on package cache
[INFO] [stderr]    Compiling autocfg v1.0.1
[INFO] [stderr]    Compiling crossbeam-utils v0.8.5
[INFO] [stderr]    Compiling semver v1.0.4
[INFO] [stderr]    Compiling memchr v2.4.0
[INFO] [stderr]    Compiling crossbeam-epoch v0.9.5
[INFO] [stderr]    Compiling scopeguard v1.1.0
[INFO] [stderr]    Compiling rayon-core v1.9.1
[INFO] [stderr]    Compiling itoa v0.4.7
[INFO] [stderr]    Compiling syn v1.0.74
[INFO] [stderr]    Compiling regex-automata v0.1.10
[INFO] [stderr]    Compiling plotters-backend v0.3.2
[INFO] [stderr]    Compiling same-file v1.0.6
[INFO] [stderr]    Compiling half v1.7.1
[INFO] [stderr]    Compiling regex-syntax v0.6.25
[INFO] [stderr]    Compiling oorandom v11.1.3
[INFO] [stderr]    Compiling itertools v0.10.1
[INFO] [stderr]    Compiling fxhash v0.2.1
[INFO] [stderr]    Compiling num_cpus v1.13.0
[INFO] [stderr]    Compiling clap v2.33.3
[INFO] [stderr]    Compiling walkdir v2.3.2
[INFO] [stderr]    Compiling serde_json v1.0.66
[INFO] [stderr]    Compiling plotters-svg v0.3.1
[INFO] [stderr]    Compiling serde_cbor v0.11.1
[INFO] [stderr]    Compiling memoffset v0.6.4
[INFO] [stderr]    Compiling num-traits v0.2.14
[INFO] [stderr]    Compiling rayon v1.5.1
[INFO] [stderr]    Compiling crossbeam-channel v0.5.1
[INFO] [stderr]    Compiling regex v1.5.4
[INFO] [stderr]    Compiling rustc_version v0.4.0
[INFO] [stderr]    Compiling bstr v0.2.16
[INFO] [stderr]    Compiling csv-core v0.1.10
[INFO] [stderr]    Compiling tinytemplate v1.2.1
[INFO] [stderr]    Compiling cast v0.2.7
[INFO] [stderr]    Compiling crossbeam-deque v0.8.1
[INFO] [stderr]    Compiling csv v1.1.6
[INFO] [stderr]    Compiling criterion-plot v0.4.4
[INFO] [stderr]    Compiling plotters v0.3.1
[INFO] [stderr]    Compiling serde_derive v1.0.127
[INFO] [stderr]    Compiling criterion v0.3.5
[INFO] [stderr]    Compiling lasso v0.5.1 (/opt/rustwide/workdir)
[INFO] [stderr]     Finished test [unoptimized + debuginfo] target(s) in 29.90s
[INFO] running `Command { std: "docker" "inspect" "9c431e7be44d09372f23c6ae44833262ef203309ada138692b0ec2657d046c2f", kill_on_drop: false }`
[INFO] running `Command { std: "docker" "rm" "-f" "9c431e7be44d09372f23c6ae44833262ef203309ada138692b0ec2657d046c2f", kill_on_drop: false }`
[INFO] [stdout] 9c431e7be44d09372f23c6ae44833262ef203309ada138692b0ec2657d046c2f
[INFO] running `Command { std: "docker" "create" "-v" "/var/lib/crater-agent-workspace/builds/worker-112/target:/opt/rustwide/target:rw,Z" "-v" "/var/lib/crater-agent-workspace/builds/worker-112/source:/opt/rustwide/workdir:ro,Z" "-v" "/var/lib/crater-agent-workspace/cargo-home:/opt/rustwide/cargo-home:ro,Z" "-v" "/var/lib/crater-agent-workspace/rustup-home:/opt/rustwide/rustup-home:ro,Z" "-e" "SOURCE_DIR=/opt/rustwide/workdir" "-e" "CARGO_TARGET_DIR=/opt/rustwide/target" "-e" "CARGO_INCREMENTAL=0" "-e" "RUST_BACKTRACE=full" "-e" "RUSTFLAGS=--cap-lints=warn" "-e" "CARGO_HOME=/opt/rustwide/cargo-home" "-e" "RUSTUP_HOME=/opt/rustwide/rustup-home" "-w" "/opt/rustwide/workdir" "-m" "1610612736" "--user" "0:0" "--network" "none" "ghcr.io/rust-lang/crates-build-env/linux@sha256:34b6a614d2c27851fe6cbf88fbd1137609cefab8b10d0615aaeb6fd47975d74e" "/opt/rustwide/cargo-home/bin/cargo" "+1.54.0" "test" "--frozen", kill_on_drop: false }`
[INFO] [stdout] 56a5c9154a0f521796ec9b89334a7f03f8354fa60a24af127b0a4087383df57a
[INFO] running `Command { std: "docker" "start" "-a" "56a5c9154a0f521796ec9b89334a7f03f8354fa60a24af127b0a4087383df57a", kill_on_drop: false }`
[INFO] [stderr]     Finished test [unoptimized + debuginfo] target(s) in 0.06s
[INFO] [stderr]      Running unittests (/opt/rustwide/target/debug/deps/lasso-69d40605b8401bd8)
[INFO] [stdout] 
[INFO] [stdout] running 96 tests
[INFO] [stdout] test arena::tests::allocate_more_than_double ... ok
[INFO] [stdout] test arena::tests::allocate_too_much ... ok
[INFO] [stdout] test arena::tests::empty_str ... ok
[INFO] [stdout] test arena::tests::string ... ok
[INFO] [stdout] test arena::tests::memory_exhausted ... ok
[INFO] [stdout] test interface::tests::interner_implementations ... ok
[INFO] [stdout] test interface::tests::resolver_implementations ... ok
[INFO] [stdout] test keys::tests::large ... ok
[INFO] [stdout] test keys::tests::micro ... ok
[INFO] [stdout] test keys::tests::large_max_returns_none ... ok
[INFO] [stdout] test interface::tests::reader_implementations ... ok
[INFO] [stdout] test keys::tests::micro_returns_none ... ok
[INFO] [stdout] test keys::tests::mini ... ok
[INFO] [stdout] test arena::tests::exponential_allocations ... ok
[INFO] [stdout] test keys::tests::mini_returns_none ... ok
[INFO] [stdout] test keys::tests::spur ... ok
[INFO] [stdout] test keys::tests::spur_returns_none ... ok
[INFO] [stdout] test reader::tests::single_threaded::contains ... ok
[INFO] [stdout] test reader::tests::single_threaded::contains_key ... ok
[INFO] [stdout] test reader::tests::single_threaded::debug ... ok
[INFO] [stdout] test reader::tests::single_threaded::empty ... ok
[INFO] [stdout] test reader::tests::single_threaded::get ... ok
[INFO] [stdout] test reader::tests::single_threaded::index ... ok
[INFO] [stdout] test reader::tests::single_threaded::into_iterator ... ok
[INFO] [stdout] test reader::tests::single_threaded::into_resolver ... ok
[INFO] [stdout] test reader::tests::single_threaded::iter ... ok
[INFO] [stdout] test reader::tests::single_threaded::len ... ok
[INFO] [stdout] test reader::tests::single_threaded::reader_eq ... ok
[INFO] [stdout] test reader::tests::single_threaded::resolve ... ok
[INFO] [stdout] test reader::tests::single_threaded::drops ... ok
[INFO] [stdout] test reader::tests::single_threaded::resolve_unchecked ... ok
[INFO] [stdout] test reader::tests::single_threaded::resolver_eq ... ok
[INFO] [stdout] test reader::tests::single_threaded::strings ... ok
[INFO] [stdout] test reader::tests::single_threaded::try_resolve ... ok
[INFO] [stdout] test resolver::tests::single_threaded::contains_key ... ok
[INFO] [stdout] test resolver::tests::single_threaded::debug ... ok
[INFO] [stdout] test resolver::tests::single_threaded::drops ... ok
[INFO] [stdout] test resolver::tests::single_threaded::empty ... ok
[INFO] [stdout] test resolver::tests::single_threaded::index ... ok
[INFO] [stdout] test resolver::tests::single_threaded::into_iterator ... ok
[INFO] [stdout] test resolver::tests::single_threaded::iter ... ok
[INFO] [stdout] test resolver::tests::single_threaded::len ... ok
[INFO] [stdout] test resolver::tests::single_threaded::reader_eq ... ok
[INFO] [stdout] test resolver::tests::single_threaded::resolve ... ok
[INFO] [stdout] test resolver::tests::single_threaded::resolve_unchecked ... ok
[INFO] [stdout] test resolver::tests::single_threaded::strings ... ok
[INFO] [stdout] test resolver::tests::single_threaded::try_resolve ... ok
[INFO] [stdout] test resolver::tests::single_threaded::resolver_eq ... ok
[INFO] [stdout] test single_threaded::tests::contains_key ... ok
[INFO] [stdout] test single_threaded::tests::debug ... ok
[INFO] [stdout] test single_threaded::tests::contains ... ok
[INFO] [stdout] test single_threaded::tests::extend ... ok
[INFO] [stdout] test single_threaded::tests::from_iter ... ok
[INFO] [stdout] test single_threaded::tests::get ... ok
[INFO] [stdout] test single_threaded::tests::get_or_intern ... ok
[INFO] [stdout] test single_threaded::tests::get_or_intern_static ... ok
[INFO] [stdout] test single_threaded::tests::index ... ok
[INFO] [stdout] test single_threaded::tests::into_iterator ... ok
[INFO] [stdout] test single_threaded::tests::empty ... ok
[INFO] [stdout] test keys::tests::large_max_panics - should panic ... ok
[INFO] [stdout] test single_threaded::tests::iter ... ok
[INFO] [stdout] test keys::tests::micro_panics - should panic ... ok
[INFO] [stdout] test single_threaded::tests::len ... ok
[INFO] [stdout] test keys::tests::mini_panics - should panic ... ok
[INFO] [stdout] test single_threaded::tests::memory_exhausted ... ok
[INFO] [stdout] test single_threaded::tests::drop_rodeo ... ok
[INFO] [stdout] test keys::tests::spur_panics - should panic ... ok
[INFO] [stdout] test single_threaded::tests::memory_usage_stats ... ok
[INFO] [stdout] test reader::tests::single_threaded::resolve_panics - should panic ... ok
[INFO] [stdout] test single_threaded::tests::new ... ok
[INFO] [stdout] test single_threaded::tests::resolve ... ok
[INFO] [stdout] test resolver::tests::single_threaded::resolve_out_of_bounds - should panic ... ok
[INFO] [stdout] test single_threaded::tests::reader_eq ... ok
[INFO] [stdout] test single_threaded::tests::resolve_unchecked ... ok
[INFO] [stdout] test single_threaded::tests::memory_exhausted_panics - should panic ... ok
[INFO] [stdout] test single_threaded::tests::resolver_eq ... ok
[INFO] [stdout] test single_threaded::tests::rodeo_eq ... ok
[INFO] [stdout] test single_threaded::tests::resolve_panics - should panic ... ok
[INFO] [stdout] test single_threaded::tests::set_memory_limits ... ok
[INFO] [stdout] test single_threaded::tests::strings ... ok
[INFO] [stdout] test single_threaded::tests::try_resolve ... ok
[INFO] [stdout] test single_threaded::tests::with_capacity ... ok
[INFO] [stdout] test single_threaded::tests::with_capacity_and_hasher ... ok
[INFO] [stdout] test single_threaded::tests::with_capacity_and_memory_limits ... ok
[INFO] [stdout] test single_threaded::tests::with_capacity_memory_limits_and_hasher ... ok
[INFO] [stdout] test single_threaded::tests::with_hasher ... ok
[INFO] [stdout] test util::tests::iter_reader ... ok
[INFO] [stdout] test single_threaded::tests::wrong_keys ... ok
[INFO] [stdout] test util::tests::iter_resolver ... ok
[INFO] [stdout] test util::tests::iter_rodeo ... ok
[INFO] [stdout] test single_threaded::tests::try_get_or_intern ... ok
[INFO] [stdout] test util::tests::new_capacity ... ok
[INFO] [stdout] test single_threaded::tests::try_get_or_intern_static ... ok
[INFO] [stdout] test util::tests::strings_reader ... ok
[INFO] [stdout] test util::tests::strings_rodeo ... ok
[INFO] [stdout] test util::tests::strings_resolver ... ok
[INFO] [stdout] 
[INFO] [stdout] test result: ok. 96 passed; 0 failed; 0 ignored; 0 measured; 0 filtered out; finished in 0.03s
[INFO] [stdout] 
[INFO] [stderr]      Running tests/static_rodeo.rs (/opt/rustwide/target/debug/deps/static_rodeo-9c571c96dedd0918)
[INFO] [stdout] 
[INFO] [stdout] running 1 test
[INFO] [stdout] test access_interner ... ok
[INFO] [stdout] 
[INFO] [stdout] test result: ok. 1 passed; 0 failed; 0 ignored; 0 measured; 0 filtered out; finished in 0.00s
[INFO] [stdout] 
[INFO] [stderr]    Doc-tests lasso
[INFO] [stdout] 
[INFO] [stdout] running 44 tests
[INFO] [stdout] test src/resolver.rs - resolver::RodeoResolver<K>::is_empty (line 202) ... ok
[INFO] [stdout] test src/lib.rs - (line 244) ... FAILED
[INFO] [stdout] test src/single_threaded.rs - single_threaded::Rodeo<K, S>::resolve_unchecked (line 630) ... FAILED
[INFO] [stdout] test src/lib.rs - (line 185) ... FAILED
[INFO] [stdout] test src/single_threaded.rs - single_threaded::Rodeo<K, RandomState>::with_memory_limits (line 118) ... ok
[INFO] [stdout] test src/single_threaded.rs - single_threaded::Rodeo<K, RandomState>::with_capacity (line 91) ... ok
[INFO] [stdout] test src/lib.rs - (line 259) ... FAILED
[INFO] [stdout] test src/single_threaded.rs - single_threaded::Rodeo<K, S>::contains (line 518) ... FAILED
[INFO] [stdout] test src/single_threaded.rs - single_threaded::Rodeo<K, RandomState>::with_capacity_and_memory_limits (line 145) ... ok
[INFO] [stdout] test src/single_threaded.rs - single_threaded::Rodeo<K, S>::get_or_intern_static (line 376) ... FAILED
[INFO] [stdout] test src/single_threaded.rs - single_threaded::Rodeo<K, RandomState>::new (line 64) ... FAILED
[INFO] [stdout] test src/reader.rs - reader::RodeoReader<K, S>::contains (line 111) ... FAILED
[INFO] [stdout] test src/resolver.rs - resolver::RodeoResolver<K>::resolve_unchecked (line 131) ... FAILED
[INFO] [stdout] test src/single_threaded.rs - single_threaded::Rodeo<K, S>::try_get_or_intern_static (line 402) ... FAILED
[INFO] [stdout] test src/resolver.rs - resolver::RodeoResolver<K>::len (line 182) ... FAILED
[INFO] [stdout] test src/single_threaded.rs - single_threaded::Rodeo<K, S>::resolve (line 572) ... FAILED
[INFO] [stdout] test src/lib.rs - (line 58) ... FAILED
[INFO] [stdout] test src/resolver.rs - resolver::RodeoResolver<K>::contains_key (line 157) ... FAILED
[INFO] [stdout] test src/single_threaded.rs - single_threaded::Rodeo<K, S>::with_hasher (line 171) ... ok
[INFO] [stdout] test src/single_threaded.rs - single_threaded::Rodeo<K, S>::with_capacity_and_hasher (line 193) ... ok
[INFO] [stdout] test src/single_threaded.rs - single_threaded::Rodeo<K, S>::is_empty (line 670) ... ok
[INFO] [stdout] test src/single_threaded.rs - single_threaded::Rodeo<K, S>::capacity (line 686) ... ok
[INFO] [stdout] test src/reader.rs - reader::RodeoReader<K, S>::into_resolver (line 316) ... ok
[INFO] [stdout] test src/reader.rs - reader::RodeoReader<K, S>::is_empty (line 284) ... ok
[INFO] [stdout] test src/single_threaded.rs - single_threaded::Rodeo<K, S>::with_capacity_memory_limits_and_hasher (line 216) ... ok
[INFO] [stdout] test src/reader.rs - reader::RodeoReader<K, S>::len (line 264) ... ok
[INFO] [stdout] test src/single_threaded.rs - single_threaded::Rodeo<K, S>::get (line 476) ... ok
[INFO] [stdout] test src/lib.rs - (line 162) ... ok
[INFO] [stdout] test src/single_threaded.rs - single_threaded::Rodeo<K, S>::into_reader (line 740) ... ok
[INFO] [stdout] test src/single_threaded.rs - single_threaded::Rodeo<K, S>::get_or_intern (line 257) ... ok
[INFO] [stdout] test src/single_threaded.rs - single_threaded::Rodeo<K, S>::into_resolver (line 773) ... ok
[INFO] [stdout] test src/lib.rs - (line 142) ... ok
[INFO] [stdout] test src/reader.rs - reader::RodeoReader<K, S>::resolve (line 168) ... ok
[INFO] [stdout] test src/lib.rs - (line 76) ... ok
[INFO] [stdout] test src/reader.rs - reader::RodeoReader<K, S>::get (line 65) ... ok
[INFO] [stdout] test src/single_threaded.rs - single_threaded::Rodeo<K, S>::len (line 652) ... ok
[INFO] [stdout] test src/single_threaded.rs - single_threaded::Rodeo<K, S>::contains_key (line 546) ... ok
[INFO] [stdout] test src/single_threaded.rs - single_threaded::Rodeo<K, S>::try_resolve (line 598) ... ok
[INFO] [stdout] test src/reader.rs - reader::RodeoReader<K, S>::resolve_unchecked (line 238) ... ok
[INFO] [stdout] test src/reader.rs - reader::RodeoReader<K, S>::try_resolve (line 200) ... ok
[INFO] [stdout] test src/reader.rs - reader::RodeoReader<K, S>::contains_key (line 138) ... ok
[INFO] [stdout] test src/resolver.rs - resolver::RodeoResolver<K>::resolve (line 60) ... ok
[INFO] [stdout] test src/resolver.rs - resolver::RodeoResolver<K>::try_resolve (line 93) ... ok
[INFO] [stdout] test src/single_threaded.rs - single_threaded::Rodeo<K, S>::try_get_or_intern (line 285) ... ok
[INFO] [stdout] 
[INFO] [stdout] failures:
[INFO] [stdout] 
[INFO] [stdout] ---- src/lib.rs - (line 244) stdout ----
[INFO] [stdout] Couldn't compile the test.
[INFO] [stdout] ---- src/single_threaded.rs - single_threaded::Rodeo<K, S>::resolve_unchecked (line 630) stdout ----
[INFO] [stdout] Couldn't compile the test.
[INFO] [stdout] ---- src/lib.rs - (line 185) stdout ----
[INFO] [stdout] Couldn't compile the test.
[INFO] [stdout] ---- src/lib.rs - (line 259) stdout ----
[INFO] [stdout] Couldn't compile the test.
[INFO] [stdout] ---- src/single_threaded.rs - single_threaded::Rodeo<K, S>::contains (line 518) stdout ----
[INFO] [stdout] Couldn't compile the test.
[INFO] [stdout] ---- src/single_threaded.rs - single_threaded::Rodeo<K, S>::get_or_intern_static (line 376) stdout ----
[INFO] [stdout] Couldn't compile the test.
[INFO] [stdout] ---- src/single_threaded.rs - single_threaded::Rodeo<K, RandomState>::new (line 64) stdout ----
[INFO] [stdout] Couldn't compile the test.
[INFO] [stdout] ---- src/reader.rs - reader::RodeoReader<K, S>::contains (line 111) stdout ----
[INFO] [stdout] Couldn't compile the test.
[INFO] [stdout] ---- src/resolver.rs - resolver::RodeoResolver<K>::resolve_unchecked (line 131) stdout ----
[INFO] [stdout] Couldn't compile the test.
[INFO] [stdout] ---- src/single_threaded.rs - single_threaded::Rodeo<K, S>::try_get_or_intern_static (line 402) stdout ----
[INFO] [stdout] Couldn't compile the test.
[INFO] [stdout] ---- src/resolver.rs - resolver::RodeoResolver<K>::len (line 182) stdout ----
[INFO] [stdout] Couldn't compile the test.
[INFO] [stdout] ---- src/single_threaded.rs - single_threaded::Rodeo<K, S>::resolve (line 572) stdout ----
[INFO] [stdout] Couldn't compile the test.
[INFO] [stdout] ---- src/lib.rs - (line 58) stdout ----
[INFO] [stdout] Couldn't compile the test.
[INFO] [stdout] ---- src/resolver.rs - resolver::RodeoResolver<K>::contains_key (line 157) stdout ----
[INFO] [stdout] Couldn't compile the test.
[INFO] [stdout] 
[INFO] [stdout] failures:
[INFO] [stdout]     src/lib.rs - (line 185)
[INFO] [stdout]     src/lib.rs - (line 244)
[INFO] [stdout]     src/lib.rs - (line 259)
[INFO] [stdout]     src/lib.rs - (line 58)
[INFO] [stdout]     src/reader.rs - reader::RodeoReader<K, S>::contains (line 111)
[INFO] [stdout]     src/resolver.rs - resolver::RodeoResolver<K>::contains_key (line 157)
[INFO] [stdout]     src/resolver.rs - resolver::RodeoResolver<K>::len (line 182)
[INFO] [stdout]     src/resolver.rs - resolver::RodeoResolver<K>::resolve_unchecked (line 131)
[INFO] [stdout]     src/single_threaded.rs - single_threaded::Rodeo<K, RandomState>::new (line 64)
[INFO] [stdout]     src/single_threaded.rs - single_threaded::Rodeo<K, S>::contains (line 518)
[INFO] [stdout]     src/single_threaded.rs - single_threaded::Rodeo<K, S>::get_or_intern_static (line 376)
[INFO] [stdout]     src/single_threaded.rs - single_threaded::Rodeo<K, S>::resolve (line 572)
[INFO] [stdout]     src/single_threaded.rs - single_threaded::Rodeo<K, S>::resolve_unchecked (line 630)
[INFO] [stdout]     src/single_threaded.rs - single_threaded::Rodeo<K, S>::try_get_or_intern_static (line 402)
[INFO] [stdout] 
[INFO] [stdout] test result: FAILED. 30 passed; 14 failed; 0 ignored; 0 measured; 0 filtered out; finished in 2.61s
[INFO] [stdout] 
[INFO] [stderr] error: test failed, to rerun pass '--doc'
[INFO] running `Command { std: "docker" "inspect" "56a5c9154a0f521796ec9b89334a7f03f8354fa60a24af127b0a4087383df57a", kill_on_drop: false }`
[INFO] running `Command { std: "docker" "rm" "-f" "56a5c9154a0f521796ec9b89334a7f03f8354fa60a24af127b0a4087383df57a", kill_on_drop: false }`
[INFO] [stdout] 56a5c9154a0f521796ec9b89334a7f03f8354fa60a24af127b0a4087383df57a
