[INFO] fetching crate futures-polling 0.1.1...
[INFO] testing futures-polling-0.1.1 against 1.54.0 for beta-1.55-1
[INFO] extracting crate futures-polling 0.1.1 into /workspace/builds/worker-32/source
[INFO] validating manifest of crates.io crate futures-polling 0.1.1 on toolchain 1.54.0
[INFO] running `Command { std: "/workspace/cargo-home/bin/cargo" "+1.54.0" "metadata" "--manifest-path" "Cargo.toml" "--no-deps", kill_on_drop: false }`
[INFO] started tweaking crates.io crate futures-polling 0.1.1
[INFO] finished tweaking crates.io crate futures-polling 0.1.1
[INFO] tweaked toml for crates.io crate futures-polling 0.1.1 written to /workspace/builds/worker-32/source/Cargo.toml
[INFO] running `Command { std: "/workspace/cargo-home/bin/cargo" "+1.54.0" "generate-lockfile" "--manifest-path" "Cargo.toml" "-Zno-index-update", kill_on_drop: false }`
[INFO] running `Command { std: "/workspace/cargo-home/bin/cargo" "+1.54.0" "fetch" "--manifest-path" "Cargo.toml", kill_on_drop: false }`
[INFO] [stderr]     Blocking waiting for file lock on package cache
[INFO] running `Command { std: "docker" "create" "-v" "/var/lib/crater-agent-workspace/builds/worker-32/target:/opt/rustwide/target:rw,Z" "-v" "/var/lib/crater-agent-workspace/builds/worker-32/source:/opt/rustwide/workdir:ro,Z" "-v" "/var/lib/crater-agent-workspace/cargo-home:/opt/rustwide/cargo-home:ro,Z" "-v" "/var/lib/crater-agent-workspace/rustup-home:/opt/rustwide/rustup-home:ro,Z" "-e" "SOURCE_DIR=/opt/rustwide/workdir" "-e" "CARGO_TARGET_DIR=/opt/rustwide/target" "-e" "CARGO_HOME=/opt/rustwide/cargo-home" "-e" "RUSTUP_HOME=/opt/rustwide/rustup-home" "-w" "/opt/rustwide/workdir" "-m" "1610612736" "--user" "0:0" "--network" "none" "ghcr.io/rust-lang/crates-build-env/linux@sha256:34b6a614d2c27851fe6cbf88fbd1137609cefab8b10d0615aaeb6fd47975d74e" "/opt/rustwide/cargo-home/bin/cargo" "+1.54.0" "metadata" "--no-deps" "--format-version=1", kill_on_drop: false }`
[INFO] [stdout] 0083dff5a14ec7d3ef143c2abf45c4ddb50608c5377654b9b7fc76ba6b357167
[INFO] running `Command { std: "docker" "start" "-a" "0083dff5a14ec7d3ef143c2abf45c4ddb50608c5377654b9b7fc76ba6b357167", kill_on_drop: false }`
[INFO] running `Command { std: "docker" "inspect" "0083dff5a14ec7d3ef143c2abf45c4ddb50608c5377654b9b7fc76ba6b357167", kill_on_drop: false }`
[INFO] running `Command { std: "docker" "rm" "-f" "0083dff5a14ec7d3ef143c2abf45c4ddb50608c5377654b9b7fc76ba6b357167", kill_on_drop: false }`
[INFO] [stdout] 0083dff5a14ec7d3ef143c2abf45c4ddb50608c5377654b9b7fc76ba6b357167
[INFO] running `Command { std: "docker" "create" "-v" "/var/lib/crater-agent-workspace/builds/worker-32/target:/opt/rustwide/target:rw,Z" "-v" "/var/lib/crater-agent-workspace/builds/worker-32/source:/opt/rustwide/workdir:ro,Z" "-v" "/var/lib/crater-agent-workspace/cargo-home:/opt/rustwide/cargo-home:ro,Z" "-v" "/var/lib/crater-agent-workspace/rustup-home:/opt/rustwide/rustup-home:ro,Z" "-e" "SOURCE_DIR=/opt/rustwide/workdir" "-e" "CARGO_TARGET_DIR=/opt/rustwide/target" "-e" "CARGO_INCREMENTAL=0" "-e" "RUST_BACKTRACE=full" "-e" "RUSTFLAGS=--cap-lints=warn" "-e" "CARGO_HOME=/opt/rustwide/cargo-home" "-e" "RUSTUP_HOME=/opt/rustwide/rustup-home" "-w" "/opt/rustwide/workdir" "-m" "1610612736" "--user" "0:0" "--network" "none" "ghcr.io/rust-lang/crates-build-env/linux@sha256:34b6a614d2c27851fe6cbf88fbd1137609cefab8b10d0615aaeb6fd47975d74e" "/opt/rustwide/cargo-home/bin/cargo" "+1.54.0" "build" "--frozen" "--message-format=json", kill_on_drop: false }`
[INFO] [stdout] 693ff0cbc6c0c8ebb82af79e4a9e5c6082681a4bb8c18c2690515ac681c71793
[INFO] running `Command { std: "docker" "start" "-a" "693ff0cbc6c0c8ebb82af79e4a9e5c6082681a4bb8c18c2690515ac681c71793", kill_on_drop: false }`
[INFO] [stderr]    Compiling futures-polling v0.1.1 (/opt/rustwide/workdir)
[INFO] [stderr]     Finished dev [unoptimized + debuginfo] target(s) in 0.85s
[INFO] running `Command { std: "docker" "inspect" "693ff0cbc6c0c8ebb82af79e4a9e5c6082681a4bb8c18c2690515ac681c71793", kill_on_drop: false }`
[INFO] running `Command { std: "docker" "rm" "-f" "693ff0cbc6c0c8ebb82af79e4a9e5c6082681a4bb8c18c2690515ac681c71793", kill_on_drop: false }`
[INFO] [stdout] 693ff0cbc6c0c8ebb82af79e4a9e5c6082681a4bb8c18c2690515ac681c71793
[INFO] running `Command { std: "docker" "create" "-v" "/var/lib/crater-agent-workspace/builds/worker-32/target:/opt/rustwide/target:rw,Z" "-v" "/var/lib/crater-agent-workspace/builds/worker-32/source:/opt/rustwide/workdir:ro,Z" "-v" "/var/lib/crater-agent-workspace/cargo-home:/opt/rustwide/cargo-home:ro,Z" "-v" "/var/lib/crater-agent-workspace/rustup-home:/opt/rustwide/rustup-home:ro,Z" "-e" "SOURCE_DIR=/opt/rustwide/workdir" "-e" "CARGO_TARGET_DIR=/opt/rustwide/target" "-e" "CARGO_INCREMENTAL=0" "-e" "RUST_BACKTRACE=full" "-e" "RUSTFLAGS=--cap-lints=warn" "-e" "CARGO_HOME=/opt/rustwide/cargo-home" "-e" "RUSTUP_HOME=/opt/rustwide/rustup-home" "-w" "/opt/rustwide/workdir" "-m" "1610612736" "--user" "0:0" "--network" "none" "ghcr.io/rust-lang/crates-build-env/linux@sha256:34b6a614d2c27851fe6cbf88fbd1137609cefab8b10d0615aaeb6fd47975d74e" "/opt/rustwide/cargo-home/bin/cargo" "+1.54.0" "test" "--frozen" "--no-run" "--message-format=json", kill_on_drop: false }`
[INFO] [stdout] e4f4797b6a1015500d42df44a6917a3c4f93fac948ecbc265cff7933c1e85593
[INFO] running `Command { std: "docker" "start" "-a" "e4f4797b6a1015500d42df44a6917a3c4f93fac948ecbc265cff7933c1e85593", kill_on_drop: false }`
[INFO] [stderr]    Compiling futures-core v0.3.16
[INFO] [stderr]    Compiling memchr v2.4.0
[INFO] [stderr]    Compiling pin-project-lite v0.2.7
[INFO] [stderr]    Compiling futures-io v0.3.16
[INFO] [stderr]    Compiling fastrand v1.5.0
[INFO] [stderr]    Compiling waker-fn v1.1.0
[INFO] [stderr]    Compiling parking v2.0.0
[INFO] [stderr]    Compiling futures-lite v1.12.0
[INFO] [stderr]    Compiling futures-polling v0.1.1 (/opt/rustwide/workdir)
[INFO] [stderr]     Finished test [unoptimized + debuginfo] target(s) in 3.36s
[INFO] running `Command { std: "docker" "inspect" "e4f4797b6a1015500d42df44a6917a3c4f93fac948ecbc265cff7933c1e85593", kill_on_drop: false }`
[INFO] running `Command { std: "docker" "rm" "-f" "e4f4797b6a1015500d42df44a6917a3c4f93fac948ecbc265cff7933c1e85593", kill_on_drop: false }`
[INFO] [stdout] e4f4797b6a1015500d42df44a6917a3c4f93fac948ecbc265cff7933c1e85593
[INFO] running `Command { std: "docker" "create" "-v" "/var/lib/crater-agent-workspace/builds/worker-32/target:/opt/rustwide/target:rw,Z" "-v" "/var/lib/crater-agent-workspace/builds/worker-32/source:/opt/rustwide/workdir:ro,Z" "-v" "/var/lib/crater-agent-workspace/cargo-home:/opt/rustwide/cargo-home:ro,Z" "-v" "/var/lib/crater-agent-workspace/rustup-home:/opt/rustwide/rustup-home:ro,Z" "-e" "SOURCE_DIR=/opt/rustwide/workdir" "-e" "CARGO_TARGET_DIR=/opt/rustwide/target" "-e" "CARGO_INCREMENTAL=0" "-e" "RUST_BACKTRACE=full" "-e" "RUSTFLAGS=--cap-lints=warn" "-e" "CARGO_HOME=/opt/rustwide/cargo-home" "-e" "RUSTUP_HOME=/opt/rustwide/rustup-home" "-w" "/opt/rustwide/workdir" "-m" "1610612736" "--user" "0:0" "--network" "none" "ghcr.io/rust-lang/crates-build-env/linux@sha256:34b6a614d2c27851fe6cbf88fbd1137609cefab8b10d0615aaeb6fd47975d74e" "/opt/rustwide/cargo-home/bin/cargo" "+1.54.0" "test" "--frozen", kill_on_drop: false }`
[INFO] [stdout] 0c7b10e3074a3c7fdfcfe523149176421374af0002a9bdd053b84ce2a75423df
[INFO] running `Command { std: "docker" "start" "-a" "0c7b10e3074a3c7fdfcfe523149176421374af0002a9bdd053b84ce2a75423df", kill_on_drop: false }`
[INFO] [stderr]     Finished test [unoptimized + debuginfo] target(s) in 0.03s
[INFO] [stderr]      Running unittests (/opt/rustwide/target/debug/deps/futures_polling-74e142936c82ff5e)
[INFO] [stdout] 
[INFO] [stdout] running 0 tests
[INFO] [stdout] 
[INFO] [stdout] test result: ok. 0 passed; 0 failed; 0 ignored; 0 measured; 0 filtered out; finished in 0.00s
[INFO] [stdout] 
[INFO] [stderr]    Doc-tests futures-polling
[INFO] [stdout] 
[INFO] [stdout] running 35 tests
[INFO] [stdout] test src/lib.rs - Polling<Fut>::try_poll_once (line 1250) ... FAILED
[INFO] [stdout] test src/lib.rs - Polling<Fut>::polling_once (line 819) ... FAILED
[INFO] [stdout] test src/lib.rs - FuturePollingExt::polling (line 177) ... FAILED
[INFO] [stdout] test src/lib.rs - Polling (line 54) ... FAILED
[INFO] [stdout] test src/lib.rs - (line 15) ... FAILED
[INFO] [stdout] test src/lib.rs - Polling::Done (line 148) ... FAILED
[INFO] [stdout] test src/lib.rs - Polling<Fut>::as_poll_mut (line 577) ... ok
[INFO] [stdout] test src/lib.rs - Polling<Fut>::as_ready (line 398) ... ok
[INFO] [stdout] test src/lib.rs - Polling<Fut>::try_take_ready (line 1126) ... ok
[INFO] [stdout] test src/lib.rs - Polling<Fut>::replace (line 615) ... ok
[INFO] [stdout] test src/lib.rs - Polling<Fut>::is_pending (line 342) ... ok
[INFO] [stdout] test src/lib.rs - Polling<Fut>::try_take_poll (line 1160) ... ok
[INFO] [stdout] test src/lib.rs - Polling<Fut>::try_into_ready (line 891) ... ok
[INFO] [stdout] test src/lib.rs - Polling<Fut>::as_pending (line 432) ... ok
[INFO] [stdout] test src/lib.rs - Polling<Fut>::try_into_poll (line 923) ... ok
[INFO] [stdout] test src/lib.rs - Polling<Fut>::into_ready (line 212) ... ok
[INFO] [stdout] test src/lib.rs - Polling<Fut>::is_ready (line 315) ... ok
[INFO] [stdout] test src/lib.rs - Polling<Fut>::poll_once (line 778) ... ok
[INFO] [stdout] test src/lib.rs - Polling<Fut>::as_poll (line 466) ... ok
[INFO] [stdout] test src/lib.rs - Polling<Fut>::take_ready (line 665) ... ok
[INFO] [stdout] test src/lib.rs - Polling<Fut>::try_as_ready (line 962) ... ok
[INFO] [stdout] test src/lib.rs - Polling<Fut>::is_done (line 369) ... ok
[INFO] [stdout] test src/lib.rs - Polling<Fut>::into_poll (line 282) ... ok
[INFO] [stdout] test src/lib.rs - Polling<Fut>::as_ready_mut (line 501) ... ok
[INFO] [stdout] test src/lib.rs - Polling<Fut>::take (line 635) ... ok
[INFO] [stdout] test src/lib.rs - Polling::Pending (line 111) ... ok
[INFO] [stdout] test src/lib.rs - Polling<Fut>::try_as_ready_mut (line 1031) ... ok
[INFO] [stdout] test src/lib.rs - Polling<Fut>::try_as_poll_mut (line 1075) ... ok
[INFO] [stdout] test src/lib.rs - Polling<Fut>::as_pending_mut (line 541) ... ok
[INFO] [stdout] test src/lib.rs - Polling<Fut>::take_pending (line 702) ... ok
[INFO] [stdout] test src/lib.rs - Polling<Fut>::into_pending (line 246) ... ok
[INFO] [stdout] test src/lib.rs - Polling<Fut>::try_as_poll (line 994) ... ok
[INFO] [stdout] test src/lib.rs - Polling<Fut>::take_poll (line 739) ... ok
[INFO] [stdout] test src/lib.rs - Polling::Ready (line 83) ... ok
[INFO] [stdout] test src/lib.rs - Polling<Fut>::try_poll (line 1201) ... ok
[INFO] [stdout] 
[INFO] [stdout] failures:
[INFO] [stdout] 
[INFO] [stdout] ---- src/lib.rs - Polling<Fut>::try_poll_once (line 1250) stdout ----
[INFO] [stdout] Couldn't compile the test.
[INFO] [stdout] ---- src/lib.rs - Polling<Fut>::polling_once (line 819) stdout ----
[INFO] [stdout] Couldn't compile the test.
[INFO] [stdout] ---- src/lib.rs - FuturePollingExt::polling (line 177) stdout ----
[INFO] [stdout] Couldn't compile the test.
[INFO] [stdout] ---- src/lib.rs - Polling (line 54) stdout ----
[INFO] [stdout] Couldn't compile the test.
[INFO] [stdout] ---- src/lib.rs - (line 15) stdout ----
[INFO] [stdout] Couldn't compile the test.
[INFO] [stdout] ---- src/lib.rs - Polling::Done (line 148) stdout ----
[INFO] [stdout] Couldn't compile the test.
[INFO] [stdout] 
[INFO] [stdout] failures:
[INFO] [stdout]     src/lib.rs - (line 15)
[INFO] [stdout]     src/lib.rs - FuturePollingExt::polling (line 177)
[INFO] [stdout]     src/lib.rs - Polling (line 54)
[INFO] [stdout]     src/lib.rs - Polling::Done (line 148)
[INFO] [stdout]     src/lib.rs - Polling<Fut>::polling_once (line 819)
[INFO] [stdout]     src/lib.rs - Polling<Fut>::try_poll_once (line 1250)
[INFO] [stdout] 
[INFO] [stdout] test result: FAILED. 29 passed; 6 failed; 0 ignored; 0 measured; 0 filtered out; finished in 2.09s
[INFO] [stdout] 
[INFO] [stderr] error: test failed, to rerun pass '--doc'
[INFO] running `Command { std: "docker" "inspect" "0c7b10e3074a3c7fdfcfe523149176421374af0002a9bdd053b84ce2a75423df", kill_on_drop: false }`
[INFO] running `Command { std: "docker" "rm" "-f" "0c7b10e3074a3c7fdfcfe523149176421374af0002a9bdd053b84ce2a75423df", kill_on_drop: false }`
[INFO] [stdout] 0c7b10e3074a3c7fdfcfe523149176421374af0002a9bdd053b84ce2a75423df
