[INFO] fetching crate ew 0.4.0...
[INFO] testing ew-0.4.0 against beta-2021-08-01 for beta-1.55-1
[INFO] extracting crate ew 0.4.0 into /workspace/builds/worker-81/source
[INFO] validating manifest of crates.io crate ew 0.4.0 on toolchain beta-2021-08-01
[INFO] running `Command { std: "/workspace/cargo-home/bin/cargo" "+beta-2021-08-01" "metadata" "--manifest-path" "Cargo.toml" "--no-deps", kill_on_drop: false }`
[INFO] started tweaking crates.io crate ew 0.4.0
[INFO] finished tweaking crates.io crate ew 0.4.0
[INFO] tweaked toml for crates.io crate ew 0.4.0 written to /workspace/builds/worker-81/source/Cargo.toml
[INFO] crate crates.io crate ew 0.4.0 already has a lockfile, it will not be regenerated
[INFO] running `Command { std: "/workspace/cargo-home/bin/cargo" "+beta-2021-08-01" "fetch" "--manifest-path" "Cargo.toml", kill_on_drop: false }`
[INFO] [stderr]     Blocking waiting for file lock on package cache
[INFO] [stderr]     Blocking waiting for file lock on package cache
[INFO] running `Command { std: "docker" "create" "-v" "/var/lib/crater-agent-workspace/builds/worker-81/target:/opt/rustwide/target:rw,Z" "-v" "/var/lib/crater-agent-workspace/builds/worker-81/source:/opt/rustwide/workdir:ro,Z" "-v" "/var/lib/crater-agent-workspace/cargo-home:/opt/rustwide/cargo-home:ro,Z" "-v" "/var/lib/crater-agent-workspace/rustup-home:/opt/rustwide/rustup-home:ro,Z" "-e" "SOURCE_DIR=/opt/rustwide/workdir" "-e" "CARGO_TARGET_DIR=/opt/rustwide/target" "-e" "CARGO_HOME=/opt/rustwide/cargo-home" "-e" "RUSTUP_HOME=/opt/rustwide/rustup-home" "-w" "/opt/rustwide/workdir" "-m" "1610612736" "--user" "0:0" "--network" "none" "ghcr.io/rust-lang/crates-build-env/linux@sha256:34b6a614d2c27851fe6cbf88fbd1137609cefab8b10d0615aaeb6fd47975d74e" "/opt/rustwide/cargo-home/bin/cargo" "+beta-2021-08-01" "metadata" "--no-deps" "--format-version=1", kill_on_drop: false }`
[INFO] [stdout] 8ceb870428e6e8891f9653381f2c6169df9b2ad05dc641c2cdba9017881f8b11
[INFO] running `Command { std: "docker" "start" "-a" "8ceb870428e6e8891f9653381f2c6169df9b2ad05dc641c2cdba9017881f8b11", kill_on_drop: false }`
[INFO] running `Command { std: "docker" "inspect" "8ceb870428e6e8891f9653381f2c6169df9b2ad05dc641c2cdba9017881f8b11", kill_on_drop: false }`
[INFO] running `Command { std: "docker" "rm" "-f" "8ceb870428e6e8891f9653381f2c6169df9b2ad05dc641c2cdba9017881f8b11", kill_on_drop: false }`
[INFO] [stdout] 8ceb870428e6e8891f9653381f2c6169df9b2ad05dc641c2cdba9017881f8b11
[INFO] running `Command { std: "docker" "create" "-v" "/var/lib/crater-agent-workspace/builds/worker-81/target:/opt/rustwide/target:rw,Z" "-v" "/var/lib/crater-agent-workspace/builds/worker-81/source:/opt/rustwide/workdir:ro,Z" "-v" "/var/lib/crater-agent-workspace/cargo-home:/opt/rustwide/cargo-home:ro,Z" "-v" "/var/lib/crater-agent-workspace/rustup-home:/opt/rustwide/rustup-home:ro,Z" "-e" "SOURCE_DIR=/opt/rustwide/workdir" "-e" "CARGO_TARGET_DIR=/opt/rustwide/target" "-e" "CARGO_INCREMENTAL=0" "-e" "RUST_BACKTRACE=full" "-e" "RUSTFLAGS=--cap-lints=warn" "-e" "CARGO_HOME=/opt/rustwide/cargo-home" "-e" "RUSTUP_HOME=/opt/rustwide/rustup-home" "-w" "/opt/rustwide/workdir" "-m" "1610612736" "--user" "0:0" "--network" "none" "ghcr.io/rust-lang/crates-build-env/linux@sha256:34b6a614d2c27851fe6cbf88fbd1137609cefab8b10d0615aaeb6fd47975d74e" "/opt/rustwide/cargo-home/bin/cargo" "+beta-2021-08-01" "build" "--frozen" "--message-format=json", kill_on_drop: false }`
[INFO] [stdout] 44ad8bf47fa5b0b9e7143d190728bd690ced932cdf56524a417497dfea9d6816
[INFO] running `Command { std: "docker" "start" "-a" "44ad8bf47fa5b0b9e7143d190728bd690ced932cdf56524a417497dfea9d6816", kill_on_drop: false }`
[INFO] [stderr]    Compiling libc v0.2.89
[INFO] [stderr]    Compiling getrandom v0.1.16
[INFO] [stderr]    Compiling num-traits v0.2.14
[INFO] [stderr]    Compiling num-integer v0.1.44
[INFO] [stderr]    Compiling num-bigint v0.2.6
[INFO] [stderr]    Compiling num-iter v0.1.42
[INFO] [stderr]    Compiling num-complex v0.2.4
[INFO] [stderr]    Compiling num-rational v0.2.4
[INFO] [stderr]    Compiling rand_core v0.5.1
[INFO] [stderr]    Compiling rand_chacha v0.2.2
[INFO] [stderr]    Compiling rand v0.7.3
[INFO] [stderr]    Compiling num v0.2.1
[INFO] [stderr]    Compiling ew v0.4.0 (/opt/rustwide/workdir)
[INFO] [stderr]     Finished dev [unoptimized + debuginfo] target(s) in 5.78s
[INFO] running `Command { std: "docker" "inspect" "44ad8bf47fa5b0b9e7143d190728bd690ced932cdf56524a417497dfea9d6816", kill_on_drop: false }`
[INFO] running `Command { std: "docker" "rm" "-f" "44ad8bf47fa5b0b9e7143d190728bd690ced932cdf56524a417497dfea9d6816", kill_on_drop: false }`
[INFO] [stdout] 44ad8bf47fa5b0b9e7143d190728bd690ced932cdf56524a417497dfea9d6816
[INFO] running `Command { std: "docker" "create" "-v" "/var/lib/crater-agent-workspace/builds/worker-81/target:/opt/rustwide/target:rw,Z" "-v" "/var/lib/crater-agent-workspace/builds/worker-81/source:/opt/rustwide/workdir:ro,Z" "-v" "/var/lib/crater-agent-workspace/cargo-home:/opt/rustwide/cargo-home:ro,Z" "-v" "/var/lib/crater-agent-workspace/rustup-home:/opt/rustwide/rustup-home:ro,Z" "-e" "SOURCE_DIR=/opt/rustwide/workdir" "-e" "CARGO_TARGET_DIR=/opt/rustwide/target" "-e" "CARGO_INCREMENTAL=0" "-e" "RUST_BACKTRACE=full" "-e" "RUSTFLAGS=--cap-lints=warn" "-e" "CARGO_HOME=/opt/rustwide/cargo-home" "-e" "RUSTUP_HOME=/opt/rustwide/rustup-home" "-w" "/opt/rustwide/workdir" "-m" "1610612736" "--user" "0:0" "--network" "none" "ghcr.io/rust-lang/crates-build-env/linux@sha256:34b6a614d2c27851fe6cbf88fbd1137609cefab8b10d0615aaeb6fd47975d74e" "/opt/rustwide/cargo-home/bin/cargo" "+beta-2021-08-01" "test" "--frozen" "--no-run" "--message-format=json", kill_on_drop: false }`
[INFO] [stdout] 696f319ab3be6e8b83b501f34f87c79cfe187de4e8b9a8ed8d9ba48427099f55
[INFO] running `Command { std: "docker" "start" "-a" "696f319ab3be6e8b83b501f34f87c79cfe187de4e8b9a8ed8d9ba48427099f55", kill_on_drop: false }`
[INFO] [stderr]    Compiling num_cpus v1.13.0
[INFO] [stderr]    Compiling ew-testfunc v0.1.0
[INFO] [stderr]    Compiling ew v0.4.0 (/opt/rustwide/workdir)
[INFO] [stderr]     Finished test [unoptimized + debuginfo] target(s) in 3.39s
[INFO] running `Command { std: "docker" "inspect" "696f319ab3be6e8b83b501f34f87c79cfe187de4e8b9a8ed8d9ba48427099f55", kill_on_drop: false }`
[INFO] running `Command { std: "docker" "rm" "-f" "696f319ab3be6e8b83b501f34f87c79cfe187de4e8b9a8ed8d9ba48427099f55", kill_on_drop: false }`
[INFO] [stdout] 696f319ab3be6e8b83b501f34f87c79cfe187de4e8b9a8ed8d9ba48427099f55
[INFO] running `Command { std: "docker" "create" "-v" "/var/lib/crater-agent-workspace/builds/worker-81/target:/opt/rustwide/target:rw,Z" "-v" "/var/lib/crater-agent-workspace/builds/worker-81/source:/opt/rustwide/workdir:ro,Z" "-v" "/var/lib/crater-agent-workspace/cargo-home:/opt/rustwide/cargo-home:ro,Z" "-v" "/var/lib/crater-agent-workspace/rustup-home:/opt/rustwide/rustup-home:ro,Z" "-e" "SOURCE_DIR=/opt/rustwide/workdir" "-e" "CARGO_TARGET_DIR=/opt/rustwide/target" "-e" "CARGO_INCREMENTAL=0" "-e" "RUST_BACKTRACE=full" "-e" "RUSTFLAGS=--cap-lints=warn" "-e" "CARGO_HOME=/opt/rustwide/cargo-home" "-e" "RUSTUP_HOME=/opt/rustwide/rustup-home" "-w" "/opt/rustwide/workdir" "-m" "1610612736" "--user" "0:0" "--network" "none" "ghcr.io/rust-lang/crates-build-env/linux@sha256:34b6a614d2c27851fe6cbf88fbd1137609cefab8b10d0615aaeb6fd47975d74e" "/opt/rustwide/cargo-home/bin/cargo" "+beta-2021-08-01" "test" "--frozen", kill_on_drop: false }`
[INFO] [stdout] 5750b21fe11f0e9ab1123cec2d979d818323f0776df3c6baa0d6095a903fcd03
[INFO] running `Command { std: "docker" "start" "-a" "5750b21fe11f0e9ab1123cec2d979d818323f0776df3c6baa0d6095a903fcd03", kill_on_drop: false }`
[INFO] [stderr]     Blocking waiting for file lock on package cache
[INFO] [stderr]     Finished test [unoptimized + debuginfo] target(s) in 0.10s
[INFO] [stderr]      Running unittests (/opt/rustwide/target/debug/deps/ew-74ebdac167daa93e)
[INFO] [stdout] 
[INFO] [stdout] running 94 tests
[INFO] [stdout] test particleswarm::postmove::tests::test_inside_interval ... ok
[INFO] [stdout] test particleswarm::postmove::tests::test_max ... ok
[INFO] [stdout] test particleswarm::postmove::tests::test_min ... ok
[INFO] [stdout] test particleswarm::postmove::tests::test_mix ... ok
[INFO] [stdout] test particleswarm::postvelocitycalc::tests::test_max_velocity_abs_change ... ok
[INFO] [stdout] test genetic::creation::vec_float::tests::test_population_size ... ok
[INFO] [stdout] test particleswarm::postmove::tests::test_empty ... ok
[INFO] [stdout] test particleswarm::postvelocitycalc::tests::test_max_velocity_abs_empty ... ok
[INFO] [stdout] test particleswarm::postvelocitycalc::tests::test_max_velocity_abs_not_change ... ok
[INFO] [stdout] test particleswarm::postvelocitycalc::tests::test_max_velocity_dimensions_empty ... ok
[INFO] [stdout] test particleswarm::postvelocitycalc::tests::test_max_velocity_dimensions_fix ... ok
[INFO] [stdout] test particleswarm::postvelocitycalc::tests::test_max_velocity_dimensions_not_change ... ok
[INFO] [stdout] test particleswarm::tests::test_find_best_particle_empty ... ok
[INFO] [stdout] test particleswarm::tests::test_compare_floats ... ok
[INFO] [stdout] test particleswarm::tests::test_find_best_particle_many_02 ... ok
[INFO] [stdout] test particleswarm::tests::test_find_best_particle_many_01 ... ok
[INFO] [stdout] test particleswarm::tests::test_find_best_particle_single ... ok
[INFO] [stdout] test particleswarm::tests::test_particle_move_to_better ... ok
[INFO] [stdout] test particleswarm::tests::test_particle_move_to_worse ... ok
[INFO] [stdout] test particleswarm::tests::test_particle_new ... ok
[INFO] [stdout] test tools::statistics::tests::call_count_data_average_empty ... ok
[INFO] [stdout] test tools::statistics::tests::call_count_data_average_several ... ok
[INFO] [stdout] test tools::statistics::tests::call_count_data_average_single_one ... ok
[INFO] [stdout] test tools::statistics::tests::call_count_data_average_single_two ... ok
[INFO] [stdout] test tools::statistics::tests::call_count_data_average_single_zero ... ok
[INFO] [stdout] test tools::statistics::tests::call_count_data_unite_01 ... ok
[INFO] [stdout] test tools::statistics::tests::call_count_data_unite_02 ... ok
[INFO] [stdout] test tools::statistics::tests::call_count_data_unite_03 ... ok
[INFO] [stdout] test tools::statistics::tests::call_count_data_unite_empty ... ok
[INFO] [stdout] test tools::statistics::tests::convergence_unite_01 ... ok
[INFO] [stdout] test tools::statistics::tests::convergence_unite_02 ... ok
[INFO] [stdout] test tools::statistics::tests::convergence_unite_04 ... ok
[INFO] [stdout] test tools::statistics::tests::get_average_convergence_empty ... ok
[INFO] [stdout] test tools::statistics::tests::get_average_convergence_several_01 ... ok
[INFO] [stdout] test tools::statistics::tests::get_average_convergence_several_02 ... ok
[INFO] [stdout] test tools::statistics::tests::get_average_convergence_several_03 ... ok
[INFO] [stdout] test tools::statistics::tests::get_average_convergence_single_01 ... ok
[INFO] [stdout] test genetic::creation::vec_float::tests::test_intervals ... ok
[INFO] [stdout] test tools::statistics::tests::get_average_goal_empty ... ok
[INFO] [stdout] test tools::statistics::tests::get_average_convergence_single_02 ... ok
[INFO] [stdout] test tools::statistics::tests::get_average_goal_none_only ... ok
[INFO] [stdout] test tools::statistics::tests::get_average_goal_several ... ok
[INFO] [stdout] test tools::statistics::tests::get_average_goal_single ... ok
[INFO] [stdout] test tools::statistics::tests::get_average_vec_float_empty ... ok
[INFO] [stdout] test tools::statistics::tests::get_average_vec_float_several_01 ... ok
[INFO] [stdout] test tools::statistics::tests::get_average_vec_float_none_only ... ok
[INFO] [stdout] test tools::statistics::tests::get_average_vec_float_several_02 ... ok
[INFO] [stdout] test tools::statistics::tests::get_average_vec_float_several_03 ... ok
[INFO] [stdout] test tools::statistics::tests::get_min_iterations_empty ... ok
[INFO] [stdout] test tools::statistics::tests::get_average_vec_float_single ... ok
[INFO] [stdout] test tools::statistics::tests::get_min_iterations_several_01 ... ok
[INFO] [stdout] test tools::statistics::tests::get_average_vec_float_several_04 ... ok
[INFO] [stdout] test tools::statistics::tests::get_min_iterations_several_02 ... ok
[INFO] [stdout] test tools::statistics::tests::get_min_iterations_single_01 ... ok
[INFO] [stdout] test tools::statistics::tests::get_min_iterations_single_02 ... ok
[INFO] [stdout] test tools::statistics::tests::get_standard_deviation_goal_empty ... ok
[INFO] [stdout] test tools::statistics::tests::get_standard_deviation_goal_none_only ... ok
[INFO] [stdout] test tools::statistics::tests::get_standard_deviation_goal_equal ... ok
[INFO] [stdout] test tools::statistics::tests::get_standard_deviation_goal_several ... ok
[INFO] [stdout] test tools::statistics::tests::get_standard_deviation_goal_several_02 ... ok
[INFO] [stdout] test tools::statistics::tests::get_standard_deviation_goal_single ... ok
[INFO] [stdout] test tools::statistics::tests::get_standard_deviation_goal_several_01 ... ok
[INFO] [stdout] test tools::statistics::tests::get_standard_deviation_vec_float_empty ... ok
[INFO] [stdout] test tools::statistics::tests::get_standard_deviation_vec_float_equal ... ok
[INFO] [stdout] test tools::statistics::tests::get_standard_deviation_vec_float_none_only ... ok
[INFO] [stdout] test tools::statistics::tests::get_success_rate_goal_empty ... ok
[INFO] [stdout] test tools::statistics::tests::get_success_rate_goal_full_success_01 ... ok
[INFO] [stdout] test tools::statistics::tests::get_standard_deviation_vec_float_single ... ok
[INFO] [stdout] test tools::statistics::tests::get_success_rate_goal_full_success_02 ... ok
[INFO] [stdout] test tools::statistics::tests::get_success_rate_goal_full_success_fail ... ok
[INFO] [stdout] test tools::statistics::tests::get_success_rate_goal_full_success_half ... ok
[INFO] [stdout] test tools::statistics::tests::get_success_rate_goal_full_success_two_of_three_01 ... ok
[INFO] [stdout] test tools::statistics::tests::get_success_rate_goal_full_success_two_of_three_02 ... ok
[INFO] [stdout] test tools::statistics::tests::get_success_rate_goal_none ... ok
[INFO] [stdout] test tools::statistics::tests::get_success_rate_goal_none_many ... ok
[INFO] [stdout] test tools::statistics::tests::get_success_rate_vec_solution_fail_single ... ok
[INFO] [stdout] test tools::statistics::tests::get_success_rate_vec_solution_half_01 ... ok
[INFO] [stdout] test tools::statistics::tests::get_success_rate_vec_solution_half_02 ... ok
[INFO] [stdout] test tools::statistics::tests::get_success_rate_vec_solution_success_single ... ok
[INFO] [stdout] test tools::statistics::tests::statistics_convergence_unite_empty ... ok
[INFO] [stdout] test tools::statistics::tests::statistics_unite_results_01 ... ok
[INFO] [stdout] test tools::statistics::tests::statistics_unite_results_02 ... ok
[INFO] [stdout] test tools::statistics::tests::statistics_unite_results_03 ... ok
[INFO] [stdout] test tools::tests::test_empty ... ok
[INFO] [stdout] test tools::tests::test_intervals ... ok
[INFO] [stdout] test genetic::creation::vec_float::tests::empty_intervals - should panic ... ok
[INFO] [stdout] test genetic::creation::vec_float::tests::empty_population - should panic ... ok
[INFO] [stdout] test genetic::creation::vec_float::tests::invalid_intervals_01 - should panic ... ok
[INFO] [stdout] test genetic::creation::vec_float::tests::invalid_intervals_02 - should panic ... ok
[INFO] [stdout] test genetic::creation::vec_float::tests::invalid_intervals_03 - should panic ... ok
[INFO] [stdout] test particleswarm::postvelocitycalc::tests::test_max_velocity_invalid_size - should panic ... ok
[INFO] [stdout] test tools::tests::invalid_intervals_01 - should panic ... ok
[INFO] [stdout] test tools::tests::invalid_intervals_02 - should panic ... ok
[INFO] [stdout] test tools::tests::invalid_intervals_03 - should panic ... ok
[INFO] [stdout] 
[INFO] [stdout] test result: ok. 94 passed; 0 failed; 0 ignored; 0 measured; 0 filtered out; finished in 0.03s
[INFO] [stdout] 
[INFO] [stderr]      Running tests/genetic-paraboloid.rs (/opt/rustwide/target/debug/deps/genetic_paraboloid-babebc15dbff836e)
[INFO] [stdout] 
[INFO] [stdout] running 1 test
[INFO] [stdout] test genetic_paraboloid ... ok
[INFO] [stdout] 
[INFO] [stdout] test result: ok. 1 passed; 0 failed; 0 ignored; 0 measured; 0 filtered out; finished in 6.01s
[INFO] [stdout] 
[INFO] [stderr]      Running tests/genetic-rastrigin.rs (/opt/rustwide/target/debug/deps/genetic_rastrigin-e3b0d20e3dab4fdf)
[INFO] [stdout] 
[INFO] [stdout] running 1 test
[INFO] [stdout] test genetic_rastrigin ... ok
[INFO] [stdout] 
[INFO] [stdout] test result: ok. 1 passed; 0 failed; 0 ignored; 0 measured; 0 filtered out; finished in 0.30s
[INFO] [stdout] 
[INFO] [stderr]      Running tests/genetic-rosenbrock.rs (/opt/rustwide/target/debug/deps/genetic_rosenbrock-75540b73bbf3c801)
[INFO] [stdout] 
[INFO] [stdout] running 1 test
[INFO] [stdout] test genetic_rosenbrock ... FAILED
[INFO] [stdout] 
[INFO] [stdout] failures:
[INFO] [stdout] 
[INFO] [stdout] ---- genetic_rosenbrock stdout ----
[INFO] [stdout] thread 'genetic_rosenbrock' panicked at 'called `Option::unwrap()` on a `None` value', tests/genetic-rosenbrock.rs:166:10
[INFO] [stdout] stack backtrace:
[INFO] [stdout]    0:     0x55eec487bbb0 - std::backtrace_rs::backtrace::libunwind::trace::hff4d1766e93f64f1
[INFO] [stdout]                                at /rustc/53fd98ca776cb875bc9e5514f56b52eb74f9e7a9/library/std/src/../../backtrace/src/backtrace/libunwind.rs:90:5
[INFO] [stdout]    1:     0x55eec487bbb0 - std::backtrace_rs::backtrace::trace_unsynchronized::h56bbc8eb78770bcb
[INFO] [stdout]                                at /rustc/53fd98ca776cb875bc9e5514f56b52eb74f9e7a9/library/std/src/../../backtrace/src/backtrace/mod.rs:66:5
[INFO] [stdout]    2:     0x55eec487bbb0 - std::sys_common::backtrace::_print_fmt::h5c8e75464faca780
[INFO] [stdout]                                at /rustc/53fd98ca776cb875bc9e5514f56b52eb74f9e7a9/library/std/src/sys_common/backtrace.rs:67:5
[INFO] [stdout]    3:     0x55eec487bbb0 - <std::sys_common::backtrace::_print::DisplayBacktrace as core::fmt::Display>::fmt::h48b88277def8b362
[INFO] [stdout]                                at /rustc/53fd98ca776cb875bc9e5514f56b52eb74f9e7a9/library/std/src/sys_common/backtrace.rs:46:22
[INFO] [stdout]    4:     0x55eec489e3dc - core::fmt::write::h3381b3176fe2b3d3
[INFO] [stdout]                                at /rustc/53fd98ca776cb875bc9e5514f56b52eb74f9e7a9/library/core/src/fmt/mod.rs:1115:17
[INFO] [stdout]    5:     0x55eec48789c5 - std::io::Write::write_fmt::h5f34a676f60246b5
[INFO] [stdout]                                at /rustc/53fd98ca776cb875bc9e5514f56b52eb74f9e7a9/library/std/src/io/mod.rs:1665:15
[INFO] [stdout]    6:     0x55eec487dd4b - std::sys_common::backtrace::_print::ha537687d6c17dd0d
[INFO] [stdout]                                at /rustc/53fd98ca776cb875bc9e5514f56b52eb74f9e7a9/library/std/src/sys_common/backtrace.rs:49:5
[INFO] [stdout]    7:     0x55eec487dd4b - std::sys_common::backtrace::print::h61376ae57d131d72
[INFO] [stdout]                                at /rustc/53fd98ca776cb875bc9e5514f56b52eb74f9e7a9/library/std/src/sys_common/backtrace.rs:36:9
[INFO] [stdout]    8:     0x55eec487dd4b - std::panicking::default_hook::{{closure}}::h0f7208c0b9644a54
[INFO] [stdout]                                at /rustc/53fd98ca776cb875bc9e5514f56b52eb74f9e7a9/library/std/src/panicking.rs:208:50
[INFO] [stdout]    9:     0x55eec487d85c - std::panicking::default_hook::hdac7fc06578c14ce
[INFO] [stdout]                                at /rustc/53fd98ca776cb875bc9e5514f56b52eb74f9e7a9/library/std/src/panicking.rs:222:9
[INFO] [stdout]   10:     0x55eec487e414 - std::panicking::rust_panic_with_hook::h72b21c283da3d1ef
[INFO] [stdout]                                at /rustc/53fd98ca776cb875bc9e5514f56b52eb74f9e7a9/library/std/src/panicking.rs:622:17
[INFO] [stdout]   11:     0x55eec487dec7 - std::panicking::begin_panic_handler::{{closure}}::he5778f1729cff84a
[INFO] [stdout]                                at /rustc/53fd98ca776cb875bc9e5514f56b52eb74f9e7a9/library/std/src/panicking.rs:517:13
[INFO] [stdout]   12:     0x55eec487c08c - std::sys_common::backtrace::__rust_end_short_backtrace::h2d11ca8b453b4b1d
[INFO] [stdout]                                at /rustc/53fd98ca776cb875bc9e5514f56b52eb74f9e7a9/library/std/src/sys_common/backtrace.rs:141:18
[INFO] [stdout]   13:     0x55eec487de59 - rust_begin_unwind
[INFO] [stdout]                                at /rustc/53fd98ca776cb875bc9e5514f56b52eb74f9e7a9/library/std/src/panicking.rs:515:5
[INFO] [stdout]   14:     0x55eec47a37d1 - core::panicking::panic_fmt::hf9de31d4acbce4db
[INFO] [stdout]                                at /rustc/53fd98ca776cb875bc9e5514f56b52eb74f9e7a9/library/core/src/panicking.rs:92:14
[INFO] [stdout]   15:     0x55eec47a371d - core::panicking::panic::h8a6bc58a21c6c095
[INFO] [stdout]                                at /rustc/53fd98ca776cb875bc9e5514f56b52eb74f9e7a9/library/core/src/panicking.rs:50:5
[INFO] [stdout]   16:     0x55eec47c747e - core::option::Option<T>::unwrap::h65a754e187a624d8
[INFO] [stdout]                                at /rustc/53fd98ca776cb875bc9e5514f56b52eb74f9e7a9/library/core/src/option.rs:722:21
[INFO] [stdout]   17:     0x55eec47c0268 - genetic_rosenbrock::genetic_rosenbrock::h5629a27bd774c37c
[INFO] [stdout]                                at /opt/rustwide/workdir/tests/genetic-rosenbrock.rs:163:24
[INFO] [stdout]   18:     0x55eec47bfd2a - genetic_rosenbrock::genetic_rosenbrock::{{closure}}::h1c7ad5edb698aed5
[INFO] [stdout]                                at /opt/rustwide/workdir/tests/genetic-rosenbrock.rs:110:1
[INFO] [stdout]   19:     0x55eec47d440e - core::ops::function::FnOnce::call_once::h1b9cd39a143796a4
[INFO] [stdout]                                at /rustc/53fd98ca776cb875bc9e5514f56b52eb74f9e7a9/library/core/src/ops/function.rs:227:5
[INFO] [stdout]   20:     0x55eec481c8e3 - core::ops::function::FnOnce::call_once::hbb52c4519d3137b0
[INFO] [stdout]                                at /rustc/53fd98ca776cb875bc9e5514f56b52eb74f9e7a9/library/core/src/ops/function.rs:227:5
[INFO] [stdout]   21:     0x55eec481c8e3 - test::__rust_begin_short_backtrace::h86fe3a2a5a5121af
[INFO] [stdout]                                at /rustc/53fd98ca776cb875bc9e5514f56b52eb74f9e7a9/library/test/src/lib.rs:578:5
[INFO] [stdout]   22:     0x55eec481b398 - <alloc::boxed::Box<F,A> as core::ops::function::FnOnce<Args>>::call_once::hfd956bc3d57399be
[INFO] [stdout]                                at /rustc/53fd98ca776cb875bc9e5514f56b52eb74f9e7a9/library/alloc/src/boxed.rs:1572:9
[INFO] [stdout]   23:     0x55eec481b398 - <std::panic::AssertUnwindSafe<F> as core::ops::function::FnOnce<()>>::call_once::h40dc93e0ddb5938a
[INFO] [stdout]                                at /rustc/53fd98ca776cb875bc9e5514f56b52eb74f9e7a9/library/std/src/panic.rs:347:9
[INFO] [stdout]   24:     0x55eec481b398 - std::panicking::try::do_call::h90d07750cb47c562
[INFO] [stdout]                                at /rustc/53fd98ca776cb875bc9e5514f56b52eb74f9e7a9/library/std/src/panicking.rs:401:40
[INFO] [stdout]   25:     0x55eec481b398 - std::panicking::try::h063c84733ad2a629
[INFO] [stdout]                                at /rustc/53fd98ca776cb875bc9e5514f56b52eb74f9e7a9/library/std/src/panicking.rs:365:19
[INFO] [stdout]   26:     0x55eec481b398 - std::panic::catch_unwind::h0c464836a84e7c08
[INFO] [stdout]                                at /rustc/53fd98ca776cb875bc9e5514f56b52eb74f9e7a9/library/std/src/panic.rs:434:14
[INFO] [stdout]   27:     0x55eec481b398 - test::run_test_in_process::h5cb06ef620b157fc
[INFO] [stdout]                                at /rustc/53fd98ca776cb875bc9e5514f56b52eb74f9e7a9/library/test/src/lib.rs:601:18
[INFO] [stdout]   28:     0x55eec481b398 - test::run_test::run_test_inner::{{closure}}::h76f677f4b93f9828
[INFO] [stdout]                                at /rustc/53fd98ca776cb875bc9e5514f56b52eb74f9e7a9/library/test/src/lib.rs:493:39
[INFO] [stdout]   29:     0x55eec47e9b2d - test::run_test::run_test_inner::{{closure}}::h366d01fe04f4d67a
[INFO] [stdout]                                at /rustc/53fd98ca776cb875bc9e5514f56b52eb74f9e7a9/library/test/src/lib.rs:520:37
[INFO] [stdout]   30:     0x55eec47e9b2d - std::sys_common::backtrace::__rust_begin_short_backtrace::h7dfa0de4eb395af2
[INFO] [stdout]                                at /rustc/53fd98ca776cb875bc9e5514f56b52eb74f9e7a9/library/std/src/sys_common/backtrace.rs:125:18
[INFO] [stdout]   31:     0x55eec47ee2f8 - std::thread::Builder::spawn_unchecked::{{closure}}::{{closure}}::hf0a74bb58798037f
[INFO] [stdout]                                at /rustc/53fd98ca776cb875bc9e5514f56b52eb74f9e7a9/library/std/src/thread/mod.rs:476:17
[INFO] [stdout]   32:     0x55eec47ee2f8 - <std::panic::AssertUnwindSafe<F> as core::ops::function::FnOnce<()>>::call_once::hb024e854818586ac
[INFO] [stdout]                                at /rustc/53fd98ca776cb875bc9e5514f56b52eb74f9e7a9/library/std/src/panic.rs:347:9
[INFO] [stdout]   33:     0x55eec47ee2f8 - std::panicking::try::do_call::hb2dd9f1d0d48e41d
[INFO] [stdout]                                at /rustc/53fd98ca776cb875bc9e5514f56b52eb74f9e7a9/library/std/src/panicking.rs:401:40
[INFO] [stdout]   34:     0x55eec47ee2f8 - std::panicking::try::h4717ae7bac8b2bf3
[INFO] [stdout]                                at /rustc/53fd98ca776cb875bc9e5514f56b52eb74f9e7a9/library/std/src/panicking.rs:365:19
[INFO] [stdout]   35:     0x55eec47ee2f8 - std::panic::catch_unwind::h0dc8a061326ce8d8
[INFO] [stdout]                                at /rustc/53fd98ca776cb875bc9e5514f56b52eb74f9e7a9/library/std/src/panic.rs:434:14
[INFO] [stdout]   36:     0x55eec47ee2f8 - std::thread::Builder::spawn_unchecked::{{closure}}::haa369e2d6fd00aa1
[INFO] [stdout]                                at /rustc/53fd98ca776cb875bc9e5514f56b52eb74f9e7a9/library/std/src/thread/mod.rs:475:30
[INFO] [stdout]   37:     0x55eec47ee2f8 - core::ops::function::FnOnce::call_once{{vtable.shim}}::h36dcf3de8b056f17
[INFO] [stdout]                                at /rustc/53fd98ca776cb875bc9e5514f56b52eb74f9e7a9/library/core/src/ops/function.rs:227:5
[INFO] [stdout]   38:     0x55eec4882fb7 - <alloc::boxed::Box<F,A> as core::ops::function::FnOnce<Args>>::call_once::h65c29e4642be2358
[INFO] [stdout]                                at /rustc/53fd98ca776cb875bc9e5514f56b52eb74f9e7a9/library/alloc/src/boxed.rs:1572:9
[INFO] [stdout]   39:     0x55eec4882fb7 - <alloc::boxed::Box<F,A> as core::ops::function::FnOnce<Args>>::call_once::hd0f8f7fbbd9fffbf
[INFO] [stdout]                                at /rustc/53fd98ca776cb875bc9e5514f56b52eb74f9e7a9/library/alloc/src/boxed.rs:1572:9
[INFO] [stdout]   40:     0x55eec4882fb7 - std::sys::unix::thread::Thread::new::thread_start::h2fd22fee3ca77b65
[INFO] [stdout]                                at /rustc/53fd98ca776cb875bc9e5514f56b52eb74f9e7a9/library/std/src/sys/unix/thread.rs:74:17
[INFO] [stdout]   41:     0x7f0c2ac4b609 - start_thread
[INFO] [stdout]   42:     0x7f0c2aa1d293 - clone
[INFO] [stdout]   43:                0x0 - <unknown>
[INFO] [stdout] 
[INFO] [stdout] 
[INFO] [stdout] failures:
[INFO] [stdout]     genetic_rosenbrock
[INFO] [stdout] 
[INFO] [stdout] test result: FAILED. 0 passed; 1 failed; 0 ignored; 0 measured; 0 filtered out; finished in 0.12s
[INFO] [stdout] 
[INFO] [stderr] error: test failed, to rerun pass '--test genetic-rosenbrock'
[INFO] running `Command { std: "docker" "inspect" "5750b21fe11f0e9ab1123cec2d979d818323f0776df3c6baa0d6095a903fcd03", kill_on_drop: false }`
[INFO] running `Command { std: "docker" "rm" "-f" "5750b21fe11f0e9ab1123cec2d979d818323f0776df3c6baa0d6095a903fcd03", kill_on_drop: false }`
[INFO] [stdout] 5750b21fe11f0e9ab1123cec2d979d818323f0776df3c6baa0d6095a903fcd03
