[INFO] fetching crate dolores 0.1.10...
[INFO] testing dolores-0.1.10 against 1.54.0 for beta-1.55-1
[INFO] extracting crate dolores 0.1.10 into /workspace/builds/worker-63/source
[INFO] validating manifest of crates.io crate dolores 0.1.10 on toolchain 1.54.0
[INFO] running `Command { std: "/workspace/cargo-home/bin/cargo" "+1.54.0" "metadata" "--manifest-path" "Cargo.toml" "--no-deps", kill_on_drop: false }`
[INFO] started tweaking crates.io crate dolores 0.1.10
[INFO] finished tweaking crates.io crate dolores 0.1.10
[INFO] tweaked toml for crates.io crate dolores 0.1.10 written to /workspace/builds/worker-63/source/Cargo.toml
[INFO] running `Command { std: "/workspace/cargo-home/bin/cargo" "+1.54.0" "generate-lockfile" "--manifest-path" "Cargo.toml" "-Zno-index-update", kill_on_drop: false }`
[INFO] running `Command { std: "/workspace/cargo-home/bin/cargo" "+1.54.0" "fetch" "--manifest-path" "Cargo.toml", kill_on_drop: false }`
[INFO] running `Command { std: "docker" "create" "-v" "/var/lib/crater-agent-workspace/builds/worker-63/target:/opt/rustwide/target:rw,Z" "-v" "/var/lib/crater-agent-workspace/builds/worker-63/source:/opt/rustwide/workdir:ro,Z" "-v" "/var/lib/crater-agent-workspace/cargo-home:/opt/rustwide/cargo-home:ro,Z" "-v" "/var/lib/crater-agent-workspace/rustup-home:/opt/rustwide/rustup-home:ro,Z" "-e" "SOURCE_DIR=/opt/rustwide/workdir" "-e" "CARGO_TARGET_DIR=/opt/rustwide/target" "-e" "CARGO_HOME=/opt/rustwide/cargo-home" "-e" "RUSTUP_HOME=/opt/rustwide/rustup-home" "-w" "/opt/rustwide/workdir" "-m" "1610612736" "--user" "0:0" "--network" "none" "ghcr.io/rust-lang/crates-build-env/linux@sha256:34b6a614d2c27851fe6cbf88fbd1137609cefab8b10d0615aaeb6fd47975d74e" "/opt/rustwide/cargo-home/bin/cargo" "+1.54.0" "metadata" "--no-deps" "--format-version=1", kill_on_drop: false }`
[INFO] [stdout] af112af6b682e06636a2d19a5dc619c9283eade69d97d07667c55b3486cdbcd1
[INFO] running `Command { std: "docker" "start" "-a" "af112af6b682e06636a2d19a5dc619c9283eade69d97d07667c55b3486cdbcd1", kill_on_drop: false }`
[INFO] running `Command { std: "docker" "inspect" "af112af6b682e06636a2d19a5dc619c9283eade69d97d07667c55b3486cdbcd1", kill_on_drop: false }`
[INFO] running `Command { std: "docker" "rm" "-f" "af112af6b682e06636a2d19a5dc619c9283eade69d97d07667c55b3486cdbcd1", kill_on_drop: false }`
[INFO] [stdout] af112af6b682e06636a2d19a5dc619c9283eade69d97d07667c55b3486cdbcd1
[INFO] running `Command { std: "docker" "create" "-v" "/var/lib/crater-agent-workspace/builds/worker-63/target:/opt/rustwide/target:rw,Z" "-v" "/var/lib/crater-agent-workspace/builds/worker-63/source:/opt/rustwide/workdir:ro,Z" "-v" "/var/lib/crater-agent-workspace/cargo-home:/opt/rustwide/cargo-home:ro,Z" "-v" "/var/lib/crater-agent-workspace/rustup-home:/opt/rustwide/rustup-home:ro,Z" "-e" "SOURCE_DIR=/opt/rustwide/workdir" "-e" "CARGO_TARGET_DIR=/opt/rustwide/target" "-e" "CARGO_INCREMENTAL=0" "-e" "RUST_BACKTRACE=full" "-e" "RUSTFLAGS=--cap-lints=warn" "-e" "CARGO_HOME=/opt/rustwide/cargo-home" "-e" "RUSTUP_HOME=/opt/rustwide/rustup-home" "-w" "/opt/rustwide/workdir" "-m" "1610612736" "--user" "0:0" "--network" "none" "ghcr.io/rust-lang/crates-build-env/linux@sha256:34b6a614d2c27851fe6cbf88fbd1137609cefab8b10d0615aaeb6fd47975d74e" "/opt/rustwide/cargo-home/bin/cargo" "+1.54.0" "build" "--frozen" "--message-format=json", kill_on_drop: false }`
[INFO] [stdout] 195abc7c322f6c79a479599b6dc3012e3922f849abc055d24f57c24fcd66a505
[INFO] running `Command { std: "docker" "start" "-a" "195abc7c322f6c79a479599b6dc3012e3922f849abc055d24f57c24fcd66a505", kill_on_drop: false }`
[INFO] [stderr]     Blocking waiting for file lock on package cache
[INFO] [stderr]    Compiling db-key v0.0.5
[INFO] [stderr]    Compiling numtoa v0.1.0
[INFO] [stderr]    Compiling lazysort v0.2.1
[INFO] [stderr]    Compiling leveldb-sys v2.0.8
[INFO] [stderr]    Compiling bincode v0.9.2
[INFO] [stderr]    Compiling chrono v0.4.19
[INFO] [stderr]    Compiling termion v1.5.6
[INFO] [stderr]    Compiling recurdates v0.3.1
[INFO] [stderr] error: failed to run custom build command for `leveldb-sys v2.0.8`
[INFO] [stderr] 
[INFO] [stderr] Caused by:
[INFO] [stderr]   process didn't exit successfully: `/opt/rustwide/target/debug/build/leveldb-sys-6d4b4fc121529961/build-script-build` (exit status: 101)
[INFO] [stderr]   --- stdout
[INFO] [stderr]   [build] Started
[INFO] [stderr]   [snappy] Building
[INFO] [stderr]   running: "cmake" "/opt/rustwide/cargo-home/registry/src/github.com-1ecc6299db9ec823/leveldb-sys-2.0.8/deps/snappy-1.1.7" "-DBUILD_SHARED_LIBS=OFF" "-DSNAPPY_BUILD_TESTS=OFF" "-DHAVE_LIBZ=OFF" "-DCMAKE_INSTALL_LIBDIR=/opt/rustwide/target/debug/build/leveldb-sys-76b3aea182e6a18b/out/lib" "-DCMAKE_INSTALL_PREFIX=/opt/rustwide/target/debug/build/leveldb-sys-76b3aea182e6a18b/out" "-DCMAKE_C_FLAGS= -ffunction-sections -fdata-sections -fPIC -m64" "-DCMAKE_C_COMPILER=/usr/bin/cc" "-DCMAKE_CXX_FLAGS= -ffunction-sections -fdata-sections -fPIC -m64" "-DCMAKE_CXX_COMPILER=/usr/bin/c++" "-DCMAKE_ASM_FLAGS= -ffunction-sections -fdata-sections -fPIC -m64" "-DCMAKE_ASM_COMPILER=/usr/bin/cc" "-DCMAKE_BUILD_TYPE=Debug"
[INFO] [stderr]   -- The C compiler identification is GNU 9.3.0
[INFO] [stderr]   -- The CXX compiler identification is GNU 9.3.0
[INFO] [stderr]   -- Check for working C compiler: /usr/bin/cc
[INFO] [stderr]   -- Check for working C compiler: /usr/bin/cc -- works
[INFO] [stderr]   -- Detecting C compiler ABI info
[INFO] [stderr]   -- Detecting C compiler ABI info - done
[INFO] [stderr]   -- Detecting C compile features
[INFO] [stderr]   -- Detecting C compile features - done
[INFO] [stderr]   -- Check for working CXX compiler: /usr/bin/c++
[INFO] [stderr]   -- Check for working CXX compiler: /usr/bin/c++ -- works
[INFO] [stderr]   -- Detecting CXX compiler ABI info
[INFO] [stderr]   -- Detecting CXX compiler ABI info - done
[INFO] [stderr]   -- Detecting CXX compile features
[INFO] [stderr]   -- Detecting CXX compile features - done
[INFO] [stderr]   -- Check if the system is big endian
[INFO] [stderr]   -- Searching 16 bit integer
[INFO] [stderr]   -- Looking for sys/types.h
[INFO] [stderr]   -- Looking for sys/types.h - found
[INFO] [stderr]   -- Looking for stdint.h
[INFO] [stderr]   -- Looking for stdint.h - found
[INFO] [stderr]   -- Looking for stddef.h
[INFO] [stderr]   -- Looking for stddef.h - found
[INFO] [stderr]   -- Check size of unsigned short
[INFO] [stderr]   -- Check size of unsigned short - done
[INFO] [stderr]   -- Using unsigned short
[INFO] [stderr]   -- Check if the system is big endian - little endian
[INFO] [stderr]   -- Looking for byteswap.h
[INFO] [stderr]   -- Looking for byteswap.h - found
[INFO] [stderr]   -- Looking for sys/endian.h
[INFO] [stderr]   -- Looking for sys/endian.h - not found
[INFO] [stderr]   -- Looking for sys/mman.h
[INFO] [stderr]   -- Looking for sys/mman.h - found
[INFO] [stderr]   -- Looking for sys/resource.h
[INFO] [stderr]   -- Looking for sys/resource.h - found
[INFO] [stderr]   -- Looking for sys/time.h
[INFO] [stderr]   -- Looking for sys/time.h - found
[INFO] [stderr]   -- Looking for sys/uio.h
[INFO] [stderr]   -- Looking for sys/uio.h - found
[INFO] [stderr]   -- Looking for unistd.h
[INFO] [stderr]   -- Looking for unistd.h - found
[INFO] [stderr]   -- Looking for windows.h
[INFO] [stderr]   -- Looking for windows.h - not found
[INFO] [stderr]   -- Looking for lzo1x_1_15_compress in lzo2
[INFO] [stderr]   -- Looking for lzo1x_1_15_compress in lzo2 - found
[INFO] [stderr]   -- Performing Test HAVE_BUILTIN_EXPECT
[INFO] [stderr]   -- Performing Test HAVE_BUILTIN_EXPECT - Success
[INFO] [stderr]   -- Performing Test HAVE_BUILTIN_CTZ
[INFO] [stderr]   -- Performing Test HAVE_BUILTIN_CTZ - Success
[INFO] [stderr]   -- Looking for mmap
[INFO] [stderr]   -- Looking for mmap - found
[INFO] [stderr]   -- Looking for sysconf
[INFO] [stderr]   -- Looking for sysconf - found
[INFO] [stderr]   -- Configuring done
[INFO] [stderr]   -- Generating done
[INFO] [stderr]   -- Build files have been written to: /opt/rustwide/target/debug/build/leveldb-sys-76b3aea182e6a18b/out/build
[INFO] [stderr]   running: "cmake" "--build" "." "--target" "install" "--config" "Debug" "--"
[INFO] [stderr]   Scanning dependencies of target snappy
[INFO] [stderr]   [ 40%] Building CXX object CMakeFiles/snappy.dir/snappy-c.cc.o
[INFO] [stderr]   [ 40%] Building CXX object CMakeFiles/snappy.dir/snappy.cc.o
[INFO] [stderr]   [ 60%] Building CXX object CMakeFiles/snappy.dir/snappy-stubs-internal.cc.o
[INFO] [stderr]   [ 80%] Building CXX object CMakeFiles/snappy.dir/snappy-sinksource.cc.o
[INFO] [stderr]   [100%] Linking CXX static library libsnappy.a
[INFO] [stderr]   [100%] Built target snappy
[INFO] [stderr]   Install the project...
[INFO] [stderr]   -- Install configuration: "Debug"
[INFO] [stderr]   -- Installing: /opt/rustwide/target/debug/build/leveldb-sys-76b3aea182e6a18b/out/lib/libsnappy.a
[INFO] [stderr]   -- Installing: /opt/rustwide/target/debug/build/leveldb-sys-76b3aea182e6a18b/out/include/snappy-c.h
[INFO] [stderr]   -- Installing: /opt/rustwide/target/debug/build/leveldb-sys-76b3aea182e6a18b/out/include/snappy-sinksource.h
[INFO] [stderr]   -- Installing: /opt/rustwide/target/debug/build/leveldb-sys-76b3aea182e6a18b/out/include/snappy.h
[INFO] [stderr]   -- Installing: /opt/rustwide/target/debug/build/leveldb-sys-76b3aea182e6a18b/out/include/snappy-stubs-public.h
[INFO] [stderr]   -- Installing: /opt/rustwide/target/debug/build/leveldb-sys-76b3aea182e6a18b/out/lib/cmake/Snappy/SnappyTargets.cmake
[INFO] [stderr]   -- Installing: /opt/rustwide/target/debug/build/leveldb-sys-76b3aea182e6a18b/out/lib/cmake/Snappy/SnappyTargets-debug.cmake
[INFO] [stderr]   -- Installing: /opt/rustwide/target/debug/build/leveldb-sys-76b3aea182e6a18b/out/lib/cmake/Snappy/SnappyConfig.cmake
[INFO] [stderr]   -- Installing: /opt/rustwide/target/debug/build/leveldb-sys-76b3aea182e6a18b/out/lib/cmake/Snappy/SnappyConfigVersion.cmake
[INFO] [stderr]   cargo:root=/opt/rustwide/target/debug/build/leveldb-sys-76b3aea182e6a18b/out
[INFO] [stderr]   cargo:rustc-link-search=native=/opt/rustwide/target/debug/build/leveldb-sys-76b3aea182e6a18b/out/lib
[INFO] [stderr]   cargo:rustc-link-lib=static=snappy
[INFO] [stderr]   [leveldb] Building
[INFO] [stderr]   detected home dir change, cleaning out entire build directory
[INFO] [stderr]   running: "cmake" "/opt/rustwide/cargo-home/registry/src/github.com-1ecc6299db9ec823/leveldb-sys-2.0.8/deps/leveldb-1.22" "-DLEVELDB_BUILD_TESTS=OFF" "-DLEVELDB_BUILD_BENCHMARKS=OFF" "-DCMAKE_INSTALL_LIBDIR=/opt/rustwide/target/debug/build/leveldb-sys-76b3aea182e6a18b/out/lib" "-DHAVE_SNAPPY=ON" "-DCMAKE_INSTALL_PREFIX=/opt/rustwide/target/debug/build/leveldb-sys-76b3aea182e6a18b/out" "-DCMAKE_C_FLAGS= -I/opt/rustwide/target/debug/build/leveldb-sys-76b3aea182e6a18b/out/include -ffunction-sections -fdata-sections -fPIC -m64" "-DCMAKE_C_COMPILER=/usr/bin/cc" "-DCMAKE_CXX_FLAGS= -I/opt/rustwide/target/debug/build/leveldb-sys-76b3aea182e6a18b/out/include -ffunction-sections -fdata-sections -fPIC -m64" "-DCMAKE_CXX_COMPILER=/usr/bin/c++" "-DCMAKE_ASM_FLAGS= -ffunction-sections -fdata-sections -fPIC -m64" "-DCMAKE_ASM_COMPILER=/usr/bin/cc" "-DCMAKE_BUILD_TYPE=Debug"
[INFO] [stderr]   -- The C compiler identification is GNU 9.3.0
[INFO] [stderr]   -- The CXX compiler identification is GNU 9.3.0
[INFO] [stderr]   -- Check for working C compiler: /usr/bin/cc
[INFO] [stderr]   -- Check for working C compiler: /usr/bin/cc -- works
[INFO] [stderr]   -- Detecting C compiler ABI info
[INFO] [stderr]   -- Detecting C compiler ABI info - done
[INFO] [stderr]   -- Detecting C compile features
[INFO] [stderr]   -- Detecting C compile features - done
[INFO] [stderr]   -- Check for working CXX compiler: /usr/bin/c++
[INFO] [stderr]   -- Check for working CXX compiler: /usr/bin/c++ -- works
[INFO] [stderr]   -- Detecting CXX compiler ABI info
[INFO] [stderr]   -- Detecting CXX compiler ABI info - done
[INFO] [stderr]   -- Detecting CXX compile features
[INFO] [stderr]   -- Detecting CXX compile features - done
[INFO] [stderr]   -- Check if the system is big endian
[INFO] [stderr]   -- Searching 16 bit integer
[INFO] [stderr]   -- Looking for sys/types.h
[INFO] [stderr]   -- Looking for sys/types.h - found
[INFO] [stderr]   -- Looking for stdint.h
[INFO] [stderr]   -- Looking for stdint.h - found
[INFO] [stderr]   -- Looking for stddef.h
[INFO] [stderr]   -- Looking for stddef.h - found
[INFO] [stderr]   -- Check size of unsigned short
[INFO] [stderr]   -- Check size of unsigned short - done
[INFO] [stderr]   -- Using unsigned short
[INFO] [stderr]   -- Check if the system is big endian - little endian
[INFO] [stderr]   -- Looking for unistd.h
[INFO] [stderr]   -- Looking for unistd.h - found
[INFO] [stderr]   -- Looking for crc32c_value in crc32c
[INFO] [stderr]   -- Looking for crc32c_value in crc32c - not found
[INFO] [stderr]   -- Looking for malloc in tcmalloc
[INFO] [stderr]   -- Looking for malloc in tcmalloc - not found
[INFO] [stderr]   -- Looking for fdatasync
[INFO] [stderr]   -- Looking for fdatasync - found
[INFO] [stderr]   -- Looking for F_FULLFSYNC
[INFO] [stderr]   -- Looking for F_FULLFSYNC - not found
[INFO] [stderr]   -- Performing Test HAVE_CLANG_THREAD_SAFETY
[INFO] [stderr]   -- Performing Test HAVE_CLANG_THREAD_SAFETY - Failed
[INFO] [stderr]   -- Performing Test HAVE_CXX17_HAS_INCLUDE
[INFO] [stderr]   -- Performing Test HAVE_CXX17_HAS_INCLUDE - Success
[INFO] [stderr]   -- Looking for pthread.h
[INFO] [stderr]   -- Looking for pthread.h - found
[INFO] [stderr]   -- Performing Test CMAKE_HAVE_LIBC_PTHREAD
[INFO] [stderr]   -- Performing Test CMAKE_HAVE_LIBC_PTHREAD - Failed
[INFO] [stderr]   -- Looking for pthread_create in pthreads
[INFO] [stderr]   -- Looking for pthread_create in pthreads - not found
[INFO] [stderr]   -- Looking for pthread_create in pthread
[INFO] [stderr]   -- Looking for pthread_create in pthread - found
[INFO] [stderr]   -- Found Threads: TRUE  
[INFO] [stderr]   -- Configuring done
[INFO] [stderr]   -- Generating done
[INFO] [stderr]   -- Build files have been written to: /opt/rustwide/target/debug/build/leveldb-sys-76b3aea182e6a18b/out/build
[INFO] [stderr]   running: "cmake" "--build" "." "--target" "install" "--config" "Debug" "--"
[INFO] [stderr]   Scanning dependencies of target leveldb
[INFO] [stderr]   [  2%] Building CXX object CMakeFiles/leveldb.dir/db/builder.cc.o
[INFO] [stderr]   [  4%] Building CXX object CMakeFiles/leveldb.dir/db/db_iter.cc.o
[INFO] [stderr]   [  7%] Building CXX object CMakeFiles/leveldb.dir/db/db_impl.cc.o
[INFO] [stderr]   [  9%] Building CXX object CMakeFiles/leveldb.dir/db/c.cc.o
[INFO] [stderr]   [ 12%] Building CXX object CMakeFiles/leveldb.dir/db/dbformat.cc.o
[INFO] [stderr]   [ 14%] Building CXX object CMakeFiles/leveldb.dir/db/filename.cc.o
[INFO] [stderr]   [ 17%] Building CXX object CMakeFiles/leveldb.dir/db/dumpfile.cc.o
[INFO] [stderr]   [ 19%] Building CXX object CMakeFiles/leveldb.dir/db/log_reader.cc.o
[INFO] [stderr]   [ 21%] Building CXX object CMakeFiles/leveldb.dir/db/log_writer.cc.o
[INFO] [stderr]   [ 26%] Building CXX object CMakeFiles/leveldb.dir/db/memtable.cc.o
[INFO] [stderr]   [ 26%] Building CXX object CMakeFiles/leveldb.dir/db/repair.cc.o
[INFO] [stderr]   [ 29%] Building CXX object CMakeFiles/leveldb.dir/db/table_cache.cc.o
[INFO] [stderr]   [ 31%] Building CXX object CMakeFiles/leveldb.dir/table/iterator.cc.o
[INFO] [stderr]   [ 34%] Building CXX object CMakeFiles/leveldb.dir/table/format.cc.o
[INFO] [stderr]   [ 43%] Building CXX object CMakeFiles/leveldb.dir/db/write_batch.cc.o
[INFO] [stderr]   [ 43%] Building CXX object CMakeFiles/leveldb.dir/table/block.cc.o
[INFO] [stderr]   [ 43%] Building CXX object CMakeFiles/leveldb.dir/db/version_set.cc.o
[INFO] [stderr]   [ 43%] Building CXX object CMakeFiles/leveldb.dir/db/version_edit.cc.o
[INFO] [stderr]   [ 46%] Building CXX object CMakeFiles/leveldb.dir/table/merger.cc.o
[INFO] [stderr]   [ 48%] Building CXX object CMakeFiles/leveldb.dir/table/block_builder.cc.o
[INFO] [stderr]   [ 51%] Building CXX object CMakeFiles/leveldb.dir/table/table_builder.cc.o
[INFO] [stderr]   [ 53%] Building CXX object CMakeFiles/leveldb.dir/table/table.cc.o
[INFO] [stderr]   [ 56%] Building CXX object CMakeFiles/leveldb.dir/table/two_level_iterator.cc.o
[INFO] [stderr]   [ 58%] Building CXX object CMakeFiles/leveldb.dir/table/filter_block.cc.o
[INFO] [stderr]   [ 60%] Building CXX object CMakeFiles/leveldb.dir/util/arena.cc.o
[INFO] [stderr]   [ 63%] Building CXX object CMakeFiles/leveldb.dir/util/cache.cc.o
[INFO] [stderr]   [ 65%] Building CXX object CMakeFiles/leveldb.dir/util/bloom.cc.o
[INFO] [stderr]   [ 68%] Building CXX object CMakeFiles/leveldb.dir/util/coding.cc.o
[INFO] [stderr]   [ 73%] Building CXX object CMakeFiles/leveldb.dir/util/comparator.cc.o
[INFO] [stderr]   [ 73%] Building CXX object CMakeFiles/leveldb.dir/util/env.cc.o
[INFO] [stderr]   [ 75%] Building CXX object CMakeFiles/leveldb.dir/util/filter_policy.cc.o
[INFO] [stderr]   [ 78%] Building CXX object CMakeFiles/leveldb.dir/util/crc32c.cc.o
[INFO] [stderr]   [ 80%] Building CXX object CMakeFiles/leveldb.dir/util/hash.cc.o
[INFO] [stderr]   [ 82%] Building CXX object CMakeFiles/leveldb.dir/util/env_posix.cc.o
[INFO] [stderr]   [ 85%] Building CXX object CMakeFiles/leveldb.dir/util/logging.cc.o
[INFO] [stderr]   [ 87%] Building CXX object CMakeFiles/leveldb.dir/util/options.cc.o
[INFO] [stderr]   [ 90%] Building CXX object CMakeFiles/leveldb.dir/util/status.cc.o
[INFO] [stderr]   [ 92%] Building CXX object CMakeFiles/leveldb.dir/helpers/memenv/memenv.cc.o
[INFO] [stderr] 
[INFO] [stderr]   --- stderr
[INFO] [stderr]   CMake Warning:
[INFO] [stderr]     Manually-specified variables were not used by the project:
[INFO] [stderr] 
[INFO] [stderr]       CMAKE_ASM_COMPILER
[INFO] [stderr]       CMAKE_ASM_FLAGS
[INFO] [stderr] 
[INFO] [stderr] 
[INFO] [stderr]   CMake Warning:
[INFO] [stderr]     Manually-specified variables were not used by the project:
[INFO] [stderr] 
[INFO] [stderr]       CMAKE_ASM_COMPILER
[INFO] [stderr]       CMAKE_ASM_FLAGS
[INFO] [stderr] 
[INFO] [stderr] 
[INFO] [stderr]   c++: fatal error: Killed signal terminated program cc1plus
[INFO] [stderr]   compilation terminated.
[INFO] [stderr]   make[2]: *** [CMakeFiles/leveldb.dir/build.make:89: CMakeFiles/leveldb.dir/db/db_impl.cc.o] Error 1
[INFO] [stderr]   make[2]: *** Waiting for unfinished jobs....
[INFO] [stderr]   make[1]: *** [CMakeFiles/Makefile2:105: CMakeFiles/leveldb.dir/all] Error 2
[INFO] [stderr]   make: *** [Makefile:130: all] Error 2
[INFO] [stderr]   thread 'main' panicked at '
[INFO] [stderr]   command did not execute successfully, got: exit status: 2
[INFO] [stderr] 
[INFO] [stderr]   build script failed, must exit now', /opt/rustwide/cargo-home/registry/src/github.com-1ecc6299db9ec823/cmake-0.1.45/src/lib.rs:894:5
[INFO] [stderr]   stack backtrace:
[INFO] [stderr]      0:     0x563f465ae510 - std::backtrace_rs::backtrace::libunwind::trace::h34055254b57d8e79
[INFO] [stderr]                                  at /rustc/a178d0322ce20e33eac124758e837cbd80a6f633/library/std/src/../../backtrace/src/backtrace/libunwind.rs:90:5
[INFO] [stderr]      1:     0x563f465ae510 - std::backtrace_rs::backtrace::trace_unsynchronized::h8f1e3fbd9afff6ec
[INFO] [stderr]                                  at /rustc/a178d0322ce20e33eac124758e837cbd80a6f633/library/std/src/../../backtrace/src/backtrace/mod.rs:66:5
[INFO] [stderr]      2:     0x563f465ae510 - std::sys_common::backtrace::_print_fmt::h3a99a796b770c360
[INFO] [stderr]                                  at /rustc/a178d0322ce20e33eac124758e837cbd80a6f633/library/std/src/sys_common/backtrace.rs:67:5
[INFO] [stderr]      3:     0x563f465ae510 - <std::sys_common::backtrace::_print::DisplayBacktrace as core::fmt::Display>::fmt::h32d1f94a80615d18
[INFO] [stderr]                                  at /rustc/a178d0322ce20e33eac124758e837cbd80a6f633/library/std/src/sys_common/backtrace.rs:46:22
[INFO] [stderr]      4:     0x563f465ce41c - core::fmt::write::h306731c068f7162c
[INFO] [stderr]                                  at /rustc/a178d0322ce20e33eac124758e837cbd80a6f633/library/core/src/fmt/mod.rs:1110:17
[INFO] [stderr]      5:     0x563f465ab235 - std::io::Write::write_fmt::hd2fa90334eee2a21
[INFO] [stderr]                                  at /rustc/a178d0322ce20e33eac124758e837cbd80a6f633/library/std/src/io/mod.rs:1588:15
[INFO] [stderr]      6:     0x563f465b0b5b - std::sys_common::backtrace::_print::h5abaa2601a852287
[INFO] [stderr]                                  at /rustc/a178d0322ce20e33eac124758e837cbd80a6f633/library/std/src/sys_common/backtrace.rs:49:5
[INFO] [stderr]      7:     0x563f465b0b5b - std::sys_common::backtrace::print::h8d81445442bb638f
[INFO] [stderr]                                  at /rustc/a178d0322ce20e33eac124758e837cbd80a6f633/library/std/src/sys_common/backtrace.rs:36:9
[INFO] [stderr]      8:     0x563f465b0b5b - std::panicking::default_hook::{{closure}}::hcfe804496a9fa747
[INFO] [stderr]                                  at /rustc/a178d0322ce20e33eac124758e837cbd80a6f633/library/std/src/panicking.rs:208:50
[INFO] [stderr]      9:     0x563f465b0631 - std::panicking::default_hook::hbea8e3ccf2ba8901
[INFO] [stderr]                                  at /rustc/a178d0322ce20e33eac124758e837cbd80a6f633/library/std/src/panicking.rs:225:9
[INFO] [stderr]     10:     0x563f465b1224 - std::panicking::rust_panic_with_hook::h7ee9e1a2d0f8975a
[INFO] [stderr]                                  at /rustc/a178d0322ce20e33eac124758e837cbd80a6f633/library/std/src/panicking.rs:622:17
[INFO] [stderr]     11:     0x563f465b0d07 - std::panicking::begin_panic_handler::{{closure}}::h8ab3b4491718b2c7
[INFO] [stderr]                                  at /rustc/a178d0322ce20e33eac124758e837cbd80a6f633/library/std/src/panicking.rs:519:13
[INFO] [stderr]     12:     0x563f465aea0c - std::sys_common::backtrace::__rust_end_short_backtrace::hd489062ffa586a9f
[INFO] [stderr]                                  at /rustc/a178d0322ce20e33eac124758e837cbd80a6f633/library/std/src/sys_common/backtrace.rs:141:18
[INFO] [stderr]     13:     0x563f465b0c69 - rust_begin_unwind
[INFO] [stderr]                                  at /rustc/a178d0322ce20e33eac124758e837cbd80a6f633/library/std/src/panicking.rs:515:5
[INFO] [stderr]     14:     0x563f4651cbeb - std::panicking::begin_panic_fmt::h5479575e112541f8
[INFO] [stderr]                                  at /rustc/a178d0322ce20e33eac124758e837cbd80a6f633/library/std/src/panicking.rs:457:5
[INFO] [stderr]     15:     0x563f46528e53 - cmake::fail::ha1cc8d11909fbc7e
[INFO] [stderr]                                  at /opt/rustwide/cargo-home/registry/src/github.com-1ecc6299db9ec823/cmake-0.1.45/src/lib.rs:894:5
[INFO] [stderr]     16:     0x563f46528861 - cmake::run::hdc59bf284b822c8e
[INFO] [stderr]                                  at /opt/rustwide/cargo-home/registry/src/github.com-1ecc6299db9ec823/cmake-0.1.45/src/lib.rs:872:9
[INFO] [stderr]     17:     0x563f46526291 - cmake::Config::build::hf6738867fda55e0d
[INFO] [stderr]                                  at /opt/rustwide/cargo-home/registry/src/github.com-1ecc6299db9ec823/cmake-0.1.45/src/lib.rs:778:9
[INFO] [stderr]     18:     0x563f4651ebd5 - build_script_build::build_leveldb::hf1ea4d64c98dab87
[INFO] [stderr]                                  at /opt/rustwide/cargo-home/registry/src/github.com-1ecc6299db9ec823/leveldb-sys-2.0.8/src/build.rs:70:23
[INFO] [stderr]     19:     0x563f4651f694 - build_script_build::main::h0557d7c8f209055a
[INFO] [stderr]                                  at /opt/rustwide/cargo-home/registry/src/github.com-1ecc6299db9ec823/leveldb-sys-2.0.8/src/build.rs:91:5
[INFO] [stderr]     20:     0x563f4651fccb - core::ops::function::FnOnce::call_once::h75366c155091c100
[INFO] [stderr]                                  at /rustc/a178d0322ce20e33eac124758e837cbd80a6f633/library/core/src/ops/function.rs:227:5
[INFO] [stderr]     21:     0x563f4651fc5e - std::sys_common::backtrace::__rust_begin_short_backtrace::h3dca35ce4fd8a748
[INFO] [stderr]                                  at /rustc/a178d0322ce20e33eac124758e837cbd80a6f633/library/std/src/sys_common/backtrace.rs:125:18
[INFO] [stderr]     22:     0x563f46521401 - std::rt::lang_start::{{closure}}::hb5ce68118d0dfa57
[INFO] [stderr]                                  at /rustc/a178d0322ce20e33eac124758e837cbd80a6f633/library/std/src/rt.rs:49:18
[INFO] [stderr]     23:     0x563f465b1729 - core::ops::function::impls::<impl core::ops::function::FnOnce<A> for &F>::call_once::h2aabc384aab89b7b
[INFO] [stderr]                                  at /rustc/a178d0322ce20e33eac124758e837cbd80a6f633/library/core/src/ops/function.rs:259:13
[INFO] [stderr]     24:     0x563f465b1729 - std::panicking::try::do_call::hc5fcacb7a85fc7b1
[INFO] [stderr]                                  at /rustc/a178d0322ce20e33eac124758e837cbd80a6f633/library/std/src/panicking.rs:401:40
[INFO] [stderr]     25:     0x563f465b1729 - std::panicking::try::hb5d9603af3abbe3a
[INFO] [stderr]                                  at /rustc/a178d0322ce20e33eac124758e837cbd80a6f633/library/std/src/panicking.rs:365:19
[INFO] [stderr]     26:     0x563f465b1729 - std::panic::catch_unwind::h98fe6ac3925e64b4
[INFO] [stderr]                                  at /rustc/a178d0322ce20e33eac124758e837cbd80a6f633/library/std/src/panic.rs:434:14
[INFO] [stderr]     27:     0x563f465b1729 - std::rt::lang_start_internal::h22ac7383c516f93e
[INFO] [stderr]                                  at /rustc/a178d0322ce20e33eac124758e837cbd80a6f633/library/std/src/rt.rs:34:21
[INFO] [stderr]     28:     0x563f465213e0 - std::rt::lang_start::h27e939b961463086
[INFO] [stderr]                                  at /rustc/a178d0322ce20e33eac124758e837cbd80a6f633/library/std/src/rt.rs:48:5
[INFO] [stderr]     29:     0x563f4651fa7c - main
[INFO] [stderr]     30:     0x7ff81c2720b3 - __libc_start_main
[INFO] [stderr]     31:     0x563f4651da8e - _start
[INFO] [stderr]     32:                0x0 - <unknown>
[INFO] running `Command { std: "docker" "inspect" "195abc7c322f6c79a479599b6dc3012e3922f849abc055d24f57c24fcd66a505", kill_on_drop: false }`
[INFO] running `Command { std: "docker" "rm" "-f" "195abc7c322f6c79a479599b6dc3012e3922f849abc055d24f57c24fcd66a505", kill_on_drop: false }`
[INFO] [stdout] 195abc7c322f6c79a479599b6dc3012e3922f849abc055d24f57c24fcd66a505
