[INFO] fetching crate dicom-core 0.4.1...
[INFO] testing dicom-core-0.4.1 against 1.54.0 for beta-1.55-1
[INFO] extracting crate dicom-core 0.4.1 into /workspace/builds/worker-18/source
[INFO] validating manifest of crates.io crate dicom-core 0.4.1 on toolchain 1.54.0
[INFO] running `Command { std: "/workspace/cargo-home/bin/cargo" "+1.54.0" "metadata" "--manifest-path" "Cargo.toml" "--no-deps", kill_on_drop: false }`
[INFO] started tweaking crates.io crate dicom-core 0.4.1
[INFO] finished tweaking crates.io crate dicom-core 0.4.1
[INFO] tweaked toml for crates.io crate dicom-core 0.4.1 written to /workspace/builds/worker-18/source/Cargo.toml
[INFO] running `Command { std: "/workspace/cargo-home/bin/cargo" "+1.54.0" "generate-lockfile" "--manifest-path" "Cargo.toml" "-Zno-index-update", kill_on_drop: false }`
[INFO] running `Command { std: "/workspace/cargo-home/bin/cargo" "+1.54.0" "fetch" "--manifest-path" "Cargo.toml", kill_on_drop: false }`
[INFO] [stderr]     Blocking waiting for file lock on package cache
[INFO] [stderr]     Blocking waiting for file lock on package cache
[INFO] running `Command { std: "docker" "create" "-v" "/var/lib/crater-agent-workspace/builds/worker-18/target:/opt/rustwide/target:rw,Z" "-v" "/var/lib/crater-agent-workspace/builds/worker-18/source:/opt/rustwide/workdir:ro,Z" "-v" "/var/lib/crater-agent-workspace/cargo-home:/opt/rustwide/cargo-home:ro,Z" "-v" "/var/lib/crater-agent-workspace/rustup-home:/opt/rustwide/rustup-home:ro,Z" "-e" "SOURCE_DIR=/opt/rustwide/workdir" "-e" "CARGO_TARGET_DIR=/opt/rustwide/target" "-e" "CARGO_HOME=/opt/rustwide/cargo-home" "-e" "RUSTUP_HOME=/opt/rustwide/rustup-home" "-w" "/opt/rustwide/workdir" "-m" "1610612736" "--user" "0:0" "--network" "none" "ghcr.io/rust-lang/crates-build-env/linux@sha256:34b6a614d2c27851fe6cbf88fbd1137609cefab8b10d0615aaeb6fd47975d74e" "/opt/rustwide/cargo-home/bin/cargo" "+1.54.0" "metadata" "--no-deps" "--format-version=1", kill_on_drop: false }`
[INFO] [stdout] fc5c5e07a0a4771ec448cda8557c88affd53c536ce5199890a2fea92908f3165
[INFO] running `Command { std: "docker" "start" "-a" "fc5c5e07a0a4771ec448cda8557c88affd53c536ce5199890a2fea92908f3165", kill_on_drop: false }`
[INFO] running `Command { std: "docker" "inspect" "fc5c5e07a0a4771ec448cda8557c88affd53c536ce5199890a2fea92908f3165", kill_on_drop: false }`
[INFO] running `Command { std: "docker" "rm" "-f" "fc5c5e07a0a4771ec448cda8557c88affd53c536ce5199890a2fea92908f3165", kill_on_drop: false }`
[INFO] [stdout] fc5c5e07a0a4771ec448cda8557c88affd53c536ce5199890a2fea92908f3165
[INFO] running `Command { std: "docker" "create" "-v" "/var/lib/crater-agent-workspace/builds/worker-18/target:/opt/rustwide/target:rw,Z" "-v" "/var/lib/crater-agent-workspace/builds/worker-18/source:/opt/rustwide/workdir:ro,Z" "-v" "/var/lib/crater-agent-workspace/cargo-home:/opt/rustwide/cargo-home:ro,Z" "-v" "/var/lib/crater-agent-workspace/rustup-home:/opt/rustwide/rustup-home:ro,Z" "-e" "SOURCE_DIR=/opt/rustwide/workdir" "-e" "CARGO_TARGET_DIR=/opt/rustwide/target" "-e" "CARGO_INCREMENTAL=0" "-e" "RUST_BACKTRACE=full" "-e" "RUSTFLAGS=--cap-lints=warn" "-e" "CARGO_HOME=/opt/rustwide/cargo-home" "-e" "RUSTUP_HOME=/opt/rustwide/rustup-home" "-w" "/opt/rustwide/workdir" "-m" "1610612736" "--user" "0:0" "--network" "none" "ghcr.io/rust-lang/crates-build-env/linux@sha256:34b6a614d2c27851fe6cbf88fbd1137609cefab8b10d0615aaeb6fd47975d74e" "/opt/rustwide/cargo-home/bin/cargo" "+1.54.0" "build" "--frozen" "--message-format=json", kill_on_drop: false }`
[INFO] [stdout] eb8bf6859c7b5305761d5865697b4576ea0a3525ebdef9d681bcc203163c4261
[INFO] running `Command { std: "docker" "start" "-a" "eb8bf6859c7b5305761d5865697b4576ea0a3525ebdef9d681bcc203163c4261", kill_on_drop: false }`
[INFO] [stderr]    Compiling autocfg v1.0.1
[INFO] [stderr]    Compiling proc-macro2 v1.0.28
[INFO] [stderr]    Compiling unicode-xid v0.2.2
[INFO] [stderr]    Compiling libc v0.2.98
[INFO] [stderr]    Compiling syn v1.0.74
[INFO] [stderr]    Compiling doc-comment v0.3.3
[INFO] [stderr]    Compiling either v1.6.1
[INFO] [stderr]    Compiling smallvec v1.6.1
[INFO] [stderr]    Compiling safe-transmute v0.11.2
[INFO] [stderr]    Compiling itertools v0.10.1
[INFO] [stderr]    Compiling num-traits v0.2.14
[INFO] [stderr]    Compiling num-integer v0.1.44
[INFO] [stderr]    Compiling quote v1.0.9
[INFO] [stderr]    Compiling time v0.1.44
[INFO] [stderr]    Compiling chrono v0.4.19
[INFO] [stderr]    Compiling snafu-derive v0.6.10
[INFO] [stderr]    Compiling snafu v0.6.10
[INFO] [stderr]    Compiling dicom-core v0.4.1 (/opt/rustwide/workdir)
[INFO] [stderr]     Finished dev [unoptimized + debuginfo] target(s) in 19.83s
[INFO] running `Command { std: "docker" "inspect" "eb8bf6859c7b5305761d5865697b4576ea0a3525ebdef9d681bcc203163c4261", kill_on_drop: false }`
[INFO] running `Command { std: "docker" "rm" "-f" "eb8bf6859c7b5305761d5865697b4576ea0a3525ebdef9d681bcc203163c4261", kill_on_drop: false }`
[INFO] [stdout] eb8bf6859c7b5305761d5865697b4576ea0a3525ebdef9d681bcc203163c4261
[INFO] running `Command { std: "docker" "create" "-v" "/var/lib/crater-agent-workspace/builds/worker-18/target:/opt/rustwide/target:rw,Z" "-v" "/var/lib/crater-agent-workspace/builds/worker-18/source:/opt/rustwide/workdir:ro,Z" "-v" "/var/lib/crater-agent-workspace/cargo-home:/opt/rustwide/cargo-home:ro,Z" "-v" "/var/lib/crater-agent-workspace/rustup-home:/opt/rustwide/rustup-home:ro,Z" "-e" "SOURCE_DIR=/opt/rustwide/workdir" "-e" "CARGO_TARGET_DIR=/opt/rustwide/target" "-e" "CARGO_INCREMENTAL=0" "-e" "RUST_BACKTRACE=full" "-e" "RUSTFLAGS=--cap-lints=warn" "-e" "CARGO_HOME=/opt/rustwide/cargo-home" "-e" "RUSTUP_HOME=/opt/rustwide/rustup-home" "-w" "/opt/rustwide/workdir" "-m" "1610612736" "--user" "0:0" "--network" "none" "ghcr.io/rust-lang/crates-build-env/linux@sha256:34b6a614d2c27851fe6cbf88fbd1137609cefab8b10d0615aaeb6fd47975d74e" "/opt/rustwide/cargo-home/bin/cargo" "+1.54.0" "test" "--frozen" "--no-run" "--message-format=json", kill_on_drop: false }`
[INFO] [stdout] 73d5dadaab7f3e4d77a81dd59df8d074a11ef7de27e1e4afcd9cd56ac7ef499b
[INFO] running `Command { std: "docker" "start" "-a" "73d5dadaab7f3e4d77a81dd59df8d074a11ef7de27e1e4afcd9cd56ac7ef499b", kill_on_drop: false }`
[INFO] [stderr]    Compiling dicom-core v0.4.1 (/opt/rustwide/workdir)
[INFO] [stderr]     Finished test [unoptimized + debuginfo] target(s) in 5.67s
[INFO] running `Command { std: "docker" "inspect" "73d5dadaab7f3e4d77a81dd59df8d074a11ef7de27e1e4afcd9cd56ac7ef499b", kill_on_drop: false }`
[INFO] running `Command { std: "docker" "rm" "-f" "73d5dadaab7f3e4d77a81dd59df8d074a11ef7de27e1e4afcd9cd56ac7ef499b", kill_on_drop: false }`
[INFO] [stdout] 73d5dadaab7f3e4d77a81dd59df8d074a11ef7de27e1e4afcd9cd56ac7ef499b
[INFO] running `Command { std: "docker" "create" "-v" "/var/lib/crater-agent-workspace/builds/worker-18/target:/opt/rustwide/target:rw,Z" "-v" "/var/lib/crater-agent-workspace/builds/worker-18/source:/opt/rustwide/workdir:ro,Z" "-v" "/var/lib/crater-agent-workspace/cargo-home:/opt/rustwide/cargo-home:ro,Z" "-v" "/var/lib/crater-agent-workspace/rustup-home:/opt/rustwide/rustup-home:ro,Z" "-e" "SOURCE_DIR=/opt/rustwide/workdir" "-e" "CARGO_TARGET_DIR=/opt/rustwide/target" "-e" "CARGO_INCREMENTAL=0" "-e" "RUST_BACKTRACE=full" "-e" "RUSTFLAGS=--cap-lints=warn" "-e" "CARGO_HOME=/opt/rustwide/cargo-home" "-e" "RUSTUP_HOME=/opt/rustwide/rustup-home" "-w" "/opt/rustwide/workdir" "-m" "1610612736" "--user" "0:0" "--network" "none" "ghcr.io/rust-lang/crates-build-env/linux@sha256:34b6a614d2c27851fe6cbf88fbd1137609cefab8b10d0615aaeb6fd47975d74e" "/opt/rustwide/cargo-home/bin/cargo" "+1.54.0" "test" "--frozen", kill_on_drop: false }`
[INFO] [stdout] 0d6f9cbba0da75acb1466e304f0e680d92ae8371d9d204f04ee1d7a38018bfb7
[INFO] running `Command { std: "docker" "start" "-a" "0d6f9cbba0da75acb1466e304f0e680d92ae8371d9d204f04ee1d7a38018bfb7", kill_on_drop: false }`
[INFO] [stderr]     Finished test [unoptimized + debuginfo] target(s) in 0.07s
[INFO] [stderr]      Running unittests (/opt/rustwide/target/debug/deps/dicom_core-1c505bcb46fa30ce)
[INFO] [stdout] 
[INFO] [stdout] running 31 tests
[INFO] [stdout] test header::tests::create_data_element_from_primitive ... ok
[INFO] [stdout] test header::tests::get_date_value ... ok
[INFO] [stdout] test header::tests::tag_from_u16_array ... ok
[INFO] [stdout] test dictionary::tests::test_parse_tag_range ... ok
[INFO] [stdout] test header::tests::tag_from_u16_pair ... ok
[INFO] [stdout] test header::tests::to_clean_string ... ok
[INFO] [stdout] test tests::macro_dicom_value ... ok
[INFO] [stdout] test util::tests::seek_interval_writing_here ... ok
[INFO] [stdout] test value::deserialize::tests::test_parse_date ... ok
[INFO] [stdout] test util::tests::seek_interval_writing ... ok
[INFO] [stderr]    Doc-tests dicom-core
[INFO] [stdout] test value::deserialize::tests::test_datetime ... ok
[INFO] [stdout] test value::primitive::tests::primitive_value_get ... ok
[INFO] [stdout] test value::primitive::tests::eq_str ... ok
[INFO] [stdout] test value::primitive::tests::primitive_value_to_bytes ... ok
[INFO] [stdout] test value::primitive::tests::primitive_value_to_int ... ok
[INFO] [stdout] test value::primitive::tests::primitive_value_to_multi_int ... ok
[INFO] [stdout] test value::primitive::tests::primitive_value_to_time ... ok
[INFO] [stdout] test value::primitive::tests::primitive_value_to_str ... ok
[INFO] [stdout] test value::serialize::test::test_encode_date ... ok
[INFO] [stdout] test value::serialize::test::test_encode_datetime ... ok
[INFO] [stdout] test value::serialize::test::test_encode_time ... ok
[INFO] [stdout] test value::deserialize::tests::test_time ... ok
[INFO] [stdout] test value::primitive::tests::eq_ignores_multi_variants ... ok
[INFO] [stdout] test value::primitive::tests::calculate_byte_len ... ok
[INFO] [stdout] test value::primitive::tests::primitive_value_to_clean_str ... ok
[INFO] [stdout] test value::tests::to_int ... ok
[INFO] [stdout] test value::primitive::tests::primitive_value_to_multi_floats ... ok
[INFO] [stdout] test value::tests::getters ... ok
[INFO] [stdout] test value::tests::to_float ... ok
[INFO] [stdout] test value::primitive::tests::primitive_value_to_date ... ok
[INFO] [stdout] test value::primitive::tests::primitive_value_to_datetime ... ok
[INFO] [stdout] 
[INFO] [stdout] test result: ok. 31 passed; 0 failed; 0 ignored; 0 measured; 0 filtered out; finished in 0.03s
[INFO] [stdout] 
[INFO] [stdout] 
[INFO] [stdout] running 24 tests
[INFO] [stdout] test src/header.rs - header::Length (line 944) ... ok
[INFO] [stdout] test src/lib.rs - dicom_value (line 79) ... FAILED
[INFO] [stdout] test src/value/primitive.rs - value::primitive::PrimitiveValue::to_multi_int (line 965) ... FAILED
[INFO] [stdout] test src/value/primitive.rs - value::primitive::PrimitiveValue::to_float32 (line 1143) ... ok
[INFO] [stdout] test src/value/primitive.rs - value::primitive::PrimitiveValue (line 158) ... ok
[INFO] [stdout] test src/header.rs - header::Length (line 936) ... ok
[INFO] [stdout] test src/value/primitive.rs - value::primitive::PrimitiveValue::to_datetime (line 2140) ... ok
[INFO] [stdout] test src/value/primitive.rs - value::primitive::PrimitiveValue::to_multi_date (line 1911) ... ok
[INFO] [stdout] test src/header.rs - header::Length (line 952) ... ok
[INFO] [stdout] test src/value/primitive.rs - value::primitive::PrimitiveValue::to_multi_time (line 2057) ... ok
[INFO] [stdout] test src/value/primitive.rs - value::primitive::PrimitiveValue::to_float64 (line 1493) ... ok
[INFO] [stdout] test src/value/primitive.rs - value::primitive::PrimitiveValue::to_multi_float64 (line 1654) ... ok
[INFO] [stdout] test src/value/primitive.rs - value::primitive::PrimitiveValue::to_date (line 1839) ... ok
[INFO] [stdout] test src/value/primitive.rs - value::primitive::PrimitiveValue::to_bytes (line 711) ... ok
[INFO] [stdout] test src/lib.rs - dicom_value (line 104) ... ok
[INFO] [stdout] test src/value/primitive.rs - value::primitive::PrimitiveValue::to_clean_str (line 631) ... ok
[INFO] [stdout] test src/value/primitive.rs - value::primitive::PrimitiveValue::to_multi_str (line 533) ... ok
[INFO] [stdout] test src/value/primitive.rs - value::primitive::PrimitiveValue::to_bytes (line 725) ... ok
[INFO] [stdout] test src/lib.rs - dicom_value (line 66) ... ok
[INFO] [stdout] test src/value/primitive.rs - value::primitive::PrimitiveValue::to_time (line 1989) ... ok
[INFO] [stdout] test src/value/primitive.rs - value::primitive::PrimitiveValue::to_str (line 475) ... ok
[INFO] [stdout] test src/value/primitive.rs - value::primitive::PrimitiveValue::to_multi_float32 (line 1304) ... ok
[INFO] [stdout] test src/value/primitive.rs - value::primitive::PrimitiveValue::to_multi_datetime (line 2223) ... ok
[INFO] [stdout] test src/value/primitive.rs - value::primitive::PrimitiveValue::to_int (line 804) ... ok
[INFO] [stdout] 
[INFO] [stdout] failures:
[INFO] [stdout] 
[INFO] [stdout] ---- src/lib.rs - dicom_value (line 79) stdout ----
[INFO] [stdout] Couldn't compile the test.
[INFO] [stdout] ---- src/value/primitive.rs - value::primitive::PrimitiveValue::to_multi_int (line 965) stdout ----
[INFO] [stdout] Couldn't compile the test.
[INFO] [stdout] 
[INFO] [stdout] failures:
[INFO] [stdout]     src/lib.rs - dicom_value (line 79)
[INFO] [stdout]     src/value/primitive.rs - value::primitive::PrimitiveValue::to_multi_int (line 965)
[INFO] [stdout] 
[INFO] [stdout] test result: FAILED. 22 passed; 2 failed; 0 ignored; 0 measured; 0 filtered out; finished in 2.95s
[INFO] [stdout] 
[INFO] [stderr] error: test failed, to rerun pass '--doc'
[INFO] running `Command { std: "docker" "inspect" "0d6f9cbba0da75acb1466e304f0e680d92ae8371d9d204f04ee1d7a38018bfb7", kill_on_drop: false }`
[INFO] running `Command { std: "docker" "rm" "-f" "0d6f9cbba0da75acb1466e304f0e680d92ae8371d9d204f04ee1d7a38018bfb7", kill_on_drop: false }`
[INFO] [stdout] 0d6f9cbba0da75acb1466e304f0e680d92ae8371d9d204f04ee1d7a38018bfb7
