[INFO] fetching crate crud-file-server 0.3.0...
[INFO] testing crud-file-server-0.3.0 against beta-2021-08-01 for beta-1.55-1
[INFO] extracting crate crud-file-server 0.3.0 into /workspace/builds/worker-56/source
[INFO] validating manifest of crates.io crate crud-file-server 0.3.0 on toolchain beta-2021-08-01
[INFO] running `Command { std: "/workspace/cargo-home/bin/cargo" "+beta-2021-08-01" "metadata" "--manifest-path" "Cargo.toml" "--no-deps", kill_on_drop: false }`
[INFO] started tweaking crates.io crate crud-file-server 0.3.0
[INFO] finished tweaking crates.io crate crud-file-server 0.3.0
[INFO] tweaked toml for crates.io crate crud-file-server 0.3.0 written to /workspace/builds/worker-56/source/Cargo.toml
[INFO] crate crates.io crate crud-file-server 0.3.0 already has a lockfile, it will not be regenerated
[INFO] running `Command { std: "/workspace/cargo-home/bin/cargo" "+beta-2021-08-01" "fetch" "--manifest-path" "Cargo.toml", kill_on_drop: false }`
[INFO] [stderr]     Blocking waiting for file lock on package cache
[INFO] [stderr]     Blocking waiting for file lock on package cache
[INFO] running `Command { std: "docker" "create" "-v" "/var/lib/crater-agent-workspace/builds/worker-56/target:/opt/rustwide/target:rw,Z" "-v" "/var/lib/crater-agent-workspace/builds/worker-56/source:/opt/rustwide/workdir:ro,Z" "-v" "/var/lib/crater-agent-workspace/cargo-home:/opt/rustwide/cargo-home:ro,Z" "-v" "/var/lib/crater-agent-workspace/rustup-home:/opt/rustwide/rustup-home:ro,Z" "-e" "SOURCE_DIR=/opt/rustwide/workdir" "-e" "CARGO_TARGET_DIR=/opt/rustwide/target" "-e" "CARGO_HOME=/opt/rustwide/cargo-home" "-e" "RUSTUP_HOME=/opt/rustwide/rustup-home" "-w" "/opt/rustwide/workdir" "-m" "1610612736" "--user" "0:0" "--network" "none" "ghcr.io/rust-lang/crates-build-env/linux@sha256:34b6a614d2c27851fe6cbf88fbd1137609cefab8b10d0615aaeb6fd47975d74e" "/opt/rustwide/cargo-home/bin/cargo" "+beta-2021-08-01" "metadata" "--no-deps" "--format-version=1", kill_on_drop: false }`
[INFO] [stdout] f714453c1630dbeafe57fc90b69982ef85591aa813214da170f4651f3ea7ab35
[INFO] running `Command { std: "docker" "start" "-a" "f714453c1630dbeafe57fc90b69982ef85591aa813214da170f4651f3ea7ab35", kill_on_drop: false }`
[INFO] running `Command { std: "docker" "inspect" "f714453c1630dbeafe57fc90b69982ef85591aa813214da170f4651f3ea7ab35", kill_on_drop: false }`
[INFO] running `Command { std: "docker" "rm" "-f" "f714453c1630dbeafe57fc90b69982ef85591aa813214da170f4651f3ea7ab35", kill_on_drop: false }`
[INFO] [stdout] f714453c1630dbeafe57fc90b69982ef85591aa813214da170f4651f3ea7ab35
[INFO] running `Command { std: "docker" "create" "-v" "/var/lib/crater-agent-workspace/builds/worker-56/target:/opt/rustwide/target:rw,Z" "-v" "/var/lib/crater-agent-workspace/builds/worker-56/source:/opt/rustwide/workdir:ro,Z" "-v" "/var/lib/crater-agent-workspace/cargo-home:/opt/rustwide/cargo-home:ro,Z" "-v" "/var/lib/crater-agent-workspace/rustup-home:/opt/rustwide/rustup-home:ro,Z" "-e" "SOURCE_DIR=/opt/rustwide/workdir" "-e" "CARGO_TARGET_DIR=/opt/rustwide/target" "-e" "CARGO_INCREMENTAL=0" "-e" "RUST_BACKTRACE=full" "-e" "RUSTFLAGS=--cap-lints=warn" "-e" "CARGO_HOME=/opt/rustwide/cargo-home" "-e" "RUSTUP_HOME=/opt/rustwide/rustup-home" "-w" "/opt/rustwide/workdir" "-m" "1610612736" "--user" "0:0" "--network" "none" "ghcr.io/rust-lang/crates-build-env/linux@sha256:34b6a614d2c27851fe6cbf88fbd1137609cefab8b10d0615aaeb6fd47975d74e" "/opt/rustwide/cargo-home/bin/cargo" "+beta-2021-08-01" "build" "--frozen" "--message-format=json", kill_on_drop: false }`
[INFO] [stdout] b71021d080298afd1d20f4ea34210675205b08dac02c2d60e4536438d05f39f3
[INFO] running `Command { std: "docker" "start" "-a" "b71021d080298afd1d20f4ea34210675205b08dac02c2d60e4536438d05f39f3", kill_on_drop: false }`
[INFO] [stderr]     Blocking waiting for file lock on package cache
[INFO] [stderr]     Blocking waiting for file lock on package cache
[INFO] [stderr]    Compiling syn v1.0.60
[INFO] [stderr]    Compiling version_check v0.9.2
[INFO] [stderr]    Compiling libc v0.2.87
[INFO] [stderr]    Compiling typenum v1.12.0
[INFO] [stderr]    Compiling cc v1.0.67
[INFO] [stderr]    Compiling futures-core v0.3.13
[INFO] [stderr]    Compiling value-bag v1.0.0-alpha.6
[INFO] [stderr]    Compiling log v0.4.14
[INFO] [stderr]    Compiling sval v1.0.0-alpha.5
[INFO] [stderr]    Compiling futures-io v0.3.13
[INFO] [stderr]    Compiling serde_derive v1.0.123
[INFO] [stderr]    Compiling subtle v2.4.0
[INFO] [stderr]    Compiling pin-project-lite v0.2.5
[INFO] [stderr]    Compiling memchr v2.3.4
[INFO] [stderr]    Compiling serde v1.0.123
[INFO] [stderr]    Compiling event-listener v2.5.1
[INFO] [stderr]    Compiling parking v2.0.0
[INFO] [stderr]    Compiling cache-padded v1.1.1
[INFO] [stderr]    Compiling fastrand v1.4.0
[INFO] [stderr]    Compiling waker-fn v1.1.0
[INFO] [stderr]    Compiling opaque-debug v0.3.0
[INFO] [stderr]    Compiling once_cell v1.7.2
[INFO] [stderr]    Compiling getrandom v0.2.2
[INFO] [stderr]    Compiling vec-arena v1.0.0
[INFO] [stderr]    Compiling signal-hook v0.3.6
[INFO] [stderr]    Compiling async-task v4.0.3
[INFO] [stderr]    Compiling serde_json v1.0.64
[INFO] [stderr]    Compiling const_fn v0.4.5
[INFO] [stderr]    Compiling atomic-waker v1.0.0
[INFO] [stderr]    Compiling cpuid-bool v0.2.0
[INFO] [stderr]    Compiling slab v0.4.2
[INFO] [stderr]    Compiling cpuid-bool v0.1.2
[INFO] [stderr]    Compiling pin-utils v0.1.0
[INFO] [stderr]    Compiling anyhow v1.0.38
[INFO] [stderr]    Compiling data-encoding v2.3.2
[INFO] [stderr]    Compiling base64 v0.13.0
[INFO] [stderr]    Compiling http-types v2.10.0
[INFO] [stderr]    Compiling curl v0.4.35
[INFO] [stderr]    Compiling infer v0.2.3
[INFO] [stderr]    Compiling isahc v0.9.14
[INFO] [stderr]    Compiling bytes v1.0.1
[INFO] [stderr]    Compiling futures-sink v0.3.13
[INFO] [stderr]    Compiling openssl-probe v0.1.2
[INFO] [stderr]    Compiling proc-macro-nested v0.1.7
[INFO] [stderr]    Compiling httparse v1.3.5
[INFO] [stderr]    Compiling constant_time_eq v0.1.5
[INFO] [stderr]    Compiling bytes v0.5.6
[INFO] [stderr]    Compiling arrayvec v0.5.2
[INFO] [stderr]    Compiling arrayref v0.3.6
[INFO] [stderr]    Compiling base64 v0.12.3
[INFO] [stderr]    Compiling pin-project-lite v0.1.12
[INFO] [stderr]    Compiling futures-task v0.3.13
[INFO] [stderr]    Compiling route-recognizer v0.2.0
[INFO] [stderr]    Compiling crossbeam-utils v0.8.3
[INFO] [stderr]    Compiling tinyvec v1.1.1
[INFO] [stderr]    Compiling unicode-bidi v0.3.4
[INFO] [stderr]    Compiling crossbeam-utils v0.7.2
[INFO] [stderr]    Compiling num-traits v0.2.14
[INFO] [stderr]    Compiling num-integer v0.1.44
[INFO] [stderr]    Compiling tracing-core v0.1.17
[INFO] [stderr]    Compiling lock_api v0.4.3
[INFO] [stderr]    Compiling concurrent-queue v1.2.2
[INFO] [stderr]    Compiling futures-channel v0.3.13
[INFO] [stderr]    Compiling async-mutex v1.4.0
[INFO] [stderr]    Compiling async-lock v2.3.0
[INFO] [stderr]    Compiling simple-mutex v1.1.5
[INFO] [stderr]    Compiling generic-array v0.14.4
[INFO] [stderr]    Compiling standback v0.2.15
[INFO] [stderr]    Compiling time v0.2.25
[INFO] [stderr]    Compiling cookie v0.14.4
[INFO] [stderr]    Compiling async-dup v1.2.2
[INFO] [stderr]    Compiling async-channel v1.6.1
[INFO] [stderr]    Compiling spinning_top v0.2.3
[INFO] [stderr]    Compiling sluice v0.5.4
[INFO] [stderr]    Compiling flume v0.9.2
[INFO] [stderr]    Compiling http v0.2.3
[INFO] [stderr]    Compiling futures-lite v1.11.3
[INFO] [stderr]    Compiling libz-sys v1.1.2
[INFO] [stderr]    Compiling libnghttp2-sys v0.1.6+1.43.0
[INFO] [stderr]    Compiling openssl-sys v0.9.61
[INFO] [stderr]    Compiling curl-sys v0.4.41+curl-7.75.0
[INFO] [stderr]    Compiling blake3 v0.3.7
[INFO] [stderr]    Compiling socket2 v0.3.19
[INFO] [stderr]    Compiling signal-hook-registry v1.3.0
[INFO] [stderr]    Compiling num_cpus v1.13.0
[INFO] [stderr]    Compiling getrandom v0.1.16
[INFO] [stderr]    Compiling time v0.1.44
[INFO] [stderr]    Compiling unicode-normalization v0.1.17
[INFO] [stderr]    Compiling rand_core v0.6.2
[INFO] [stderr]    Compiling uuid v0.8.2
[INFO] [stderr]    Compiling dashmap v4.0.2
[INFO] [stderr]    Compiling rand_core v0.5.1
[INFO] [stderr]    Compiling crossbeam-queue v0.2.3
[INFO] [stderr]    Compiling nb-connect v1.0.3
[INFO] [stderr]    Compiling rand_chacha v0.3.0
[INFO] [stderr]    Compiling async-executor v1.4.0
[INFO] [stderr]    Compiling blocking v1.0.2
[INFO] [stderr]    Compiling rand_chacha v0.2.2
[INFO] [stderr]    Compiling byte-pool v0.2.2
[INFO] [stderr]    Compiling rand v0.8.3
[INFO] [stderr]    Compiling rand v0.7.3
[INFO] [stderr]    Compiling digest v0.9.0
[INFO] [stderr]    Compiling cipher v0.2.5
[INFO] [stderr]    Compiling universal-hash v0.4.0
[INFO] [stderr]    Compiling crypto-mac v0.10.0
[INFO] [stderr]    Compiling block-buffer v0.9.0
[INFO] [stderr]    Compiling aead v0.3.2
[INFO] [stderr]    Compiling crypto-mac v0.8.0
[INFO] [stderr]    Compiling polyval v0.4.5
[INFO] [stderr]    Compiling hmac v0.10.1
[INFO] [stderr]    Compiling hmac v0.8.1
[INFO] [stderr]    Compiling sha2 v0.9.3
[INFO] [stderr]    Compiling aes-soft v0.6.4
[INFO] [stderr]    Compiling ctr v0.6.0
[INFO] [stderr]    Compiling idna v0.2.2
[INFO] [stderr]    Compiling hkdf v0.10.0
[INFO] [stderr]    Compiling ghash v0.3.1
[INFO] [stderr]    Compiling aes v0.6.0
[INFO] [stderr]    Compiling aes-gcm v0.8.0
[INFO] [stderr]    Compiling ctor v0.1.19
[INFO] [stderr]    Compiling time-macros-impl v0.1.1
[INFO] [stderr]    Compiling thiserror-impl v1.0.24
[INFO] [stderr]    Compiling async-attributes v1.1.2
[INFO] [stderr]    Compiling pin-project-internal v1.0.5
[INFO] [stderr]    Compiling tracing-attributes v0.1.15
[INFO] [stderr]    Compiling async-trait v0.1.42
[INFO] [stderr]    Compiling futures-macro v0.3.13
[INFO] [stderr]    Compiling futures-util v0.3.13
[INFO] [stderr]    Compiling time-macros v0.1.1
[INFO] [stderr]    Compiling polling v2.0.2
[INFO] [stderr]    Compiling kv-log-macro v1.0.7
[INFO] [stderr]    Compiling thiserror v1.0.24
[INFO] [stderr]    Compiling async-io v1.3.1
[INFO] [stderr]    Compiling pin-project v1.0.5
[INFO] [stderr]    Compiling tracing v0.1.25
[INFO] [stderr]    Compiling async-global-executor v2.0.2
[INFO] [stderr]    Compiling async-process v1.0.2
[INFO] [stderr]    Compiling tracing-futures v0.2.5
[INFO] [stderr]    Compiling async-std v1.9.0
[INFO] [stderr]    Compiling url v2.2.1
[INFO] [stderr]    Compiling serde_qs v0.7.2
[INFO] [stderr]    Compiling serde_urlencoded v0.7.0
[INFO] [stderr]    Compiling chrono v0.4.19
[INFO] [stderr]    Compiling bincode v1.3.2
[INFO] [stderr]    Compiling async-session v2.0.1
[INFO] [stderr]    Compiling femme v2.1.1
[INFO] [stderr]    Compiling async-h1 v2.3.1
[INFO] [stderr]    Compiling http-client v6.3.3
[INFO] [stderr]    Compiling async-sse v4.1.0
[INFO] [stderr]    Compiling tide v0.16.0
[INFO] [stderr]    Compiling crud-file-server v0.3.0 (/opt/rustwide/workdir)
[INFO] [stderr]     Finished dev [unoptimized + debuginfo] target(s) in 44.90s
[INFO] running `Command { std: "docker" "inspect" "b71021d080298afd1d20f4ea34210675205b08dac02c2d60e4536438d05f39f3", kill_on_drop: false }`
[INFO] running `Command { std: "docker" "rm" "-f" "b71021d080298afd1d20f4ea34210675205b08dac02c2d60e4536438d05f39f3", kill_on_drop: false }`
[INFO] [stdout] b71021d080298afd1d20f4ea34210675205b08dac02c2d60e4536438d05f39f3
[INFO] running `Command { std: "docker" "create" "-v" "/var/lib/crater-agent-workspace/builds/worker-56/target:/opt/rustwide/target:rw,Z" "-v" "/var/lib/crater-agent-workspace/builds/worker-56/source:/opt/rustwide/workdir:ro,Z" "-v" "/var/lib/crater-agent-workspace/cargo-home:/opt/rustwide/cargo-home:ro,Z" "-v" "/var/lib/crater-agent-workspace/rustup-home:/opt/rustwide/rustup-home:ro,Z" "-e" "SOURCE_DIR=/opt/rustwide/workdir" "-e" "CARGO_TARGET_DIR=/opt/rustwide/target" "-e" "CARGO_INCREMENTAL=0" "-e" "RUST_BACKTRACE=full" "-e" "RUSTFLAGS=--cap-lints=warn" "-e" "CARGO_HOME=/opt/rustwide/cargo-home" "-e" "RUSTUP_HOME=/opt/rustwide/rustup-home" "-w" "/opt/rustwide/workdir" "-m" "1610612736" "--user" "0:0" "--network" "none" "ghcr.io/rust-lang/crates-build-env/linux@sha256:34b6a614d2c27851fe6cbf88fbd1137609cefab8b10d0615aaeb6fd47975d74e" "/opt/rustwide/cargo-home/bin/cargo" "+beta-2021-08-01" "test" "--frozen" "--no-run" "--message-format=json", kill_on_drop: false }`
[INFO] [stdout] a1306eb9dd67d9575744a05a912b02f56fd8fffa299b0d9f6e29292a4af28ac5
[INFO] running `Command { std: "docker" "start" "-a" "a1306eb9dd67d9575744a05a912b02f56fd8fffa299b0d9f6e29292a4af28ac5", kill_on_drop: false }`
[INFO] [stderr]    Compiling mime v0.3.16
[INFO] [stderr]    Compiling unicase v2.6.0
[INFO] [stderr]    Compiling mime_guess v2.0.3
[INFO] [stderr]    Compiling surf v2.2.0
[INFO] [stderr]    Compiling crud-file-server v0.3.0 (/opt/rustwide/workdir)
[INFO] [stderr]     Finished test [unoptimized + debuginfo] target(s) in 12.08s
[INFO] running `Command { std: "docker" "inspect" "a1306eb9dd67d9575744a05a912b02f56fd8fffa299b0d9f6e29292a4af28ac5", kill_on_drop: false }`
[INFO] running `Command { std: "docker" "rm" "-f" "a1306eb9dd67d9575744a05a912b02f56fd8fffa299b0d9f6e29292a4af28ac5", kill_on_drop: false }`
[INFO] [stdout] a1306eb9dd67d9575744a05a912b02f56fd8fffa299b0d9f6e29292a4af28ac5
[INFO] running `Command { std: "docker" "create" "-v" "/var/lib/crater-agent-workspace/builds/worker-56/target:/opt/rustwide/target:rw,Z" "-v" "/var/lib/crater-agent-workspace/builds/worker-56/source:/opt/rustwide/workdir:ro,Z" "-v" "/var/lib/crater-agent-workspace/cargo-home:/opt/rustwide/cargo-home:ro,Z" "-v" "/var/lib/crater-agent-workspace/rustup-home:/opt/rustwide/rustup-home:ro,Z" "-e" "SOURCE_DIR=/opt/rustwide/workdir" "-e" "CARGO_TARGET_DIR=/opt/rustwide/target" "-e" "CARGO_INCREMENTAL=0" "-e" "RUST_BACKTRACE=full" "-e" "RUSTFLAGS=--cap-lints=warn" "-e" "CARGO_HOME=/opt/rustwide/cargo-home" "-e" "RUSTUP_HOME=/opt/rustwide/rustup-home" "-w" "/opt/rustwide/workdir" "-m" "1610612736" "--user" "0:0" "--network" "none" "ghcr.io/rust-lang/crates-build-env/linux@sha256:34b6a614d2c27851fe6cbf88fbd1137609cefab8b10d0615aaeb6fd47975d74e" "/opt/rustwide/cargo-home/bin/cargo" "+beta-2021-08-01" "test" "--frozen", kill_on_drop: false }`
[INFO] [stdout] 784e4c734fbd7d9bccef8b1f71cc1c3b09e7b44696c6372b27427aeee8f7e561
[INFO] running `Command { std: "docker" "start" "-a" "784e4c734fbd7d9bccef8b1f71cc1c3b09e7b44696c6372b27427aeee8f7e561", kill_on_drop: false }`
[INFO] [stderr]     Finished test [unoptimized + debuginfo] target(s) in 0.20s
[INFO] [stdout] 
[INFO] [stderr]      Running unittests (/opt/rustwide/target/debug/deps/crud_file_server-786e4b83449d8d17)
[INFO] [stdout] running 0 tests
[INFO] [stdout] 
[INFO] [stdout] test result: ok. 0 passed; 0 failed; 0 ignored; 0 measured; 0 filtered out; finished in 0.00s
[INFO] [stdout] 
[INFO] [stderr]      Running unittests (/opt/rustwide/target/debug/deps/crud_file_server-08c7e02e0c4fb959)
[INFO] [stdout] 
[INFO] [stdout] running 0 tests
[INFO] [stdout] 
[INFO] [stdout] test result: ok. 0 passed; 0 failed; 0 ignored; 0 measured; 0 filtered out; finished in 0.00s
[INFO] [stdout] 
[INFO] [stderr]      Running tests/crud.rs (/opt/rustwide/target/debug/deps/crud-0af6bb4a3ed88058)
[INFO] [stdout] 
[INFO] [stdout] running 1 test
[INFO] [stdout] test crud ... FAILED
[INFO] [stdout] 
[INFO] [stdout] failures:
[INFO] [stdout] 
[INFO] [stdout] ---- crud stdout ----
[INFO] [stdout] thread 'async-std/runtime' panicked at 'called `Result::unwrap()` on an `Err` value: Custom { kind: ReadOnlyFilesystem, error: VerboseError { source: Os { code: 30, kind: ReadOnlyFilesystem, message: "Read-only file system" }, message: "could not create directory path `temp_content`" } }', tests/crud.rs:15:41
[INFO] [stdout] stack backtrace:
[INFO] [stdout]    0:     0x55949bfa6c10 - std::backtrace_rs::backtrace::libunwind::trace::hff4d1766e93f64f1
[INFO] [stdout]                                at /rustc/53fd98ca776cb875bc9e5514f56b52eb74f9e7a9/library/std/src/../../backtrace/src/backtrace/libunwind.rs:90:5
[INFO] [stdout]    1:     0x55949bfa6c10 - std::backtrace_rs::backtrace::trace_unsynchronized::h56bbc8eb78770bcb
[INFO] [stdout]                                at /rustc/53fd98ca776cb875bc9e5514f56b52eb74f9e7a9/library/std/src/../../backtrace/src/backtrace/mod.rs:66:5
[INFO] [stdout]    2:     0x55949bfa6c10 - std::sys_common::backtrace::_print_fmt::h5c8e75464faca780
[INFO] [stdout]                                at /rustc/53fd98ca776cb875bc9e5514f56b52eb74f9e7a9/library/std/src/sys_common/backtrace.rs:67:5
[INFO] [stdout]    3:     0x55949bfa6c10 - <std::sys_common::backtrace::_print::DisplayBacktrace as core::fmt::Display>::fmt::h48b88277def8b362
[INFO] [stdout]                                at /rustc/53fd98ca776cb875bc9e5514f56b52eb74f9e7a9/library/std/src/sys_common/backtrace.rs:46:22
[INFO] [stdout]    4:     0x55949bfcb9bc - core::fmt::write::h3381b3176fe2b3d3
[INFO] [stdout]                                at /rustc/53fd98ca776cb875bc9e5514f56b52eb74f9e7a9/library/core/src/fmt/mod.rs:1115:17
[INFO] [stdout]    5:     0x55949bf9f6e5 - std::io::Write::write_fmt::h5f34a676f60246b5
[INFO] [stdout]                                at /rustc/53fd98ca776cb875bc9e5514f56b52eb74f9e7a9/library/std/src/io/mod.rs:1665:15
[INFO] [stdout]    6:     0x55949bfa927b - std::sys_common::backtrace::_print::ha537687d6c17dd0d
[INFO] [stdout]                                at /rustc/53fd98ca776cb875bc9e5514f56b52eb74f9e7a9/library/std/src/sys_common/backtrace.rs:49:5
[INFO] [stdout]    7:     0x55949bfa927b - std::sys_common::backtrace::print::h61376ae57d131d72
[INFO] [stdout]                                at /rustc/53fd98ca776cb875bc9e5514f56b52eb74f9e7a9/library/std/src/sys_common/backtrace.rs:36:9
[INFO] [stdout]    8:     0x55949bfa927b - std::panicking::default_hook::{{closure}}::h0f7208c0b9644a54
[INFO] [stdout]                                at /rustc/53fd98ca776cb875bc9e5514f56b52eb74f9e7a9/library/std/src/panicking.rs:208:50
[INFO] [stdout]    9:     0x55949bfa8d8c - std::panicking::default_hook::hdac7fc06578c14ce
[INFO] [stdout]                                at /rustc/53fd98ca776cb875bc9e5514f56b52eb74f9e7a9/library/std/src/panicking.rs:222:9
[INFO] [stdout]   10:     0x55949bfa9944 - std::panicking::rust_panic_with_hook::h72b21c283da3d1ef
[INFO] [stdout]                                at /rustc/53fd98ca776cb875bc9e5514f56b52eb74f9e7a9/library/std/src/panicking.rs:622:17
[INFO] [stdout]   11:     0x55949bfa9427 - std::panicking::begin_panic_handler::{{closure}}::he5778f1729cff84a
[INFO] [stdout]                                at /rustc/53fd98ca776cb875bc9e5514f56b52eb74f9e7a9/library/std/src/panicking.rs:519:13
[INFO] [stdout]   12:     0x55949bfa70ec - std::sys_common::backtrace::__rust_end_short_backtrace::h2d11ca8b453b4b1d
[INFO] [stdout]                                at /rustc/53fd98ca776cb875bc9e5514f56b52eb74f9e7a9/library/std/src/sys_common/backtrace.rs:141:18
[INFO] [stdout]   13:     0x55949bfa9389 - rust_begin_unwind
[INFO] [stdout]                                at /rustc/53fd98ca776cb875bc9e5514f56b52eb74f9e7a9/library/std/src/panicking.rs:515:5
[INFO] [stdout]   14:     0x55949b9b5a01 - core::panicking::panic_fmt::hf9de31d4acbce4db
[INFO] [stdout]                                at /rustc/53fd98ca776cb875bc9e5514f56b52eb74f9e7a9/library/core/src/panicking.rs:92:14
[INFO] [stdout]   15:     0x55949b9b5af3 - core::result::unwrap_failed::ha0c84e81219e5878
[INFO] [stdout]                                at /rustc/53fd98ca776cb875bc9e5514f56b52eb74f9e7a9/library/core/src/result.rs:1599:5
[INFO] [stdout]   16:     0x55949ba76dd9 - core::result::Result<T,E>::unwrap::h1ee2b290d22d74d8
[INFO] [stdout]                                at /rustc/53fd98ca776cb875bc9e5514f56b52eb74f9e7a9/library/core/src/result.rs:1281:23
[INFO] [stdout]   17:     0x55949ba83e31 - crud::crud::{{closure}}::{{closure}}::hc50918e9731718fc
[INFO] [stdout]                                at /opt/rustwide/workdir/tests/crud.rs:15:13
[INFO] [stdout]   18:     0x55949bad7bfb - <core::future::from_generator::GenFuture<T> as core::future::future::Future>::poll::hcbae98c44772a39c
[INFO] [stdout]                                at /rustc/53fd98ca776cb875bc9e5514f56b52eb74f9e7a9/library/core/src/future/mod.rs:80:19
[INFO] [stdout]   19:     0x55949ba886b9 - <async_std::task::builder::SupportTaskLocals<F> as core::future::future::Future>::poll::{{closure}}::h42b3b9bfaaab13e5
[INFO] [stdout]                                at /opt/rustwide/cargo-home/registry/src/github.com-1ecc6299db9ec823/async-std-1.9.0/src/task/builder.rs:199:17
[INFO] [stdout]   20:     0x55949ba72c26 - async_std::task::task_locals_wrapper::TaskLocalsWrapper::set_current::{{closure}}::h9a34d809e7786591
[INFO] [stdout]                                at /opt/rustwide/cargo-home/registry/src/github.com-1ecc6299db9ec823/async-std-1.9.0/src/task/task_locals_wrapper.rs:60:13
[INFO] [stdout]   21:     0x55949ba69911 - std::thread::local::LocalKey<T>::try_with::h8ea256c7223efa6b
[INFO] [stdout]                                at /rustc/53fd98ca776cb875bc9e5514f56b52eb74f9e7a9/library/std/src/thread/local.rs:399:16
[INFO] [stdout]   22:     0x55949ba6815d - std::thread::local::LocalKey<T>::with::hb3f65181879e3d55
[INFO] [stdout]                                at /rustc/53fd98ca776cb875bc9e5514f56b52eb74f9e7a9/library/std/src/thread/local.rs:375:9
[INFO] [stdout]   23:     0x55949ba71f68 - async_std::task::task_locals_wrapper::TaskLocalsWrapper::set_current::h463ade7c9d565982
[INFO] [stdout]                                at /opt/rustwide/cargo-home/registry/src/github.com-1ecc6299db9ec823/async-std-1.9.0/src/task/task_locals_wrapper.rs:55:9
[INFO] [stdout]   24:     0x55949ba884e5 - <async_std::task::builder::SupportTaskLocals<F> as core::future::future::Future>::poll::hd77ae5ea2602e726
[INFO] [stdout]                                at /opt/rustwide/cargo-home/registry/src/github.com-1ecc6299db9ec823/async-std-1.9.0/src/task/builder.rs:197:13
[INFO] [stdout]   25:     0x55949bac6a29 - async_executor::Executor::spawn::{{closure}}::h4bd98b8fa23b28ec
[INFO] [stdout]                                at /opt/rustwide/cargo-home/registry/src/github.com-1ecc6299db9ec823/async-executor-1.4.0/src/lib.rs:138:13
[INFO] [stdout]   26:     0x55949bad45fb - <core::future::from_generator::GenFuture<T> as core::future::future::Future>::poll::h5eed87b7ff6b5925
[INFO] [stdout]                                at /rustc/53fd98ca776cb875bc9e5514f56b52eb74f9e7a9/library/core/src/future/mod.rs:80:19
[INFO] [stdout]   27:     0x55949b9ddb64 - async_task::raw::RawTask<F,T,S>::run::hae02cce8a61e155b
[INFO] [stdout]                                at /opt/rustwide/cargo-home/registry/src/github.com-1ecc6299db9ec823/async-task-4.0.3/src/raw.rs:489:20
[INFO] [stdout]   28:     0x55949bf05bb4 - async_task::runnable::Runnable::run::h7182306873cd7d77
[INFO] [stdout]                                at /opt/rustwide/cargo-home/registry/src/github.com-1ecc6299db9ec823/async-task-4.0.3/src/runnable.rs:309:18
[INFO] [stdout]   29:     0x55949bebf93f - async_executor::Executor::run::{{closure}}::{{closure}}::h578dea9b95b61085
[INFO] [stdout]                                at /opt/rustwide/cargo-home/registry/src/github.com-1ecc6299db9ec823/async-executor-1.4.0/src/lib.rs:229:21
[INFO] [stdout]   30:     0x55949beb2efd - <core::future::from_generator::GenFuture<T> as core::future::future::Future>::poll::h061683e7724060f0
[INFO] [stdout]                                at /rustc/53fd98ca776cb875bc9e5514f56b52eb74f9e7a9/library/core/src/future/mod.rs:80:19
[INFO] [stdout]   31:     0x55949beb9e6b - <futures_lite::future::Or<F1,F2> as core::future::future::Future>::poll::h8d88d881374e2bb5
[INFO] [stdout]                                at /opt/rustwide/cargo-home/registry/src/github.com-1ecc6299db9ec823/futures-lite-1.11.3/src/future.rs:529:33
[INFO] [stdout]   32:     0x55949bebf138 - async_executor::Executor::run::{{closure}}::h5e991a6c5762ea1a
[INFO] [stdout]                                at /opt/rustwide/cargo-home/registry/src/github.com-1ecc6299db9ec823/async-executor-1.4.0/src/lib.rs:236:9
[INFO] [stdout]   33:     0x55949beb338d - <core::future::from_generator::GenFuture<T> as core::future::future::Future>::poll::h9a27e03db054444e
[INFO] [stdout]                                at /rustc/53fd98ca776cb875bc9e5514f56b52eb74f9e7a9/library/core/src/future/mod.rs:80:19
[INFO] [stdout]   34:     0x55949beb9fab - <futures_lite::future::Or<F1,F2> as core::future::future::Future>::poll::hfd9b8bc17b864134
[INFO] [stdout]                                at /opt/rustwide/cargo-home/registry/src/github.com-1ecc6299db9ec823/futures-lite-1.11.3/src/future.rs:529:33
[INFO] [stdout]   35:     0x55949becc515 - async_io::driver::block_on::hf2898ffb5d9b673b
[INFO] [stdout]                                at /opt/rustwide/cargo-home/registry/src/github.com-1ecc6299db9ec823/async-io-1.3.1/src/driver.rs:142:33
[INFO] [stdout]   36:     0x55949bed1620 - async_global_executor::reactor::block_on::{{closure}}::h9fe92ff1bee81565
[INFO] [stdout]                                at /opt/rustwide/cargo-home/registry/src/github.com-1ecc6299db9ec823/async-global-executor-2.0.2/src/reactor.rs:3:18
[INFO] [stdout]   37:     0x55949bed14cd - async_global_executor::reactor::block_on::h41f59d130bf0bd95
[INFO] [stdout]                                at /opt/rustwide/cargo-home/registry/src/github.com-1ecc6299db9ec823/async-global-executor-2.0.2/src/reactor.rs:12:5
[INFO] [stdout]   38:     0x55949bec5374 - async_global_executor::threading::thread_main_loop::{{closure}}::{{closure}}::ha765a358a59f4c11
[INFO] [stdout]                                at /opt/rustwide/cargo-home/registry/src/github.com-1ecc6299db9ec823/async-global-executor-2.0.2/src/threading.rs:95:17
[INFO] [stdout]   39:     0x55949bed7e7a - std::thread::local::LocalKey<T>::try_with::hc1ef9028512bae91
[INFO] [stdout]                                at /rustc/53fd98ca776cb875bc9e5514f56b52eb74f9e7a9/library/std/src/thread/local.rs:399:16
[INFO] [stdout]   40:     0x55949bed69f4 - std::thread::local::LocalKey<T>::with::h3992825feb76e7d6
[INFO] [stdout]                                at /rustc/53fd98ca776cb875bc9e5514f56b52eb74f9e7a9/library/std/src/thread/local.rs:375:9
[INFO] [stdout]   41:     0x55949bec53d0 - async_global_executor::threading::thread_main_loop::{{closure}}::he6e7406c305f0b7f
[INFO] [stdout]                                at /opt/rustwide/cargo-home/registry/src/github.com-1ecc6299db9ec823/async-global-executor-2.0.2/src/threading.rs:89:13
[INFO] [stdout]   42:     0x55949beb5efd - std::panicking::try::do_call::h13fc8ded79dd4b33
[INFO] [stdout]                                at /rustc/53fd98ca776cb875bc9e5514f56b52eb74f9e7a9/library/std/src/panicking.rs:401:40
[INFO] [stdout]   43:     0x55949beb6f4d - __rust_try
[INFO] [stdout]   44:     0x55949beb5d44 - std::panicking::try::haae244ac01f63c52
[INFO] [stdout]                                at /rustc/53fd98ca776cb875bc9e5514f56b52eb74f9e7a9/library/std/src/panicking.rs:365:19
[INFO] [stdout]   45:     0x55949beb3fff - std::panic::catch_unwind::hbe377c578888436f
[INFO] [stdout]                                at /rustc/53fd98ca776cb875bc9e5514f56b52eb74f9e7a9/library/std/src/panic.rs:434:14
[INFO] [stdout]   46:     0x55949bec4e5e - async_global_executor::threading::thread_main_loop::h072cf194980259cc
[INFO] [stdout]                                at /opt/rustwide/cargo-home/registry/src/github.com-1ecc6299db9ec823/async-global-executor-2.0.2/src/threading.rs:88:12
[INFO] [stdout]   47:     0x55949bec03aa - core::ops::function::FnOnce::call_once::h90f3bee7f3f2adc7
[INFO] [stdout]                                at /rustc/53fd98ca776cb875bc9e5514f56b52eb74f9e7a9/library/core/src/ops/function.rs:227:5
[INFO] [stdout]   48:     0x55949bed42ca - std::sys_common::backtrace::__rust_begin_short_backtrace::hd8cc90fd94f36f3b
[INFO] [stdout]                                at /rustc/53fd98ca776cb875bc9e5514f56b52eb74f9e7a9/library/std/src/sys_common/backtrace.rs:125:18
[INFO] [stdout]   49:     0x55949bebaff7 - std::thread::Builder::spawn_unchecked::{{closure}}::{{closure}}::h5cf5f3f3f2d9d6cd
[INFO] [stdout]                                at /rustc/53fd98ca776cb875bc9e5514f56b52eb74f9e7a9/library/std/src/thread/mod.rs:476:17
[INFO] [stdout]   50:     0x55949beb3f4a - <std::panic::AssertUnwindSafe<F> as core::ops::function::FnOnce<()>>::call_once::hbc2f4f9e20d3887e
[INFO] [stdout]                                at /rustc/53fd98ca776cb875bc9e5514f56b52eb74f9e7a9/library/std/src/panic.rs:347:9
[INFO] [stdout]   51:     0x55949beb5f2e - std::panicking::try::do_call::hd95965bbb8625d63
[INFO] [stdout]                                at /rustc/53fd98ca776cb875bc9e5514f56b52eb74f9e7a9/library/std/src/panicking.rs:401:40
[INFO] [stdout]   52:     0x55949beb6f4d - __rust_try
[INFO] [stdout]   53:     0x55949beb5e61 - std::panicking::try::hb7e2ce89bbc71da1
[INFO] [stdout]                                at /rustc/53fd98ca776cb875bc9e5514f56b52eb74f9e7a9/library/std/src/panicking.rs:365:19
[INFO] [stdout]   54:     0x55949beb3f9a - std::panic::catch_unwind::h4789d51a3ee0e138
[INFO] [stdout]                                at /rustc/53fd98ca776cb875bc9e5514f56b52eb74f9e7a9/library/std/src/panic.rs:434:14
[INFO] [stdout]   55:     0x55949bebae2d - std::thread::Builder::spawn_unchecked::{{closure}}::h66d2d2e58ab74633
[INFO] [stdout]                                at /rustc/53fd98ca776cb875bc9e5514f56b52eb74f9e7a9/library/std/src/thread/mod.rs:475:30
[INFO] [stdout]   56:     0x55949bec01ff - core::ops::function::FnOnce::call_once{{vtable.shim}}::h4600e56451127556
[INFO] [stdout]                                at /rustc/53fd98ca776cb875bc9e5514f56b52eb74f9e7a9/library/core/src/ops/function.rs:227:5
[INFO] [stdout]   57:     0x55949bfb01a7 - <alloc::boxed::Box<F,A> as core::ops::function::FnOnce<Args>>::call_once::h65c29e4642be2358
[INFO] [stdout]                                at /rustc/53fd98ca776cb875bc9e5514f56b52eb74f9e7a9/library/alloc/src/boxed.rs:1572:9
[INFO] [stdout]   58:     0x55949bfb01a7 - <alloc::boxed::Box<F,A> as core::ops::function::FnOnce<Args>>::call_once::hd0f8f7fbbd9fffbf
[INFO] [stdout]                                at /rustc/53fd98ca776cb875bc9e5514f56b52eb74f9e7a9/library/alloc/src/boxed.rs:1572:9
[INFO] [stdout]   59:     0x55949bfb01a7 - std::sys::unix::thread::Thread::new::thread_start::h2fd22fee3ca77b65
[INFO] [stdout]                                at /rustc/53fd98ca776cb875bc9e5514f56b52eb74f9e7a9/library/std/src/sys/unix/thread.rs:74:17
[INFO] [stdout]   60:     0x7fca27bb9609 - start_thread
[INFO] [stdout]   61:     0x7fca27989293 - clone
[INFO] [stdout]   62:                0x0 - <unknown>
[INFO] [stdout] thread 'crud' panicked at 'called `Result::unwrap()` on an `Err` value: ConnectFailed: failed to connect to the server', tests/crud.rs:23:14
[INFO] [stdout] stack backtrace:
[INFO] [stdout]    0:     0x55949bfa6c10 - std::backtrace_rs::backtrace::libunwind::trace::hff4d1766e93f64f1
[INFO] [stdout]                                at /rustc/53fd98ca776cb875bc9e5514f56b52eb74f9e7a9/library/std/src/../../backtrace/src/backtrace/libunwind.rs:90:5
[INFO] [stdout]    1:     0x55949bfa6c10 - std::backtrace_rs::backtrace::trace_unsynchronized::h56bbc8eb78770bcb
[INFO] [stdout]                                at /rustc/53fd98ca776cb875bc9e5514f56b52eb74f9e7a9/library/std/src/../../backtrace/src/backtrace/mod.rs:66:5
[INFO] [stdout]    2:     0x55949bfa6c10 - std::sys_common::backtrace::_print_fmt::h5c8e75464faca780
[INFO] [stdout]                                at /rustc/53fd98ca776cb875bc9e5514f56b52eb74f9e7a9/library/std/src/sys_common/backtrace.rs:67:5
[INFO] [stdout]    3:     0x55949bfa6c10 - <std::sys_common::backtrace::_print::DisplayBacktrace as core::fmt::Display>::fmt::h48b88277def8b362
[INFO] [stdout]                                at /rustc/53fd98ca776cb875bc9e5514f56b52eb74f9e7a9/library/std/src/sys_common/backtrace.rs:46:22
[INFO] [stdout]    4:     0x55949bfcb9bc - core::fmt::write::h3381b3176fe2b3d3
[INFO] [stdout]                                at /rustc/53fd98ca776cb875bc9e5514f56b52eb74f9e7a9/library/core/src/fmt/mod.rs:1115:17
[INFO] [stdout]    5:     0x55949bf9f6e5 - std::io::Write::write_fmt::h5f34a676f60246b5
[INFO] [stdout]                                at /rustc/53fd98ca776cb875bc9e5514f56b52eb74f9e7a9/library/std/src/io/mod.rs:1665:15
[INFO] [stdout]    6:     0x55949bfa927b - std::sys_common::backtrace::_print::ha537687d6c17dd0d
[INFO] [stdout]                                at /rustc/53fd98ca776cb875bc9e5514f56b52eb74f9e7a9/library/std/src/sys_common/backtrace.rs:49:5
[INFO] [stdout]    7:     0x55949bfa927b - std::sys_common::backtrace::print::h61376ae57d131d72
[INFO] [stdout]                                at /rustc/53fd98ca776cb875bc9e5514f56b52eb74f9e7a9/library/std/src/sys_common/backtrace.rs:36:9
[INFO] [stdout]    8:     0x55949bfa927b - std::panicking::default_hook::{{closure}}::h0f7208c0b9644a54
[INFO] [stdout]                                at /rustc/53fd98ca776cb875bc9e5514f56b52eb74f9e7a9/library/std/src/panicking.rs:208:50
[INFO] [stdout]    9:     0x55949bfa8d8c - std::panicking::default_hook::hdac7fc06578c14ce
[INFO] [stdout]                                at /rustc/53fd98ca776cb875bc9e5514f56b52eb74f9e7a9/library/std/src/panicking.rs:222:9
[INFO] [stdout]   10:     0x55949bfa9944 - std::panicking::rust_panic_with_hook::h72b21c283da3d1ef
[INFO] [stdout]                                at /rustc/53fd98ca776cb875bc9e5514f56b52eb74f9e7a9/library/std/src/panicking.rs:622:17
[INFO] [stdout]   11:     0x55949bfa9427 - std::panicking::begin_panic_handler::{{closure}}::he5778f1729cff84a
[INFO] [stdout]                                at /rustc/53fd98ca776cb875bc9e5514f56b52eb74f9e7a9/library/std/src/panicking.rs:519:13
[INFO] [stdout]   12:     0x55949bfa70ec - std::sys_common::backtrace::__rust_end_short_backtrace::h2d11ca8b453b4b1d
[INFO] [stdout]                                at /rustc/53fd98ca776cb875bc9e5514f56b52eb74f9e7a9/library/std/src/sys_common/backtrace.rs:141:18
[INFO] [stdout]   13:     0x55949bfa9389 - rust_begin_unwind
[INFO] [stdout]                                at /rustc/53fd98ca776cb875bc9e5514f56b52eb74f9e7a9/library/std/src/panicking.rs:515:5
[INFO] [stdout]   14:     0x55949b9b5a01 - core::panicking::panic_fmt::hf9de31d4acbce4db
[INFO] [stdout]                                at /rustc/53fd98ca776cb875bc9e5514f56b52eb74f9e7a9/library/core/src/panicking.rs:92:14
[INFO] [stdout]   15:     0x55949b9b5af3 - core::result::unwrap_failed::ha0c84e81219e5878
[INFO] [stdout]                                at /rustc/53fd98ca776cb875bc9e5514f56b52eb74f9e7a9/library/core/src/result.rs:1599:5
[INFO] [stdout]   16:     0x55949ba76f34 - core::result::Result<T,E>::unwrap::h4985ea0cacaf74a2
[INFO] [stdout]                                at /rustc/53fd98ca776cb875bc9e5514f56b52eb74f9e7a9/library/core/src/result.rs:1281:23
[INFO] [stdout]   17:     0x55949ba84afa - crud::crud::{{closure}}::h374347c1a2ad4a90
[INFO] [stdout]                                at /opt/rustwide/workdir/tests/crud.rs:21:9
[INFO] [stdout]   18:     0x55949bad271b - <core::future::from_generator::GenFuture<T> as core::future::future::Future>::poll::h1be8a2c5d0694ab1
[INFO] [stdout]                                at /rustc/53fd98ca776cb875bc9e5514f56b52eb74f9e7a9/library/core/src/future/mod.rs:80:19
[INFO] [stdout]   19:     0x55949ba88879 - <async_std::task::builder::SupportTaskLocals<F> as core::future::future::Future>::poll::{{closure}}::hc6cd95d2ba28d37e
[INFO] [stdout]                                at /opt/rustwide/cargo-home/registry/src/github.com-1ecc6299db9ec823/async-std-1.9.0/src/task/builder.rs:199:17
[INFO] [stdout]   20:     0x55949ba72326 - async_std::task::task_locals_wrapper::TaskLocalsWrapper::set_current::{{closure}}::h09feb08a9d2a8729
[INFO] [stdout]                                at /opt/rustwide/cargo-home/registry/src/github.com-1ecc6299db9ec823/async-std-1.9.0/src/task/task_locals_wrapper.rs:60:13
[INFO] [stdout]   21:     0x55949ba69a41 - std::thread::local::LocalKey<T>::try_with::h95887ba83437a6b5
[INFO] [stdout]                                at /rustc/53fd98ca776cb875bc9e5514f56b52eb74f9e7a9/library/std/src/thread/local.rs:399:16
[INFO] [stdout]   22:     0x55949ba6802d - std::thread::local::LocalKey<T>::with::h782085ca746b93b9
[INFO] [stdout]                                at /rustc/53fd98ca776cb875bc9e5514f56b52eb74f9e7a9/library/std/src/thread/local.rs:375:9
[INFO] [stdout]   23:     0x55949ba721d8 - async_std::task::task_locals_wrapper::TaskLocalsWrapper::set_current::hc4ef08bf4e256a94
[INFO] [stdout]                                at /opt/rustwide/cargo-home/registry/src/github.com-1ecc6299db9ec823/async-std-1.9.0/src/task/task_locals_wrapper.rs:55:9
[INFO] [stdout]   24:     0x55949ba880f5 - <async_std::task::builder::SupportTaskLocals<F> as core::future::future::Future>::poll::h208a8e006b2a1184
[INFO] [stdout]                                at /opt/rustwide/cargo-home/registry/src/github.com-1ecc6299db9ec823/async-std-1.9.0/src/task/builder.rs:197:13
[INFO] [stdout]   25:     0x55949ba93f9b - <futures_lite::future::Or<F1,F2> as core::future::future::Future>::poll::h75387d872b13a0ba
[INFO] [stdout]                                at /opt/rustwide/cargo-home/registry/src/github.com-1ecc6299db9ec823/futures-lite-1.11.3/src/future.rs:526:33
[INFO] [stdout]   26:     0x55949bac308a - async_executor::Executor::run::{{closure}}::h05c99df958c1c58f
[INFO] [stdout]                                at /opt/rustwide/cargo-home/registry/src/github.com-1ecc6299db9ec823/async-executor-1.4.0/src/lib.rs:236:9
[INFO] [stdout]   27:     0x55949bad2f6b - <core::future::from_generator::GenFuture<T> as core::future::future::Future>::poll::h3172c3ba7df4e068
[INFO] [stdout]                                at /rustc/53fd98ca776cb875bc9e5514f56b52eb74f9e7a9/library/core/src/future/mod.rs:80:19
[INFO] [stdout]   28:     0x55949bac2c16 - async_executor::LocalExecutor::run::{{closure}}::hab224c599d68e4f0
[INFO] [stdout]                                at /opt/rustwide/cargo-home/registry/src/github.com-1ecc6299db9ec823/async-executor-1.4.0/src/lib.rs:437:9
[INFO] [stdout]   29:     0x55949bad6a2b - <core::future::from_generator::GenFuture<T> as core::future::future::Future>::poll::ha0e70ca655aa2894
[INFO] [stdout]                                at /rustc/53fd98ca776cb875bc9e5514f56b52eb74f9e7a9/library/core/src/future/mod.rs:80:19
[INFO] [stdout]   30:     0x55949ba944ed - async_io::driver::block_on::hedd51fb4b4a8c3a4
[INFO] [stdout]                                at /opt/rustwide/cargo-home/registry/src/github.com-1ecc6299db9ec823/async-io-1.3.1/src/driver.rs:142:33
[INFO] [stdout]   31:     0x55949ba89589 - async_global_executor::reactor::block_on::{{closure}}::h288ebd3dc930bf69
[INFO] [stdout]                                at /opt/rustwide/cargo-home/registry/src/github.com-1ecc6299db9ec823/async-global-executor-2.0.2/src/reactor.rs:3:18
[INFO] [stdout]   32:     0x55949ba89553 - async_global_executor::reactor::block_on::hfe89cfa26837cebf
[INFO] [stdout]                                at /opt/rustwide/cargo-home/registry/src/github.com-1ecc6299db9ec823/async-global-executor-2.0.2/src/reactor.rs:12:5
[INFO] [stdout]   33:     0x55949ba8b393 - async_global_executor::executor::block_on::{{closure}}::h4d098a8285c8bf59
[INFO] [stdout]                                at /opt/rustwide/cargo-home/registry/src/github.com-1ecc6299db9ec823/async-global-executor-2.0.2/src/executor.rs:26:36
[INFO] [stdout]   34:     0x55949ba685ba - std::thread::local::LocalKey<T>::try_with::h043edd5b550a40fb
[INFO] [stdout]                                at /rustc/53fd98ca776cb875bc9e5514f56b52eb74f9e7a9/library/std/src/thread/local.rs:399:16
[INFO] [stdout]   35:     0x55949ba67da0 - std::thread::local::LocalKey<T>::with::h3272e794eb57928d
[INFO] [stdout]                                at /rustc/53fd98ca776cb875bc9e5514f56b52eb74f9e7a9/library/std/src/thread/local.rs:375:9
[INFO] [stdout]   36:     0x55949ba8b32a - async_global_executor::executor::block_on::h36a463456d0727fe
[INFO] [stdout]                                at /opt/rustwide/cargo-home/registry/src/github.com-1ecc6299db9ec823/async-global-executor-2.0.2/src/executor.rs:26:5
[INFO] [stdout]   37:     0x55949ba9d216 - async_std::task::builder::Builder::blocking::{{closure}}::{{closure}}::h4283c011d5660527
[INFO] [stdout]                                at /opt/rustwide/cargo-home/registry/src/github.com-1ecc6299db9ec823/async-std-1.9.0/src/task/builder.rs:171:25
[INFO] [stdout]   38:     0x55949ba7244b - async_std::task::task_locals_wrapper::TaskLocalsWrapper::set_current::{{closure}}::h0f1b10dec6c7470f
[INFO] [stdout]                                at /opt/rustwide/cargo-home/registry/src/github.com-1ecc6299db9ec823/async-std-1.9.0/src/task/task_locals_wrapper.rs:60:13
[INFO] [stdout]   39:     0x55949ba691ba - std::thread::local::LocalKey<T>::try_with::h60b54894ed4f4e86
[INFO] [stdout]                                at /rustc/53fd98ca776cb875bc9e5514f56b52eb74f9e7a9/library/std/src/thread/local.rs:399:16
[INFO] [stdout]   40:     0x55949ba68242 - std::thread::local::LocalKey<T>::with::hd3b25eb9c2631eff
[INFO] [stdout]                                at /rustc/53fd98ca776cb875bc9e5514f56b52eb74f9e7a9/library/std/src/thread/local.rs:375:9
[INFO] [stdout]   41:     0x55949ba71e0a - async_std::task::task_locals_wrapper::TaskLocalsWrapper::set_current::h038c7ff2332e862e
[INFO] [stdout]                                at /opt/rustwide/cargo-home/registry/src/github.com-1ecc6299db9ec823/async-std-1.9.0/src/task/task_locals_wrapper.rs:55:9
[INFO] [stdout]   42:     0x55949ba9d184 - async_std::task::builder::Builder::blocking::{{closure}}::hb1cbbc2f0b93142b
[INFO] [stdout]                                at /opt/rustwide/cargo-home/registry/src/github.com-1ecc6299db9ec823/async-std-1.9.0/src/task/builder.rs:168:17
[INFO] [stdout]   43:     0x55949ba69d62 - std::thread::local::LocalKey<T>::try_with::habfcf18fb3d0c901
[INFO] [stdout]                                at /rustc/53fd98ca776cb875bc9e5514f56b52eb74f9e7a9/library/std/src/thread/local.rs:399:16
[INFO] [stdout]   44:     0x55949ba681d0 - std::thread::local::LocalKey<T>::with::hd2242a6bc95b3d58
[INFO] [stdout]                                at /rustc/53fd98ca776cb875bc9e5514f56b52eb74f9e7a9/library/std/src/thread/local.rs:375:9
[INFO] [stdout]   45:     0x55949ba9cfeb - async_std::task::builder::Builder::blocking::h86cac64e87f67ce1
[INFO] [stdout]                                at /opt/rustwide/cargo-home/registry/src/github.com-1ecc6299db9ec823/async-std-1.9.0/src/task/builder.rs:161:9
[INFO] [stdout]   46:     0x55949ba4f38a - async_std::task::block_on::block_on::h608cc0abe8c5bf35
[INFO] [stdout]                                at /opt/rustwide/cargo-home/registry/src/github.com-1ecc6299db9ec823/async-std-1.9.0/src/task/block_on.rs:33:5
[INFO] [stdout]   47:     0x55949ba83c01 - crud::crud::h5200d6719650a0d1
[INFO] [stdout]                                at /opt/rustwide/workdir/tests/crud.rs:5:1
[INFO] [stdout]   48:     0x55949ba83bba - crud::crud::{{closure}}::hda0751e8c4fa0d11
[INFO] [stdout]                                at /opt/rustwide/workdir/tests/crud.rs:5:1
[INFO] [stdout]   49:     0x55949ba9d73e - core::ops::function::FnOnce::call_once::h1a40482f546717a1
[INFO] [stdout]                                at /rustc/53fd98ca776cb875bc9e5514f56b52eb74f9e7a9/library/core/src/ops/function.rs:227:5
[INFO] [stdout]   50:     0x55949bb72383 - core::ops::function::FnOnce::call_once::hbb52c4519d3137b0
[INFO] [stdout]                                at /rustc/53fd98ca776cb875bc9e5514f56b52eb74f9e7a9/library/core/src/ops/function.rs:227:5
[INFO] [stdout]   51:     0x55949bb72383 - test::__rust_begin_short_backtrace::h86fe3a2a5a5121af
[INFO] [stdout]                                at /rustc/53fd98ca776cb875bc9e5514f56b52eb74f9e7a9/library/test/src/lib.rs:578:5
[INFO] [stdout]   52:     0x55949bb70e38 - <alloc::boxed::Box<F,A> as core::ops::function::FnOnce<Args>>::call_once::hfd956bc3d57399be
[INFO] [stdout]                                at /rustc/53fd98ca776cb875bc9e5514f56b52eb74f9e7a9/library/alloc/src/boxed.rs:1572:9
[INFO] [stdout]   53:     0x55949bb70e38 - <std::panic::AssertUnwindSafe<F> as core::ops::function::FnOnce<()>>::call_once::h40dc93e0ddb5938a
[INFO] [stdout]                                at /rustc/53fd98ca776cb875bc9e5514f56b52eb74f9e7a9/library/std/src/panic.rs:347:9
[INFO] [stdout]   54:     0x55949bb70e38 - std::panicking::try::do_call::h90d07750cb47c562
[INFO] [stdout]                                at /rustc/53fd98ca776cb875bc9e5514f56b52eb74f9e7a9/library/std/src/panicking.rs:401:40
[INFO] [stdout]   55:     0x55949bb70e38 - std::panicking::try::h063c84733ad2a629
[INFO] [stdout]                                at /rustc/53fd98ca776cb875bc9e5514f56b52eb74f9e7a9/library/std/src/panicking.rs:365:19
[INFO] [stdout]   56:     0x55949bb70e38 - std::panic::catch_unwind::h0c464836a84e7c08
[INFO] [stdout]                                at /rustc/53fd98ca776cb875bc9e5514f56b52eb74f9e7a9/library/std/src/panic.rs:434:14
[INFO] [stdout]   57:     0x55949bb70e38 - test::run_test_in_process::h5cb06ef620b157fc
[INFO] [stdout]                                at /rustc/53fd98ca776cb875bc9e5514f56b52eb74f9e7a9/library/test/src/lib.rs:601:18
[INFO] [stdout]   58:     0x55949bb70e38 - test::run_test::run_test_inner::{{closure}}::h76f677f4b93f9828
[INFO] [stdout]                                at /rustc/53fd98ca776cb875bc9e5514f56b52eb74f9e7a9/library/test/src/lib.rs:493:39
[INFO] [stdout]   59:     0x55949bb3f5cd - test::run_test::run_test_inner::{{closure}}::h366d01fe04f4d67a
[INFO] [stdout]                                at /rustc/53fd98ca776cb875bc9e5514f56b52eb74f9e7a9/library/test/src/lib.rs:520:37
[INFO] [stdout]   60:     0x55949bb3f5cd - std::sys_common::backtrace::__rust_begin_short_backtrace::h7dfa0de4eb395af2
[INFO] [stdout]                                at /rustc/53fd98ca776cb875bc9e5514f56b52eb74f9e7a9/library/std/src/sys_common/backtrace.rs:125:18
[INFO] [stdout]   61:     0x55949bb43d98 - std::thread::Builder::spawn_unchecked::{{closure}}::{{closure}}::hf0a74bb58798037f
[INFO] [stdout]                                at /rustc/53fd98ca776cb875bc9e5514f56b52eb74f9e7a9/library/std/src/thread/mod.rs:476:17
[INFO] [stdout]   62:     0x55949bb43d98 - <std::panic::AssertUnwindSafe<F> as core::ops::function::FnOnce<()>>::call_once::hb024e854818586ac
[INFO] [stdout]                                at /rustc/53fd98ca776cb875bc9e5514f56b52eb74f9e7a9/library/std/src/panic.rs:347:9
[INFO] [stdout]   63:     0x55949bb43d98 - std::panicking::try::do_call::hb2dd9f1d0d48e41d
[INFO] [stdout]                                at /rustc/53fd98ca776cb875bc9e5514f56b52eb74f9e7a9/library/std/src/panicking.rs:401:40
[INFO] [stdout]   64:     0x55949bb43d98 - std::panicking::try::h4717ae7bac8b2bf3
[INFO] [stdout]                                at /rustc/53fd98ca776cb875bc9e5514f56b52eb74f9e7a9/library/std/src/panicking.rs:365:19
[INFO] [stdout]   65:     0x55949bb43d98 - std::panic::catch_unwind::h0dc8a061326ce8d8
[INFO] [stdout]                                at /rustc/53fd98ca776cb875bc9e5514f56b52eb74f9e7a9/library/std/src/panic.rs:434:14
[INFO] [stdout]   66:     0x55949bb43d98 - std::thread::Builder::spawn_unchecked::{{closure}}::haa369e2d6fd00aa1
[INFO] [stdout]                                at /rustc/53fd98ca776cb875bc9e5514f56b52eb74f9e7a9/library/std/src/thread/mod.rs:475:30
[INFO] [stdout]   67:     0x55949bb43d98 - core::ops::function::FnOnce::call_once{{vtable.shim}}::h36dcf3de8b056f17
[INFO] [stdout]                                at /rustc/53fd98ca776cb875bc9e5514f56b52eb74f9e7a9/library/core/src/ops/function.rs:227:5
[INFO] [stdout]   68:     0x55949bfb01a7 - <alloc::boxed::Box<F,A> as core::ops::function::FnOnce<Args>>::call_once::h65c29e4642be2358
[INFO] [stdout]                                at /rustc/53fd98ca776cb875bc9e5514f56b52eb74f9e7a9/library/alloc/src/boxed.rs:1572:9
[INFO] [stdout]   69:     0x55949bfb01a7 - <alloc::boxed::Box<F,A> as core::ops::function::FnOnce<Args>>::call_once::hd0f8f7fbbd9fffbf
[INFO] [stdout]                                at /rustc/53fd98ca776cb875bc9e5514f56b52eb74f9e7a9/library/alloc/src/boxed.rs:1572:9
[INFO] [stdout]   70:     0x55949bfb01a7 - std::sys::unix::thread::Thread::new::thread_start::h2fd22fee3ca77b65
[INFO] [stdout]                                at /rustc/53fd98ca776cb875bc9e5514f56b52eb74f9e7a9/library/std/src/sys/unix/thread.rs:74:17
[INFO] [stdout]   71:     0x7fca27bb9609 - start_thread
[INFO] [stdout]   72:     0x7fca27989293 - clone
[INFO] [stdout]   73:                0x0 - <unknown>
[INFO] [stdout] 
[INFO] [stdout] 
[INFO] [stdout] failures:
[INFO] [stdout]     crud
[INFO] [stdout] 
[INFO] [stdout] test result: FAILED. 0 passed; 1 failed; 0 ignored; 0 measured; 0 filtered out; finished in 1.11s
[INFO] [stdout] 
[INFO] [stderr] error: test failed, to rerun pass '--test crud'
[INFO] running `Command { std: "docker" "inspect" "784e4c734fbd7d9bccef8b1f71cc1c3b09e7b44696c6372b27427aeee8f7e561", kill_on_drop: false }`
[INFO] running `Command { std: "docker" "rm" "-f" "784e4c734fbd7d9bccef8b1f71cc1c3b09e7b44696c6372b27427aeee8f7e561", kill_on_drop: false }`
[INFO] [stdout] 784e4c734fbd7d9bccef8b1f71cc1c3b09e7b44696c6372b27427aeee8f7e561
