[INFO] fetching crate cargo-generate 0.8.0...
[INFO] testing cargo-generate-0.8.0 against beta-2021-08-01 for beta-1.55-1
[INFO] extracting crate cargo-generate 0.8.0 into /workspace/builds/worker-83/source
[INFO] validating manifest of crates.io crate cargo-generate 0.8.0 on toolchain beta-2021-08-01
[INFO] running `Command { std: "/workspace/cargo-home/bin/cargo" "+beta-2021-08-01" "metadata" "--manifest-path" "Cargo.toml" "--no-deps", kill_on_drop: false }`
[INFO] started tweaking crates.io crate cargo-generate 0.8.0
[INFO] finished tweaking crates.io crate cargo-generate 0.8.0
[INFO] tweaked toml for crates.io crate cargo-generate 0.8.0 written to /workspace/builds/worker-83/source/Cargo.toml
[INFO] crate crates.io crate cargo-generate 0.8.0 already has a lockfile, it will not be regenerated
[INFO] running `Command { std: "/workspace/cargo-home/bin/cargo" "+beta-2021-08-01" "fetch" "--manifest-path" "Cargo.toml", kill_on_drop: false }`
[INFO] [stderr]     Blocking waiting for file lock on package cache
[INFO] [stderr]     Blocking waiting for file lock on package cache
[INFO] [stderr]  Downloading crates ...
[INFO] [stderr]   Downloaded sanitize-filename v0.3.0
[INFO] [stderr]   Downloaded liquid-lib v0.22.0
[INFO] [stderr]   Downloaded proc-quote v0.3.2
[INFO] [stderr]   Downloaded proc-quote-impl v0.3.2
[INFO] [stderr]   Downloaded liquid-core v0.22.0
[INFO] [stderr]   Downloaded kstring v1.0.1
[INFO] [stderr]   Downloaded remove_dir_all v0.7.0
[INFO] [stderr]   Downloaded liquid v0.22.0
[INFO] [stderr]   Downloaded liquid-derive v0.22.0
[INFO] running `Command { std: "docker" "create" "-v" "/var/lib/crater-agent-workspace/builds/worker-83/target:/opt/rustwide/target:rw,Z" "-v" "/var/lib/crater-agent-workspace/builds/worker-83/source:/opt/rustwide/workdir:ro,Z" "-v" "/var/lib/crater-agent-workspace/cargo-home:/opt/rustwide/cargo-home:ro,Z" "-v" "/var/lib/crater-agent-workspace/rustup-home:/opt/rustwide/rustup-home:ro,Z" "-e" "SOURCE_DIR=/opt/rustwide/workdir" "-e" "CARGO_TARGET_DIR=/opt/rustwide/target" "-e" "CARGO_HOME=/opt/rustwide/cargo-home" "-e" "RUSTUP_HOME=/opt/rustwide/rustup-home" "-w" "/opt/rustwide/workdir" "-m" "1610612736" "--user" "0:0" "--network" "none" "ghcr.io/rust-lang/crates-build-env/linux@sha256:34b6a614d2c27851fe6cbf88fbd1137609cefab8b10d0615aaeb6fd47975d74e" "/opt/rustwide/cargo-home/bin/cargo" "+beta-2021-08-01" "metadata" "--no-deps" "--format-version=1", kill_on_drop: false }`
[INFO] [stdout] 51c3438818084bd9868be477d303a252036371b883ae6febb5f8af084c39bd8a
[INFO] running `Command { std: "docker" "start" "-a" "51c3438818084bd9868be477d303a252036371b883ae6febb5f8af084c39bd8a", kill_on_drop: false }`
[INFO] running `Command { std: "docker" "inspect" "51c3438818084bd9868be477d303a252036371b883ae6febb5f8af084c39bd8a", kill_on_drop: false }`
[INFO] running `Command { std: "docker" "rm" "-f" "51c3438818084bd9868be477d303a252036371b883ae6febb5f8af084c39bd8a", kill_on_drop: false }`
[INFO] [stdout] 51c3438818084bd9868be477d303a252036371b883ae6febb5f8af084c39bd8a
[INFO] running `Command { std: "docker" "create" "-v" "/var/lib/crater-agent-workspace/builds/worker-83/target:/opt/rustwide/target:rw,Z" "-v" "/var/lib/crater-agent-workspace/builds/worker-83/source:/opt/rustwide/workdir:ro,Z" "-v" "/var/lib/crater-agent-workspace/cargo-home:/opt/rustwide/cargo-home:ro,Z" "-v" "/var/lib/crater-agent-workspace/rustup-home:/opt/rustwide/rustup-home:ro,Z" "-e" "SOURCE_DIR=/opt/rustwide/workdir" "-e" "CARGO_TARGET_DIR=/opt/rustwide/target" "-e" "CARGO_INCREMENTAL=0" "-e" "RUST_BACKTRACE=full" "-e" "RUSTFLAGS=--cap-lints=warn" "-e" "CARGO_HOME=/opt/rustwide/cargo-home" "-e" "RUSTUP_HOME=/opt/rustwide/rustup-home" "-w" "/opt/rustwide/workdir" "-m" "1610612736" "--user" "0:0" "--network" "none" "ghcr.io/rust-lang/crates-build-env/linux@sha256:34b6a614d2c27851fe6cbf88fbd1137609cefab8b10d0615aaeb6fd47975d74e" "/opt/rustwide/cargo-home/bin/cargo" "+beta-2021-08-01" "build" "--frozen" "--message-format=json", kill_on_drop: false }`
[INFO] [stdout] c995be78a0ac70e0f9acf3f7bfa6baa7d295eb2dbf448b34509fb1086b57d76d
[INFO] running `Command { std: "docker" "start" "-a" "c995be78a0ac70e0f9acf3f7bfa6baa7d295eb2dbf448b34509fb1086b57d76d", kill_on_drop: false }`
[INFO] [stderr]    Compiling libc v0.2.92
[INFO] [stderr]    Compiling syn v1.0.67
[INFO] [stderr]    Compiling memchr v2.4.0
[INFO] [stderr]    Compiling serde_derive v1.0.125
[INFO] [stderr]    Compiling serde v1.0.125
[INFO] [stderr]    Compiling getrandom v0.2.2
[INFO] [stderr]    Compiling ucd-trie v0.1.3
[INFO] [stderr]    Compiling maplit v1.0.2
[INFO] [stderr]    Compiling anyhow v1.0.42
[INFO] [stderr]    Compiling typenum v1.13.0
[INFO] [stderr]    Compiling curl v0.4.35
[INFO] [stderr]    Compiling openssl v0.10.35
[INFO] [stderr]    Compiling openssl-probe v0.1.2
[INFO] [stderr]    Compiling byteorder v1.4.3
[INFO] [stderr]    Compiling serde_json v1.0.64
[INFO] [stderr]    Compiling same-file v1.0.6
[INFO] [stderr]    Compiling remove_dir_all v0.5.3
[INFO] [stderr]    Compiling hex v0.3.2
[INFO] [stderr]    Compiling rand_core v0.5.1
[INFO] [stderr]    Compiling doc-comment v0.3.3
[INFO] [stderr]    Compiling anymap v0.12.1
[INFO] [stderr]    Compiling utf8parse v0.1.1
[INFO] [stderr]    Compiling humantime v2.1.0
[INFO] [stderr]    Compiling shell-escape v0.1.5
[INFO] [stderr]    Compiling semver-parser v0.7.0
[INFO] [stderr]    Compiling hex v0.4.3
[INFO] [stderr]    Compiling opener v0.4.1
[INFO] [stderr]    Compiling lazycell v1.3.0
[INFO] [stderr]    Compiling rustc-workspace-hack v1.0.0
[INFO] [stderr]    Compiling zeroize v1.2.0
[INFO] [stderr]    Compiling bytesize v1.0.1
[INFO] [stderr]    Compiling home v0.5.3
[INFO] [stderr]    Compiling glob v0.3.0
[INFO] [stderr]    Compiling number_prefix v0.4.0
[INFO] [stderr]    Compiling tinyvec v1.1.1
[INFO] [stderr]    Compiling num-traits v0.2.14
[INFO] [stderr]    Compiling num-integer v0.1.44
[INFO] [stderr]    Compiling im-rc v15.0.0
[INFO] [stderr]    Compiling itertools v0.10.0
[INFO] [stderr]    Compiling thread_local v1.1.3
[INFO] [stderr]    Compiling quote v1.0.9
[INFO] [stderr]    Compiling vte v0.3.3
[INFO] [stderr]    Compiling pest v2.1.3
[INFO] [stderr]    Compiling rand_xoshiro v0.4.0
[INFO] [stderr]    Compiling walkdir v2.3.2
[INFO] [stderr]    Compiling regex-automata v0.1.9
[INFO] [stderr]    Compiling strip-ansi-escapes v0.1.0
[INFO] [stderr]    Compiling proc-quote-impl v0.3.2
[INFO] [stderr]    Compiling proc-macro-error-attr v1.0.4
[INFO] [stderr]    Compiling aho-corasick v0.7.18
[INFO] [stderr]    Compiling bstr v0.2.15
[INFO] [stderr]    Compiling jobserver v0.1.21
[INFO] [stderr]    Compiling filetime v0.2.14
[INFO] [stderr]    Compiling time v0.1.43
[INFO] [stderr]    Compiling socket2 v0.3.19
[INFO] [stderr]    Compiling atty v0.2.14
[INFO] [stderr]    Compiling terminal_size v0.1.16
[INFO] [stderr]    Compiling num_cpus v1.13.0
[INFO] [stderr]    Compiling dirs-sys v0.3.6
[INFO] [stderr]    Compiling remove_dir_all v0.7.0
[INFO] [stderr]    Compiling unicode-normalization v0.1.17
[INFO] [stderr]    Compiling clap v2.33.3
[INFO] [stderr]    Compiling tar v0.4.33
[INFO] [stderr]    Compiling rand_core v0.6.2
[INFO] [stderr]    Compiling dirs v3.0.2
[INFO] [stderr]    Compiling cc v1.0.67
[INFO] [stderr]    Compiling rand_chacha v0.3.0
[INFO] [stderr]    Compiling pest_meta v2.1.3
[INFO] [stderr]    Compiling regex v1.5.4
[INFO] [stderr]    Compiling bitmaps v2.1.0
[INFO] [stderr]    Compiling rand v0.8.3
[INFO] [stderr]    Compiling chrono v0.4.19
[INFO] [stderr]    Compiling idna v0.2.2
[INFO] [stderr]    Compiling tempfile v3.2.0
[INFO] [stderr]    Compiling globset v0.4.8
[INFO] [stderr]    Compiling console v0.14.1
[INFO] [stderr]    Compiling env_logger v0.8.3
[INFO] [stderr]    Compiling sanitize-filename v0.3.0
[INFO] [stderr]    Compiling openssl-sys v0.9.65
[INFO] [stderr]    Compiling libz-sys v1.1.2
[INFO] [stderr]    Compiling libnghttp2-sys v0.1.6+1.43.0
[INFO] [stderr]    Compiling libssh2-sys v0.2.21
[INFO] [stderr]    Compiling curl-sys v0.4.41+curl-7.75.0
[INFO] [stderr]    Compiling libgit2-sys v0.12.21+1.1.0
[INFO] [stderr]    Compiling proc-quote v0.3.2
[INFO] [stderr]    Compiling pest_generator v2.1.3
[INFO] [stderr]    Compiling proc-macro-error v1.0.4
[INFO] [stderr]    Compiling url v2.2.2
[INFO] [stderr]    Compiling ignore v0.4.18
[INFO] [stderr]    Compiling indicatif v0.16.2
[INFO] [stderr]    Compiling dialoguer v0.8.0
[INFO] [stderr]    Compiling flate2 v1.0.20
[INFO] [stderr]    Compiling sized-chunks v0.6.4
[INFO] [stderr]    Compiling liquid-derive v0.22.0
[INFO] [stderr]    Compiling structopt-derive v0.4.15
[INFO] [stderr]    Compiling thiserror-impl v1.0.26
[INFO] [stderr]    Compiling cargo v0.54.0
[INFO] [stderr]    Compiling pest_derive v2.1.0
[INFO] [stderr]    Compiling git2 v0.13.20
[INFO] [stderr]    Compiling thiserror v1.0.26
[INFO] [stderr]    Compiling structopt v0.3.22
[INFO] [stderr]    Compiling crypto-hash v0.3.4
[INFO] [stderr]    Compiling cargo-util v0.1.0
[INFO] [stderr]    Compiling git2-curl v0.14.1
[INFO] [stderr]    Compiling kstring v1.0.1
[INFO] [stderr]    Compiling toml v0.5.8
[INFO] [stderr]    Compiling cargo-platform v0.1.1
[INFO] [stderr]    Compiling semver v0.10.0
[INFO] [stderr]    Compiling serde_ignored v0.1.2
[INFO] [stderr]    Compiling liquid-core v0.22.0
[INFO] [stderr]    Compiling crates-io v0.33.0
[INFO] [stderr]    Compiling rustfix v0.5.1
[INFO] [stderr]    Compiling liquid-lib v0.22.0
[INFO] [stderr]    Compiling liquid v0.22.0
[INFO] [stderr]    Compiling cargo-generate v0.8.0 (/opt/rustwide/workdir)
[INFO] [stderr]     Finished dev [unoptimized + debuginfo] target(s) in 1m 31s
[INFO] running `Command { std: "docker" "inspect" "c995be78a0ac70e0f9acf3f7bfa6baa7d295eb2dbf448b34509fb1086b57d76d", kill_on_drop: false }`
[INFO] running `Command { std: "docker" "rm" "-f" "c995be78a0ac70e0f9acf3f7bfa6baa7d295eb2dbf448b34509fb1086b57d76d", kill_on_drop: false }`
[INFO] [stdout] c995be78a0ac70e0f9acf3f7bfa6baa7d295eb2dbf448b34509fb1086b57d76d
[INFO] running `Command { std: "docker" "create" "-v" "/var/lib/crater-agent-workspace/builds/worker-83/target:/opt/rustwide/target:rw,Z" "-v" "/var/lib/crater-agent-workspace/builds/worker-83/source:/opt/rustwide/workdir:ro,Z" "-v" "/var/lib/crater-agent-workspace/cargo-home:/opt/rustwide/cargo-home:ro,Z" "-v" "/var/lib/crater-agent-workspace/rustup-home:/opt/rustwide/rustup-home:ro,Z" "-e" "SOURCE_DIR=/opt/rustwide/workdir" "-e" "CARGO_TARGET_DIR=/opt/rustwide/target" "-e" "CARGO_INCREMENTAL=0" "-e" "RUST_BACKTRACE=full" "-e" "RUSTFLAGS=--cap-lints=warn" "-e" "CARGO_HOME=/opt/rustwide/cargo-home" "-e" "RUSTUP_HOME=/opt/rustwide/rustup-home" "-w" "/opt/rustwide/workdir" "-m" "1610612736" "--user" "0:0" "--network" "none" "ghcr.io/rust-lang/crates-build-env/linux@sha256:34b6a614d2c27851fe6cbf88fbd1137609cefab8b10d0615aaeb6fd47975d74e" "/opt/rustwide/cargo-home/bin/cargo" "+beta-2021-08-01" "test" "--frozen" "--no-run" "--message-format=json", kill_on_drop: false }`
[INFO] [stdout] c9e217eb96ddc006274bc9e01a48b0c6c7e0fc291024d7b5203df6c08ff052fb
[INFO] running `Command { std: "docker" "start" "-a" "c9e217eb96ddc006274bc9e01a48b0c6c7e0fc291024d7b5203df6c08ff052fb", kill_on_drop: false }`
[INFO] [stderr]    Compiling predicates-core v1.0.2
[INFO] [stderr]    Compiling treeline v0.1.0
[INFO] [stderr]    Compiling difflib v0.4.0
[INFO] [stderr]    Compiling normalize-line-endings v0.3.0
[INFO] [stderr]    Compiling wait-timeout v0.2.0
[INFO] [stderr]    Compiling float-cmp v0.9.0
[INFO] [stderr]    Compiling predicates-tree v1.0.2
[INFO] [stderr]    Compiling predicates v2.0.1
[INFO] [stderr]    Compiling assert_cmd v1.0.7
[INFO] [stderr]    Compiling cargo-generate v0.8.0 (/opt/rustwide/workdir)
[INFO] [stderr]     Finished test [unoptimized + debuginfo] target(s) in 16.33s
[INFO] running `Command { std: "docker" "inspect" "c9e217eb96ddc006274bc9e01a48b0c6c7e0fc291024d7b5203df6c08ff052fb", kill_on_drop: false }`
[INFO] running `Command { std: "docker" "rm" "-f" "c9e217eb96ddc006274bc9e01a48b0c6c7e0fc291024d7b5203df6c08ff052fb", kill_on_drop: false }`
[INFO] [stdout] c9e217eb96ddc006274bc9e01a48b0c6c7e0fc291024d7b5203df6c08ff052fb
[INFO] running `Command { std: "docker" "create" "-v" "/var/lib/crater-agent-workspace/builds/worker-83/target:/opt/rustwide/target:rw,Z" "-v" "/var/lib/crater-agent-workspace/builds/worker-83/source:/opt/rustwide/workdir:ro,Z" "-v" "/var/lib/crater-agent-workspace/cargo-home:/opt/rustwide/cargo-home:ro,Z" "-v" "/var/lib/crater-agent-workspace/rustup-home:/opt/rustwide/rustup-home:ro,Z" "-e" "SOURCE_DIR=/opt/rustwide/workdir" "-e" "CARGO_TARGET_DIR=/opt/rustwide/target" "-e" "CARGO_INCREMENTAL=0" "-e" "RUST_BACKTRACE=full" "-e" "RUSTFLAGS=--cap-lints=warn" "-e" "CARGO_HOME=/opt/rustwide/cargo-home" "-e" "RUSTUP_HOME=/opt/rustwide/rustup-home" "-w" "/opt/rustwide/workdir" "-m" "1610612736" "--user" "0:0" "--network" "none" "ghcr.io/rust-lang/crates-build-env/linux@sha256:34b6a614d2c27851fe6cbf88fbd1137609cefab8b10d0615aaeb6fd47975d74e" "/opt/rustwide/cargo-home/bin/cargo" "+beta-2021-08-01" "test" "--frozen", kill_on_drop: false }`
[INFO] [stdout] d8bee838386d683bce71cb69f96b3fcb606a942cc39700a68e11763ca399b02d
[INFO] running `Command { std: "docker" "start" "-a" "d8bee838386d683bce71cb69f96b3fcb606a942cc39700a68e11763ca399b02d", kill_on_drop: false }`
[INFO] [stderr]     Finished test [unoptimized + debuginfo] target(s) in 0.53s
[INFO] [stderr]      Running unittests (/opt/rustwide/target/debug/deps/cargo_generate-2237bbab78b25f15)
[INFO] [stdout] 
[INFO] [stdout] running 47 tests
[INFO] [stdout] test config::tests::config_try_from_handles_empty ... ok
[INFO] [stdout] test config::tests::config_try_from_errors_on_invalid_keys ... ok
[INFO] [stdout] test git::tests::should_determine_repo_kind ... ok
[INFO] [stdout] test git::should_pretty_path ... ok
[INFO] [stdout] test git::tests::should_support_a_local_absolute_path ... ok
[INFO] [stdout] test git::tests::should_not_fail_for_ssh_remote_urls ... ok
[INFO] [stdout] test git::tests::should_support_abbreviated_repository_short_urls_like ... ok
[INFO] [stdout] test project_variables::tests::bools_cant_have_regex ... ok
[INFO] [stdout] test project_variables::tests::choices_cant_be_an_empty_array ... ok
[INFO] [stdout] test project_variables::tests::choices_is_not_array_string_is_error ... ok
[INFO] [stdout] test project_variables::tests::boolean_cant_have_choices ... ok
[INFO] [stdout] test project_variables::tests::default_for_bool_only_accepts_bool ... ok
[INFO] [stdout] test project_variables::tests::default_for_boolean_is_fine ... ok
[INFO] [stdout] test config::tests::config_try_from_handles_placeholders ... ok
[INFO] [stdout] test project_variables::tests::default_for_string_isnt_on_choices ... ok
[INFO] [stdout] test project_variables::tests::default_for_string_is_on_choices ... ok
[INFO] [stdout] test project_variables::tests::default_for_string_with_no_choices_and_no_regex ... ok
[INFO] [stdout] test project_variables::tests::invalid_regex_is_err ... ok
[INFO] [stdout] test project_variables::tests::default_for_string_with_no_choices_and_matching_regex ... ok
[INFO] [stdout] test project_variables::tests::choices_is_array_string_no_regex_is_fine ... ok
[INFO] [stdout] test project_variables::tests::choices_is_array_string_that_all_match_regex_is_good ... ok
[INFO] [stdout] test project_variables::tests::empty_type_is_string ... ok
[INFO] [stdout] test project_variables::tests::empty_default_is_fine ... ok
[INFO] [stdout] test project_variables::tests::block_invalid_key_names ... ok
[INFO] [stdout] test project_variables::tests::choices_is_array_string_that_doesnt_match_regex_is_error ... ok
[INFO] [stdout] test git::tests::should_test_happy_path ... ok
[INFO] [stdout] test project_variables::tests::choices_array_cant_have_anything_but_strings ... ok
[INFO] [stdout] test project_variables::tests::no_choices_boolean ... ok
[INFO] [stdout] test project_variables::tests::no_regex_is_ok ... ok
[INFO] [stdout] test project_variables::tests::prompt_as_string_is_ok ... ok
[INFO] [stdout] test project_variables::tests::prompt_must_be_string ... ok
[INFO] [stdout] test project_variables::tests::default_for_string_only_accepts_strings ... ok
[INFO] [stdout] test project_variables::tests::default_for_string_is_on_choices_and_matches_regex ... ok
[INFO] [stdout] test git::tests::should_support_a_local_relative_path ... ok
[INFO] [stdout] test project_variables::tests::default_for_string_with_no_choices_and_regex_doesnt_match ... ok
[INFO] [stdout] test project_variables::tests::no_choices_for_type_string ... ok
[INFO] [stdout] test project_variables::tests::type_must_be_string_type ... ok
[INFO] [stdout] test project_variables::tests::type_must_either_be_string_or_bool ... ok
[INFO] [stdout] test project_variables::tests::prompt_cant_be_empty ... ok
[INFO] [stdout] test project_variables::tests::only_tables_as_placeholder_values ... ok
[INFO] [stdout] test config::tests::test_deserializes_config ... ok
[INFO] [stdout] test filenames::tests::should_prevent_exploitation ... ok
[INFO] [stdout] test filenames::tests::should_prevent_invalid_filenames ... ok
[INFO] [stdout] test filenames::tests::should_do_happy_path ... ok
[INFO] [stdout] test project_variables::tests::strings_can_have_regex ... ok
[INFO] [stdout] test git::should_canonicalize ... FAILED
[INFO] [stdout] test git::tests::should_fail_for_non_existing_local_path - should panic ... ok
[INFO] [stdout] 
[INFO] [stdout] failures:
[INFO] [stdout] 
[INFO] [stdout] ---- git::should_canonicalize stdout ----
[INFO] [stdout] thread 'git::should_canonicalize' panicked at 'assertion failed: canonicalize_path(&PathBuf::from(\"../\")).unwrap().starts_with(\"/home/\")', src/git.rs:104:5
[INFO] [stdout] stack backtrace:
[INFO] [stdout]    0:     0x562eeae5c7b0 - std::backtrace_rs::backtrace::libunwind::trace::hff4d1766e93f64f1
[INFO] [stdout]                                at /rustc/53fd98ca776cb875bc9e5514f56b52eb74f9e7a9/library/std/src/../../backtrace/src/backtrace/libunwind.rs:90:5
[INFO] [stdout]    1:     0x562eeae5c7b0 - std::backtrace_rs::backtrace::trace_unsynchronized::h56bbc8eb78770bcb
[INFO] [stdout]                                at /rustc/53fd98ca776cb875bc9e5514f56b52eb74f9e7a9/library/std/src/../../backtrace/src/backtrace/mod.rs:66:5
[INFO] [stdout]    2:     0x562eeae5c7b0 - std::sys_common::backtrace::_print_fmt::h5c8e75464faca780
[INFO] [stdout]                                at /rustc/53fd98ca776cb875bc9e5514f56b52eb74f9e7a9/library/std/src/sys_common/backtrace.rs:67:5
[INFO] [stdout]    3:     0x562eeae5c7b0 - <std::sys_common::backtrace::_print::DisplayBacktrace as core::fmt::Display>::fmt::h48b88277def8b362
[INFO] [stdout]                                at /rustc/53fd98ca776cb875bc9e5514f56b52eb74f9e7a9/library/std/src/sys_common/backtrace.rs:46:22
[INFO] [stdout]    4:     0x562eeae819ec - core::fmt::write::h3381b3176fe2b3d3
[INFO] [stdout]                                at /rustc/53fd98ca776cb875bc9e5514f56b52eb74f9e7a9/library/core/src/fmt/mod.rs:1115:17
[INFO] [stdout]    5:     0x562eeae58d35 - std::io::Write::write_fmt::h5f34a676f60246b5
[INFO] [stdout]                                at /rustc/53fd98ca776cb875bc9e5514f56b52eb74f9e7a9/library/std/src/io/mod.rs:1665:15
[INFO] [stdout]    6:     0x562eeae5edbb - std::sys_common::backtrace::_print::ha537687d6c17dd0d
[INFO] [stdout]                                at /rustc/53fd98ca776cb875bc9e5514f56b52eb74f9e7a9/library/std/src/sys_common/backtrace.rs:49:5
[INFO] [stdout]    7:     0x562eeae5edbb - std::sys_common::backtrace::print::h61376ae57d131d72
[INFO] [stdout]                                at /rustc/53fd98ca776cb875bc9e5514f56b52eb74f9e7a9/library/std/src/sys_common/backtrace.rs:36:9
[INFO] [stdout]    8:     0x562eeae5edbb - std::panicking::default_hook::{{closure}}::h0f7208c0b9644a54
[INFO] [stdout]                                at /rustc/53fd98ca776cb875bc9e5514f56b52eb74f9e7a9/library/std/src/panicking.rs:208:50
[INFO] [stdout]    9:     0x562eeae5e8cc - std::panicking::default_hook::hdac7fc06578c14ce
[INFO] [stdout]                                at /rustc/53fd98ca776cb875bc9e5514f56b52eb74f9e7a9/library/std/src/panicking.rs:222:9
[INFO] [stdout]   10:     0x562eeae5f484 - std::panicking::rust_panic_with_hook::h72b21c283da3d1ef
[INFO] [stdout]                                at /rustc/53fd98ca776cb875bc9e5514f56b52eb74f9e7a9/library/std/src/panicking.rs:622:17
[INFO] [stdout]   11:     0x562eeae5ef37 - std::panicking::begin_panic_handler::{{closure}}::he5778f1729cff84a
[INFO] [stdout]                                at /rustc/53fd98ca776cb875bc9e5514f56b52eb74f9e7a9/library/std/src/panicking.rs:517:13
[INFO] [stdout]   12:     0x562eeae5cc8c - std::sys_common::backtrace::__rust_end_short_backtrace::h2d11ca8b453b4b1d
[INFO] [stdout]                                at /rustc/53fd98ca776cb875bc9e5514f56b52eb74f9e7a9/library/std/src/sys_common/backtrace.rs:141:18
[INFO] [stdout]   13:     0x562eeae5eec9 - rust_begin_unwind
[INFO] [stdout]                                at /rustc/53fd98ca776cb875bc9e5514f56b52eb74f9e7a9/library/std/src/panicking.rs:515:5
[INFO] [stdout]   14:     0x562eea9db681 - core::panicking::panic_fmt::hf9de31d4acbce4db
[INFO] [stdout]                                at /rustc/53fd98ca776cb875bc9e5514f56b52eb74f9e7a9/library/core/src/panicking.rs:92:14
[INFO] [stdout]   15:     0x562eea9db5cd - core::panicking::panic::h8a6bc58a21c6c095
[INFO] [stdout]                                at /rustc/53fd98ca776cb875bc9e5514f56b52eb74f9e7a9/library/core/src/panicking.rs:50:5
[INFO] [stdout]   16:     0x562eea9f70af - cargo_generate::git::should_canonicalize::h3c4f25ad6d94a8ae
[INFO] [stdout]                                at /opt/rustwide/workdir/src/git.rs:104:5
[INFO] [stdout]   17:     0x562eea9f6f4a - cargo_generate::git::should_canonicalize::{{closure}}::he0bc1f126b25ce47
[INFO] [stdout]                                at /opt/rustwide/workdir/src/git.rs:98:1
[INFO] [stdout]   18:     0x562eeaa0b72e - core::ops::function::FnOnce::call_once::h1676fae465510ec2
[INFO] [stdout]                                at /rustc/53fd98ca776cb875bc9e5514f56b52eb74f9e7a9/library/core/src/ops/function.rs:227:5
[INFO] [stdout]   19:     0x562eeaa54cb3 - core::ops::function::FnOnce::call_once::hbb52c4519d3137b0
[INFO] [stdout]                                at /rustc/53fd98ca776cb875bc9e5514f56b52eb74f9e7a9/library/core/src/ops/function.rs:227:5
[INFO] [stdout]   20:     0x562eeaa54cb3 - test::__rust_begin_short_backtrace::h86fe3a2a5a5121af
[INFO] [stdout]                                at /rustc/53fd98ca776cb875bc9e5514f56b52eb74f9e7a9/library/test/src/lib.rs:578:5
[INFO] [stdout]   21:     0x562eeaa53768 - <alloc::boxed::Box<F,A> as core::ops::function::FnOnce<Args>>::call_once::hfd956bc3d57399be
[INFO] [stdout]                                at /rustc/53fd98ca776cb875bc9e5514f56b52eb74f9e7a9/library/alloc/src/boxed.rs:1572:9
[INFO] [stdout]   22:     0x562eeaa53768 - <std::panic::AssertUnwindSafe<F> as core::ops::function::FnOnce<()>>::call_once::h40dc93e0ddb5938a
[INFO] [stdout]                                at /rustc/53fd98ca776cb875bc9e5514f56b52eb74f9e7a9/library/std/src/panic.rs:347:9
[INFO] [stdout]   23:     0x562eeaa53768 - std::panicking::try::do_call::h90d07750cb47c562
[INFO] [stdout]                                at /rustc/53fd98ca776cb875bc9e5514f56b52eb74f9e7a9/library/std/src/panicking.rs:401:40
[INFO] [stdout]   24:     0x562eeaa53768 - std::panicking::try::h063c84733ad2a629
[INFO] [stdout]                                at /rustc/53fd98ca776cb875bc9e5514f56b52eb74f9e7a9/library/std/src/panicking.rs:365:19
[INFO] [stdout]   25:     0x562eeaa53768 - std::panic::catch_unwind::h0c464836a84e7c08
[INFO] [stdout]                                at /rustc/53fd98ca776cb875bc9e5514f56b52eb74f9e7a9/library/std/src/panic.rs:434:14
[INFO] [stdout]   26:     0x562eeaa53768 - test::run_test_in_process::h5cb06ef620b157fc
[INFO] [stdout]                                at /rustc/53fd98ca776cb875bc9e5514f56b52eb74f9e7a9/library/test/src/lib.rs:601:18
[INFO] [stdout]   27:     0x562eeaa53768 - test::run_test::run_test_inner::{{closure}}::h76f677f4b93f9828
[INFO] [stdout]                                at /rustc/53fd98ca776cb875bc9e5514f56b52eb74f9e7a9/library/test/src/lib.rs:493:39
[INFO] [stdout]   28:     0x562eeaa21efd - test::run_test::run_test_inner::{{closure}}::h366d01fe04f4d67a
[INFO] [stdout]                                at /rustc/53fd98ca776cb875bc9e5514f56b52eb74f9e7a9/library/test/src/lib.rs:520:37
[INFO] [stdout]   29:     0x562eeaa21efd - std::sys_common::backtrace::__rust_begin_short_backtrace::h7dfa0de4eb395af2
[INFO] [stdout]                                at /rustc/53fd98ca776cb875bc9e5514f56b52eb74f9e7a9/library/std/src/sys_common/backtrace.rs:125:18
[INFO] [stdout]   30:     0x562eeaa266c8 - std::thread::Builder::spawn_unchecked::{{closure}}::{{closure}}::hf0a74bb58798037f
[INFO] [stdout]                                at /rustc/53fd98ca776cb875bc9e5514f56b52eb74f9e7a9/library/std/src/thread/mod.rs:476:17
[INFO] [stdout]   31:     0x562eeaa266c8 - <std::panic::AssertUnwindSafe<F> as core::ops::function::FnOnce<()>>::call_once::hb024e854818586ac
[INFO] [stdout]                                at /rustc/53fd98ca776cb875bc9e5514f56b52eb74f9e7a9/library/std/src/panic.rs:347:9
[INFO] [stdout]   32:     0x562eeaa266c8 - std::panicking::try::do_call::hb2dd9f1d0d48e41d
[INFO] [stdout]                                at /rustc/53fd98ca776cb875bc9e5514f56b52eb74f9e7a9/library/std/src/panicking.rs:401:40
[INFO] [stdout]   33:     0x562eeaa266c8 - std::panicking::try::h4717ae7bac8b2bf3
[INFO] [stdout]                                at /rustc/53fd98ca776cb875bc9e5514f56b52eb74f9e7a9/library/std/src/panicking.rs:365:19
[INFO] [stdout]   34:     0x562eeaa266c8 - std::panic::catch_unwind::h0dc8a061326ce8d8
[INFO] [stdout]                                at /rustc/53fd98ca776cb875bc9e5514f56b52eb74f9e7a9/library/std/src/panic.rs:434:14
[INFO] [stdout]   35:     0x562eeaa266c8 - std::thread::Builder::spawn_unchecked::{{closure}}::haa369e2d6fd00aa1
[INFO] [stdout]                                at /rustc/53fd98ca776cb875bc9e5514f56b52eb74f9e7a9/library/std/src/thread/mod.rs:475:30
[INFO] [stdout]   36:     0x562eeaa266c8 - core::ops::function::FnOnce::call_once{{vtable.shim}}::h36dcf3de8b056f17
[INFO] [stdout]                                at /rustc/53fd98ca776cb875bc9e5514f56b52eb74f9e7a9/library/core/src/ops/function.rs:227:5
[INFO] [stdout]   37:     0x562eeae64de7 - <alloc::boxed::Box<F,A> as core::ops::function::FnOnce<Args>>::call_once::h65c29e4642be2358
[INFO] [stdout]                                at /rustc/53fd98ca776cb875bc9e5514f56b52eb74f9e7a9/library/alloc/src/boxed.rs:1572:9
[INFO] [stdout]   38:     0x562eeae64de7 - <alloc::boxed::Box<F,A> as core::ops::function::FnOnce<Args>>::call_once::hd0f8f7fbbd9fffbf
[INFO] [stdout]                                at /rustc/53fd98ca776cb875bc9e5514f56b52eb74f9e7a9/library/alloc/src/boxed.rs:1572:9
[INFO] [stdout]   39:     0x562eeae64de7 - std::sys::unix::thread::Thread::new::thread_start::h2fd22fee3ca77b65
[INFO] [stdout]                                at /rustc/53fd98ca776cb875bc9e5514f56b52eb74f9e7a9/library/std/src/sys/unix/thread.rs:74:17
[INFO] [stdout]   40:     0x7f75cf735609 - start_thread
[INFO] [stdout]   41:     0x7f75cf505293 - clone
[INFO] [stdout]   42:                0x0 - <unknown>
[INFO] [stdout] 
[INFO] [stdout] 
[INFO] [stdout] failures:
[INFO] [stdout]     git::should_canonicalize
[INFO] [stdout] 
[INFO] [stdout] test result: FAILED. 46 passed; 1 failed; 0 ignored; 0 measured; 0 filtered out; finished in 0.26s
[INFO] [stdout] 
[INFO] [stderr] error: test failed, to rerun pass '--lib'
[INFO] running `Command { std: "docker" "inspect" "d8bee838386d683bce71cb69f96b3fcb606a942cc39700a68e11763ca399b02d", kill_on_drop: false }`
[INFO] running `Command { std: "docker" "rm" "-f" "d8bee838386d683bce71cb69f96b3fcb606a942cc39700a68e11763ca399b02d", kill_on_drop: false }`
[INFO] [stdout] d8bee838386d683bce71cb69f96b3fcb606a942cc39700a68e11763ca399b02d
