[INFO] fetching crate butane_rocket_pool 0.5.0...
[INFO] testing butane_rocket_pool-0.5.0 against beta-2021-08-01 for beta-1.55-1
[INFO] extracting crate butane_rocket_pool 0.5.0 into /workspace/builds/worker-28/source
[INFO] validating manifest of crates.io crate butane_rocket_pool 0.5.0 on toolchain beta-2021-08-01
[INFO] running `Command { std: "/workspace/cargo-home/bin/cargo" "+beta-2021-08-01" "metadata" "--manifest-path" "Cargo.toml" "--no-deps", kill_on_drop: false }`
[INFO] started tweaking crates.io crate butane_rocket_pool 0.5.0
[INFO] finished tweaking crates.io crate butane_rocket_pool 0.5.0
[INFO] tweaked toml for crates.io crate butane_rocket_pool 0.5.0 written to /workspace/builds/worker-28/source/Cargo.toml
[INFO] running `Command { std: "/workspace/cargo-home/bin/cargo" "+beta-2021-08-01" "generate-lockfile" "--manifest-path" "Cargo.toml" "-Zno-index-update", kill_on_drop: false }`
[INFO] running `Command { std: "/workspace/cargo-home/bin/cargo" "+beta-2021-08-01" "fetch" "--manifest-path" "Cargo.toml", kill_on_drop: false }`
[INFO] [stderr] warning: only one of `license` or `license-file` is necessary
[INFO] [stderr]     Blocking waiting for file lock on package cache
[INFO] [stderr]     Blocking waiting for file lock on package cache
[INFO] [stderr]  Downloading crates ...
[INFO] [stderr]   Downloaded rocket_sync_db_pools_codegen v0.1.0-rc.1
[INFO] [stderr]   Downloaded devise_core v0.3.1
[INFO] [stderr]   Downloaded devise v0.3.1
[INFO] [stderr]   Downloaded state v0.5.2
[INFO] [stderr]   Downloaded stable-pattern v0.1.0
[INFO] [stderr]   Downloaded proc-macro2-diagnostics v0.9.1
[INFO] [stderr]   Downloaded ref-cast v1.0.6
[INFO] [stderr]   Downloaded inlinable_string v0.1.14
[INFO] [stderr]   Downloaded pear_codegen v0.2.3
[INFO] [stderr]   Downloaded spin v0.9.2
[INFO] [stderr]   Downloaded multer v2.0.1
[INFO] [stderr]   Downloaded devise_codegen v0.3.1
[INFO] [stderr]   Downloaded rocket_codegen v0.5.0-rc.1
[INFO] [stderr]   Downloaded figment v0.10.6
[INFO] [stderr]   Downloaded binascii v0.1.4
[INFO] [stderr]   Downloaded uncased v0.9.6
[INFO] [stderr]   Downloaded rocket_sync_db_pools v0.1.0-rc.1
[INFO] [stderr]   Downloaded ubyte v0.10.1
[INFO] [stderr]   Downloaded rocket v0.5.0-rc.1
[INFO] [stderr]   Downloaded rocket_http v0.5.0-rc.1
[INFO] [stderr]   Downloaded pear v0.2.3
[INFO] [stderr]   Downloaded ref-cast-impl v1.0.6
[INFO] [stderr]   Downloaded butane v0.4.1
[INFO] [stderr]   Downloaded butane_codegen v0.4.0
[INFO] [stderr]   Downloaded butane_core v0.4.1
[INFO] running `Command { std: "docker" "create" "-v" "/var/lib/crater-agent-workspace/builds/worker-28/target:/opt/rustwide/target:rw,Z" "-v" "/var/lib/crater-agent-workspace/builds/worker-28/source:/opt/rustwide/workdir:ro,Z" "-v" "/var/lib/crater-agent-workspace/cargo-home:/opt/rustwide/cargo-home:ro,Z" "-v" "/var/lib/crater-agent-workspace/rustup-home:/opt/rustwide/rustup-home:ro,Z" "-e" "SOURCE_DIR=/opt/rustwide/workdir" "-e" "CARGO_TARGET_DIR=/opt/rustwide/target" "-e" "CARGO_HOME=/opt/rustwide/cargo-home" "-e" "RUSTUP_HOME=/opt/rustwide/rustup-home" "-w" "/opt/rustwide/workdir" "-m" "1610612736" "--user" "0:0" "--network" "none" "ghcr.io/rust-lang/crates-build-env/linux@sha256:34b6a614d2c27851fe6cbf88fbd1137609cefab8b10d0615aaeb6fd47975d74e" "/opt/rustwide/cargo-home/bin/cargo" "+beta-2021-08-01" "metadata" "--no-deps" "--format-version=1", kill_on_drop: false }`
[INFO] [stdout] 3eb5a5668f4af33d0d05fecb110c1d62d7254dddfdc8cbc5816d61d9c363d0ff
[INFO] running `Command { std: "docker" "start" "-a" "3eb5a5668f4af33d0d05fecb110c1d62d7254dddfdc8cbc5816d61d9c363d0ff", kill_on_drop: false }`
[INFO] running `Command { std: "docker" "inspect" "3eb5a5668f4af33d0d05fecb110c1d62d7254dddfdc8cbc5816d61d9c363d0ff", kill_on_drop: false }`
[INFO] running `Command { std: "docker" "rm" "-f" "3eb5a5668f4af33d0d05fecb110c1d62d7254dddfdc8cbc5816d61d9c363d0ff", kill_on_drop: false }`
[INFO] [stdout] 3eb5a5668f4af33d0d05fecb110c1d62d7254dddfdc8cbc5816d61d9c363d0ff
[INFO] running `Command { std: "docker" "create" "-v" "/var/lib/crater-agent-workspace/builds/worker-28/target:/opt/rustwide/target:rw,Z" "-v" "/var/lib/crater-agent-workspace/builds/worker-28/source:/opt/rustwide/workdir:ro,Z" "-v" "/var/lib/crater-agent-workspace/cargo-home:/opt/rustwide/cargo-home:ro,Z" "-v" "/var/lib/crater-agent-workspace/rustup-home:/opt/rustwide/rustup-home:ro,Z" "-e" "SOURCE_DIR=/opt/rustwide/workdir" "-e" "CARGO_TARGET_DIR=/opt/rustwide/target" "-e" "CARGO_INCREMENTAL=0" "-e" "RUST_BACKTRACE=full" "-e" "RUSTFLAGS=--cap-lints=warn" "-e" "CARGO_HOME=/opt/rustwide/cargo-home" "-e" "RUSTUP_HOME=/opt/rustwide/rustup-home" "-w" "/opt/rustwide/workdir" "-m" "1610612736" "--user" "0:0" "--network" "none" "ghcr.io/rust-lang/crates-build-env/linux@sha256:34b6a614d2c27851fe6cbf88fbd1137609cefab8b10d0615aaeb6fd47975d74e" "/opt/rustwide/cargo-home/bin/cargo" "+beta-2021-08-01" "build" "--frozen" "--message-format=json", kill_on_drop: false }`
[INFO] [stdout] 6842f9277de4bad7afbb363c4f71d98cd84039b8ac0f1bfd3fd848dca3ee985c
[INFO] running `Command { std: "docker" "start" "-a" "6842f9277de4bad7afbb363c4f71d98cd84039b8ac0f1bfd3fd848dca3ee985c", kill_on_drop: false }`
[INFO] [stderr] warning: only one of `license` or `license-file` is necessary
[INFO] [stderr]     Blocking waiting for file lock on package cache
[INFO] [stderr]     Blocking waiting for file lock on package cache
[INFO] [stderr]    Compiling proc-macro2 v1.0.28
[INFO] [stderr]    Compiling unicode-xid v0.2.2
[INFO] [stderr]    Compiling syn v1.0.74
[INFO] [stderr]    Compiling version_check v0.9.3
[INFO] [stderr]    Compiling libc v0.2.98
[INFO] [stderr]    Compiling memchr v2.4.0
[INFO] [stderr]    Compiling serde_derive v1.0.127
[INFO] [stderr]    Compiling serde v1.0.127
[INFO] [stderr]    Compiling log v0.4.14
[INFO] [stderr]    Compiling proc-macro-hack v0.5.19
[INFO] [stderr]    Compiling futures-core v0.3.16
[INFO] [stderr]    Compiling pin-project-lite v0.2.7
[INFO] [stderr]    Compiling yansi v0.5.0
[INFO] [stderr]    Compiling once_cell v1.8.0
[INFO] [stderr]    Compiling itoa v0.4.7
[INFO] [stderr]    Compiling futures-task v0.3.16
[INFO] [stderr]    Compiling futures-sink v0.3.16
[INFO] [stderr]    Compiling futures-channel v0.3.16
[INFO] [stderr]    Compiling bytes v1.0.1
[INFO] [stderr]    Compiling proc-macro-nested v0.1.7
[INFO] [stderr]    Compiling smallvec v1.6.1
[INFO] [stderr]    Compiling futures-io v0.3.16
[INFO] [stderr]    Compiling slab v0.4.4
[INFO] [stderr]    Compiling fnv v1.0.7
[INFO] [stderr]    Compiling const_fn v0.4.8
[INFO] [stderr]    Compiling httparse v1.4.1
[INFO] [stderr]    Compiling hashbrown v0.11.2
[INFO] [stderr]    Compiling inlinable_string v0.1.14
[INFO] [stderr]    Compiling try-lock v0.2.3
[INFO] [stderr]    Compiling ref-cast v1.0.6
[INFO] [stderr]    Compiling ppv-lite86 v0.2.10
[INFO] [stderr]    Compiling serde_json v1.0.66
[INFO] [stderr]    Compiling httpdate v1.0.1
[INFO] [stderr]    Compiling encoding_rs v0.8.28
[INFO] [stderr]    Compiling tower-service v0.3.1
[INFO] [stderr]    Compiling mime v0.3.16
[INFO] [stderr]    Compiling either v1.6.1
[INFO] [stderr]    Compiling unchecked-index v0.2.2
[INFO] [stderr]    Compiling state v0.5.2
[INFO] [stderr]    Compiling regex-syntax v0.6.25
[INFO] [stderr]    Compiling async-trait v0.1.51
[INFO] [stderr]    Compiling hex v0.4.3
[INFO] [stderr]    Compiling fallible-streaming-iterator v0.1.9
[INFO] [stderr]    Compiling glob v0.3.0
[INFO] [stderr]    Compiling spin v0.9.2
[INFO] [stderr]    Compiling fallible-iterator v0.2.0
[INFO] [stderr]    Compiling uuid v0.8.2
[INFO] [stderr]    Compiling binascii v0.1.4
[INFO] [stderr]    Compiling futures-macro v0.3.16
[INFO] [stderr]    Compiling tokio v1.9.0
[INFO] [stderr]    Compiling futures-util v0.3.16
[INFO] [stderr]    Compiling instant v0.1.10
[INFO] [stderr]    Compiling lock_api v0.4.4
[INFO] [stderr]    Compiling indexmap v1.7.0
[INFO] [stderr]    Compiling bitflags v1.2.1
[INFO] [stderr]    Compiling num-traits v0.2.14
[INFO] [stderr]    Compiling tracing-core v0.1.18
[INFO] [stderr]    Compiling num-integer v0.1.44
[INFO] [stderr]    Compiling ryu v1.0.5
[INFO] [stderr]    Compiling atomic v0.5.0
[INFO] [stderr]    Compiling proc-macro2-diagnostics v0.9.1
[INFO] [stderr]    Compiling standback v0.2.17
[INFO] [stderr]    Compiling time v0.2.27
[INFO] [stderr]    Compiling uncased v0.9.6
[INFO] [stderr]    Compiling cookie v0.15.1
[INFO] [stderr]    Compiling figment v0.10.6
[INFO] [stderr]    Compiling multer v2.0.1
[INFO] [stderr]    Compiling tracing v0.1.26
[INFO] [stderr]    Compiling http v0.2.4
[INFO] [stderr]    Compiling rocket v0.5.0-rc.1
[INFO] [stderr]    Compiling want v0.3.0
[INFO] [stderr]    Compiling aho-corasick v0.7.18
[INFO] [stderr]    Compiling stable-pattern v0.1.0
[INFO] [stderr]    Compiling twoway v0.2.2
[INFO] [stderr]    Compiling quote v1.0.9
[INFO] [stderr]    Compiling signal-hook-registry v1.4.0
[INFO] [stderr]    Compiling mio v0.7.13
[INFO] [stderr]    Compiling parking_lot_core v0.8.3
[INFO] [stderr]    Compiling num_cpus v1.13.0
[INFO] [stderr]    Compiling getrandom v0.2.3
[INFO] [stderr]    Compiling socket2 v0.4.1
[INFO] [stderr]    Compiling time v0.1.43
[INFO] [stderr]    Compiling fs2 v0.4.3
[INFO] [stderr]    Compiling atty v0.2.14
[INFO] [stderr]    Compiling rand_core v0.6.3
[INFO] [stderr]    Compiling rand_chacha v0.3.1
[INFO] [stderr]    Compiling parking_lot v0.11.1
[INFO] [stderr]    Compiling rand v0.8.4
[INFO] [stderr]    Compiling scheduled-thread-pool v0.2.5
[INFO] [stderr]    Compiling r2d2 v0.8.9
[INFO] [stderr]    Compiling http-body v0.4.2
[INFO] [stderr]    Compiling regex v1.5.4
[INFO] [stderr]    Compiling tempfile v3.2.0
[INFO] [stderr]    Compiling devise_core v0.3.1
[INFO] [stderr]    Compiling tokio-macros v1.3.0
[INFO] [stderr]    Compiling time-macros-impl v0.1.2
[INFO] [stderr]    Compiling pear_codegen v0.2.3
[INFO] [stderr]    Compiling ref-cast-impl v1.0.6
[INFO] [stderr]    Compiling devise_codegen v0.3.1
[INFO] [stderr]    Compiling thiserror-impl v1.0.26
[INFO] [stderr]    Compiling pin-project-internal v1.0.8
[INFO] [stderr]    Compiling async-stream-impl v0.3.2
[INFO] [stderr]    Compiling time-macros v0.1.1
[INFO] [stderr]    Compiling async-stream v0.3.2
[INFO] [stderr]    Compiling devise v0.3.1
[INFO] [stderr]    Compiling rocket_sync_db_pools_codegen v0.1.0-rc.1
[INFO] [stderr]    Compiling pear v0.2.3
[INFO] [stderr]    Compiling thiserror v1.0.26
[INFO] [stderr]    Compiling pin-project v1.0.8
[INFO] [stderr]    Compiling futures-executor v0.3.16
[INFO] [stderr]    Compiling futures v0.3.16
[INFO] [stderr]    Compiling tokio-util v0.6.7
[INFO] [stderr]    Compiling tokio-stream v0.1.7
[INFO] [stderr]    Compiling toml v0.5.8
[INFO] [stderr]    Compiling chrono v0.4.19
[INFO] [stderr]    Compiling ubyte v0.10.1
[INFO] [stderr]    Compiling h2 v0.3.3
[INFO] [stderr]    Compiling butane_core v0.4.1
[INFO] [stderr]    Compiling butane_codegen v0.4.0
[INFO] [stderr]    Compiling hyper v0.14.11
[INFO] [stderr]    Compiling butane v0.4.1
[INFO] [stderr]    Compiling rocket_http v0.5.0-rc.1
[INFO] [stderr]    Compiling rocket_codegen v0.5.0-rc.1
[INFO] [stderr]    Compiling rocket_sync_db_pools v0.1.0-rc.1
[INFO] [stderr]    Compiling butane_rocket_pool v0.5.0 (/opt/rustwide/workdir)
[INFO] [stdout] warning: field is never read: `timeout`
[INFO] [stdout]    --> src/lib.rs:118:5
[INFO] [stdout]     |
[INFO] [stdout] 118 |     pub timeout: u8,
[INFO] [stdout]     |     ^^^^^^^^^^^^^^^
[INFO] [stdout]     |
[INFO] [stdout]     = note: `#[warn(dead_code)]` on by default
[INFO] [stdout] 
[INFO] [stdout] 
[INFO] [stdout] warning: 1 warning emitted
[INFO] [stdout] 
[INFO] [stdout] 
[INFO] [stderr]     Finished dev [unoptimized + debuginfo] target(s) in 1m 11s
[INFO] running `Command { std: "docker" "inspect" "6842f9277de4bad7afbb363c4f71d98cd84039b8ac0f1bfd3fd848dca3ee985c", kill_on_drop: false }`
[INFO] running `Command { std: "docker" "rm" "-f" "6842f9277de4bad7afbb363c4f71d98cd84039b8ac0f1bfd3fd848dca3ee985c", kill_on_drop: false }`
[INFO] [stdout] 6842f9277de4bad7afbb363c4f71d98cd84039b8ac0f1bfd3fd848dca3ee985c
[INFO] running `Command { std: "docker" "create" "-v" "/var/lib/crater-agent-workspace/builds/worker-28/target:/opt/rustwide/target:rw,Z" "-v" "/var/lib/crater-agent-workspace/builds/worker-28/source:/opt/rustwide/workdir:ro,Z" "-v" "/var/lib/crater-agent-workspace/cargo-home:/opt/rustwide/cargo-home:ro,Z" "-v" "/var/lib/crater-agent-workspace/rustup-home:/opt/rustwide/rustup-home:ro,Z" "-e" "SOURCE_DIR=/opt/rustwide/workdir" "-e" "CARGO_TARGET_DIR=/opt/rustwide/target" "-e" "CARGO_INCREMENTAL=0" "-e" "RUST_BACKTRACE=full" "-e" "RUSTFLAGS=--cap-lints=warn" "-e" "CARGO_HOME=/opt/rustwide/cargo-home" "-e" "RUSTUP_HOME=/opt/rustwide/rustup-home" "-w" "/opt/rustwide/workdir" "-m" "1610612736" "--user" "0:0" "--network" "none" "ghcr.io/rust-lang/crates-build-env/linux@sha256:34b6a614d2c27851fe6cbf88fbd1137609cefab8b10d0615aaeb6fd47975d74e" "/opt/rustwide/cargo-home/bin/cargo" "+beta-2021-08-01" "test" "--frozen" "--no-run" "--message-format=json", kill_on_drop: false }`
[INFO] [stdout] 818db18e4a021f2df51ad955e92ae21f5f64b183054d3c5a609016de4a4a7051
[INFO] running `Command { std: "docker" "start" "-a" "818db18e4a021f2df51ad955e92ae21f5f64b183054d3c5a609016de4a4a7051", kill_on_drop: false }`
[INFO] [stderr] warning: only one of `license` or `license-file` is necessary
[INFO] [stderr]     Blocking waiting for file lock on package cache
[INFO] [stderr]     Blocking waiting for file lock on package cache
[INFO] [stderr]    Compiling butane_rocket_pool v0.5.0 (/opt/rustwide/workdir)
[INFO] [stdout] warning: field is never read: `timeout`
[INFO] [stdout]    --> src/lib.rs:118:5
[INFO] [stdout]     |
[INFO] [stdout] 118 |     pub timeout: u8,
[INFO] [stdout]     |     ^^^^^^^^^^^^^^^
[INFO] [stdout]     |
[INFO] [stdout]     = note: `#[warn(dead_code)]` on by default
[INFO] [stdout] 
[INFO] [stdout] 
[INFO] [stdout] warning: 1 warning emitted
[INFO] [stdout] 
[INFO] [stdout] 
[INFO] [stdout] warning: field is never read: `timeout`
[INFO] [stdout]    --> src/lib.rs:118:5
[INFO] [stdout]     |
[INFO] [stdout] 118 |     pub timeout: u8,
[INFO] [stdout]     |     ^^^^^^^^^^^^^^^
[INFO] [stdout]     |
[INFO] [stdout]     = note: `#[warn(dead_code)]` on by default
[INFO] [stdout] 
[INFO] [stdout] 
[INFO] [stdout] warning: 1 warning emitted
[INFO] [stdout] 
[INFO] [stdout] 
[INFO] [stderr]     Finished test [unoptimized + debuginfo] target(s) in 2.94s
[INFO] running `Command { std: "docker" "inspect" "818db18e4a021f2df51ad955e92ae21f5f64b183054d3c5a609016de4a4a7051", kill_on_drop: false }`
[INFO] running `Command { std: "docker" "rm" "-f" "818db18e4a021f2df51ad955e92ae21f5f64b183054d3c5a609016de4a4a7051", kill_on_drop: false }`
[INFO] [stdout] 818db18e4a021f2df51ad955e92ae21f5f64b183054d3c5a609016de4a4a7051
[INFO] running `Command { std: "docker" "create" "-v" "/var/lib/crater-agent-workspace/builds/worker-28/target:/opt/rustwide/target:rw,Z" "-v" "/var/lib/crater-agent-workspace/builds/worker-28/source:/opt/rustwide/workdir:ro,Z" "-v" "/var/lib/crater-agent-workspace/cargo-home:/opt/rustwide/cargo-home:ro,Z" "-v" "/var/lib/crater-agent-workspace/rustup-home:/opt/rustwide/rustup-home:ro,Z" "-e" "SOURCE_DIR=/opt/rustwide/workdir" "-e" "CARGO_TARGET_DIR=/opt/rustwide/target" "-e" "CARGO_INCREMENTAL=0" "-e" "RUST_BACKTRACE=full" "-e" "RUSTFLAGS=--cap-lints=warn" "-e" "CARGO_HOME=/opt/rustwide/cargo-home" "-e" "RUSTUP_HOME=/opt/rustwide/rustup-home" "-w" "/opt/rustwide/workdir" "-m" "1610612736" "--user" "0:0" "--network" "none" "ghcr.io/rust-lang/crates-build-env/linux@sha256:34b6a614d2c27851fe6cbf88fbd1137609cefab8b10d0615aaeb6fd47975d74e" "/opt/rustwide/cargo-home/bin/cargo" "+beta-2021-08-01" "test" "--frozen", kill_on_drop: false }`
[INFO] [stdout] 92c7b00965f676084521c2c410ce9c0808cda9bdbff505c010a6022e3b9e22c3
[INFO] running `Command { std: "docker" "start" "-a" "92c7b00965f676084521c2c410ce9c0808cda9bdbff505c010a6022e3b9e22c3", kill_on_drop: false }`
[INFO] [stderr] warning: only one of `license` or `license-file` is necessary
[INFO] [stderr]     Blocking waiting for file lock on package cache
[INFO] [stderr] warning: field is never read: `timeout`
[INFO] [stderr]    --> src/lib.rs:118:5
[INFO] [stderr]     |
[INFO] [stderr] 118 |     pub timeout: u8,
[INFO] [stderr]     |     ^^^^^^^^^^^^^^^
[INFO] [stderr]     |
[INFO] [stderr]     = note: `#[warn(dead_code)]` on by default
[INFO] [stderr] 
[INFO] [stderr] warning: `butane_rocket_pool` (lib) generated 1 warning
[INFO] [stderr] warning: `butane_rocket_pool` (lib test) generated 1 warning (1 duplicate)
[INFO] [stderr]     Finished test [unoptimized + debuginfo] target(s) in 0.45s
[INFO] [stderr]      Running unittests (/opt/rustwide/target/debug/deps/butane_rocket_pool-38dd0f4000624970)
[INFO] [stdout] 
[INFO] [stderr]    Doc-tests butane_rocket_pool
[INFO] [stdout] running 0 tests
[INFO] [stdout] 
[INFO] [stdout] test result: ok. 0 passed; 0 failed; 0 ignored; 0 measured; 0 filtered out; finished in 0.00s
[INFO] [stdout] 
[INFO] [stdout] 
[INFO] [stdout] running 3 tests
[INFO] [stdout] test src/lib.rs - (line 26) ... FAILED
[INFO] [stdout] test src/lib.rs - (line 13) ... FAILED
[INFO] [stdout] test src/lib.rs - Connection (line 65) ... FAILED
[INFO] [stdout] 
[INFO] [stdout] failures:
[INFO] [stdout] 
[INFO] [stdout] ---- src/lib.rs - (line 26) stdout ----
[INFO] [stdout] error: cannot find attribute `post` in this scope
[INFO] [stdout]  --> src/lib.rs:27:3
[INFO] [stdout]   |
[INFO] [stdout] 3 | #[post("/", data = "<post>")]
[INFO] [stdout]   |   ^^^^
[INFO] [stdout] 
[INFO] [stdout] error: cannot find macro `json` in this scope
[INFO] [stdout]   --> src/lib.rs:39:38
[INFO] [stdout]    |
[INFO] [stdout] 15 |         Ok(res) => (Status::Created, json!({
[INFO] [stdout]    |                                      ^^^^
[INFO] [stdout] 
[INFO] [stdout] error: cannot find macro `json` in this scope
[INFO] [stdout]   --> src/lib.rs:43:51
[INFO] [stdout]    |
[INFO] [stdout] 19 |         Err(err) => (Status::InternalServerError, json!({
[INFO] [stdout]    |                                                   ^^^^
[INFO] [stdout] 
[INFO] [stdout] error[E0433]: failed to resolve: use of undeclared type `Post`
[INFO] [stdout]   --> src/lib.rs:35:9
[INFO] [stdout]    |
[INFO] [stdout] 11 |         Post::get(&**db, result.id)
[INFO] [stdout]    |         ^^^^ use of undeclared type `Post`
[INFO] [stdout] 
[INFO] [stdout] error[E0433]: failed to resolve: use of undeclared type `Status`
[INFO] [stdout]   --> src/lib.rs:39:21
[INFO] [stdout]    |
[INFO] [stdout] 15 |         Ok(res) => (Status::Created, json!({
[INFO] [stdout]    |                     ^^^^^^ use of undeclared type `Status`
[INFO] [stdout] 
[INFO] [stdout] error[E0433]: failed to resolve: use of undeclared type `Status`
[INFO] [stdout]   --> src/lib.rs:43:22
[INFO] [stdout]    |
[INFO] [stdout] 19 |         Err(err) => (Status::InternalServerError, json!({
[INFO] [stdout]    |                      ^^^^^^ use of undeclared type `Status`
[INFO] [stdout] 
[INFO] [stdout] error[E0412]: cannot find type `DbConn` in this scope
[INFO] [stdout]  --> src/lib.rs:28:21
[INFO] [stdout]   |
[INFO] [stdout] 4 | async fn create(db: DbConn, post: Json<Post>) -> (Status, Value) {
[INFO] [stdout]   |                     ^^^^^^ not found in this scope
[INFO] [stdout] 
[INFO] [stdout] error[E0412]: cannot find type `Json` in this scope
[INFO] [stdout]  --> src/lib.rs:28:35
[INFO] [stdout]   |
[INFO] [stdout] 4 | async fn create(db: DbConn, post: Json<Post>) -> (Status, Value) {
[INFO] [stdout]   |                                   ^^^^ not found in this scope
[INFO] [stdout] 
[INFO] [stdout] error[E0412]: cannot find type `Post` in this scope
[INFO] [stdout]  --> src/lib.rs:28:40
[INFO] [stdout]   |
[INFO] [stdout] 4 | async fn create(db: DbConn, post: Json<Post>) -> (Status, Value) {
[INFO] [stdout]   |                -                       ^^^^ not found in this scope
[INFO] [stdout]   |                |
[INFO] [stdout]   |                help: you might be missing a type parameter: `<Post>`
[INFO] [stdout] 
[INFO] [stdout] error[E0412]: cannot find type `Status` in this scope
[INFO] [stdout]  --> src/lib.rs:28:51
[INFO] [stdout]   |
[INFO] [stdout] 4 | async fn create(db: DbConn, post: Json<Post>) -> (Status, Value) {
[INFO] [stdout]   |                                                   ^^^^^^ not found in this scope
[INFO] [stdout] 
[INFO] [stdout] error[E0412]: cannot find type `Value` in this scope
[INFO] [stdout]  --> src/lib.rs:28:59
[INFO] [stdout]   |
[INFO] [stdout] 4 | async fn create(db: DbConn, post: Json<Post>) -> (Status, Value) {
[INFO] [stdout]   |                                                           ^^^^^ not found in this scope
[INFO] [stdout] 
[INFO] [stdout] error[E0412]: cannot find type `Post` in this scope
[INFO] [stdout]  --> src/lib.rs:29:45
[INFO] [stdout]   |
[INFO] [stdout] 4 | async fn create(db: DbConn, post: Json<Post>) -> (Status, Value) {
[INFO] [stdout]   |                - help: you might be missing a type parameter: `<Post>`
[INFO] [stdout] 5 |     let result = db.run(move |db| -> Result<Post, butane::Error> {
[INFO] [stdout]   |                                             ^^^^ not found in this scope
[INFO] [stdout] 
[INFO] [stdout] error: aborting due to 12 previous errors
[INFO] [stdout] 
[INFO] [stdout] Some errors have detailed explanations: E0412, E0433.
[INFO] [stdout] For more information about an error, try `rustc --explain E0412`.
[INFO] [stdout] Couldn't compile the test.
[INFO] [stdout] ---- src/lib.rs - (line 13) stdout ----
[INFO] [stdout] error: cannot find attribute `launch` in this scope
[INFO] [stdout]  --> src/lib.rs:17:3
[INFO] [stdout]   |
[INFO] [stdout] 7 | #[launch]
[INFO] [stdout]   |   ^^^^^^
[INFO] [stdout] 
[INFO] [stdout] error: cannot find macro `routes` in this scope
[INFO] [stdout]  --> src/lib.rs:19:32
[INFO] [stdout]   |
[INFO] [stdout] 9 |     rocket::build().mount("/", routes![create])
[INFO] [stdout]   |                                ^^^^^^
[INFO] [stdout] 
[INFO] [stdout] error: cannot find attribute `database` in this scope
[INFO] [stdout]  --> src/lib.rs:14:3
[INFO] [stdout]   |
[INFO] [stdout] 4 | #[database("test")]
[INFO] [stdout]   |   ^^^^^^^^
[INFO] [stdout] 
[INFO] [stdout] error[E0433]: failed to resolve: use of undeclared crate or module `rocket`
[INFO] [stdout]  --> src/lib.rs:19:5
[INFO] [stdout]   |
[INFO] [stdout] 9 |     rocket::build().mount("/", routes![create])
[INFO] [stdout]   |     ^^^^^^ use of undeclared crate or module `rocket`
[INFO] [stdout] 
[INFO] [stdout] error[E0599]: no function or associated item named `fairing` found for struct `DbConn` in the current scope
[INFO] [stdout]   --> src/lib.rs:20:21
[INFO] [stdout]    |
[INFO] [stdout] 5  | struct DbConn(butane_rocket_pool::Connection); 
[INFO] [stdout]    | ---------------------------------------------- function or associated item `fairing` not found for this
[INFO] [stdout] ...
[INFO] [stdout] 10 |     .attach(DbConn::fairing())
[INFO] [stdout]    |                     ^^^^^^^ function or associated item not found in `DbConn`
[INFO] [stdout] 
[INFO] [stdout] error[E0121]: the type placeholder `_` is not allowed within types on item signatures for return types
[INFO] [stdout]  --> src/lib.rs:18:16
[INFO] [stdout]   |
[INFO] [stdout] 8 | fn rocket() -> _ {
[INFO] [stdout]   |                ^ not allowed in type signatures
[INFO] [stdout] 
[INFO] [stdout] error: aborting due to 6 previous errors
[INFO] [stdout] 
[INFO] [stdout] Some errors have detailed explanations: E0121, E0433, E0599.
[INFO] [stdout] For more information about an error, try `rustc --explain E0121`.
[INFO] [stdout] Couldn't compile the test.
[INFO] [stdout] ---- src/lib.rs - Connection (line 65) stdout ----
[INFO] [stdout] error: cannot find attribute `post` in this scope
[INFO] [stdout]  --> src/lib.rs:69:3
[INFO] [stdout]   |
[INFO] [stdout] 7 | #[post("/", data = "<post>")]
[INFO] [stdout]   |   ^^^^
[INFO] [stdout] 
[INFO] [stdout] error: cannot find macro `json` in this scope
[INFO] [stdout]   --> src/lib.rs:82:38
[INFO] [stdout]    |
[INFO] [stdout] 20 |         Ok(res) => (Status::Created, json!({
[INFO] [stdout]    |                                      ^^^^
[INFO] [stdout] 
[INFO] [stdout] error: cannot find macro `json` in this scope
[INFO] [stdout]   --> src/lib.rs:86:51
[INFO] [stdout]    |
[INFO] [stdout] 24 |         Err(err) => (Status::InternalServerError, json!({
[INFO] [stdout]    |                                                   ^^^^
[INFO] [stdout] 
[INFO] [stdout] error: cannot find attribute `database` in this scope
[INFO] [stdout]  --> src/lib.rs:66:3
[INFO] [stdout]   |
[INFO] [stdout] 4 | #[database("test")]
[INFO] [stdout]   |   ^^^^^^^^
[INFO] [stdout] 
[INFO] [stdout] error[E0433]: failed to resolve: use of undeclared type `Post`
[INFO] [stdout]   --> src/lib.rs:78:9
[INFO] [stdout]    |
[INFO] [stdout] 16 |         Post::get(&**db, result.id)
[INFO] [stdout]    |         ^^^^ use of undeclared type `Post`
[INFO] [stdout] 
[INFO] [stdout] error[E0433]: failed to resolve: use of undeclared type `Status`
[INFO] [stdout]   --> src/lib.rs:82:21
[INFO] [stdout]    |
[INFO] [stdout] 20 |         Ok(res) => (Status::Created, json!({
[INFO] [stdout]    |                     ^^^^^^ use of undeclared type `Status`
[INFO] [stdout] 
[INFO] [stdout] error[E0433]: failed to resolve: use of undeclared type `Status`
[INFO] [stdout]   --> src/lib.rs:86:22
[INFO] [stdout]    |
[INFO] [stdout] 24 |         Err(err) => (Status::InternalServerError, json!({
[INFO] [stdout]    |                      ^^^^^^ use of undeclared type `Status`
[INFO] [stdout] 
[INFO] [stdout] error[E0412]: cannot find type `Json` in this scope
[INFO] [stdout]  --> src/lib.rs:70:31
[INFO] [stdout]   |
[INFO] [stdout] 8 | async fn create(db: Db, post: Json<Post>) -> (Status, Value) {
[INFO] [stdout]   |                               ^^^^ not found in this scope
[INFO] [stdout] 
[INFO] [stdout] error[E0412]: cannot find type `Post` in this scope
[INFO] [stdout]  --> src/lib.rs:70:36
[INFO] [stdout]   |
[INFO] [stdout] 8 | async fn create(db: Db, post: Json<Post>) -> (Status, Value) {
[INFO] [stdout]   |                -                   ^^^^ not found in this scope
[INFO] [stdout]   |                |
[INFO] [stdout]   |                help: you might be missing a type parameter: `<Post>`
[INFO] [stdout] 
[INFO] [stdout] error[E0412]: cannot find type `Status` in this scope
[INFO] [stdout]  --> src/lib.rs:70:47
[INFO] [stdout]   |
[INFO] [stdout] 8 | async fn create(db: Db, post: Json<Post>) -> (Status, Value) {
[INFO] [stdout]   |                                               ^^^^^^ not found in this scope
[INFO] [stdout] 
[INFO] [stdout] error[E0412]: cannot find type `Value` in this scope
[INFO] [stdout]  --> src/lib.rs:70:55
[INFO] [stdout]   |
[INFO] [stdout] 8 | async fn create(db: Db, post: Json<Post>) -> (Status, Value) {
[INFO] [stdout]   |                                                       ^^^^^ not found in this scope
[INFO] [stdout] 
[INFO] [stdout] error[E0412]: cannot find type `Post` in this scope
[INFO] [stdout]  --> src/lib.rs:71:45
[INFO] [stdout]   |
[INFO] [stdout] 8 | async fn create(db: Db, post: Json<Post>) -> (Status, Value) {
[INFO] [stdout]   |                - help: you might be missing a type parameter: `<Post>`
[INFO] [stdout] 9 |     let result = db.run(move |db| -> Result<Post, butane::Error> {
[INFO] [stdout]   |                                             ^^^^ not found in this scope
[INFO] [stdout] 
[INFO] [stdout] error[E0599]: no method named `run` found for struct `Db` in the current scope
[INFO] [stdout]  --> src/lib.rs:71:21
[INFO] [stdout]   |
[INFO] [stdout] 5 | struct Db(butane_rocket_pool::Connection); 
[INFO] [stdout]   | ------------------------------------------ method `run` not found for this
[INFO] [stdout] ...
[INFO] [stdout] 9 |     let result = db.run(move |db| -> Result<Post, butane::Error> {
[INFO] [stdout]   |                     ^^^ method not found in `Db`
[INFO] [stdout] 
[INFO] [stdout] error: aborting due to 13 previous errors
[INFO] [stdout] 
[INFO] [stdout] Some errors have detailed explanations: E0412, E0433, E0599.
[INFO] [stdout] For more information about an error, try `rustc --explain E0412`.
[INFO] [stdout] Couldn't compile the test.
[INFO] [stdout] 
[INFO] [stdout] failures:
[INFO] [stdout]     src/lib.rs - (line 13)
[INFO] [stdout]     src/lib.rs - (line 26)
[INFO] [stdout]     src/lib.rs - Connection (line 65)
[INFO] [stdout] 
[INFO] [stdout] test result: FAILED. 0 passed; 3 failed; 0 ignored; 0 measured; 0 filtered out; finished in 0.52s
[INFO] [stdout] 
[INFO] [stderr] error: test failed, to rerun pass '--doc'
[INFO] running `Command { std: "docker" "inspect" "92c7b00965f676084521c2c410ce9c0808cda9bdbff505c010a6022e3b9e22c3", kill_on_drop: false }`
[INFO] running `Command { std: "docker" "rm" "-f" "92c7b00965f676084521c2c410ce9c0808cda9bdbff505c010a6022e3b9e22c3", kill_on_drop: false }`
[INFO] [stdout] 92c7b00965f676084521c2c410ce9c0808cda9bdbff505c010a6022e3b9e22c3
