[INFO] cloning repository https://github.com/vtavernier/social-todo
[INFO] running `Command { std: "git" "-c" "credential.helper=" "-c" "credential.helper=/workspace/cargo-home/bin/git-credential-null" "clone" "--bare" "https://github.com/vtavernier/social-todo" "/workspace/cache/git-repos/https%3A%2F%2Fgithub.com%2Fvtavernier%2Fsocial-todo", kill_on_drop: false }`
[INFO] [stderr] Cloning into bare repository '/workspace/cache/git-repos/https%3A%2F%2Fgithub.com%2Fvtavernier%2Fsocial-todo'...
[INFO] running `Command { std: "git" "rev-parse" "HEAD", kill_on_drop: false }`
[INFO] [stdout] c4d7f8063592d73a63e10f085769d0a868868e7c
[INFO] testing vtavernier/social-todo against beta-2021-08-01 for beta-1.55-1
[INFO] running `Command { std: "git" "clone" "/workspace/cache/git-repos/https%3A%2F%2Fgithub.com%2Fvtavernier%2Fsocial-todo" "/workspace/builds/worker-3/source", kill_on_drop: false }`
[INFO] [stderr] Cloning into '/workspace/builds/worker-3/source'...
[INFO] [stderr] done.
[INFO] validating manifest of git repo https://github.com/vtavernier/social-todo on toolchain beta-2021-08-01
[INFO] running `Command { std: "/workspace/cargo-home/bin/cargo" "+beta-2021-08-01" "metadata" "--manifest-path" "Cargo.toml" "--no-deps", kill_on_drop: false }`
[INFO] removed /workspace/builds/worker-3/source/rust-toolchain
[INFO] started tweaking git repo https://github.com/vtavernier/social-todo
[INFO] finished tweaking git repo https://github.com/vtavernier/social-todo
[INFO] tweaked toml for git repo https://github.com/vtavernier/social-todo written to /workspace/builds/worker-3/source/Cargo.toml
[INFO] crate git repo https://github.com/vtavernier/social-todo already has a lockfile, it will not be regenerated
[INFO] running `Command { std: "/workspace/cargo-home/bin/cargo" "+beta-2021-08-01" "fetch" "--manifest-path" "Cargo.toml", kill_on_drop: false }`
[INFO] [stderr]     Updating git repository `https://github.com/actix/actix-extras.git`
[INFO] [stderr]  Downloading crates ...
[INFO] [stderr]   Downloaded atoi v0.4.0
[INFO] [stderr]   Downloaded indenter v0.3.3
[INFO] [stderr]   Downloaded owo-colors v1.3.0
[INFO] [stderr]   Downloaded tracing-error v0.1.2
[INFO] [stderr]   Downloaded redis v0.20.0
[INFO] [stderr]   Downloaded askama_escape v0.10.1
[INFO] [stderr]   Downloaded color-spantrace v0.1.6
[INFO] [stderr]   Downloaded eyre v0.6.5
[INFO] [stderr]   Downloaded wasm-bindgen-shared v0.2.72
[INFO] [stderr]   Downloaded sqlformat v0.1.6
[INFO] [stderr]   Downloaded wasm-bindgen-backend v0.2.72
[INFO] [stderr]   Downloaded wasm-bindgen-macro v0.2.72
[INFO] [stderr]   Downloaded unicode_categories v0.1.1
[INFO] [stderr]   Downloaded web-sys v0.3.49
[INFO] [stderr]   Downloaded standback v0.2.17
[INFO] [stderr]   Downloaded bitvec v0.19.5
[INFO] [stderr]   Downloaded color-eyre v0.5.10
[INFO] [stderr]   Downloaded actix-files v0.6.0-beta.3
[INFO] [stderr]   Downloaded bcrypt v0.9.0
[INFO] [stderr]   Downloaded ahash v0.6.3
[INFO] [stderr]   Downloaded regex v1.4.5
[INFO] [stderr]   Downloaded http-range v0.1.4
[INFO] [stderr]   Downloaded crossbeam-queue v0.3.1
[INFO] [stderr]   Downloaded wasm-bindgen v0.2.72
[INFO] [stderr]   Downloaded js-sys v0.3.49
[INFO] [stderr]   Downloaded pin-project v1.0.6
[INFO] [stderr]   Downloaded actix-http v3.0.0-beta.4
[INFO] [stderr]   Downloaded libc v0.2.91
[INFO] [stderr]   Downloaded sqlx-core v0.5.1
[INFO] [stderr]   Downloaded sqlx-macros v0.5.1
[INFO] [stderr]   Downloaded blowfish v0.7.0
[INFO] [stderr]   Downloaded sqlx-rt v0.3.0
[INFO] [stderr]   Downloaded awc v3.0.0-beta.3
[INFO] [stderr]   Downloaded hashlink v0.6.0
[INFO] [stderr]   Downloaded hkdf v0.10.0
[INFO] [stderr]   Downloaded actix-web-codegen v0.5.0-beta.2
[INFO] [stderr]   Downloaded tokio-stream v0.1.5
[INFO] [stderr]   Downloaded derive_more v0.99.13
[INFO] [stderr]   Downloaded syn v1.0.65
[INFO] [stderr]   Downloaded actix-service v2.0.0-beta.5
[INFO] [stderr]   Downloaded tokio-util v0.6.5
[INFO] [stderr]   Downloaded wasm-bindgen-macro-support v0.2.72
[INFO] [stderr]   Downloaded whoami v1.1.1
[INFO] [stderr]   Downloaded tracing-actix-web v0.3.0-beta.3
[INFO] [stderr]   Downloaded sqlx v0.5.1
[INFO] [stderr]   Downloaded const_fn v0.4.6
[INFO] [stderr]   Downloaded actix-web v4.0.0-beta.4
[INFO] [stderr]   Downloaded tracing-subscriber v0.2.17
[INFO] [stderr]   Downloaded pin-project-internal v1.0.6
[INFO] [stderr]   Downloaded tokio v1.4.0
[INFO] [stderr]   Downloaded time v0.2.26
[INFO] running `Command { std: "docker" "create" "-v" "/var/lib/crater-agent-workspace/builds/worker-3/target:/opt/rustwide/target:rw,Z" "-v" "/var/lib/crater-agent-workspace/builds/worker-3/source:/opt/rustwide/workdir:ro,Z" "-v" "/var/lib/crater-agent-workspace/cargo-home:/opt/rustwide/cargo-home:ro,Z" "-v" "/var/lib/crater-agent-workspace/rustup-home:/opt/rustwide/rustup-home:ro,Z" "-e" "SOURCE_DIR=/opt/rustwide/workdir" "-e" "CARGO_TARGET_DIR=/opt/rustwide/target" "-e" "CARGO_HOME=/opt/rustwide/cargo-home" "-e" "RUSTUP_HOME=/opt/rustwide/rustup-home" "-w" "/opt/rustwide/workdir" "-m" "1610612736" "--user" "0:0" "--network" "none" "ghcr.io/rust-lang/crates-build-env/linux@sha256:34b6a614d2c27851fe6cbf88fbd1137609cefab8b10d0615aaeb6fd47975d74e" "/opt/rustwide/cargo-home/bin/cargo" "+beta-2021-08-01" "metadata" "--no-deps" "--format-version=1", kill_on_drop: false }`
[INFO] [stdout] 169e20d875dfbc775c4c0f39a99792d5f09ea4efc9552216c1dfdf969102df2c
[INFO] running `Command { std: "docker" "start" "-a" "169e20d875dfbc775c4c0f39a99792d5f09ea4efc9552216c1dfdf969102df2c", kill_on_drop: false }`
[INFO] running `Command { std: "docker" "inspect" "169e20d875dfbc775c4c0f39a99792d5f09ea4efc9552216c1dfdf969102df2c", kill_on_drop: false }`
[INFO] running `Command { std: "docker" "rm" "-f" "169e20d875dfbc775c4c0f39a99792d5f09ea4efc9552216c1dfdf969102df2c", kill_on_drop: false }`
[INFO] [stdout] 169e20d875dfbc775c4c0f39a99792d5f09ea4efc9552216c1dfdf969102df2c
[INFO] running `Command { std: "docker" "create" "-v" "/var/lib/crater-agent-workspace/builds/worker-3/target:/opt/rustwide/target:rw,Z" "-v" "/var/lib/crater-agent-workspace/builds/worker-3/source:/opt/rustwide/workdir:ro,Z" "-v" "/var/lib/crater-agent-workspace/cargo-home:/opt/rustwide/cargo-home:ro,Z" "-v" "/var/lib/crater-agent-workspace/rustup-home:/opt/rustwide/rustup-home:ro,Z" "-e" "SOURCE_DIR=/opt/rustwide/workdir" "-e" "CARGO_TARGET_DIR=/opt/rustwide/target" "-e" "CARGO_INCREMENTAL=0" "-e" "RUST_BACKTRACE=full" "-e" "RUSTFLAGS=--cap-lints=warn" "-e" "CARGO_HOME=/opt/rustwide/cargo-home" "-e" "RUSTUP_HOME=/opt/rustwide/rustup-home" "-w" "/opt/rustwide/workdir" "-m" "1610612736" "--user" "0:0" "--network" "none" "ghcr.io/rust-lang/crates-build-env/linux@sha256:34b6a614d2c27851fe6cbf88fbd1137609cefab8b10d0615aaeb6fd47975d74e" "/opt/rustwide/cargo-home/bin/cargo" "+beta-2021-08-01" "build" "--frozen" "--message-format=json", kill_on_drop: false }`
[INFO] [stdout] fcdc7fb673e045cf33e8dd3edfde043c87aa95d21eeb771769c8bdb96bfa07d3
[INFO] running `Command { std: "docker" "start" "-a" "fcdc7fb673e045cf33e8dd3edfde043c87aa95d21eeb771769c8bdb96bfa07d3", kill_on_drop: false }`
[INFO] [stderr]     Blocking waiting for file lock on package cache
[INFO] [stderr]    Compiling libc v0.2.91
[INFO] [stderr]    Compiling syn v1.0.65
[INFO] [stderr]    Compiling once_cell v1.7.2
[INFO] [stderr]    Compiling serde v1.0.125
[INFO] [stderr]    Compiling serde_json v1.0.64
[INFO] [stderr]    Compiling const_fn v0.4.6
[INFO] [stderr]    Compiling openssl v0.10.33
[INFO] [stderr]    Compiling radium v0.5.3
[INFO] [stderr]    Compiling funty v1.1.0
[INFO] [stderr]    Compiling wyz v0.2.0
[INFO] [stderr]    Compiling tap v1.0.1
[INFO] [stderr]    Compiling whoami v1.1.1
[INFO] [stderr]    Compiling unicode_categories v0.1.1
[INFO] [stderr]    Compiling eyre v0.6.5
[INFO] [stderr]    Compiling async-trait v0.1.48
[INFO] [stderr]    Compiling indenter v0.3.3
[INFO] [stderr]    Compiling owo-colors v1.3.0
[INFO] [stderr]    Compiling askama_escape v0.10.1
[INFO] [stderr]    Compiling http-range v0.1.4
[INFO] [stderr]    Compiling time v0.2.26
[INFO] [stderr]    Compiling ahash v0.7.2
[INFO] [stderr]    Compiling cookie v0.14.4
[INFO] [stderr]    Compiling nom v6.1.2
[INFO] [stderr]    Compiling ahash v0.6.3
[INFO] [stderr]    Compiling tokio v1.4.0
[INFO] [stderr]    Compiling futures-channel v0.3.13
[INFO] [stderr]    Compiling brotli-sys v0.3.2
[INFO] [stderr]    Compiling actix-service v2.0.0-beta.5
[INFO] [stderr]    Compiling bytestring v1.0.0
[INFO] [stderr]    Compiling crossbeam-utils v0.8.3
[INFO] [stderr]    Compiling hashbrown v0.9.1
[INFO] [stderr]    Compiling openssl-sys v0.9.61
[INFO] [stderr]    Compiling regex-automata v0.1.9
[INFO] [stderr]    Compiling stringprep v0.1.2
[INFO] [stderr]    Compiling proc-macro-error-attr v1.0.4
[INFO] [stderr]    Compiling cipher v0.2.5
[INFO] [stderr]    Compiling crypto-mac v0.10.0
[INFO] [stderr]    Compiling universal-hash v0.4.0
[INFO] [stderr]    Compiling aead v0.3.2
[INFO] [stderr]    Compiling atoi v0.4.0
[INFO] [stderr]    Compiling thread_local v1.1.3
[INFO] [stderr]    Compiling sha2 v0.9.3
[INFO] [stderr]    Compiling sha-1 v0.9.4
[INFO] [stderr]    Compiling md-5 v0.9.1
[INFO] [stderr]    Compiling indexmap v1.6.2
[INFO] [stderr]    Compiling hashlink v0.6.0
[INFO] [stderr]    Compiling polyval v0.4.5
[INFO] [stderr]    Compiling aes-soft v0.6.4
[INFO] [stderr]    Compiling ctr v0.6.0
[INFO] [stderr]    Compiling blowfish v0.7.0
[INFO] [stderr]    Compiling hmac v0.10.1
[INFO] [stderr]    Compiling ghash v0.3.1
[INFO] [stderr]    Compiling matchers v0.0.1
[INFO] [stderr]    Compiling hkdf v0.10.0
[INFO] [stderr]    Compiling bitvec v0.19.5
[INFO] [stderr]    Compiling aes v0.6.0
[INFO] [stderr]    Compiling aes-gcm v0.8.0
[INFO] [stderr]    Compiling native-tls v0.2.7
[INFO] [stderr]    Compiling parking_lot_core v0.8.3
[INFO] [stderr]    Compiling signal-hook-registry v1.3.0
[INFO] [stderr]    Compiling mio v0.7.11
[INFO] [stderr]    Compiling num_cpus v1.13.0
[INFO] [stderr]    Compiling getrandom v0.2.2
[INFO] [stderr]    Compiling time v0.1.43
[INFO] [stderr]    Compiling getrandom v0.1.16
[INFO] [stderr]    Compiling flate2 v1.0.20
[INFO] [stderr]    Compiling socket2 v0.3.19
[INFO] [stderr]    Compiling atty v0.2.14
[INFO] [stderr]    Compiling backtrace v0.3.56
[INFO] [stderr]    Compiling crossbeam-queue v0.3.1
[INFO] [stderr]    Compiling crossbeam-channel v0.5.0
[INFO] [stderr]    Compiling clap v2.33.3
[INFO] [stderr]    Compiling rand_core v0.5.1
[INFO] [stderr]    Compiling rand_core v0.6.2
[INFO] [stderr]    Compiling uuid v0.8.2
[INFO] [stderr]    Compiling bcrypt v0.9.0
[INFO] [stderr]    Compiling rand_chacha v0.3.0
[INFO] [stderr]    Compiling rand_chacha v0.2.2
[INFO] [stderr]    Compiling parking_lot v0.11.1
[INFO] [stderr]    Compiling rand v0.8.3
[INFO] [stderr]    Compiling rand v0.7.3
[INFO] [stderr]    Compiling sqlformat v0.1.6
[INFO] [stderr]    Compiling brotli2 v0.3.2
[INFO] [stderr]    Compiling tokio-util v0.6.5
[INFO] [stderr]    Compiling tokio-native-tls v0.3.0
[INFO] [stderr]    Compiling tokio-stream v0.1.5
[INFO] [stderr]    Compiling proc-macro-error v1.0.4
[INFO] [stderr]    Compiling actix-codec v0.4.0-beta.1
[INFO] [stderr]    Compiling serde_derive v1.0.125
[INFO] [stderr]    Compiling futures-macro v0.3.13
[INFO] [stderr]    Compiling actix-macros v0.2.0
[INFO] [stderr]    Compiling tracing-attributes v0.1.15
[INFO] [stderr]    Compiling time-macros-impl v0.1.1
[INFO] [stderr]    Compiling pin-project-internal v1.0.6
[INFO] [stderr]    Compiling derive_more v0.99.13
[INFO] [stderr]    Compiling actix-web-codegen v0.5.0-beta.2
[INFO] [stderr]    Compiling thiserror-impl v1.0.24
[INFO] [stderr]    Compiling structopt-derive v0.4.14
[INFO] [stderr]    Compiling actix-rt v2.1.0
[INFO] [stderr]    Compiling time-macros v0.1.1
[INFO] [stderr]    Compiling actix-utils v3.0.0-beta.2
[INFO] [stderr]    Compiling sqlx-rt v0.3.0
[INFO] [stderr]    Compiling tracing v0.1.25
[INFO] [stderr]    Compiling thiserror v1.0.24
[INFO] [stderr]    Compiling structopt v0.3.21
[INFO] [stderr]    Compiling futures-util v0.3.13
[INFO] [stderr]    Compiling actix-server v2.0.0-beta.3
[INFO] [stderr]    Compiling pin-project v1.0.6
[INFO] [stderr]    Compiling tracing-futures v0.2.5
[INFO] [stderr]    Compiling actix-tls v3.0.0-beta.4
[INFO] [stderr]    Compiling h2 v0.3.2
[INFO] [stderr]    Compiling futures-executor v0.3.13
[INFO] [stderr]    Compiling combine v4.5.2
[INFO] [stderr]    Compiling futures v0.3.13
[INFO] [stderr]    Compiling chrono v0.4.19
[INFO] [stderr]    Compiling serde_urlencoded v0.7.0
[INFO] [stderr]    Compiling tracing-serde v0.1.2
[INFO] [stderr]    Compiling actix-router v0.2.7
[INFO] [stderr]    Compiling bincode v1.3.2
[INFO] [stderr]    Compiling actix-http v3.0.0-beta.4
[INFO] [stderr]    Compiling tracing-subscriber v0.2.17
[INFO] [stderr]    Compiling sqlx-core v0.5.1
[INFO] [stderr]    Compiling tracing-error v0.1.2
[INFO] [stderr]    Compiling color-spantrace v0.1.6
[INFO] [stderr]    Compiling redis v0.20.0
[INFO] [stderr]    Compiling color-eyre v0.5.10
[INFO] [stderr]    Compiling awc v3.0.0-beta.3
[INFO] [stderr]    Compiling actix-web v4.0.0-beta.4
[INFO] [stderr]    Compiling sqlx-macros v0.5.1
[INFO] [stderr]    Compiling tracing-actix-web v0.3.0-beta.3
[INFO] [stderr]    Compiling actix-files v0.6.0-beta.3
[INFO] [stderr]    Compiling actix-session v0.4.1 (https://github.com/actix/actix-extras.git#fc6563a0)
[INFO] [stderr]    Compiling sqlx v0.5.1
[INFO] [stderr]    Compiling social-todo-server v0.1.0 (/opt/rustwide/workdir/server)
[INFO] [stderr]     Finished dev [unoptimized + debuginfo] target(s) in 2m 04s
[INFO] running `Command { std: "docker" "inspect" "fcdc7fb673e045cf33e8dd3edfde043c87aa95d21eeb771769c8bdb96bfa07d3", kill_on_drop: false }`
[INFO] running `Command { std: "docker" "rm" "-f" "fcdc7fb673e045cf33e8dd3edfde043c87aa95d21eeb771769c8bdb96bfa07d3", kill_on_drop: false }`
[INFO] [stdout] fcdc7fb673e045cf33e8dd3edfde043c87aa95d21eeb771769c8bdb96bfa07d3
[INFO] running `Command { std: "docker" "create" "-v" "/var/lib/crater-agent-workspace/builds/worker-3/target:/opt/rustwide/target:rw,Z" "-v" "/var/lib/crater-agent-workspace/builds/worker-3/source:/opt/rustwide/workdir:ro,Z" "-v" "/var/lib/crater-agent-workspace/cargo-home:/opt/rustwide/cargo-home:ro,Z" "-v" "/var/lib/crater-agent-workspace/rustup-home:/opt/rustwide/rustup-home:ro,Z" "-e" "SOURCE_DIR=/opt/rustwide/workdir" "-e" "CARGO_TARGET_DIR=/opt/rustwide/target" "-e" "CARGO_INCREMENTAL=0" "-e" "RUST_BACKTRACE=full" "-e" "RUSTFLAGS=--cap-lints=warn" "-e" "CARGO_HOME=/opt/rustwide/cargo-home" "-e" "RUSTUP_HOME=/opt/rustwide/rustup-home" "-w" "/opt/rustwide/workdir" "-m" "1610612736" "--user" "0:0" "--network" "none" "ghcr.io/rust-lang/crates-build-env/linux@sha256:34b6a614d2c27851fe6cbf88fbd1137609cefab8b10d0615aaeb6fd47975d74e" "/opt/rustwide/cargo-home/bin/cargo" "+beta-2021-08-01" "test" "--frozen" "--no-run" "--message-format=json", kill_on_drop: false }`
[INFO] [stdout] db846b0ad308f00c1a49e1b73b0f2f17481e3c0bc994fcfdad778a2e384ad6b5
[INFO] running `Command { std: "docker" "start" "-a" "db846b0ad308f00c1a49e1b73b0f2f17481e3c0bc994fcfdad778a2e384ad6b5", kill_on_drop: false }`
[INFO] [stderr]    Compiling social-todo-server v0.1.0 (/opt/rustwide/workdir/server)
[INFO] [stderr]     Finished test [unoptimized + debuginfo] target(s) in 9.03s
[INFO] running `Command { std: "docker" "inspect" "db846b0ad308f00c1a49e1b73b0f2f17481e3c0bc994fcfdad778a2e384ad6b5", kill_on_drop: false }`
[INFO] running `Command { std: "docker" "rm" "-f" "db846b0ad308f00c1a49e1b73b0f2f17481e3c0bc994fcfdad778a2e384ad6b5", kill_on_drop: false }`
[INFO] [stdout] db846b0ad308f00c1a49e1b73b0f2f17481e3c0bc994fcfdad778a2e384ad6b5
[INFO] running `Command { std: "docker" "create" "-v" "/var/lib/crater-agent-workspace/builds/worker-3/target:/opt/rustwide/target:rw,Z" "-v" "/var/lib/crater-agent-workspace/builds/worker-3/source:/opt/rustwide/workdir:ro,Z" "-v" "/var/lib/crater-agent-workspace/cargo-home:/opt/rustwide/cargo-home:ro,Z" "-v" "/var/lib/crater-agent-workspace/rustup-home:/opt/rustwide/rustup-home:ro,Z" "-e" "SOURCE_DIR=/opt/rustwide/workdir" "-e" "CARGO_TARGET_DIR=/opt/rustwide/target" "-e" "CARGO_INCREMENTAL=0" "-e" "RUST_BACKTRACE=full" "-e" "RUSTFLAGS=--cap-lints=warn" "-e" "CARGO_HOME=/opt/rustwide/cargo-home" "-e" "RUSTUP_HOME=/opt/rustwide/rustup-home" "-w" "/opt/rustwide/workdir" "-m" "1610612736" "--user" "0:0" "--network" "none" "ghcr.io/rust-lang/crates-build-env/linux@sha256:34b6a614d2c27851fe6cbf88fbd1137609cefab8b10d0615aaeb6fd47975d74e" "/opt/rustwide/cargo-home/bin/cargo" "+beta-2021-08-01" "test" "--frozen", kill_on_drop: false }`
[INFO] [stdout] 84e69bb9617cae5b57f2b55c4df185edd4eecd9696999a124268ea912b24356f
[INFO] running `Command { std: "docker" "start" "-a" "84e69bb9617cae5b57f2b55c4df185edd4eecd9696999a124268ea912b24356f", kill_on_drop: false }`
[INFO] [stderr]     Blocking waiting for file lock on package cache
[INFO] [stderr]     Finished test [unoptimized + debuginfo] target(s) in 0.22s
[INFO] [stderr]      Running unittests (/opt/rustwide/target/debug/deps/social_todo_server-8a738da5b0e7c1d3)
[INFO] [stdout] 
[INFO] [stdout] running 1 test
[INFO] [stdout] test models::user::tests::test_user_fetch_all ... FAILED
[INFO] [stdout] 
[INFO] [stdout] failures:
[INFO] [stdout] 
[INFO] [stdout] ---- models::user::tests::test_user_fetch_all stdout ----
[INFO] [stdout] thread 'models::user::tests::test_user_fetch_all' panicked at 'missing DATABASE_URL: NotPresent', server/src/test_utils.rs:8:22
[INFO] [stdout] stack backtrace:
[INFO] [stdout]    0:     0x55833b69d990 - std::backtrace_rs::backtrace::libunwind::trace::hff4d1766e93f64f1
[INFO] [stdout]                                at /rustc/53fd98ca776cb875bc9e5514f56b52eb74f9e7a9/library/std/src/../../backtrace/src/backtrace/libunwind.rs:90:5
[INFO] [stdout]    1:     0x55833b69d990 - std::backtrace_rs::backtrace::trace_unsynchronized::h56bbc8eb78770bcb
[INFO] [stdout]                                at /rustc/53fd98ca776cb875bc9e5514f56b52eb74f9e7a9/library/std/src/../../backtrace/src/backtrace/mod.rs:66:5
[INFO] [stdout]    2:     0x55833b69d990 - std::sys_common::backtrace::_print_fmt::h5c8e75464faca780
[INFO] [stdout]                                at /rustc/53fd98ca776cb875bc9e5514f56b52eb74f9e7a9/library/std/src/sys_common/backtrace.rs:67:5
[INFO] [stdout]    3:     0x55833b69d990 - <std::sys_common::backtrace::_print::DisplayBacktrace as core::fmt::Display>::fmt::h48b88277def8b362
[INFO] [stdout]                                at /rustc/53fd98ca776cb875bc9e5514f56b52eb74f9e7a9/library/std/src/sys_common/backtrace.rs:46:22
[INFO] [stdout]    4:     0x55833b6c140c - core::fmt::write::h3381b3176fe2b3d3
[INFO] [stdout]                                at /rustc/53fd98ca776cb875bc9e5514f56b52eb74f9e7a9/library/core/src/fmt/mod.rs:1115:17
[INFO] [stdout]    5:     0x55833b698975 - std::io::Write::write_fmt::h5f34a676f60246b5
[INFO] [stdout]                                at /rustc/53fd98ca776cb875bc9e5514f56b52eb74f9e7a9/library/std/src/io/mod.rs:1665:15
[INFO] [stdout]    6:     0x55833b69fc5b - std::sys_common::backtrace::_print::ha537687d6c17dd0d
[INFO] [stdout]                                at /rustc/53fd98ca776cb875bc9e5514f56b52eb74f9e7a9/library/std/src/sys_common/backtrace.rs:49:5
[INFO] [stdout]    7:     0x55833b69fc5b - std::sys_common::backtrace::print::h61376ae57d131d72
[INFO] [stdout]                                at /rustc/53fd98ca776cb875bc9e5514f56b52eb74f9e7a9/library/std/src/sys_common/backtrace.rs:36:9
[INFO] [stdout]    8:     0x55833b69fc5b - std::panicking::default_hook::{{closure}}::h0f7208c0b9644a54
[INFO] [stdout]                                at /rustc/53fd98ca776cb875bc9e5514f56b52eb74f9e7a9/library/std/src/panicking.rs:208:50
[INFO] [stdout]    9:     0x55833b69f76c - std::panicking::default_hook::hdac7fc06578c14ce
[INFO] [stdout]                                at /rustc/53fd98ca776cb875bc9e5514f56b52eb74f9e7a9/library/std/src/panicking.rs:222:9
[INFO] [stdout]   10:     0x55833b6a0324 - std::panicking::rust_panic_with_hook::h72b21c283da3d1ef
[INFO] [stdout]                                at /rustc/53fd98ca776cb875bc9e5514f56b52eb74f9e7a9/library/std/src/panicking.rs:622:17
[INFO] [stdout]   11:     0x55833b69fe07 - std::panicking::begin_panic_handler::{{closure}}::he5778f1729cff84a
[INFO] [stdout]                                at /rustc/53fd98ca776cb875bc9e5514f56b52eb74f9e7a9/library/std/src/panicking.rs:519:13
[INFO] [stdout]   12:     0x55833b69de6c - std::sys_common::backtrace::__rust_end_short_backtrace::h2d11ca8b453b4b1d
[INFO] [stdout]                                at /rustc/53fd98ca776cb875bc9e5514f56b52eb74f9e7a9/library/std/src/sys_common/backtrace.rs:141:18
[INFO] [stdout]   13:     0x55833b69fd69 - rust_begin_unwind
[INFO] [stdout]                                at /rustc/53fd98ca776cb875bc9e5514f56b52eb74f9e7a9/library/std/src/panicking.rs:515:5
[INFO] [stdout]   14:     0x55833b0ebaa1 - core::panicking::panic_fmt::hf9de31d4acbce4db
[INFO] [stdout]                                at /rustc/53fd98ca776cb875bc9e5514f56b52eb74f9e7a9/library/core/src/panicking.rs:92:14
[INFO] [stdout]   15:     0x55833b0ebb93 - core::result::unwrap_failed::ha0c84e81219e5878
[INFO] [stdout]                                at /rustc/53fd98ca776cb875bc9e5514f56b52eb74f9e7a9/library/core/src/result.rs:1599:5
[INFO] [stdout]   16:     0x55833b0f13ef - core::result::Result<T,E>::expect::h7ebb544d4fb70297
[INFO] [stdout]                                at /rustc/53fd98ca776cb875bc9e5514f56b52eb74f9e7a9/library/core/src/result.rs:1241:23
[INFO] [stdout]   17:     0x55833b1124df - social_todo_server::test_utils::get_connector::{{closure}}::hacc7f2275830eeb2
[INFO] [stdout]                                at /opt/rustwide/workdir/server/src/test_utils.rs:7:17
[INFO] [stdout]   18:     0x55833b0ef643 - <core::future::from_generator::GenFuture<T> as core::future::future::Future>::poll::h8cc4649d99421dd9
[INFO] [stdout]                                at /rustc/53fd98ca776cb875bc9e5514f56b52eb74f9e7a9/library/core/src/future/mod.rs:80:19
[INFO] [stdout]   19:     0x55833b1053f3 - social_todo_server::models::user::tests::test_user_fetch_all::{{closure}}::h655f41647b3e3edc
[INFO] [stdout]                                at /opt/rustwide/workdir/server/src/models/user.rs:164:24
[INFO] [stdout]   20:     0x55833b0ef05b - <core::future::from_generator::GenFuture<T> as core::future::future::Future>::poll::h2354095297c87cc2
[INFO] [stdout]                                at /rustc/53fd98ca776cb875bc9e5514f56b52eb74f9e7a9/library/core/src/future/mod.rs:80:19
[INFO] [stdout]   21:     0x55833b0f9cd6 - <tokio::task::local::RunUntil<T> as core::future::future::Future>::poll::{{closure}}::{{closure}}::hb54772789fc35db5
[INFO] [stdout]                                at /opt/rustwide/cargo-home/registry/src/github.com-1ecc6299db9ec823/tokio-1.4.0/src/task/local.rs:634:65
[INFO] [stdout]   22:     0x55833b0fe84c - tokio::coop::with_budget::{{closure}}::hdb5a6c49310d8d31
[INFO] [stdout]                                at /opt/rustwide/cargo-home/registry/src/github.com-1ecc6299db9ec823/tokio-1.4.0/src/coop.rs:106:9
[INFO] [stdout]   23:     0x55833b0f32a1 - std::thread::local::LocalKey<T>::try_with::h5d9b71dd90d77903
[INFO] [stdout]                                at /rustc/53fd98ca776cb875bc9e5514f56b52eb74f9e7a9/library/std/src/thread/local.rs:399:16
[INFO] [stdout]   24:     0x55833b0f2cdd - std::thread::local::LocalKey<T>::with::hb22dd456077c0e48
[INFO] [stdout]                                at /rustc/53fd98ca776cb875bc9e5514f56b52eb74f9e7a9/library/std/src/thread/local.rs:375:9
[INFO] [stdout]   25:     0x55833b0f9b8b - tokio::coop::with_budget::h94d40fda99b84a6c
[INFO] [stdout]                                at /opt/rustwide/cargo-home/registry/src/github.com-1ecc6299db9ec823/tokio-1.4.0/src/coop.rs:99:5
[INFO] [stdout]   26:     0x55833b0f9b8b - tokio::coop::budget::h2353cdd98f8fba85
[INFO] [stdout]                                at /opt/rustwide/cargo-home/registry/src/github.com-1ecc6299db9ec823/tokio-1.4.0/src/coop.rs:76:5
[INFO] [stdout]   27:     0x55833b0f9b8b - <tokio::task::local::RunUntil<T> as core::future::future::Future>::poll::{{closure}}::he4ea72719de88a4d
[INFO] [stdout]                                at /opt/rustwide/cargo-home/registry/src/github.com-1ecc6299db9ec823/tokio-1.4.0/src/task/local.rs:634:42
[INFO] [stdout]   28:     0x55833b0fa42d - tokio::macros::scoped_tls::ScopedKey<T>::set::h850ee0ac2f9ce4c8
[INFO] [stdout]                                at /opt/rustwide/cargo-home/registry/src/github.com-1ecc6299db9ec823/tokio-1.4.0/src/macros/scoped_tls.rs:61:9
[INFO] [stdout]   29:     0x55833b0f939a - tokio::task::local::LocalSet::with::h948d7fa1b8bf4fb7
[INFO] [stdout]                                at /opt/rustwide/cargo-home/registry/src/github.com-1ecc6299db9ec823/tokio-1.4.0/src/task/local.rs:548:9
[INFO] [stdout]   30:     0x55833b0f9a32 - <tokio::task::local::RunUntil<T> as core::future::future::Future>::poll::hcbf626348681fdba
[INFO] [stdout]                                at /opt/rustwide/cargo-home/registry/src/github.com-1ecc6299db9ec823/tokio-1.4.0/src/task/local.rs:624:9
[INFO] [stdout]   31:     0x55833b0f966d - tokio::task::local::LocalSet::run_until::{{closure}}::h6b36722fd5e5b338
[INFO] [stdout]                                at /opt/rustwide/cargo-home/registry/src/github.com-1ecc6299db9ec823/tokio-1.4.0/src/task/local.rs:498:9
[INFO] [stdout]   32:     0x55833b0ef1eb - <core::future::from_generator::GenFuture<T> as core::future::future::Future>::poll::h329e44d234754d5b
[INFO] [stdout]                                at /rustc/53fd98ca776cb875bc9e5514f56b52eb74f9e7a9/library/core/src/future/mod.rs:80:19
[INFO] [stdout]   33:     0x55833b107d2f - <core::pin::Pin<P> as core::future::future::Future>::poll::hd522f881b3fe8154
[INFO] [stdout]                                at /rustc/53fd98ca776cb875bc9e5514f56b52eb74f9e7a9/library/core/src/future/future.rs:119:9
[INFO] [stdout]   34:     0x55833b10cec0 - tokio::runtime::basic_scheduler::Inner<P>::block_on::{{closure}}::{{closure}}::h71a31d73ad89a4f1
[INFO] [stdout]                                at /opt/rustwide/cargo-home/registry/src/github.com-1ecc6299db9ec823/tokio-1.4.0/src/runtime/basic_scheduler.rs:196:62
[INFO] [stdout]   35:     0x55833b0fe71c - tokio::coop::with_budget::{{closure}}::hb1db944c2f787c8f
[INFO] [stdout]                                at /opt/rustwide/cargo-home/registry/src/github.com-1ecc6299db9ec823/tokio-1.4.0/src/coop.rs:106:9
[INFO] [stdout]   36:     0x55833b0f3021 - std::thread::local::LocalKey<T>::try_with::h2048e9927898dadd
[INFO] [stdout]                                at /rustc/53fd98ca776cb875bc9e5514f56b52eb74f9e7a9/library/std/src/thread/local.rs:399:16
[INFO] [stdout]   37:     0x55833b0f2dbd - std::thread::local::LocalKey<T>::with::hf0e764753ef1578b
[INFO] [stdout]                                at /rustc/53fd98ca776cb875bc9e5514f56b52eb74f9e7a9/library/std/src/thread/local.rs:375:9
[INFO] [stdout]   38:     0x55833b10c8cc - tokio::coop::with_budget::hd3b9eba31abfae47
[INFO] [stdout]                                at /opt/rustwide/cargo-home/registry/src/github.com-1ecc6299db9ec823/tokio-1.4.0/src/coop.rs:99:5
[INFO] [stdout]   39:     0x55833b10c8cc - tokio::coop::budget::h842aa1f2ed77d0e3
[INFO] [stdout]                                at /opt/rustwide/cargo-home/registry/src/github.com-1ecc6299db9ec823/tokio-1.4.0/src/coop.rs:76:5
[INFO] [stdout]   40:     0x55833b10c8cc - tokio::runtime::basic_scheduler::Inner<P>::block_on::{{closure}}::h1f4ace22719957c2
[INFO] [stdout]                                at /opt/rustwide/cargo-home/registry/src/github.com-1ecc6299db9ec823/tokio-1.4.0/src/runtime/basic_scheduler.rs:196:39
[INFO] [stdout]   41:     0x55833b10d891 - tokio::runtime::basic_scheduler::enter::{{closure}}::hf13daaf0973f240c
[INFO] [stdout]                                at /opt/rustwide/cargo-home/registry/src/github.com-1ecc6299db9ec823/tokio-1.4.0/src/runtime/basic_scheduler.rs:279:29
[INFO] [stdout]   42:     0x55833b0fa52d - tokio::macros::scoped_tls::ScopedKey<T>::set::he4c6a66683dbce81
[INFO] [stdout]                                at /opt/rustwide/cargo-home/registry/src/github.com-1ecc6299db9ec823/tokio-1.4.0/src/macros/scoped_tls.rs:61:9
[INFO] [stdout]   43:     0x55833b10d80c - tokio::runtime::basic_scheduler::enter::h4c43e6108b598577
[INFO] [stdout]                                at /opt/rustwide/cargo-home/registry/src/github.com-1ecc6299db9ec823/tokio-1.4.0/src/runtime/basic_scheduler.rs:279:5
[INFO] [stdout]   44:     0x55833b10c5ab - tokio::runtime::basic_scheduler::Inner<P>::block_on::h7a3a41caf5877880
[INFO] [stdout]                                at /opt/rustwide/cargo-home/registry/src/github.com-1ecc6299db9ec823/tokio-1.4.0/src/runtime/basic_scheduler.rs:185:9
[INFO] [stdout]   45:     0x55833b10d00c - tokio::runtime::basic_scheduler::InnerGuard<P>::block_on::hd987666a74b00955
[INFO] [stdout]                                at /opt/rustwide/cargo-home/registry/src/github.com-1ecc6299db9ec823/tokio-1.4.0/src/runtime/basic_scheduler.rs:425:9
[INFO] [stdout]   46:     0x55833b10d126 - tokio::runtime::basic_scheduler::BasicScheduler<P>::block_on::hbbdbc5d516d157f6
[INFO] [stdout]                                at /opt/rustwide/cargo-home/registry/src/github.com-1ecc6299db9ec823/tokio-1.4.0/src/runtime/basic_scheduler.rs:145:24
[INFO] [stdout]   47:     0x55833b0fa70e - tokio::runtime::Runtime::block_on::h8577253579cea3ff
[INFO] [stdout]                                at /opt/rustwide/cargo-home/registry/src/github.com-1ecc6299db9ec823/tokio-1.4.0/src/runtime/mod.rs:450:46
[INFO] [stdout]   48:     0x55833b0f942a - tokio::task::local::LocalSet::block_on::hd456d5c19967f785
[INFO] [stdout]                                at /opt/rustwide/cargo-home/registry/src/github.com-1ecc6299db9ec823/tokio-1.4.0/src/task/local.rs:459:9
[INFO] [stdout]   49:     0x55833b100111 - actix_rt::runtime::Runtime::block_on::h93e6862aa2077ea9
[INFO] [stdout]                                at /opt/rustwide/cargo-home/registry/src/github.com-1ecc6299db9ec823/actix-rt-2.1.0/src/runtime.rs:85:9
[INFO] [stdout]   50:     0x55833b0f9d30 - actix_rt::system::SystemRunner::block_on::hc629a3f0f12e653d
[INFO] [stdout]                                at /opt/rustwide/cargo-home/registry/src/github.com-1ecc6299db9ec823/actix-rt-2.1.0/src/system.rs:186:9
[INFO] [stdout]   51:     0x55833b1051d1 - social_todo_server::models::user::tests::test_user_fetch_all::h8f20c945e8173bae
[INFO] [stdout]                                at /opt/rustwide/workdir/server/src/models/user.rs:163:9
[INFO] [stdout]   52:     0x55833b10516a - social_todo_server::models::user::tests::test_user_fetch_all::{{closure}}::hb326fc2c10adbc9d
[INFO] [stdout]                                at /opt/rustwide/workdir/server/src/models/user.rs:162:5
[INFO] [stdout]   53:     0x55833b11295e - core::ops::function::FnOnce::call_once::hd94123664ac2aa65
[INFO] [stdout]                                at /rustc/53fd98ca776cb875bc9e5514f56b52eb74f9e7a9/library/core/src/ops/function.rs:227:5
[INFO] [stdout]   54:     0x55833b149f53 - core::ops::function::FnOnce::call_once::hbb52c4519d3137b0
[INFO] [stdout]                                at /rustc/53fd98ca776cb875bc9e5514f56b52eb74f9e7a9/library/core/src/ops/function.rs:227:5
[INFO] [stdout]   55:     0x55833b149f53 - test::__rust_begin_short_backtrace::h86fe3a2a5a5121af
[INFO] [stdout]                                at /rustc/53fd98ca776cb875bc9e5514f56b52eb74f9e7a9/library/test/src/lib.rs:578:5
[INFO] [stdout]   56:     0x55833b148a08 - <alloc::boxed::Box<F,A> as core::ops::function::FnOnce<Args>>::call_once::hfd956bc3d57399be
[INFO] [stdout]                                at /rustc/53fd98ca776cb875bc9e5514f56b52eb74f9e7a9/library/alloc/src/boxed.rs:1572:9
[INFO] [stdout]   57:     0x55833b148a08 - <std::panic::AssertUnwindSafe<F> as core::ops::function::FnOnce<()>>::call_once::h40dc93e0ddb5938a
[INFO] [stdout]                                at /rustc/53fd98ca776cb875bc9e5514f56b52eb74f9e7a9/library/std/src/panic.rs:347:9
[INFO] [stdout]   58:     0x55833b148a08 - std::panicking::try::do_call::h90d07750cb47c562
[INFO] [stdout]                                at /rustc/53fd98ca776cb875bc9e5514f56b52eb74f9e7a9/library/std/src/panicking.rs:401:40
[INFO] [stdout]   59:     0x55833b148a08 - std::panicking::try::h063c84733ad2a629
[INFO] [stdout]                                at /rustc/53fd98ca776cb875bc9e5514f56b52eb74f9e7a9/library/std/src/panicking.rs:365:19
[INFO] [stdout]   60:     0x55833b148a08 - std::panic::catch_unwind::h0c464836a84e7c08
[INFO] [stdout]                                at /rustc/53fd98ca776cb875bc9e5514f56b52eb74f9e7a9/library/std/src/panic.rs:434:14
[INFO] [stdout]   61:     0x55833b148a08 - test::run_test_in_process::h5cb06ef620b157fc
[INFO] [stdout]                                at /rustc/53fd98ca776cb875bc9e5514f56b52eb74f9e7a9/library/test/src/lib.rs:601:18
[INFO] [stdout]   62:     0x55833b148a08 - test::run_test::run_test_inner::{{closure}}::h76f677f4b93f9828
[INFO] [stdout]                                at /rustc/53fd98ca776cb875bc9e5514f56b52eb74f9e7a9/library/test/src/lib.rs:493:39
[INFO] [stdout]   63:     0x55833b11719d - test::run_test::run_test_inner::{{closure}}::h366d01fe04f4d67a
[INFO] [stdout]                                at /rustc/53fd98ca776cb875bc9e5514f56b52eb74f9e7a9/library/test/src/lib.rs:520:37
[INFO] [stdout]   64:     0x55833b11719d - std::sys_common::backtrace::__rust_begin_short_backtrace::h7dfa0de4eb395af2
[INFO] [stdout]                                at /rustc/53fd98ca776cb875bc9e5514f56b52eb74f9e7a9/library/std/src/sys_common/backtrace.rs:125:18
[INFO] [stdout]   65:     0x55833b11b968 - std::thread::Builder::spawn_unchecked::{{closure}}::{{closure}}::hf0a74bb58798037f
[INFO] [stdout]                                at /rustc/53fd98ca776cb875bc9e5514f56b52eb74f9e7a9/library/std/src/thread/mod.rs:476:17
[INFO] [stdout]   66:     0x55833b11b968 - <std::panic::AssertUnwindSafe<F> as core::ops::function::FnOnce<()>>::call_once::hb024e854818586ac
[INFO] [stdout]                                at /rustc/53fd98ca776cb875bc9e5514f56b52eb74f9e7a9/library/std/src/panic.rs:347:9
[INFO] [stdout]   67:     0x55833b11b968 - std::panicking::try::do_call::hb2dd9f1d0d48e41d
[INFO] [stdout]                                at /rustc/53fd98ca776cb875bc9e5514f56b52eb74f9e7a9/library/std/src/panicking.rs:401:40
[INFO] [stdout]   68:     0x55833b11b968 - std::panicking::try::h4717ae7bac8b2bf3
[INFO] [stdout]                                at /rustc/53fd98ca776cb875bc9e5514f56b52eb74f9e7a9/library/std/src/panicking.rs:365:19
[INFO] [stdout]   69:     0x55833b11b968 - std::panic::catch_unwind::h0dc8a061326ce8d8
[INFO] [stdout]                                at /rustc/53fd98ca776cb875bc9e5514f56b52eb74f9e7a9/library/std/src/panic.rs:434:14
[INFO] [stdout]   70:     0x55833b11b968 - std::thread::Builder::spawn_unchecked::{{closure}}::haa369e2d6fd00aa1
[INFO] [stdout]                                at /rustc/53fd98ca776cb875bc9e5514f56b52eb74f9e7a9/library/std/src/thread/mod.rs:475:30
[INFO] [stdout]   71:     0x55833b11b968 - core::ops::function::FnOnce::call_once{{vtable.shim}}::h36dcf3de8b056f17
[INFO] [stdout]                                at /rustc/53fd98ca776cb875bc9e5514f56b52eb74f9e7a9/library/core/src/ops/function.rs:227:5
[INFO] [stdout]   72:     0x55833b6a55b7 - <alloc::boxed::Box<F,A> as core::ops::function::FnOnce<Args>>::call_once::h65c29e4642be2358
[INFO] [stdout]                                at /rustc/53fd98ca776cb875bc9e5514f56b52eb74f9e7a9/library/alloc/src/boxed.rs:1572:9
[INFO] [stdout]   73:     0x55833b6a55b7 - <alloc::boxed::Box<F,A> as core::ops::function::FnOnce<Args>>::call_once::hd0f8f7fbbd9fffbf
[INFO] [stdout]                                at /rustc/53fd98ca776cb875bc9e5514f56b52eb74f9e7a9/library/alloc/src/boxed.rs:1572:9
[INFO] [stdout]   74:     0x55833b6a55b7 - std::sys::unix::thread::Thread::new::thread_start::h2fd22fee3ca77b65
[INFO] [stdout]                                at /rustc/53fd98ca776cb875bc9e5514f56b52eb74f9e7a9/library/std/src/sys/unix/thread.rs:74:17
[INFO] [stdout]   75:     0x7f6201eba609 - start_thread
[INFO] [stdout]   76:     0x7f6201c8a293 - clone
[INFO] [stdout]   77:                0x0 - <unknown>
[INFO] [stdout] 
[INFO] [stdout] 
[INFO] [stdout] failures:
[INFO] [stdout]     models::user::tests::test_user_fetch_all
[INFO] [stdout] 
[INFO] [stdout] test result: FAILED. 0 passed; 1 failed; 0 ignored; 0 measured; 0 filtered out; finished in 0.05s
[INFO] [stdout] 
[INFO] [stderr] error: test failed, to rerun pass '--lib'
[INFO] running `Command { std: "docker" "inspect" "84e69bb9617cae5b57f2b55c4df185edd4eecd9696999a124268ea912b24356f", kill_on_drop: false }`
[INFO] running `Command { std: "docker" "rm" "-f" "84e69bb9617cae5b57f2b55c4df185edd4eecd9696999a124268ea912b24356f", kill_on_drop: false }`
[INFO] [stdout] 84e69bb9617cae5b57f2b55c4df185edd4eecd9696999a124268ea912b24356f
