[INFO] cloning repository https://github.com/timaghostov/rest_weather
[INFO] running `Command { std: "git" "-c" "credential.helper=" "-c" "credential.helper=/workspace/cargo-home/bin/git-credential-null" "clone" "--bare" "https://github.com/timaghostov/rest_weather" "/workspace/cache/git-repos/https%3A%2F%2Fgithub.com%2Ftimaghostov%2Frest_weather", kill_on_drop: false }`
[INFO] [stderr] Cloning into bare repository '/workspace/cache/git-repos/https%3A%2F%2Fgithub.com%2Ftimaghostov%2Frest_weather'...
[INFO] running `Command { std: "git" "rev-parse" "HEAD", kill_on_drop: false }`
[INFO] [stdout] 561b0a30cc4288301376e888ee50d7566552df69
[INFO] testing timaghostov/rest_weather against beta-2021-08-01 for beta-1.55-1
[INFO] running `Command { std: "git" "clone" "/workspace/cache/git-repos/https%3A%2F%2Fgithub.com%2Ftimaghostov%2Frest_weather" "/workspace/builds/worker-42/source", kill_on_drop: false }`
[INFO] [stderr] Cloning into '/workspace/builds/worker-42/source'...
[INFO] [stderr] done.
[INFO] validating manifest of git repo https://github.com/timaghostov/rest_weather on toolchain beta-2021-08-01
[INFO] running `Command { std: "/workspace/cargo-home/bin/cargo" "+beta-2021-08-01" "metadata" "--manifest-path" "Cargo.toml" "--no-deps", kill_on_drop: false }`
[INFO] started tweaking git repo https://github.com/timaghostov/rest_weather
[INFO] finished tweaking git repo https://github.com/timaghostov/rest_weather
[INFO] tweaked toml for git repo https://github.com/timaghostov/rest_weather written to /workspace/builds/worker-42/source/Cargo.toml
[INFO] crate git repo https://github.com/timaghostov/rest_weather already has a lockfile, it will not be regenerated
[INFO] running `Command { std: "/workspace/cargo-home/bin/cargo" "+beta-2021-08-01" "fetch" "--manifest-path" "Cargo.toml", kill_on_drop: false }`
[INFO] [stderr]     Blocking waiting for file lock on package cache
[INFO] [stderr]     Blocking waiting for file lock on package cache
[INFO] running `Command { std: "docker" "create" "-v" "/var/lib/crater-agent-workspace/builds/worker-42/target:/opt/rustwide/target:rw,Z" "-v" "/var/lib/crater-agent-workspace/builds/worker-42/source:/opt/rustwide/workdir:ro,Z" "-v" "/var/lib/crater-agent-workspace/cargo-home:/opt/rustwide/cargo-home:ro,Z" "-v" "/var/lib/crater-agent-workspace/rustup-home:/opt/rustwide/rustup-home:ro,Z" "-e" "SOURCE_DIR=/opt/rustwide/workdir" "-e" "CARGO_TARGET_DIR=/opt/rustwide/target" "-e" "CARGO_HOME=/opt/rustwide/cargo-home" "-e" "RUSTUP_HOME=/opt/rustwide/rustup-home" "-w" "/opt/rustwide/workdir" "-m" "1610612736" "--user" "0:0" "--network" "none" "ghcr.io/rust-lang/crates-build-env/linux@sha256:34b6a614d2c27851fe6cbf88fbd1137609cefab8b10d0615aaeb6fd47975d74e" "/opt/rustwide/cargo-home/bin/cargo" "+beta-2021-08-01" "metadata" "--no-deps" "--format-version=1", kill_on_drop: false }`
[INFO] [stdout] 5c5ee61036e2192366010eb01706f8f82518399c2ddcd2550a33510ab95089b5
[INFO] running `Command { std: "docker" "start" "-a" "5c5ee61036e2192366010eb01706f8f82518399c2ddcd2550a33510ab95089b5", kill_on_drop: false }`
[INFO] running `Command { std: "docker" "inspect" "5c5ee61036e2192366010eb01706f8f82518399c2ddcd2550a33510ab95089b5", kill_on_drop: false }`
[INFO] running `Command { std: "docker" "rm" "-f" "5c5ee61036e2192366010eb01706f8f82518399c2ddcd2550a33510ab95089b5", kill_on_drop: false }`
[INFO] [stdout] 5c5ee61036e2192366010eb01706f8f82518399c2ddcd2550a33510ab95089b5
[INFO] running `Command { std: "docker" "create" "-v" "/var/lib/crater-agent-workspace/builds/worker-42/target:/opt/rustwide/target:rw,Z" "-v" "/var/lib/crater-agent-workspace/builds/worker-42/source:/opt/rustwide/workdir:ro,Z" "-v" "/var/lib/crater-agent-workspace/cargo-home:/opt/rustwide/cargo-home:ro,Z" "-v" "/var/lib/crater-agent-workspace/rustup-home:/opt/rustwide/rustup-home:ro,Z" "-e" "SOURCE_DIR=/opt/rustwide/workdir" "-e" "CARGO_TARGET_DIR=/opt/rustwide/target" "-e" "CARGO_INCREMENTAL=0" "-e" "RUST_BACKTRACE=full" "-e" "RUSTFLAGS=--cap-lints=warn" "-e" "CARGO_HOME=/opt/rustwide/cargo-home" "-e" "RUSTUP_HOME=/opt/rustwide/rustup-home" "-w" "/opt/rustwide/workdir" "-m" "1610612736" "--user" "0:0" "--network" "none" "ghcr.io/rust-lang/crates-build-env/linux@sha256:34b6a614d2c27851fe6cbf88fbd1137609cefab8b10d0615aaeb6fd47975d74e" "/opt/rustwide/cargo-home/bin/cargo" "+beta-2021-08-01" "build" "--frozen" "--message-format=json", kill_on_drop: false }`
[INFO] [stdout] 69ad9feae41a6d85af859ede82ec55e5f6f6f363ceb343caea13970ef9b9cb4d
[INFO] running `Command { std: "docker" "start" "-a" "69ad9feae41a6d85af859ede82ec55e5f6f6f363ceb343caea13970ef9b9cb4d", kill_on_drop: false }`
[INFO] [stderr]     Blocking waiting for file lock on package cache
[INFO] [stderr]    Compiling proc-macro2 v1.0.24
[INFO] [stderr]    Compiling libc v0.2.79
[INFO] [stderr]    Compiling unicode-xid v0.2.1
[INFO] [stderr]    Compiling syn v1.0.45
[INFO] [stderr]    Compiling cfg-if v0.1.10
[INFO] [stderr]    Compiling autocfg v1.0.1
[INFO] [stderr]    Compiling memchr v2.3.3
[INFO] [stderr]    Compiling log v0.4.11
[INFO] [stderr]    Compiling version_check v0.9.2
[INFO] [stderr]    Compiling lazy_static v1.4.0
[INFO] [stderr]    Compiling futures-core v0.3.6
[INFO] [stderr]    Compiling slab v0.4.2
[INFO] [stderr]    Compiling proc-macro-hack v0.5.18
[INFO] [stderr]    Compiling bytes v0.5.6
[INFO] [stderr]    Compiling pin-project-internal v0.4.27
[INFO] [stderr]    Compiling futures-sink v0.3.6
[INFO] [stderr]    Compiling fnv v1.0.7
[INFO] [stderr]    Compiling proc-macro-nested v0.1.6
[INFO] [stderr]    Compiling pin-project-lite v0.1.10
[INFO] [stderr]    Compiling arc-swap v0.4.7
[INFO] [stderr]    Compiling once_cell v1.4.1
[INFO] [stderr]    Compiling futures-io v0.3.6
[INFO] [stderr]    Compiling pin-utils v0.1.0
[INFO] [stderr]    Compiling cc v1.0.61
[INFO] [stderr]    Compiling bitflags v1.2.1
[INFO] [stderr]    Compiling smallvec v1.4.2
[INFO] [stderr]    Compiling itoa v0.4.6
[INFO] [stderr]    Compiling scopeguard v1.1.0
[INFO] [stderr]    Compiling serde_derive v1.0.117
[INFO] [stderr]    Compiling tinyvec v0.3.4
[INFO] [stderr]    Compiling getrandom v0.1.15
[INFO] [stderr]    Compiling matches v0.1.8
[INFO] [stderr]    Compiling serde v1.0.117
[INFO] [stderr]    Compiling pkg-config v0.3.19
[INFO] [stderr]    Compiling percent-encoding v2.1.0
[INFO] [stderr]    Compiling adler v0.2.3
[INFO] [stderr]    Compiling copyless v0.1.5
[INFO] [stderr]    Compiling typenum v1.12.0
[INFO] [stderr]    Compiling ppv-lite86 v0.2.9
[INFO] [stderr]    Compiling unicode-segmentation v1.6.0
[INFO] [stderr]    Compiling either v1.6.1
[INFO] [stderr]    Compiling gimli v0.22.0
[INFO] [stderr]    Compiling httparse v1.3.4
[INFO] [stderr]    Compiling hashbrown v0.9.1
[INFO] [stderr]    Compiling match_cfg v0.1.0
[INFO] [stderr]    Compiling ryu v1.0.5
[INFO] [stderr]    Compiling cfg-if v1.0.0
[INFO] [stderr]    Compiling object v0.21.1
[INFO] [stderr]    Compiling rustc-demangle v0.1.17
[INFO] [stderr]    Compiling const_fn v0.4.2
[INFO] [stderr]    Compiling byteorder v1.3.4
[INFO] [stderr]    Compiling serde_json v1.0.59
[INFO] [stderr]    Compiling openssl v0.10.30
[INFO] [stderr]    Compiling crc32fast v1.2.0
[INFO] [stderr]    Compiling quick-error v1.2.3
[INFO] [stderr]    Compiling linked-hash-map v0.5.3
[INFO] [stderr]    Compiling encoding_rs v0.8.24
[INFO] [stderr]    Compiling foreign-types-shared v0.1.1
[INFO] [stderr]    Compiling native-tls v0.2.4
[INFO] [stderr]    Compiling mime v0.3.16
[INFO] [stderr]    Compiling dtoa v0.4.6
[INFO] [stderr]    Compiling regex-syntax v0.6.20
[INFO] [stderr]    Compiling try-lock v0.2.3
[INFO] [stderr]    Compiling base64 v0.12.3
[INFO] [stderr]    Compiling opaque-debug v0.3.0
[INFO] [stderr]    Compiling openssl-probe v0.1.2
[INFO] [stderr]    Compiling cpuid-bool v0.1.2
[INFO] [stderr]    Compiling tower-service v0.3.0
[INFO] [stderr]    Compiling language-tags v0.2.2
[INFO] [stderr]    Compiling httpdate v0.3.2
[INFO] [stderr]    Compiling tinyvec_macros v0.1.0
[INFO] [stderr]    Compiling ipnet v2.3.0
[INFO] [stderr]    Compiling tinyvec v1.0.1
[INFO] [stderr]    Compiling futures-channel v0.3.6
[INFO] [stderr]    Compiling futures-task v0.3.6
[INFO] [stderr]    Compiling instant v0.1.7
[INFO] [stderr]    Compiling unicode-normalization v0.1.13
[INFO] [stderr]    Compiling unicode-bidi v0.3.4
[INFO] [stderr]    Compiling tracing-core v0.1.17
[INFO] [stderr]    Compiling thread_local v1.0.1
[INFO] [stderr]    Compiling lru-cache v0.1.2
[INFO] [stderr]    Compiling http v0.2.1
[INFO] [stderr]    Compiling bytestring v0.1.5
[INFO] [stderr]    Compiling foreign-types v0.3.2
[INFO] [stderr]    Compiling lock_api v0.4.1
[INFO] [stderr]    Compiling miniz_oxide v0.4.3
[INFO] [stderr]    Compiling indexmap v1.6.0
[INFO] [stderr]    Compiling num-traits v0.2.12
[INFO] [stderr]    Compiling num-integer v0.1.43
[INFO] [stderr]    Compiling heck v0.3.1
[INFO] [stderr]    Compiling standback v0.2.11
[INFO] [stderr]    Compiling generic-array v0.14.4
[INFO] [stderr]    Compiling unicase v2.6.0
[INFO] [stderr]    Compiling time v0.2.22
[INFO] [stderr]    Compiling cookie v0.14.2
[INFO] [stderr]    Compiling openssl-sys v0.9.58
[INFO] [stderr]    Compiling brotli-sys v0.3.2
[INFO] [stderr]    Compiling idna v0.2.0
[INFO] [stderr]    Compiling addr2line v0.13.0
[INFO] [stderr]    Compiling tracing v0.1.21
[INFO] [stderr]    Compiling want v0.3.0
[INFO] [stderr]    Compiling url v2.1.1
[INFO] [stderr]    Compiling aho-corasick v0.7.14
[INFO] [stderr]    Compiling http-body v0.3.1
[INFO] [stderr]    Compiling fxhash v0.2.1
[INFO] [stderr]    Compiling quote v1.0.7
[INFO] [stderr]    Compiling digest v0.9.0
[INFO] [stderr]    Compiling block-buffer v0.9.0
[INFO] [stderr]    Compiling num_cpus v1.13.0
[INFO] [stderr]    Compiling iovec v0.1.4
[INFO] [stderr]    Compiling net2 v0.2.35
[INFO] [stderr]    Compiling signal-hook-registry v1.2.1
[INFO] [stderr]    Compiling parking_lot_core v0.8.0
[INFO] [stderr]    Compiling socket2 v0.3.15
[INFO] [stderr]    Compiling hostname v0.3.1
[INFO] [stderr]    Compiling time v0.1.44
[INFO] [stderr]    Compiling sha-1 v0.9.1
[INFO] [stderr]    Compiling parking_lot v0.11.0
[INFO] [stderr]    Compiling resolv-conf v0.6.3
[INFO] [stderr]    Compiling threadpool v1.8.1
[INFO] [stderr]    Compiling rand_core v0.5.1
[INFO] [stderr]    Compiling mio v0.6.22
[INFO] [stderr]    Compiling regex v1.4.1
[INFO] [stderr]    Compiling mime_guess v2.0.3
[INFO] [stderr]    Compiling backtrace v0.3.53
[INFO] [stderr]    Compiling flate2 v1.0.18
[INFO] [stderr]    Compiling rand_chacha v0.2.2
[INFO] [stderr]    Compiling rand v0.7.3
[INFO] [stderr]    Compiling mio-uds v0.6.8
[INFO] [stderr]    Compiling brotli2 v0.3.2
[INFO] [stderr]    Compiling futures-macro v0.3.6
[INFO] [stderr]    Compiling tokio-macros v0.2.5
[INFO] [stderr]    Compiling derive_more v0.99.11
[INFO] [stderr]    Compiling actix-macros v0.1.2
[INFO] [stderr]    Compiling thiserror-impl v1.0.21
[INFO] [stderr]    Compiling async-trait v0.1.41
[INFO] [stderr]    Compiling time-macros-impl v0.1.1
[INFO] [stderr]    Compiling enum-as-inner v0.3.3
[INFO] [stderr]    Compiling actix-web-codegen v0.3.0
[INFO] [stderr]    Compiling tokio v0.2.22
[INFO] [stderr]    Compiling time-macros v0.1.1
[INFO] [stderr]    Compiling thiserror v1.0.21
[INFO] [stderr]    Compiling pin-project v0.4.27
[INFO] [stderr]    Compiling futures-util v0.3.6
[INFO] [stderr]    Compiling actix-threadpool v0.3.3
[INFO] [stderr]    Compiling tokio-util v0.3.1
[INFO] [stderr]    Compiling tokio-tls v0.3.1
[INFO] [stderr]    Compiling actix-codec v0.3.0
[INFO] [stderr]    Compiling actix-rt v1.1.1
[INFO] [stderr]    Compiling actix-service v1.0.6
[INFO] [stderr]    Compiling futures-executor v0.3.6
[INFO] [stderr]    Compiling h2 v0.2.6
[INFO] [stderr]    Compiling futures v0.3.6
[INFO] [stderr]    Compiling trust-dns-proto v0.19.5
[INFO] [stderr]    Compiling actix-utils v2.0.0
[INFO] [stderr]    Compiling actix-server v1.0.4
[INFO] [stderr]    Compiling actix-tls v2.0.0
[INFO] [stderr]    Compiling serde_urlencoded v0.6.1
[INFO] [stderr]    Compiling actix-router v0.2.5
[INFO] [stderr]    Compiling chrono v0.4.19
[INFO] [stderr]    Compiling toml v0.5.7
[INFO] [stderr]    Compiling actix-testing v1.0.1
[INFO] [stderr]    Compiling trust-dns-resolver v0.19.5
[INFO] [stderr]    Compiling actix-connect v2.0.0
[INFO] [stderr]    Compiling hyper v0.13.8
[INFO] [stderr]    Compiling actix-http v2.0.0
[INFO] [stderr]    Compiling awc v2.0.0
[INFO] [stderr]    Compiling hyper-tls v0.4.3
[INFO] [stderr]    Compiling actix-web v3.1.0
[INFO] [stderr]    Compiling reqwest v0.10.8
[INFO] [stderr]    Compiling rest_weather v0.1.1 (/opt/rustwide/workdir)
[INFO] [stderr]     Finished dev [unoptimized + debuginfo] target(s) in 3m 08s
[INFO] running `Command { std: "docker" "inspect" "69ad9feae41a6d85af859ede82ec55e5f6f6f363ceb343caea13970ef9b9cb4d", kill_on_drop: false }`
[INFO] running `Command { std: "docker" "rm" "-f" "69ad9feae41a6d85af859ede82ec55e5f6f6f363ceb343caea13970ef9b9cb4d", kill_on_drop: false }`
[INFO] [stdout] 69ad9feae41a6d85af859ede82ec55e5f6f6f363ceb343caea13970ef9b9cb4d
[INFO] running `Command { std: "docker" "create" "-v" "/var/lib/crater-agent-workspace/builds/worker-42/target:/opt/rustwide/target:rw,Z" "-v" "/var/lib/crater-agent-workspace/builds/worker-42/source:/opt/rustwide/workdir:ro,Z" "-v" "/var/lib/crater-agent-workspace/cargo-home:/opt/rustwide/cargo-home:ro,Z" "-v" "/var/lib/crater-agent-workspace/rustup-home:/opt/rustwide/rustup-home:ro,Z" "-e" "SOURCE_DIR=/opt/rustwide/workdir" "-e" "CARGO_TARGET_DIR=/opt/rustwide/target" "-e" "CARGO_INCREMENTAL=0" "-e" "RUST_BACKTRACE=full" "-e" "RUSTFLAGS=--cap-lints=warn" "-e" "CARGO_HOME=/opt/rustwide/cargo-home" "-e" "RUSTUP_HOME=/opt/rustwide/rustup-home" "-w" "/opt/rustwide/workdir" "-m" "1610612736" "--user" "0:0" "--network" "none" "ghcr.io/rust-lang/crates-build-env/linux@sha256:34b6a614d2c27851fe6cbf88fbd1137609cefab8b10d0615aaeb6fd47975d74e" "/opt/rustwide/cargo-home/bin/cargo" "+beta-2021-08-01" "test" "--frozen" "--no-run" "--message-format=json", kill_on_drop: false }`
[INFO] [stdout] 9504ad5895563cf0f79ade14607d07b5ccffc122fd68568920ad03331033fd04
[INFO] running `Command { std: "docker" "start" "-a" "9504ad5895563cf0f79ade14607d07b5ccffc122fd68568920ad03331033fd04", kill_on_drop: false }`
[INFO] [stderr]    Compiling rest_weather v0.1.1 (/opt/rustwide/workdir)
[INFO] [stderr]     Finished test [unoptimized + debuginfo] target(s) in 13.57s
[INFO] running `Command { std: "docker" "inspect" "9504ad5895563cf0f79ade14607d07b5ccffc122fd68568920ad03331033fd04", kill_on_drop: false }`
[INFO] running `Command { std: "docker" "rm" "-f" "9504ad5895563cf0f79ade14607d07b5ccffc122fd68568920ad03331033fd04", kill_on_drop: false }`
[INFO] [stdout] 9504ad5895563cf0f79ade14607d07b5ccffc122fd68568920ad03331033fd04
[INFO] running `Command { std: "docker" "create" "-v" "/var/lib/crater-agent-workspace/builds/worker-42/target:/opt/rustwide/target:rw,Z" "-v" "/var/lib/crater-agent-workspace/builds/worker-42/source:/opt/rustwide/workdir:ro,Z" "-v" "/var/lib/crater-agent-workspace/cargo-home:/opt/rustwide/cargo-home:ro,Z" "-v" "/var/lib/crater-agent-workspace/rustup-home:/opt/rustwide/rustup-home:ro,Z" "-e" "SOURCE_DIR=/opt/rustwide/workdir" "-e" "CARGO_TARGET_DIR=/opt/rustwide/target" "-e" "CARGO_INCREMENTAL=0" "-e" "RUST_BACKTRACE=full" "-e" "RUSTFLAGS=--cap-lints=warn" "-e" "CARGO_HOME=/opt/rustwide/cargo-home" "-e" "RUSTUP_HOME=/opt/rustwide/rustup-home" "-w" "/opt/rustwide/workdir" "-m" "1610612736" "--user" "0:0" "--network" "none" "ghcr.io/rust-lang/crates-build-env/linux@sha256:34b6a614d2c27851fe6cbf88fbd1137609cefab8b10d0615aaeb6fd47975d74e" "/opt/rustwide/cargo-home/bin/cargo" "+beta-2021-08-01" "test" "--frozen", kill_on_drop: false }`
[INFO] [stdout] a69722e460a5056736d6c5c9157a71869c1209baf630993514b82544153ad053
[INFO] running `Command { std: "docker" "start" "-a" "a69722e460a5056736d6c5c9157a71869c1209baf630993514b82544153ad053", kill_on_drop: false }`
[INFO] [stderr]     Finished test [unoptimized + debuginfo] target(s) in 0.24s
[INFO] [stderr]      Running unittests (/opt/rustwide/target/debug/deps/rest_weather-a17e9f420f479821)
[INFO] [stdout] 
[INFO] [stdout] running 18 tests
[INFO] [stdout] test tests::accu_weather::build_request_url_daily ... ignored
[INFO] [stdout] test tests::accu_weather::build_request_url_weekly ... ignored
[INFO] [stdout] test tests::configuration::test_open_configuration_err ... ok
[INFO] [stdout] test tests::configuration::test_open_configuration_ok ... ok
[INFO] [stdout] test tests::dates::test_parse_date_add_n ... ok
[INFO] [stdout] test tests::dates::test_parse_date_ok ... ok
[INFO] [stdout] test tests::remote_access::test_unix_time ... ok
[INFO] [stdout] test tests::it_works ... ok
[INFO] [stdout] test tests::dates::test_parse_date_err ... ok
[INFO] [stdout] test tests::webservice::test ... ignored
[INFO] [stdout] test tests::weather_bit::build_request_url_weekly ... ok
[INFO] [stdout] test tests::dates::test_parse_date_add_today ... ok
[INFO] [stdout] test tests::open_weather_map::build_request_url_daily ... ok
[INFO] [stdout] test tests::weather_bit::build_request_url_daily ... ok
[INFO] [stdout] test tests::open_weather_map::build_request_url_weekly ... ok
[INFO] [stdout] test tests::remote_access::test_get_response_no_json - should panic ... ok
[INFO] [stdout] test tests::remote_access::test_get_response_json ... FAILED
[INFO] [stdout] test tests::remote_access::test_get_response_unknown_url - should panic ... ok
[INFO] [stdout] 
[INFO] [stdout] failures:
[INFO] [stdout] 
[INFO] [stdout] ---- tests::remote_access::test_get_response_json stdout ----
[INFO] [stdout] thread 'tests::remote_access::test_get_response_json' panicked at 'assertion failed: get_response(Cow::Borrowed(\"http://dataservice.accuweather.com/\")).await.is_ok()', src/tests/remote_access.rs:33:5
[INFO] [stdout] stack backtrace:
[INFO] [stdout]    0:     0x561016572540 - std::backtrace_rs::backtrace::libunwind::trace::hff4d1766e93f64f1
[INFO] [stdout]                                at /rustc/53fd98ca776cb875bc9e5514f56b52eb74f9e7a9/library/std/src/../../backtrace/src/backtrace/libunwind.rs:90:5
[INFO] [stdout]    1:     0x561016572540 - std::backtrace_rs::backtrace::trace_unsynchronized::h56bbc8eb78770bcb
[INFO] [stdout]                                at /rustc/53fd98ca776cb875bc9e5514f56b52eb74f9e7a9/library/std/src/../../backtrace/src/backtrace/mod.rs:66:5
[INFO] [stdout]    2:     0x561016572540 - std::sys_common::backtrace::_print_fmt::h5c8e75464faca780
[INFO] [stdout]                                at /rustc/53fd98ca776cb875bc9e5514f56b52eb74f9e7a9/library/std/src/sys_common/backtrace.rs:67:5
[INFO] [stdout]    3:     0x561016572540 - <std::sys_common::backtrace::_print::DisplayBacktrace as core::fmt::Display>::fmt::h48b88277def8b362
[INFO] [stdout]                                at /rustc/53fd98ca776cb875bc9e5514f56b52eb74f9e7a9/library/std/src/sys_common/backtrace.rs:46:22
[INFO] [stdout]    4:     0x561016596c9c - core::fmt::write::h3381b3176fe2b3d3
[INFO] [stdout]                                at /rustc/53fd98ca776cb875bc9e5514f56b52eb74f9e7a9/library/core/src/fmt/mod.rs:1115:17
[INFO] [stdout]    5:     0x56101656bfe5 - std::io::Write::write_fmt::h5f34a676f60246b5
[INFO] [stdout]                                at /rustc/53fd98ca776cb875bc9e5514f56b52eb74f9e7a9/library/std/src/io/mod.rs:1665:15
[INFO] [stdout]    6:     0x56101657472b - std::sys_common::backtrace::_print::ha537687d6c17dd0d
[INFO] [stdout]                                at /rustc/53fd98ca776cb875bc9e5514f56b52eb74f9e7a9/library/std/src/sys_common/backtrace.rs:49:5
[INFO] [stdout]    7:     0x56101657472b - std::sys_common::backtrace::print::h61376ae57d131d72
[INFO] [stdout]                                at /rustc/53fd98ca776cb875bc9e5514f56b52eb74f9e7a9/library/std/src/sys_common/backtrace.rs:36:9
[INFO] [stdout]    8:     0x56101657472b - std::panicking::default_hook::{{closure}}::h0f7208c0b9644a54
[INFO] [stdout]                                at /rustc/53fd98ca776cb875bc9e5514f56b52eb74f9e7a9/library/std/src/panicking.rs:208:50
[INFO] [stdout]    9:     0x56101657423c - std::panicking::default_hook::hdac7fc06578c14ce
[INFO] [stdout]                                at /rustc/53fd98ca776cb875bc9e5514f56b52eb74f9e7a9/library/std/src/panicking.rs:222:9
[INFO] [stdout]   10:     0x561016574df4 - std::panicking::rust_panic_with_hook::h72b21c283da3d1ef
[INFO] [stdout]                                at /rustc/53fd98ca776cb875bc9e5514f56b52eb74f9e7a9/library/std/src/panicking.rs:622:17
[INFO] [stdout]   11:     0x5610165748a7 - std::panicking::begin_panic_handler::{{closure}}::he5778f1729cff84a
[INFO] [stdout]                                at /rustc/53fd98ca776cb875bc9e5514f56b52eb74f9e7a9/library/std/src/panicking.rs:517:13
[INFO] [stdout]   12:     0x561016572a1c - std::sys_common::backtrace::__rust_end_short_backtrace::h2d11ca8b453b4b1d
[INFO] [stdout]                                at /rustc/53fd98ca776cb875bc9e5514f56b52eb74f9e7a9/library/std/src/sys_common/backtrace.rs:141:18
[INFO] [stdout]   13:     0x561016574839 - rust_begin_unwind
[INFO] [stdout]                                at /rustc/53fd98ca776cb875bc9e5514f56b52eb74f9e7a9/library/std/src/panicking.rs:515:5
[INFO] [stdout]   14:     0x561015f75a91 - core::panicking::panic_fmt::hf9de31d4acbce4db
[INFO] [stdout]                                at /rustc/53fd98ca776cb875bc9e5514f56b52eb74f9e7a9/library/core/src/panicking.rs:92:14
[INFO] [stdout]   15:     0x561015f759dd - core::panicking::panic::h8a6bc58a21c6c095
[INFO] [stdout]                                at /rustc/53fd98ca776cb875bc9e5514f56b52eb74f9e7a9/library/core/src/panicking.rs:50:5
[INFO] [stdout]   16:     0x561016021768 - rest_weather::tests::remote_access::test_get_response_json::{{closure}}::h108a34f0d9ca3c50
[INFO] [stdout]                                at /opt/rustwide/workdir/src/tests/remote_access.rs:33:5
[INFO] [stdout]   17:     0x561015fb2cfb - <core::future::from_generator::GenFuture<T> as core::future::future::Future>::poll::h2cd36b3a18441cd5
[INFO] [stdout]                                at /rustc/53fd98ca776cb875bc9e5514f56b52eb74f9e7a9/library/core/src/future/mod.rs:80:19
[INFO] [stdout]   18:     0x561015fa6a70 - tokio::runtime::basic_scheduler::BasicScheduler<P>::block_on::{{closure}}::{{closure}}::h3c221605ae7ec009
[INFO] [stdout]                                at /opt/rustwide/cargo-home/registry/src/github.com-1ecc6299db9ec823/tokio-0.2.22/src/runtime/basic_scheduler.rs:131:58
[INFO] [stdout]   19:     0x561015fb0f3c - tokio::coop::with_budget::{{closure}}::h8457a4c09ea55477
[INFO] [stdout]                                at /opt/rustwide/cargo-home/registry/src/github.com-1ecc6299db9ec823/tokio-0.2.22/src/coop.rs:127:9
[INFO] [stdout]   20:     0x561015fff591 - std::thread::local::LocalKey<T>::try_with::he6a3d0781f5edb27
[INFO] [stdout]                                at /rustc/53fd98ca776cb875bc9e5514f56b52eb74f9e7a9/library/std/src/thread/local.rs:399:16
[INFO] [stdout]   21:     0x561015ff9e0d - std::thread::local::LocalKey<T>::with::h5b328a8c65e9aa92
[INFO] [stdout]                                at /rustc/53fd98ca776cb875bc9e5514f56b52eb74f9e7a9/library/std/src/thread/local.rs:375:9
[INFO] [stdout]   22:     0x561015fa381c - tokio::coop::with_budget::hbf883dec74ad6422
[INFO] [stdout]                                at /opt/rustwide/cargo-home/registry/src/github.com-1ecc6299db9ec823/tokio-0.2.22/src/coop.rs:120:5
[INFO] [stdout]   23:     0x561015fa381c - tokio::coop::budget::hfdd11206567628e5
[INFO] [stdout]                                at /opt/rustwide/cargo-home/registry/src/github.com-1ecc6299db9ec823/tokio-0.2.22/src/coop.rs:96:5
[INFO] [stdout]   24:     0x561015fa381c - tokio::runtime::basic_scheduler::BasicScheduler<P>::block_on::{{closure}}::h4a55542569b09bfc
[INFO] [stdout]                                at /opt/rustwide/cargo-home/registry/src/github.com-1ecc6299db9ec823/tokio-0.2.22/src/runtime/basic_scheduler.rs:131:35
[INFO] [stdout]   25:     0x561015fa9967 - tokio::runtime::basic_scheduler::enter::{{closure}}::h99df3d846aae7709
[INFO] [stdout]                                at /opt/rustwide/cargo-home/registry/src/github.com-1ecc6299db9ec823/tokio-0.2.22/src/runtime/basic_scheduler.rs:213:29
[INFO] [stdout]   26:     0x5610160020b6 - tokio::macros::scoped_tls::ScopedKey<T>::set::h2dc41ae9c7da51ff
[INFO] [stdout]                                at /opt/rustwide/cargo-home/registry/src/github.com-1ecc6299db9ec823/tokio-0.2.22/src/macros/scoped_tls.rs:63:9
[INFO] [stdout]   27:     0x561015fa88d3 - tokio::runtime::basic_scheduler::enter::ha76545db074986ca
[INFO] [stdout]                                at /opt/rustwide/cargo-home/registry/src/github.com-1ecc6299db9ec823/tokio-0.2.22/src/runtime/basic_scheduler.rs:213:5
[INFO] [stdout]   28:     0x561015fa124d - tokio::runtime::basic_scheduler::BasicScheduler<P>::block_on::h548d4dcf67b4c735
[INFO] [stdout]                                at /opt/rustwide/cargo-home/registry/src/github.com-1ecc6299db9ec823/tokio-0.2.22/src/runtime/basic_scheduler.rs:123:9
[INFO] [stdout]   29:     0x561015f9c133 - tokio::runtime::Runtime::block_on::{{closure}}::hc6a23f88ad891adb
[INFO] [stdout]                                at /opt/rustwide/cargo-home/registry/src/github.com-1ecc6299db9ec823/tokio-0.2.22/src/runtime/mod.rs:444:34
[INFO] [stdout]   30:     0x561015f86f04 - tokio::runtime::context::enter::h02d622048834ea48
[INFO] [stdout]                                at /opt/rustwide/cargo-home/registry/src/github.com-1ecc6299db9ec823/tokio-0.2.22/src/runtime/context.rs:72:5
[INFO] [stdout]   31:     0x561015ff4362 - tokio::runtime::handle::Handle::enter::h62971edd288253e6
[INFO] [stdout]                                at /opt/rustwide/cargo-home/registry/src/github.com-1ecc6299db9ec823/tokio-0.2.22/src/runtime/handle.rs:76:9
[INFO] [stdout]   32:     0x561015f9b676 - tokio::runtime::Runtime::block_on::h38bf0e123ade9948
[INFO] [stdout]                                at /opt/rustwide/cargo-home/registry/src/github.com-1ecc6299db9ec823/tokio-0.2.22/src/runtime/mod.rs:441:9
[INFO] [stdout]   33:     0x561016021425 - rest_weather::tests::remote_access::test_get_response_json::h22116f6455180f14
[INFO] [stdout]                                at /opt/rustwide/workdir/src/tests/remote_access.rs:31:1
[INFO] [stdout]   34:     0x56101602133a - rest_weather::tests::remote_access::test_get_response_json::{{closure}}::h4141f89bf2e7935d
[INFO] [stdout]                                at /opt/rustwide/workdir/src/tests/remote_access.rs:31:1
[INFO] [stdout]   35:     0x561015fc109e - core::ops::function::FnOnce::call_once::h59a02d71bd6fddc4
[INFO] [stdout]                                at /rustc/53fd98ca776cb875bc9e5514f56b52eb74f9e7a9/library/core/src/ops/function.rs:227:5
[INFO] [stdout]   36:     0x561016054cf3 - core::ops::function::FnOnce::call_once::hbb52c4519d3137b0
[INFO] [stdout]                                at /rustc/53fd98ca776cb875bc9e5514f56b52eb74f9e7a9/library/core/src/ops/function.rs:227:5
[INFO] [stdout]   37:     0x561016054cf3 - test::__rust_begin_short_backtrace::h86fe3a2a5a5121af
[INFO] [stdout]                                at /rustc/53fd98ca776cb875bc9e5514f56b52eb74f9e7a9/library/test/src/lib.rs:578:5
[INFO] [stdout]   38:     0x5610160537a8 - <alloc::boxed::Box<F,A> as core::ops::function::FnOnce<Args>>::call_once::hfd956bc3d57399be
[INFO] [stdout]                                at /rustc/53fd98ca776cb875bc9e5514f56b52eb74f9e7a9/library/alloc/src/boxed.rs:1572:9
[INFO] [stdout]   39:     0x5610160537a8 - <std::panic::AssertUnwindSafe<F> as core::ops::function::FnOnce<()>>::call_once::h40dc93e0ddb5938a
[INFO] [stdout]                                at /rustc/53fd98ca776cb875bc9e5514f56b52eb74f9e7a9/library/std/src/panic.rs:347:9
[INFO] [stdout]   40:     0x5610160537a8 - std::panicking::try::do_call::h90d07750cb47c562
[INFO] [stdout]                                at /rustc/53fd98ca776cb875bc9e5514f56b52eb74f9e7a9/library/std/src/panicking.rs:401:40
[INFO] [stdout]   41:     0x5610160537a8 - std::panicking::try::h063c84733ad2a629
[INFO] [stdout]                                at /rustc/53fd98ca776cb875bc9e5514f56b52eb74f9e7a9/library/std/src/panicking.rs:365:19
[INFO] [stdout]   42:     0x5610160537a8 - std::panic::catch_unwind::h0c464836a84e7c08
[INFO] [stdout]                                at /rustc/53fd98ca776cb875bc9e5514f56b52eb74f9e7a9/library/std/src/panic.rs:434:14
[INFO] [stdout]   43:     0x5610160537a8 - test::run_test_in_process::h5cb06ef620b157fc
[INFO] [stdout]                                at /rustc/53fd98ca776cb875bc9e5514f56b52eb74f9e7a9/library/test/src/lib.rs:601:18
[INFO] [stdout]   44:     0x5610160537a8 - test::run_test::run_test_inner::{{closure}}::h76f677f4b93f9828
[INFO] [stdout]                                at /rustc/53fd98ca776cb875bc9e5514f56b52eb74f9e7a9/library/test/src/lib.rs:493:39
[INFO] [stdout]   45:     0x561016021f3d - test::run_test::run_test_inner::{{closure}}::h366d01fe04f4d67a
[INFO] [stdout]                                at /rustc/53fd98ca776cb875bc9e5514f56b52eb74f9e7a9/library/test/src/lib.rs:520:37
[INFO] [stdout]   46:     0x561016021f3d - std::sys_common::backtrace::__rust_begin_short_backtrace::h7dfa0de4eb395af2
[INFO] [stdout]                                at /rustc/53fd98ca776cb875bc9e5514f56b52eb74f9e7a9/library/std/src/sys_common/backtrace.rs:125:18
[INFO] [stdout]   47:     0x561016026708 - std::thread::Builder::spawn_unchecked::{{closure}}::{{closure}}::hf0a74bb58798037f
[INFO] [stdout]                                at /rustc/53fd98ca776cb875bc9e5514f56b52eb74f9e7a9/library/std/src/thread/mod.rs:476:17
[INFO] [stdout]   48:     0x561016026708 - <std::panic::AssertUnwindSafe<F> as core::ops::function::FnOnce<()>>::call_once::hb024e854818586ac
[INFO] [stdout]                                at /rustc/53fd98ca776cb875bc9e5514f56b52eb74f9e7a9/library/std/src/panic.rs:347:9
[INFO] [stdout]   49:     0x561016026708 - std::panicking::try::do_call::hb2dd9f1d0d48e41d
[INFO] [stdout]                                at /rustc/53fd98ca776cb875bc9e5514f56b52eb74f9e7a9/library/std/src/panicking.rs:401:40
[INFO] [stdout]   50:     0x561016026708 - std::panicking::try::h4717ae7bac8b2bf3
[INFO] [stdout]                                at /rustc/53fd98ca776cb875bc9e5514f56b52eb74f9e7a9/library/std/src/panicking.rs:365:19
[INFO] [stdout]   51:     0x561016026708 - std::panic::catch_unwind::h0dc8a061326ce8d8
[INFO] [stdout]                                at /rustc/53fd98ca776cb875bc9e5514f56b52eb74f9e7a9/library/std/src/panic.rs:434:14
[INFO] [stdout]   52:     0x561016026708 - std::thread::Builder::spawn_unchecked::{{closure}}::haa369e2d6fd00aa1
[INFO] [stdout]                                at /rustc/53fd98ca776cb875bc9e5514f56b52eb74f9e7a9/library/std/src/thread/mod.rs:475:30
[INFO] [stdout]   53:     0x561016026708 - core::ops::function::FnOnce::call_once{{vtable.shim}}::h36dcf3de8b056f17
[INFO] [stdout]                                at /rustc/53fd98ca776cb875bc9e5514f56b52eb74f9e7a9/library/core/src/ops/function.rs:227:5
[INFO] [stdout]   54:     0x56101657a247 - <alloc::boxed::Box<F,A> as core::ops::function::FnOnce<Args>>::call_once::h65c29e4642be2358
[INFO] [stdout]                                at /rustc/53fd98ca776cb875bc9e5514f56b52eb74f9e7a9/library/alloc/src/boxed.rs:1572:9
[INFO] [stdout]   55:     0x56101657a247 - <alloc::boxed::Box<F,A> as core::ops::function::FnOnce<Args>>::call_once::hd0f8f7fbbd9fffbf
[INFO] [stdout]                                at /rustc/53fd98ca776cb875bc9e5514f56b52eb74f9e7a9/library/alloc/src/boxed.rs:1572:9
[INFO] [stdout]   56:     0x56101657a247 - std::sys::unix::thread::Thread::new::thread_start::h2fd22fee3ca77b65
[INFO] [stdout]                                at /rustc/53fd98ca776cb875bc9e5514f56b52eb74f9e7a9/library/std/src/sys/unix/thread.rs:74:17
[INFO] [stdout]   57:     0x7f04e45f3609 - start_thread
[INFO] [stdout]   58:     0x7f04e43c3293 - clone
[INFO] [stdout]   59:                0x0 - <unknown>
[INFO] [stdout] 
[INFO] [stdout] 
[INFO] [stdout] failures:
[INFO] [stdout]     tests::remote_access::test_get_response_json
[INFO] [stdout] 
[INFO] [stdout] test result: FAILED. 14 passed; 1 failed; 3 ignored; 0 measured; 0 filtered out; finished in 0.18s
[INFO] [stdout] 
[INFO] [stderr] error: test failed, to rerun pass '--bin rest_weather'
[INFO] running `Command { std: "docker" "inspect" "a69722e460a5056736d6c5c9157a71869c1209baf630993514b82544153ad053", kill_on_drop: false }`
[INFO] running `Command { std: "docker" "rm" "-f" "a69722e460a5056736d6c5c9157a71869c1209baf630993514b82544153ad053", kill_on_drop: false }`
[INFO] [stdout] a69722e460a5056736d6c5c9157a71869c1209baf630993514b82544153ad053
