[INFO] cloning repository https://github.com/stevebest/rust-raytracer-in-one-weekend
[INFO] running `Command { std: "git" "-c" "credential.helper=" "-c" "credential.helper=/workspace/cargo-home/bin/git-credential-null" "clone" "--bare" "https://github.com/stevebest/rust-raytracer-in-one-weekend" "/workspace/cache/git-repos/https%3A%2F%2Fgithub.com%2Fstevebest%2Frust-raytracer-in-one-weekend", kill_on_drop: false }`
[INFO] [stderr] Cloning into bare repository '/workspace/cache/git-repos/https%3A%2F%2Fgithub.com%2Fstevebest%2Frust-raytracer-in-one-weekend'...
[INFO] running `Command { std: "git" "rev-parse" "HEAD", kill_on_drop: false }`
[INFO] [stdout] f63844b8e7d1585da583cc434391e3b2203aabe0
[INFO] testing stevebest/rust-raytracer-in-one-weekend against 1.54.0 for beta-1.55-1
[INFO] running `Command { std: "git" "clone" "/workspace/cache/git-repos/https%3A%2F%2Fgithub.com%2Fstevebest%2Frust-raytracer-in-one-weekend" "/workspace/builds/worker-83/source", kill_on_drop: false }`
[INFO] [stderr] Cloning into '/workspace/builds/worker-83/source'...
[INFO] [stderr] done.
[INFO] validating manifest of git repo https://github.com/stevebest/rust-raytracer-in-one-weekend on toolchain 1.54.0
[INFO] running `Command { std: "/workspace/cargo-home/bin/cargo" "+1.54.0" "metadata" "--manifest-path" "Cargo.toml" "--no-deps", kill_on_drop: false }`
[INFO] started tweaking git repo https://github.com/stevebest/rust-raytracer-in-one-weekend
[INFO] finished tweaking git repo https://github.com/stevebest/rust-raytracer-in-one-weekend
[INFO] tweaked toml for git repo https://github.com/stevebest/rust-raytracer-in-one-weekend written to /workspace/builds/worker-83/source/Cargo.toml
[INFO] crate git repo https://github.com/stevebest/rust-raytracer-in-one-weekend already has a lockfile, it will not be regenerated
[INFO] running `Command { std: "/workspace/cargo-home/bin/cargo" "+1.54.0" "fetch" "--manifest-path" "Cargo.toml", kill_on_drop: false }`
[INFO] [stderr]     Blocking waiting for file lock on package cache
[INFO] [stderr]     Blocking waiting for file lock on package cache
[INFO] running `Command { std: "docker" "create" "-v" "/var/lib/crater-agent-workspace/builds/worker-83/target:/opt/rustwide/target:rw,Z" "-v" "/var/lib/crater-agent-workspace/builds/worker-83/source:/opt/rustwide/workdir:ro,Z" "-v" "/var/lib/crater-agent-workspace/cargo-home:/opt/rustwide/cargo-home:ro,Z" "-v" "/var/lib/crater-agent-workspace/rustup-home:/opt/rustwide/rustup-home:ro,Z" "-e" "SOURCE_DIR=/opt/rustwide/workdir" "-e" "CARGO_TARGET_DIR=/opt/rustwide/target" "-e" "CARGO_HOME=/opt/rustwide/cargo-home" "-e" "RUSTUP_HOME=/opt/rustwide/rustup-home" "-w" "/opt/rustwide/workdir" "-m" "1610612736" "--user" "0:0" "--network" "none" "ghcr.io/rust-lang/crates-build-env/linux@sha256:34b6a614d2c27851fe6cbf88fbd1137609cefab8b10d0615aaeb6fd47975d74e" "/opt/rustwide/cargo-home/bin/cargo" "+1.54.0" "metadata" "--no-deps" "--format-version=1", kill_on_drop: false }`
[INFO] [stdout] f0d7da6fe16a9bff4ac6d9708e1a31afa33f71834340ab4ebdb07b71a2a87dd5
[INFO] running `Command { std: "docker" "start" "-a" "f0d7da6fe16a9bff4ac6d9708e1a31afa33f71834340ab4ebdb07b71a2a87dd5", kill_on_drop: false }`
[INFO] running `Command { std: "docker" "inspect" "f0d7da6fe16a9bff4ac6d9708e1a31afa33f71834340ab4ebdb07b71a2a87dd5", kill_on_drop: false }`
[INFO] running `Command { std: "docker" "rm" "-f" "f0d7da6fe16a9bff4ac6d9708e1a31afa33f71834340ab4ebdb07b71a2a87dd5", kill_on_drop: false }`
[INFO] [stdout] f0d7da6fe16a9bff4ac6d9708e1a31afa33f71834340ab4ebdb07b71a2a87dd5
[INFO] running `Command { std: "docker" "create" "-v" "/var/lib/crater-agent-workspace/builds/worker-83/target:/opt/rustwide/target:rw,Z" "-v" "/var/lib/crater-agent-workspace/builds/worker-83/source:/opt/rustwide/workdir:ro,Z" "-v" "/var/lib/crater-agent-workspace/cargo-home:/opt/rustwide/cargo-home:ro,Z" "-v" "/var/lib/crater-agent-workspace/rustup-home:/opt/rustwide/rustup-home:ro,Z" "-e" "SOURCE_DIR=/opt/rustwide/workdir" "-e" "CARGO_TARGET_DIR=/opt/rustwide/target" "-e" "CARGO_INCREMENTAL=0" "-e" "RUST_BACKTRACE=full" "-e" "RUSTFLAGS=--cap-lints=warn" "-e" "CARGO_HOME=/opt/rustwide/cargo-home" "-e" "RUSTUP_HOME=/opt/rustwide/rustup-home" "-w" "/opt/rustwide/workdir" "-m" "1610612736" "--user" "0:0" "--network" "none" "ghcr.io/rust-lang/crates-build-env/linux@sha256:34b6a614d2c27851fe6cbf88fbd1137609cefab8b10d0615aaeb6fd47975d74e" "/opt/rustwide/cargo-home/bin/cargo" "+1.54.0" "build" "--frozen" "--message-format=json", kill_on_drop: false }`
[INFO] [stdout] 9cb19035073432be028a8fc1e1411c1c09abc34654b779c2f06b144e21fc8e52
[INFO] running `Command { std: "docker" "start" "-a" "9cb19035073432be028a8fc1e1411c1c09abc34654b779c2f06b144e21fc8e52", kill_on_drop: false }`
[INFO] [stderr]    Compiling maybe-uninit v2.0.0
[INFO] [stderr]    Compiling lazy_static v1.4.0
[INFO] [stderr]    Compiling scopeguard v1.1.0
[INFO] [stderr]    Compiling crc32fast v1.2.0
[INFO] [stderr]    Compiling rayon-core v1.7.0
[INFO] [stderr]    Compiling adler32 v1.0.4
[INFO] [stderr]    Compiling either v1.5.3
[INFO] [stderr]    Compiling crossbeam-utils v0.7.2
[INFO] [stderr]    Compiling memoffset v0.5.4
[INFO] [stderr]    Compiling crossbeam-epoch v0.8.2
[INFO] [stderr]    Compiling num_cpus v1.12.0
[INFO] [stderr]    Compiling inflate v0.4.5
[INFO] [stderr]    Compiling deflate v0.8.3
[INFO] [stderr]    Compiling png v0.16.1
[INFO] [stderr]    Compiling crossbeam-queue v0.2.1
[INFO] [stderr]    Compiling crossbeam-deque v0.7.3
[INFO] [stderr]    Compiling rayon v1.3.0
[INFO] [stderr]    Compiling pbrt v0.1.0 (/opt/rustwide/workdir)
[INFO] [stdout] warning: field is never read: `uv`
[INFO] [stdout]   --> src/shape/triangle.rs:42:5
[INFO] [stdout]    |
[INFO] [stdout] 42 |     uv: (Float, Float),
[INFO] [stdout]    |     ^^^^^^^^^^^^^^^^^^
[INFO] [stdout]    |
[INFO] [stdout]    = note: `#[warn(dead_code)]` on by default
[INFO] [stdout] 
[INFO] [stdout] 
[INFO] [stdout] warning: field is never read: `nodes`
[INFO] [stdout]  --> src/scene.rs:7:5
[INFO] [stdout]   |
[INFO] [stdout] 7 |     nodes: Vec<Box<dyn Node>>,
[INFO] [stdout]   |     ^^^^^^^^^^^^^^^^^^^^^^^^^
[INFO] [stdout] 
[INFO] [stdout] 
[INFO] [stdout] warning: 2 warnings emitted
[INFO] [stdout] 
[INFO] [stdout] 
[INFO] [stderr]     Finished dev [unoptimized + debuginfo] target(s) in 10.67s
[INFO] running `Command { std: "docker" "inspect" "9cb19035073432be028a8fc1e1411c1c09abc34654b779c2f06b144e21fc8e52", kill_on_drop: false }`
[INFO] running `Command { std: "docker" "rm" "-f" "9cb19035073432be028a8fc1e1411c1c09abc34654b779c2f06b144e21fc8e52", kill_on_drop: false }`
[INFO] [stdout] 9cb19035073432be028a8fc1e1411c1c09abc34654b779c2f06b144e21fc8e52
[INFO] running `Command { std: "docker" "create" "-v" "/var/lib/crater-agent-workspace/builds/worker-83/target:/opt/rustwide/target:rw,Z" "-v" "/var/lib/crater-agent-workspace/builds/worker-83/source:/opt/rustwide/workdir:ro,Z" "-v" "/var/lib/crater-agent-workspace/cargo-home:/opt/rustwide/cargo-home:ro,Z" "-v" "/var/lib/crater-agent-workspace/rustup-home:/opt/rustwide/rustup-home:ro,Z" "-e" "SOURCE_DIR=/opt/rustwide/workdir" "-e" "CARGO_TARGET_DIR=/opt/rustwide/target" "-e" "CARGO_INCREMENTAL=0" "-e" "RUST_BACKTRACE=full" "-e" "RUSTFLAGS=--cap-lints=warn" "-e" "CARGO_HOME=/opt/rustwide/cargo-home" "-e" "RUSTUP_HOME=/opt/rustwide/rustup-home" "-w" "/opt/rustwide/workdir" "-m" "1610612736" "--user" "0:0" "--network" "none" "ghcr.io/rust-lang/crates-build-env/linux@sha256:34b6a614d2c27851fe6cbf88fbd1137609cefab8b10d0615aaeb6fd47975d74e" "/opt/rustwide/cargo-home/bin/cargo" "+1.54.0" "test" "--frozen" "--no-run" "--message-format=json", kill_on_drop: false }`
[INFO] [stdout] f9bc4aecbc33bcf7535a68938f1c3a4586c64863c61d4ac2794604d668a5dc55
[INFO] running `Command { std: "docker" "start" "-a" "f9bc4aecbc33bcf7535a68938f1c3a4586c64863c61d4ac2794604d668a5dc55", kill_on_drop: false }`
[INFO] [stderr]    Compiling pbrt v0.1.0 (/opt/rustwide/workdir)
[INFO] [stdout] warning: field is never read: `uv`
[INFO] [stdout]   --> src/shape/triangle.rs:42:5
[INFO] [stdout]    |
[INFO] [stdout] 42 |     uv: (Float, Float),
[INFO] [stdout]    |     ^^^^^^^^^^^^^^^^^^
[INFO] [stdout]    |
[INFO] [stdout]    = note: `#[warn(dead_code)]` on by default
[INFO] [stdout] 
[INFO] [stdout] 
[INFO] [stdout] warning: field is never read: `nodes`
[INFO] [stdout]  --> src/scene.rs:7:5
[INFO] [stdout]   |
[INFO] [stdout] 7 |     nodes: Vec<Box<dyn Node>>,
[INFO] [stdout]   |     ^^^^^^^^^^^^^^^^^^^^^^^^^
[INFO] [stdout] 
[INFO] [stdout] 
[INFO] [stdout] warning: 2 warnings emitted
[INFO] [stdout] 
[INFO] [stdout] 
[INFO] [stdout] warning: field is never read: `uv`
[INFO] [stdout]   --> src/shape/triangle.rs:42:5
[INFO] [stdout]    |
[INFO] [stdout] 42 |     uv: (Float, Float),
[INFO] [stdout]    |     ^^^^^^^^^^^^^^^^^^
[INFO] [stdout]    |
[INFO] [stdout]    = note: `#[warn(dead_code)]` on by default
[INFO] [stdout] 
[INFO] [stdout] 
[INFO] [stdout] warning: field is never read: `nodes`
[INFO] [stdout]  --> src/scene.rs:7:5
[INFO] [stdout]   |
[INFO] [stdout] 7 |     nodes: Vec<Box<dyn Node>>,
[INFO] [stdout]   |     ^^^^^^^^^^^^^^^^^^^^^^^^^
[INFO] [stdout] 
[INFO] [stdout] 
[INFO] [stdout] warning: 2 warnings emitted
[INFO] [stdout] 
[INFO] [stdout] 
[INFO] [stderr]     Finished test [unoptimized + debuginfo] target(s) in 1.28s
[INFO] running `Command { std: "docker" "inspect" "f9bc4aecbc33bcf7535a68938f1c3a4586c64863c61d4ac2794604d668a5dc55", kill_on_drop: false }`
[INFO] running `Command { std: "docker" "rm" "-f" "f9bc4aecbc33bcf7535a68938f1c3a4586c64863c61d4ac2794604d668a5dc55", kill_on_drop: false }`
[INFO] [stdout] f9bc4aecbc33bcf7535a68938f1c3a4586c64863c61d4ac2794604d668a5dc55
[INFO] running `Command { std: "docker" "create" "-v" "/var/lib/crater-agent-workspace/builds/worker-83/target:/opt/rustwide/target:rw,Z" "-v" "/var/lib/crater-agent-workspace/builds/worker-83/source:/opt/rustwide/workdir:ro,Z" "-v" "/var/lib/crater-agent-workspace/cargo-home:/opt/rustwide/cargo-home:ro,Z" "-v" "/var/lib/crater-agent-workspace/rustup-home:/opt/rustwide/rustup-home:ro,Z" "-e" "SOURCE_DIR=/opt/rustwide/workdir" "-e" "CARGO_TARGET_DIR=/opt/rustwide/target" "-e" "CARGO_INCREMENTAL=0" "-e" "RUST_BACKTRACE=full" "-e" "RUSTFLAGS=--cap-lints=warn" "-e" "CARGO_HOME=/opt/rustwide/cargo-home" "-e" "RUSTUP_HOME=/opt/rustwide/rustup-home" "-w" "/opt/rustwide/workdir" "-m" "1610612736" "--user" "0:0" "--network" "none" "ghcr.io/rust-lang/crates-build-env/linux@sha256:34b6a614d2c27851fe6cbf88fbd1137609cefab8b10d0615aaeb6fd47975d74e" "/opt/rustwide/cargo-home/bin/cargo" "+1.54.0" "test" "--frozen", kill_on_drop: false }`
[INFO] [stdout] 75a4f9f94f5c0557dda7c90e919ad1f248811ffa47b4adddf7763fb6dc0e55b4
[INFO] running `Command { std: "docker" "start" "-a" "75a4f9f94f5c0557dda7c90e919ad1f248811ffa47b4adddf7763fb6dc0e55b4", kill_on_drop: false }`
[INFO] [stderr]     Blocking waiting for file lock on package cache
[INFO] [stderr] warning: field is never read: `uv`
[INFO] [stderr]   --> src/shape/triangle.rs:42:5
[INFO] [stderr]    |
[INFO] [stderr] 42 |     uv: (Float, Float),
[INFO] [stderr]    |     ^^^^^^^^^^^^^^^^^^
[INFO] [stderr]    |
[INFO] [stderr]    = note: `#[warn(dead_code)]` on by default
[INFO] [stderr] 
[INFO] [stderr] warning: field is never read: `nodes`
[INFO] [stderr]  --> src/scene.rs:7:5
[INFO] [stderr]   |
[INFO] [stderr] 7 |     nodes: Vec<Box<dyn Node>>,
[INFO] [stderr]   |     ^^^^^^^^^^^^^^^^^^^^^^^^^
[INFO] [stderr] 
[INFO] [stderr] warning: 2 warnings emitted
[INFO] [stderr] 
[INFO] [stderr] warning: field is never read: `uv`
[INFO] [stderr]   --> src/shape/triangle.rs:42:5
[INFO] [stderr]    |
[INFO] [stderr] 42 |     uv: (Float, Float),
[INFO] [stderr]    |     ^^^^^^^^^^^^^^^^^^
[INFO] [stderr]    |
[INFO] [stderr]    = note: `#[warn(dead_code)]` on by default
[INFO] [stderr] 
[INFO] [stderr] warning: field is never read: `nodes`
[INFO] [stderr]  --> src/scene.rs:7:5
[INFO] [stderr]   |
[INFO] [stderr] 7 |     nodes: Vec<Box<dyn Node>>,
[INFO] [stderr]   |     ^^^^^^^^^^^^^^^^^^^^^^^^^
[INFO] [stderr] 
[INFO] [stderr] warning: 2 warnings emitted
[INFO] [stderr] 
[INFO] [stderr]     Finished test [unoptimized + debuginfo] target(s) in 0.08s
[INFO] [stderr]      Running unittests (/opt/rustwide/target/debug/deps/pbrt-b63927755612b790)
[INFO] [stdout] 
[INFO] [stdout] running 3 tests
[INFO] [stderr]      Running unittests (/opt/rustwide/target/debug/deps/pbrt-93dd8da37d632b2e)
[INFO] [stdout] test material::dielectric::tests::test_refract_front ... ok
[INFO] [stdout] test shape::triangle::test::triangle_ray_intersection ... ok
[INFO] [stdout] test geo::vec3::test::test_cross ... ok
[INFO] [stdout] 
[INFO] [stdout] test result: ok. 3 passed; 0 failed; 0 ignored; 0 measured; 0 filtered out; finished in 0.00s
[INFO] [stdout] 
[INFO] [stderr]    Doc-tests pbrt
[INFO] [stdout] 
[INFO] [stdout] running 0 tests
[INFO] [stdout] 
[INFO] [stdout] test result: ok. 0 passed; 0 failed; 0 ignored; 0 measured; 0 filtered out; finished in 0.00s
[INFO] [stdout] 
[INFO] [stdout] 
[INFO] [stdout] running 36 tests
[INFO] [stdout] test src/geo/vec2.rs - geo::vec2::Vec2<T>::div (line 345) ... FAILED
[INFO] [stdout] test src/geo/point3.rs - geo::point3::Point3<T>::min (line 34) ... FAILED
[INFO] [stdout] test src/geo/vec3.rs - geo::vec3::Vec3<T>::mul (line 198) ... FAILED
[INFO] [stdout] test src/geo/vec2.rs - geo::vec2::Vec2<T>::dot (line 37) ... FAILED
[INFO] [stdout] test src/geo/vec2.rs - geo::vec2::Vec2<T>::max_component (line 149) ... FAILED
[INFO] [stdout] test src/geo/vec2.rs - geo::vec2::Vec2<T>::min_component (line 126) ... FAILED
[INFO] [stdout] test src/geo/vec2.rs - geo::vec2::Vec2<T>::index (line 215) ... FAILED
[INFO] [stdout] test src/geo/vec2.rs - geo::vec2::Vec2<T>::mul (line 308) ... FAILED
[INFO] [stdout] test src/geo/vec2.rs - geo::vec2::Vec2<T>::len (line 91) ... FAILED
[INFO] [stdout] test src/geo/mat4.rs - geo::mat4::Mat4 (line 6) ... FAILED
[INFO] [stdout] test src/geo/vec2.rs - geo::vec2::Vec2<T>::add_assign (line 266) ... FAILED
[INFO] [stdout] test src/geo/vec2.rs - geo::vec2::Vec2<T>::sub (line 289) ... FAILED
[INFO] [stdout] test src/geo/bounds2.rs - geo::bounds2::Bounds2<T>::from_point (line 45) ... ok
[INFO] [stdout] test src/geo/point3.rs - geo::point3::Point3<T>::max (line 55) ... FAILED
[INFO] [stdout] test src/geo/vec2.rs - geo::vec2::Vec2<T>::add (line 251) ... FAILED
[INFO] [stdout] test src/geo.rs - geo::lerp (line 84) ... ok
[INFO] [stdout] test src/geo/bounds2.rs - geo::bounds2::Bounds2<T>::from_corners (line 23) ... ok
[INFO] [stdout] test src/geo/ray.rs - geo::ray::Ray::eval (line 51) ... ok
[INFO] [stdout] test src/geo/vec2.rs - geo::vec2::Vec2<T>::abs_dot (line 58) ... ok
[INFO] [stdout] test src/geo/vec2.rs - geo::vec2::Vec2<T>::normalized (line 107) ... ok
[INFO] [stdout] test src/geo/vec2.rs - geo::vec2::Vec2<T>::len_squared (line 75) ... ok
[INFO] [stdout] test src/geo/bounds3.rs - geo::bounds3::Bounds3<T>::from_point (line 44) ... ok
[INFO] [stdout] test src/geo/vec2.rs - geo::vec2::Vec2<T>::new (line 24) ... ok
[INFO] [stdout] test src/geo/bounds3.rs - geo::bounds3::Bounds3<T>::union (line 59) ... ok
[INFO] [stdout] test src/geo/bounds3.rs - geo::bounds3::Bounds3<T>::area (line 79) ... ok
[INFO] [stdout] test src/geo/point2.rs - geo::point2::Point2<T>::min (line 29) ... ok
[INFO] [stdout] test src/geo/bounds3.rs - geo::bounds3::Bounds3f::centroid (line 115) ... ok
[INFO] [stdout] test src/geo/vec2.rs - geo::vec2::Vec2<T>::permute (line 170) ... ok
[INFO] [stdout] test src/geo/vec2.rs - geo::vec2::Vec2<T>::from (line 195) ... ok
[INFO] [stdout] test src/geo/vec2.rs - geo::vec2::Vec2<T>::neg (line 361) ... ok
[INFO] [stdout] test src/geo/ray.rs - geo::ray::Ray::new (line 16) ... ok
[INFO] [stdout] test src/geo/vec3.rs - geo::vec3::Vec3<T>::cross (line 45) ... ok
[INFO] [stdout] test src/geo/vec3.rs - geo::vec3::Vec3<T>::dot (line 28) ... ok
[INFO] [stdout] test src/geo/bounds3.rs - geo::bounds3::Bounds3<T>::diagonal (line 96) ... ok
[INFO] [stdout] test src/geo/point3.rs - geo::point3::lerp (line 127) ... ok
[INFO] [stdout] test src/geo/bounds3.rs - geo::bounds3::Bounds3<T>::from_corners (line 23) ... ok
[INFO] [stdout] 
[INFO] [stdout] failures:
[INFO] [stdout] 
[INFO] [stdout] ---- src/geo/vec2.rs - geo::vec2::Vec2<T>::div (line 345) stdout ----
[INFO] [stdout] Couldn't compile the test.
[INFO] [stdout] ---- src/geo/point3.rs - geo::point3::Point3<T>::min (line 34) stdout ----
[INFO] [stdout] Couldn't compile the test.
[INFO] [stdout] ---- src/geo/vec3.rs - geo::vec3::Vec3<T>::mul (line 198) stdout ----
[INFO] [stdout] Couldn't compile the test.
[INFO] [stdout] ---- src/geo/vec2.rs - geo::vec2::Vec2<T>::dot (line 37) stdout ----
[INFO] [stdout] Couldn't compile the test.
[INFO] [stdout] ---- src/geo/vec2.rs - geo::vec2::Vec2<T>::max_component (line 149) stdout ----
[INFO] [stdout] Couldn't compile the test.
[INFO] [stdout] ---- src/geo/vec2.rs - geo::vec2::Vec2<T>::min_component (line 126) stdout ----
[INFO] [stdout] Couldn't compile the test.
[INFO] [stdout] ---- src/geo/vec2.rs - geo::vec2::Vec2<T>::index (line 215) stdout ----
[INFO] [stdout] Couldn't compile the test.
[INFO] [stdout] ---- src/geo/vec2.rs - geo::vec2::Vec2<T>::mul (line 308) stdout ----
[INFO] [stdout] Couldn't compile the test.
[INFO] [stdout] ---- src/geo/vec2.rs - geo::vec2::Vec2<T>::len (line 91) stdout ----
[INFO] [stdout] Couldn't compile the test.
[INFO] [stdout] ---- src/geo/mat4.rs - geo::mat4::Mat4 (line 6) stdout ----
[INFO] [stdout] Couldn't compile the test.
[INFO] [stdout] ---- src/geo/vec2.rs - geo::vec2::Vec2<T>::add_assign (line 266) stdout ----
[INFO] [stdout] Couldn't compile the test.
[INFO] [stdout] ---- src/geo/vec2.rs - geo::vec2::Vec2<T>::sub (line 289) stdout ----
[INFO] [stdout] Couldn't compile the test.
[INFO] [stdout] ---- src/geo/point3.rs - geo::point3::Point3<T>::max (line 55) stdout ----
[INFO] [stdout] Couldn't compile the test.
[INFO] [stdout] ---- src/geo/vec2.rs - geo::vec2::Vec2<T>::add (line 251) stdout ----
[INFO] [stdout] Couldn't compile the test.
[INFO] [stdout] 
[INFO] [stdout] failures:
[INFO] [stdout]     src/geo/mat4.rs - geo::mat4::Mat4 (line 6)
[INFO] [stdout]     src/geo/point3.rs - geo::point3::Point3<T>::max (line 55)
[INFO] [stdout]     src/geo/point3.rs - geo::point3::Point3<T>::min (line 34)
[INFO] [stdout]     src/geo/vec2.rs - geo::vec2::Vec2<T>::add (line 251)
[INFO] [stdout]     src/geo/vec2.rs - geo::vec2::Vec2<T>::add_assign (line 266)
[INFO] [stdout]     src/geo/vec2.rs - geo::vec2::Vec2<T>::div (line 345)
[INFO] [stdout]     src/geo/vec2.rs - geo::vec2::Vec2<T>::dot (line 37)
[INFO] [stdout]     src/geo/vec2.rs - geo::vec2::Vec2<T>::index (line 215)
[INFO] [stdout]     src/geo/vec2.rs - geo::vec2::Vec2<T>::len (line 91)
[INFO] [stdout]     src/geo/vec2.rs - geo::vec2::Vec2<T>::max_component (line 149)
[INFO] [stdout]     src/geo/vec2.rs - geo::vec2::Vec2<T>::min_component (line 126)
[INFO] [stdout]     src/geo/vec2.rs - geo::vec2::Vec2<T>::mul (line 308)
[INFO] [stdout]     src/geo/vec2.rs - geo::vec2::Vec2<T>::sub (line 289)
[INFO] [stdout]     src/geo/vec3.rs - geo::vec3::Vec3<T>::mul (line 198)
[INFO] [stdout] 
[INFO] [stdout] test result: FAILED. 22 passed; 14 failed; 0 ignored; 0 measured; 0 filtered out; finished in 2.75s
[INFO] [stdout] 
[INFO] [stderr] error: test failed, to rerun pass '--doc'
[INFO] running `Command { std: "docker" "inspect" "75a4f9f94f5c0557dda7c90e919ad1f248811ffa47b4adddf7763fb6dc0e55b4", kill_on_drop: false }`
[INFO] running `Command { std: "docker" "rm" "-f" "75a4f9f94f5c0557dda7c90e919ad1f248811ffa47b4adddf7763fb6dc0e55b4", kill_on_drop: false }`
[INFO] [stdout] 75a4f9f94f5c0557dda7c90e919ad1f248811ffa47b4adddf7763fb6dc0e55b4
