[INFO] cloning repository https://github.com/ozer/stream8
[INFO] running `Command { std: "git" "-c" "credential.helper=" "-c" "credential.helper=/workspace/cargo-home/bin/git-credential-null" "clone" "--bare" "https://github.com/ozer/stream8" "/workspace/cache/git-repos/https%3A%2F%2Fgithub.com%2Fozer%2Fstream8", kill_on_drop: false }`
[INFO] [stderr] Cloning into bare repository '/workspace/cache/git-repos/https%3A%2F%2Fgithub.com%2Fozer%2Fstream8'...
[INFO] running `Command { std: "git" "rev-parse" "HEAD", kill_on_drop: false }`
[INFO] [stdout] 621b58d6168eb92022f8b572855dc1bad27e1690
[INFO] testing ozer/stream8 against beta-2021-08-01 for beta-1.55-1
[INFO] running `Command { std: "git" "clone" "/workspace/cache/git-repos/https%3A%2F%2Fgithub.com%2Fozer%2Fstream8" "/workspace/builds/worker-8/source", kill_on_drop: false }`
[INFO] [stderr] Cloning into '/workspace/builds/worker-8/source'...
[INFO] [stderr] done.
[INFO] validating manifest of git repo https://github.com/ozer/stream8 on toolchain beta-2021-08-01
[INFO] running `Command { std: "/workspace/cargo-home/bin/cargo" "+beta-2021-08-01" "metadata" "--manifest-path" "Cargo.toml" "--no-deps", kill_on_drop: false }`
[INFO] started tweaking git repo https://github.com/ozer/stream8
[INFO] finished tweaking git repo https://github.com/ozer/stream8
[INFO] tweaked toml for git repo https://github.com/ozer/stream8 written to /workspace/builds/worker-8/source/Cargo.toml
[INFO] crate git repo https://github.com/ozer/stream8 already has a lockfile, it will not be regenerated
[INFO] running `Command { std: "/workspace/cargo-home/bin/cargo" "+beta-2021-08-01" "fetch" "--manifest-path" "Cargo.toml", kill_on_drop: false }`
[INFO] [stderr]  Downloading crates ...
[INFO] [stderr]   Downloaded async-trait v0.1.29
[INFO] [stderr]   Downloaded derivative v1.0.4
[INFO] [stderr]   Downloaded os_info v1.3.3
[INFO] [stderr]   Downloaded mongodb v0.9.2
[INFO] [stderr]   Downloaded trust-dns-proto v0.19.3
[INFO] [stderr]   Downloaded tokio v0.2.16
[INFO] [stderr]   Downloaded bson v0.14.1
[INFO] [stderr]   Downloaded trust-dns-resolver v0.19.3
[INFO] running `Command { std: "docker" "create" "-v" "/var/lib/crater-agent-workspace/builds/worker-8/target:/opt/rustwide/target:rw,Z" "-v" "/var/lib/crater-agent-workspace/builds/worker-8/source:/opt/rustwide/workdir:ro,Z" "-v" "/var/lib/crater-agent-workspace/cargo-home:/opt/rustwide/cargo-home:ro,Z" "-v" "/var/lib/crater-agent-workspace/rustup-home:/opt/rustwide/rustup-home:ro,Z" "-e" "SOURCE_DIR=/opt/rustwide/workdir" "-e" "CARGO_TARGET_DIR=/opt/rustwide/target" "-e" "CARGO_HOME=/opt/rustwide/cargo-home" "-e" "RUSTUP_HOME=/opt/rustwide/rustup-home" "-w" "/opt/rustwide/workdir" "-m" "1610612736" "--user" "0:0" "--network" "none" "ghcr.io/rust-lang/crates-build-env/linux@sha256:34b6a614d2c27851fe6cbf88fbd1137609cefab8b10d0615aaeb6fd47975d74e" "/opt/rustwide/cargo-home/bin/cargo" "+beta-2021-08-01" "metadata" "--no-deps" "--format-version=1", kill_on_drop: false }`
[INFO] [stdout] d7ac35a2eca82dd8741bfdcca58a98b737166682a28692a3a63d0ce76b88857b
[INFO] running `Command { std: "docker" "start" "-a" "d7ac35a2eca82dd8741bfdcca58a98b737166682a28692a3a63d0ce76b88857b", kill_on_drop: false }`
[INFO] running `Command { std: "docker" "inspect" "d7ac35a2eca82dd8741bfdcca58a98b737166682a28692a3a63d0ce76b88857b", kill_on_drop: false }`
[INFO] running `Command { std: "docker" "rm" "-f" "d7ac35a2eca82dd8741bfdcca58a98b737166682a28692a3a63d0ce76b88857b", kill_on_drop: false }`
[INFO] [stdout] d7ac35a2eca82dd8741bfdcca58a98b737166682a28692a3a63d0ce76b88857b
[INFO] running `Command { std: "docker" "create" "-v" "/var/lib/crater-agent-workspace/builds/worker-8/target:/opt/rustwide/target:rw,Z" "-v" "/var/lib/crater-agent-workspace/builds/worker-8/source:/opt/rustwide/workdir:ro,Z" "-v" "/var/lib/crater-agent-workspace/cargo-home:/opt/rustwide/cargo-home:ro,Z" "-v" "/var/lib/crater-agent-workspace/rustup-home:/opt/rustwide/rustup-home:ro,Z" "-e" "SOURCE_DIR=/opt/rustwide/workdir" "-e" "CARGO_TARGET_DIR=/opt/rustwide/target" "-e" "CARGO_INCREMENTAL=0" "-e" "RUST_BACKTRACE=full" "-e" "RUSTFLAGS=--cap-lints=warn" "-e" "CARGO_HOME=/opt/rustwide/cargo-home" "-e" "RUSTUP_HOME=/opt/rustwide/rustup-home" "-w" "/opt/rustwide/workdir" "-m" "1610612736" "--user" "0:0" "--network" "none" "ghcr.io/rust-lang/crates-build-env/linux@sha256:34b6a614d2c27851fe6cbf88fbd1137609cefab8b10d0615aaeb6fd47975d74e" "/opt/rustwide/cargo-home/bin/cargo" "+beta-2021-08-01" "build" "--frozen" "--message-format=json", kill_on_drop: false }`
[INFO] [stdout] ff06046763e312ac4c2c2845e26f67b85301e1557b9d2186ddab0e4186d83d43
[INFO] running `Command { std: "docker" "start" "-a" "ff06046763e312ac4c2c2845e26f67b85301e1557b9d2186ddab0e4186d83d43", kill_on_drop: false }`
[INFO] [stderr]    Compiling proc-macro2 v1.0.10
[INFO] [stderr]    Compiling syn v1.0.17
[INFO] [stderr]    Compiling libc v0.2.68
[INFO] [stderr]    Compiling log v0.4.8
[INFO] [stderr]    Compiling cc v1.0.50
[INFO] [stderr]    Compiling futures-core v0.3.4
[INFO] [stderr]    Compiling futures-sink v0.3.4
[INFO] [stderr]    Compiling smallvec v1.2.0
[INFO] [stderr]    Compiling proc-macro-nested v0.1.4
[INFO] [stderr]    Compiling arc-swap v0.4.5
[INFO] [stderr]    Compiling proc-macro-hack v0.5.15
[INFO] [stderr]    Compiling futures-io v0.3.4
[INFO] [stderr]    Compiling pin-project-lite v0.1.4
[INFO] [stderr]    Compiling futures-task v0.3.4
[INFO] [stderr]    Compiling serde v1.0.105
[INFO] [stderr]    Compiling getrandom v0.1.14
[INFO] [stderr]    Compiling itoa v0.4.5
[INFO] [stderr]    Compiling failure_derive v0.1.7
[INFO] [stderr]    Compiling regex-syntax v0.6.17
[INFO] [stderr]    Compiling ryu v1.0.3
[INFO] [stderr]    Compiling untrusted v0.7.0
[INFO] [stderr]    Compiling rustversion v1.0.2
[INFO] [stderr]    Compiling syn v0.15.44
[INFO] [stderr]    Compiling dtoa v0.4.5
[INFO] [stderr]    Compiling os_info v1.3.3
[INFO] [stderr]    Compiling safemem v0.3.3
[INFO] [stderr]    Compiling md5 v0.6.1
[INFO] [stderr]    Compiling uuid v0.7.4
[INFO] [stderr]    Compiling bufstream v0.1.4
[INFO] [stderr]    Compiling lock_api v0.3.3
[INFO] [stderr]    Compiling indexmap v1.3.2
[INFO] [stderr]    Compiling num-traits v0.2.11
[INFO] [stderr]    Compiling bytestring v0.1.5
[INFO] [stderr]    Compiling proc-macro-error-attr v1.0.2
[INFO] [stderr]    Compiling proc-macro-error v1.0.2
[INFO] [stderr]    Compiling miniz_oxide v0.3.6
[INFO] [stderr]    Compiling http v0.2.1
[INFO] [stderr]    Compiling base64 v0.10.1
[INFO] [stderr]    Compiling base64 v0.9.3
[INFO] [stderr]    Compiling generic-array v0.12.3
[INFO] [stderr]    Compiling futures-channel v0.3.4
[INFO] [stderr]    Compiling unicode-normalization v0.1.12
[INFO] [stderr]    Compiling digest v0.8.1
[INFO] [stderr]    Compiling block-buffer v0.7.3
[INFO] [stderr]    Compiling crypto-mac v0.7.0
[INFO] [stderr]    Compiling hmac v0.7.1
[INFO] [stderr]    Compiling backtrace-sys v0.1.35
[INFO] [stderr]    Compiling ring v0.16.12
[INFO] [stderr]    Compiling brotli-sys v0.3.2
[INFO] [stderr]    Compiling sha2 v0.8.1
[INFO] [stderr]    Compiling sha-1 v0.8.2
[INFO] [stderr]    Compiling md-5 v0.8.0
[INFO] [stderr]    Compiling quote v1.0.3
[INFO] [stderr]    Compiling net2 v0.2.33
[INFO] [stderr]    Compiling iovec v0.1.4
[INFO] [stderr]    Compiling signal-hook-registry v1.2.0
[INFO] [stderr]    Compiling parking_lot_core v0.7.0
[INFO] [stderr]    Compiling num_cpus v1.12.0
[INFO] [stderr]    Compiling hostname v0.3.1
[INFO] [stderr]    Compiling time v0.1.42
[INFO] [stderr]    Compiling socket2 v0.3.12
[INFO] [stderr]    Compiling flate2 v1.0.14
[INFO] [stderr]    Compiling rand v0.5.6
[INFO] [stderr]    Compiling atty v0.2.14
[INFO] [stderr]    Compiling idna v0.2.0
[INFO] [stderr]    Compiling stringprep v0.1.2
[INFO] [stderr]    Compiling resolv-conf v0.6.3
[INFO] [stderr]    Compiling num-integer v0.1.42
[INFO] [stderr]    Compiling threadpool v1.7.1
[INFO] [stderr]    Compiling rand_core v0.5.1
[INFO] [stderr]    Compiling parking_lot v0.10.0
[INFO] [stderr]    Compiling chrono v0.4.11
[INFO] [stderr]    Compiling mio v0.6.21
[INFO] [stderr]    Compiling backtrace v0.3.46
[INFO] [stderr]    Compiling rand_chacha v0.2.2
[INFO] [stderr]    Compiling url v2.1.1
[INFO] [stderr]    Compiling pbkdf2 v0.3.0
[INFO] [stderr]    Compiling regex v1.3.6
[INFO] [stderr]    Compiling rand v0.7.3
[INFO] [stderr]    Compiling mio-uds v0.6.7
[INFO] [stderr]    Compiling env_logger v0.7.1
[INFO] [stderr]    Compiling webpki v0.21.2
[INFO] [stderr]    Compiling sct v0.6.0
[INFO] [stderr]    Compiling rustls v0.16.0
[INFO] [stderr]    Compiling webpki-roots v0.18.0
[INFO] [stderr]    Compiling brotli2 v0.3.2
[INFO] [stderr]    Compiling derivative v1.0.4
[INFO] [stderr]    Compiling typed-builder v0.3.0
[INFO] [stderr]    Compiling synstructure v0.12.3
[INFO] [stderr]    Compiling syn-mid v0.5.0
[INFO] [stderr]    Compiling futures-macro v0.3.4
[INFO] [stderr]    Compiling tokio-macros v0.2.5
[INFO] [stderr]    Compiling serde_derive v1.0.105
[INFO] [stderr]    Compiling pin-project-internal v0.4.8
[INFO] [stderr]    Compiling derive_more v0.99.5
[INFO] [stderr]    Compiling enum-as-inner v0.3.2
[INFO] [stderr]    Compiling async-trait v0.1.29
[INFO] [stderr]    Compiling actix-macros v0.1.1
[INFO] [stderr]    Compiling thiserror-impl v1.0.14
[INFO] [stderr]    Compiling serde_with_macros v1.1.0
[INFO] [stderr]    Compiling actix-web-codegen v0.2.1
[INFO] [stderr]    Compiling juniper_codegen v0.14.2
[INFO] [stderr]    Compiling tokio v0.2.16
[INFO] [stderr]    Compiling err-derive v0.2.4
[INFO] [stderr]    Compiling thiserror v1.0.14
[INFO] [stderr]    Compiling failure v0.1.7
[INFO] [stderr]    Compiling futures-util v0.3.4
[INFO] [stderr]    Compiling pin-project v0.4.8
[INFO] [stderr]    Compiling tokio-util v0.2.0
[INFO] [stderr]    Compiling tokio-util v0.3.1
[INFO] [stderr]    Compiling actix-codec v0.2.0
[INFO] [stderr]    Compiling futures-executor v0.3.4
[INFO] [stderr]    Compiling actix-service v1.0.5
[INFO] [stderr]    Compiling actix-threadpool v0.3.1
[INFO] [stderr]    Compiling futures v0.3.4
[INFO] [stderr]    Compiling actix-rt v1.0.0
[INFO] [stderr]    Compiling trust-dns-proto v0.18.0-alpha.2
[INFO] [stderr]    Compiling trust-dns-proto v0.19.3
[INFO] [stderr]    Compiling actix-utils v1.0.6
[INFO] [stderr]    Compiling actix-server v1.0.2
[INFO] [stderr]    Compiling actix-tls v1.0.0
[INFO] [stderr]    Compiling actix-testing v1.0.0
[INFO] [stderr]    Compiling trust-dns-resolver v0.18.0-alpha.2
[INFO] [stderr]    Compiling trust-dns-resolver v0.19.3
[INFO] [stderr]    Compiling actix-connect v1.0.2
[INFO] [stderr]    Compiling serde_urlencoded v0.6.1
[INFO] [stderr]    Compiling actix-router v0.2.4
[INFO] [stderr]    Compiling serde_with v1.4.0
[INFO] [stderr]    Compiling serde_json v1.0.50
[INFO] [stderr]    Compiling h2 v0.2.4
[INFO] [stderr]    Compiling juniper v0.14.2
[INFO] [stderr]    Compiling bson v0.14.1
[INFO] [stderr]    Compiling mongodb v0.9.2
[INFO] [stderr]    Compiling actix-http v1.0.1
[INFO] [stderr]    Compiling awc v1.0.1
[INFO] [stderr]    Compiling actix-web v2.0.0
[INFO] [stderr]    Compiling stream8 v0.1.0 (/opt/rustwide/workdir)
[INFO] [stdout] warning: unused variable: `streamer`
[INFO] [stdout]   --> src/db.rs:18:40
[INFO] [stdout]    |
[INFO] [stdout] 18 | pub fn create_streamer(client: Client, streamer: NewStreamer) -> Result<InsertOneResult, Error> {
[INFO] [stdout]    |                                        ^^^^^^^^ help: if this is intentional, prefix it with an underscore: `_streamer`
[INFO] [stdout]    |
[INFO] [stdout]    = note: `#[warn(unused_variables)]` on by default
[INFO] [stdout] 
[INFO] [stdout] 
[INFO] [stdout] warning: unused variable: `client`
[INFO] [stdout]   --> src/./graphql_resolver.rs:23:28
[INFO] [stdout]    |
[INFO] [stdout] 23 | pub fn find_streamer_by_id(client: &Client, streamerId: bson::oid::ObjectId) -> Option<graphql_schema::Streamer> {
[INFO] [stdout]    |                            ^^^^^^ help: if this is intentional, prefix it with an underscore: `_client`
[INFO] [stdout] 
[INFO] [stdout] 
[INFO] [stdout] warning: unused variable: `streamerId`
[INFO] [stdout]   --> src/./graphql_resolver.rs:23:45
[INFO] [stdout]    |
[INFO] [stdout] 23 | pub fn find_streamer_by_id(client: &Client, streamerId: bson::oid::ObjectId) -> Option<graphql_schema::Streamer> {
[INFO] [stdout]    |                                             ^^^^^^^^^^ help: if this is intentional, prefix it with an underscore: `_streamerId`
[INFO] [stdout] 
[INFO] [stdout] 
[INFO] [stdout] warning: function is never used: `find_streamer_by_id`
[INFO] [stdout]   --> src/./graphql_resolver.rs:23:8
[INFO] [stdout]    |
[INFO] [stdout] 23 | pub fn find_streamer_by_id(client: &Client, streamerId: bson::oid::ObjectId) -> Option<graphql_schema::Streamer> {
[INFO] [stdout]    |        ^^^^^^^^^^^^^^^^^^^
[INFO] [stdout]    |
[INFO] [stdout]    = note: `#[warn(dead_code)]` on by default
[INFO] [stdout] 
[INFO] [stdout] 
[INFO] [stdout] warning: variable `streamerId` should have a snake case name
[INFO] [stdout]   --> src/./graphql_resolver.rs:23:45
[INFO] [stdout]    |
[INFO] [stdout] 23 | pub fn find_streamer_by_id(client: &Client, streamerId: bson::oid::ObjectId) -> Option<graphql_schema::Streamer> {
[INFO] [stdout]    |                                             ^^^^^^^^^^ help: convert the identifier to snake case: `streamer_id`
[INFO] [stdout]    |
[INFO] [stdout]    = note: `#[warn(non_snake_case)]` on by default
[INFO] [stdout] 
[INFO] [stdout] 
[INFO] [stdout] warning: 5 warnings emitted
[INFO] [stdout] 
[INFO] [stdout] 
[INFO] [stderr]     Finished dev [unoptimized + debuginfo] target(s) in 2m 41s
[INFO] running `Command { std: "docker" "inspect" "ff06046763e312ac4c2c2845e26f67b85301e1557b9d2186ddab0e4186d83d43", kill_on_drop: false }`
[INFO] running `Command { std: "docker" "rm" "-f" "ff06046763e312ac4c2c2845e26f67b85301e1557b9d2186ddab0e4186d83d43", kill_on_drop: false }`
[INFO] [stdout] ff06046763e312ac4c2c2845e26f67b85301e1557b9d2186ddab0e4186d83d43
[INFO] running `Command { std: "docker" "create" "-v" "/var/lib/crater-agent-workspace/builds/worker-8/target:/opt/rustwide/target:rw,Z" "-v" "/var/lib/crater-agent-workspace/builds/worker-8/source:/opt/rustwide/workdir:ro,Z" "-v" "/var/lib/crater-agent-workspace/cargo-home:/opt/rustwide/cargo-home:ro,Z" "-v" "/var/lib/crater-agent-workspace/rustup-home:/opt/rustwide/rustup-home:ro,Z" "-e" "SOURCE_DIR=/opt/rustwide/workdir" "-e" "CARGO_TARGET_DIR=/opt/rustwide/target" "-e" "CARGO_INCREMENTAL=0" "-e" "RUST_BACKTRACE=full" "-e" "RUSTFLAGS=--cap-lints=warn" "-e" "CARGO_HOME=/opt/rustwide/cargo-home" "-e" "RUSTUP_HOME=/opt/rustwide/rustup-home" "-w" "/opt/rustwide/workdir" "-m" "1610612736" "--user" "0:0" "--network" "none" "ghcr.io/rust-lang/crates-build-env/linux@sha256:34b6a614d2c27851fe6cbf88fbd1137609cefab8b10d0615aaeb6fd47975d74e" "/opt/rustwide/cargo-home/bin/cargo" "+beta-2021-08-01" "test" "--frozen" "--no-run" "--message-format=json", kill_on_drop: false }`
[INFO] [stdout] 58051f8942c631ceacca2dedd427d130a45feb2f884e5966094a087750fc8c70
[INFO] running `Command { std: "docker" "start" "-a" "58051f8942c631ceacca2dedd427d130a45feb2f884e5966094a087750fc8c70", kill_on_drop: false }`
[INFO] [stderr]    Compiling stream8 v0.1.0 (/opt/rustwide/workdir)
[INFO] [stdout] warning: unused variable: `streamer`
[INFO] [stdout]   --> src/db.rs:18:40
[INFO] [stdout]    |
[INFO] [stdout] 18 | pub fn create_streamer(client: Client, streamer: NewStreamer) -> Result<InsertOneResult, Error> {
[INFO] [stdout]    |                                        ^^^^^^^^ help: if this is intentional, prefix it with an underscore: `_streamer`
[INFO] [stdout]    |
[INFO] [stdout]    = note: `#[warn(unused_variables)]` on by default
[INFO] [stdout] 
[INFO] [stdout] 
[INFO] [stdout] warning: unused variable: `client`
[INFO] [stdout]   --> src/./graphql_resolver.rs:23:28
[INFO] [stdout]    |
[INFO] [stdout] 23 | pub fn find_streamer_by_id(client: &Client, streamerId: bson::oid::ObjectId) -> Option<graphql_schema::Streamer> {
[INFO] [stdout]    |                            ^^^^^^ help: if this is intentional, prefix it with an underscore: `_client`
[INFO] [stdout] 
[INFO] [stdout] 
[INFO] [stdout] warning: unused variable: `streamerId`
[INFO] [stdout]   --> src/./graphql_resolver.rs:23:45
[INFO] [stdout]    |
[INFO] [stdout] 23 | pub fn find_streamer_by_id(client: &Client, streamerId: bson::oid::ObjectId) -> Option<graphql_schema::Streamer> {
[INFO] [stdout]    |                                             ^^^^^^^^^^ help: if this is intentional, prefix it with an underscore: `_streamerId`
[INFO] [stdout] 
[INFO] [stdout] 
[INFO] [stdout] warning: function is never used: `find_streamer_by_id`
[INFO] [stdout]   --> src/./graphql_resolver.rs:23:8
[INFO] [stdout]    |
[INFO] [stdout] 23 | pub fn find_streamer_by_id(client: &Client, streamerId: bson::oid::ObjectId) -> Option<graphql_schema::Streamer> {
[INFO] [stdout]    |        ^^^^^^^^^^^^^^^^^^^
[INFO] [stdout]    |
[INFO] [stdout]    = note: `#[warn(dead_code)]` on by default
[INFO] [stdout] 
[INFO] [stdout] 
[INFO] [stdout] warning: function is never used: `get_graphql_request`
[INFO] [stdout]    --> src/main.rs:100:8
[INFO] [stdout]     |
[INFO] [stdout] 100 |     fn get_graphql_request() -> GraphQLRequest {
[INFO] [stdout]     |        ^^^^^^^^^^^^^^^^^^^
[INFO] [stdout] 
[INFO] [stdout] 
[INFO] [stdout] warning: variable `streamerId` should have a snake case name
[INFO] [stdout]   --> src/./graphql_resolver.rs:23:45
[INFO] [stdout]    |
[INFO] [stdout] 23 | pub fn find_streamer_by_id(client: &Client, streamerId: bson::oid::ObjectId) -> Option<graphql_schema::Streamer> {
[INFO] [stdout]    |                                             ^^^^^^^^^^ help: convert the identifier to snake case: `streamer_id`
[INFO] [stdout]    |
[INFO] [stdout]    = note: `#[warn(non_snake_case)]` on by default
[INFO] [stdout] 
[INFO] [stdout] 
[INFO] [stdout] warning: 6 warnings emitted
[INFO] [stdout] 
[INFO] [stdout] 
[INFO] [stderr]     Finished test [unoptimized + debuginfo] target(s) in 13.28s
[INFO] running `Command { std: "docker" "inspect" "58051f8942c631ceacca2dedd427d130a45feb2f884e5966094a087750fc8c70", kill_on_drop: false }`
[INFO] running `Command { std: "docker" "rm" "-f" "58051f8942c631ceacca2dedd427d130a45feb2f884e5966094a087750fc8c70", kill_on_drop: false }`
[INFO] [stdout] 58051f8942c631ceacca2dedd427d130a45feb2f884e5966094a087750fc8c70
[INFO] running `Command { std: "docker" "create" "-v" "/var/lib/crater-agent-workspace/builds/worker-8/target:/opt/rustwide/target:rw,Z" "-v" "/var/lib/crater-agent-workspace/builds/worker-8/source:/opt/rustwide/workdir:ro,Z" "-v" "/var/lib/crater-agent-workspace/cargo-home:/opt/rustwide/cargo-home:ro,Z" "-v" "/var/lib/crater-agent-workspace/rustup-home:/opt/rustwide/rustup-home:ro,Z" "-e" "SOURCE_DIR=/opt/rustwide/workdir" "-e" "CARGO_TARGET_DIR=/opt/rustwide/target" "-e" "CARGO_INCREMENTAL=0" "-e" "RUST_BACKTRACE=full" "-e" "RUSTFLAGS=--cap-lints=warn" "-e" "CARGO_HOME=/opt/rustwide/cargo-home" "-e" "RUSTUP_HOME=/opt/rustwide/rustup-home" "-w" "/opt/rustwide/workdir" "-m" "1610612736" "--user" "0:0" "--network" "none" "ghcr.io/rust-lang/crates-build-env/linux@sha256:34b6a614d2c27851fe6cbf88fbd1137609cefab8b10d0615aaeb6fd47975d74e" "/opt/rustwide/cargo-home/bin/cargo" "+beta-2021-08-01" "test" "--frozen", kill_on_drop: false }`
[INFO] [stdout] 62b1cc216e08741eea3ba659f7ad5ba8393f1ae0f022341d6e3a9b71ea495153
[INFO] running `Command { std: "docker" "start" "-a" "62b1cc216e08741eea3ba659f7ad5ba8393f1ae0f022341d6e3a9b71ea495153", kill_on_drop: false }`
[INFO] [stderr] warning: unused variable: `streamer`
[INFO] [stderr]   --> src/db.rs:18:40
[INFO] [stderr]    |
[INFO] [stderr] 18 | pub fn create_streamer(client: Client, streamer: NewStreamer) -> Result<InsertOneResult, Error> {
[INFO] [stderr]    |                                        ^^^^^^^^ help: if this is intentional, prefix it with an underscore: `_streamer`
[INFO] [stderr]    |
[INFO] [stderr]    = note: `#[warn(unused_variables)]` on by default
[INFO] [stderr] 
[INFO] [stderr] warning: unused variable: `client`
[INFO] [stderr]   --> src/./graphql_resolver.rs:23:28
[INFO] [stderr]    |
[INFO] [stderr] 23 | pub fn find_streamer_by_id(client: &Client, streamerId: bson::oid::ObjectId) -> Option<graphql_schema::Streamer> {
[INFO] [stderr]    |                            ^^^^^^ help: if this is intentional, prefix it with an underscore: `_client`
[INFO] [stderr] 
[INFO] [stderr] warning: unused variable: `streamerId`
[INFO] [stderr]   --> src/./graphql_resolver.rs:23:45
[INFO] [stderr]    |
[INFO] [stderr] 23 | pub fn find_streamer_by_id(client: &Client, streamerId: bson::oid::ObjectId) -> Option<graphql_schema::Streamer> {
[INFO] [stderr]    |                                             ^^^^^^^^^^ help: if this is intentional, prefix it with an underscore: `_streamerId`
[INFO] [stderr] 
[INFO] [stderr] warning: function is never used: `find_streamer_by_id`
[INFO] [stderr]   --> src/./graphql_resolver.rs:23:8
[INFO] [stderr]    |
[INFO] [stderr] 23 | pub fn find_streamer_by_id(client: &Client, streamerId: bson::oid::ObjectId) -> Option<graphql_schema::Streamer> {
[INFO] [stderr]    |        ^^^^^^^^^^^^^^^^^^^
[INFO] [stderr]    |
[INFO] [stderr]    = note: `#[warn(dead_code)]` on by default
[INFO] [stderr] 
[INFO] [stderr] warning: function is never used: `get_graphql_request`
[INFO] [stderr]    --> src/main.rs:100:8
[INFO] [stderr]     |
[INFO] [stderr] 100 |     fn get_graphql_request() -> GraphQLRequest {
[INFO] [stderr]     |        ^^^^^^^^^^^^^^^^^^^
[INFO] [stderr] 
[INFO] [stderr] warning: variable `streamerId` should have a snake case name
[INFO] [stderr]   --> src/./graphql_resolver.rs:23:45
[INFO] [stderr]    |
[INFO] [stderr] 23 | pub fn find_streamer_by_id(client: &Client, streamerId: bson::oid::ObjectId) -> Option<graphql_schema::Streamer> {
[INFO] [stderr]    |                                             ^^^^^^^^^^ help: convert the identifier to snake case: `streamer_id`
[INFO] [stderr]    |
[INFO] [stderr]    = note: `#[warn(non_snake_case)]` on by default
[INFO] [stderr] 
[INFO] [stderr] warning: `stream8` (bin "stream8" test) generated 6 warnings
[INFO] [stderr]     Finished test [unoptimized + debuginfo] target(s) in 0.20s
[INFO] [stderr]      Running unittests (/opt/rustwide/target/debug/deps/stream8-b1b9d382a6e75b68)
[INFO] [stdout] 
[INFO] [stdout] running 1 test
[INFO] [stderr] error: test failed, to rerun pass '--bin stream8'
[INFO] [stdout] test tests::first_query ... FAILED
[INFO] [stdout] 
[INFO] [stdout] failures:
[INFO] [stdout] 
[INFO] [stdout] ---- tests::first_query stdout ----
[INFO] [stdout] thread 'tests::first_query' panicked at 'Panic at getting connection to mongo!', src/main.rs:96:14
[INFO] [stdout] stack backtrace:
[INFO] [stdout]    0:     0x55e87625aeb0 - std::backtrace_rs::backtrace::libunwind::trace::hff4d1766e93f64f1
[INFO] [stdout]                                at /rustc/53fd98ca776cb875bc9e5514f56b52eb74f9e7a9/library/std/src/../../backtrace/src/backtrace/libunwind.rs:90:5
[INFO] [stdout]    1:     0x55e87625aeb0 - std::backtrace_rs::backtrace::trace_unsynchronized::h56bbc8eb78770bcb
[INFO] [stdout]                                at /rustc/53fd98ca776cb875bc9e5514f56b52eb74f9e7a9/library/std/src/../../backtrace/src/backtrace/mod.rs:66:5
[INFO] [stdout]    2:     0x55e87625aeb0 - std::sys_common::backtrace::_print_fmt::h5c8e75464faca780
[INFO] [stdout]                                at /rustc/53fd98ca776cb875bc9e5514f56b52eb74f9e7a9/library/std/src/sys_common/backtrace.rs:67:5
[INFO] [stdout]    3:     0x55e87625aeb0 - <std::sys_common::backtrace::_print::DisplayBacktrace as core::fmt::Display>::fmt::h48b88277def8b362
[INFO] [stdout]                                at /rustc/53fd98ca776cb875bc9e5514f56b52eb74f9e7a9/library/std/src/sys_common/backtrace.rs:46:22
[INFO] [stdout]    4:     0x55e87627fa4c - core::fmt::write::h3381b3176fe2b3d3
[INFO] [stdout]                                at /rustc/53fd98ca776cb875bc9e5514f56b52eb74f9e7a9/library/core/src/fmt/mod.rs:1115:17
[INFO] [stdout]    5:     0x55e876253ca5 - std::io::Write::write_fmt::h5f34a676f60246b5
[INFO] [stdout]                                at /rustc/53fd98ca776cb875bc9e5514f56b52eb74f9e7a9/library/std/src/io/mod.rs:1665:15
[INFO] [stdout]    6:     0x55e87625d0cb - std::sys_common::backtrace::_print::ha537687d6c17dd0d
[INFO] [stdout]                                at /rustc/53fd98ca776cb875bc9e5514f56b52eb74f9e7a9/library/std/src/sys_common/backtrace.rs:49:5
[INFO] [stdout]    7:     0x55e87625d0cb - std::sys_common::backtrace::print::h61376ae57d131d72
[INFO] [stdout]                                at /rustc/53fd98ca776cb875bc9e5514f56b52eb74f9e7a9/library/std/src/sys_common/backtrace.rs:36:9
[INFO] [stdout]    8:     0x55e87625d0cb - std::panicking::default_hook::{{closure}}::h0f7208c0b9644a54
[INFO] [stdout]                                at /rustc/53fd98ca776cb875bc9e5514f56b52eb74f9e7a9/library/std/src/panicking.rs:208:50
[INFO] [stdout]    9:     0x55e87625cbdc - std::panicking::default_hook::hdac7fc06578c14ce
[INFO] [stdout]                                at /rustc/53fd98ca776cb875bc9e5514f56b52eb74f9e7a9/library/std/src/panicking.rs:222:9
[INFO] [stdout]   10:     0x55e87625d794 - std::panicking::rust_panic_with_hook::h72b21c283da3d1ef
[INFO] [stdout]                                at /rustc/53fd98ca776cb875bc9e5514f56b52eb74f9e7a9/library/std/src/panicking.rs:622:17
[INFO] [stdout]   11:     0x55e87625d277 - std::panicking::begin_panic_handler::{{closure}}::he5778f1729cff84a
[INFO] [stdout]                                at /rustc/53fd98ca776cb875bc9e5514f56b52eb74f9e7a9/library/std/src/panicking.rs:519:13
[INFO] [stdout]   12:     0x55e87625b38c - std::sys_common::backtrace::__rust_end_short_backtrace::h2d11ca8b453b4b1d
[INFO] [stdout]                                at /rustc/53fd98ca776cb875bc9e5514f56b52eb74f9e7a9/library/std/src/sys_common/backtrace.rs:141:18
[INFO] [stdout]   13:     0x55e87625d1d9 - rust_begin_unwind
[INFO] [stdout]                                at /rustc/53fd98ca776cb875bc9e5514f56b52eb74f9e7a9/library/std/src/panicking.rs:515:5
[INFO] [stdout]   14:     0x55e875762b81 - core::panicking::panic_fmt::hf9de31d4acbce4db
[INFO] [stdout]                                at /rustc/53fd98ca776cb875bc9e5514f56b52eb74f9e7a9/library/core/src/panicking.rs:92:14
[INFO] [stdout]   15:     0x55e875762a73 - core::option::expect_failed::h954fc73c60f6b468
[INFO] [stdout]                                at /rustc/53fd98ca776cb875bc9e5514f56b52eb74f9e7a9/library/core/src/option.rs:1578:5
[INFO] [stdout]   16:     0x55e87581cf7e - core::option::Option<T>::expect::h1ece9abb8b4d9e89
[INFO] [stdout]                                at /rustc/53fd98ca776cb875bc9e5514f56b52eb74f9e7a9/library/core/src/option.rs:685:21
[INFO] [stdout]   17:     0x55e875869fac - stream8::tests::get_mongo_handle::hc2ebad580fb778ba
[INFO] [stdout]                                at /opt/rustwide/workdir/src/main.rs:94:22
[INFO] [stdout]   18:     0x55e87586a234 - stream8::tests::first_query::{{closure}}::ha8d697f85c1423c0
[INFO] [stdout]                                at /opt/rustwide/workdir/src/main.rs:107:22
[INFO] [stdout]   19:     0x55e8758a412b - <core::future::from_generator::GenFuture<T> as core::future::future::Future>::poll::h5225cbd5f8f2266d
[INFO] [stdout]                                at /rustc/53fd98ca776cb875bc9e5514f56b52eb74f9e7a9/library/core/src/future/mod.rs:80:19
[INFO] [stdout]   20:     0x55e8758c6a37 - <tokio::task::local::RunUntil<T> as core::future::future::Future>::poll::{{closure}}::hb56245a6ae6beedf
[INFO] [stdout]                                at /opt/rustwide/cargo-home/registry/src/github.com-1ecc6299db9ec823/tokio-0.2.16/src/task/local.rs:518:42
[INFO] [stdout]   21:     0x55e8758ab38d - tokio::macros::scoped_tls::ScopedKey<T>::set::h079191c6282cf2c8
[INFO] [stdout]                                at /opt/rustwide/cargo-home/registry/src/github.com-1ecc6299db9ec823/tokio-0.2.16/src/macros/scoped_tls.rs:64:9
[INFO] [stdout]   22:     0x55e8758aafba - tokio::task::local::LocalSet::with::h338e6bfe0500c12d
[INFO] [stdout]                                at /opt/rustwide/cargo-home/registry/src/github.com-1ecc6299db9ec823/tokio-0.2.16/src/task/local.rs:435:9
[INFO] [stdout]   23:     0x55e8758c69b2 - <tokio::task::local::RunUntil<T> as core::future::future::Future>::poll::h4f8ca2ffe1620637
[INFO] [stdout]                                at /opt/rustwide/cargo-home/registry/src/github.com-1ecc6299db9ec823/tokio-0.2.16/src/task/local.rs:511:9
[INFO] [stdout]   24:     0x55e8758ab24d - tokio::task::local::LocalSet::run_until::{{closure}}::h26de3556a3996b68
[INFO] [stdout]                                at /opt/rustwide/cargo-home/registry/src/github.com-1ecc6299db9ec823/tokio-0.2.16/src/task/local.rs:385:9
[INFO] [stdout]   25:     0x55e8758a41bb - <core::future::from_generator::GenFuture<T> as core::future::future::Future>::poll::h5a60e15e8f896d2b
[INFO] [stdout]                                at /rustc/53fd98ca776cb875bc9e5514f56b52eb74f9e7a9/library/core/src/future/mod.rs:80:19
[INFO] [stdout]   26:     0x55e8758d8a10 - tokio::runtime::basic_scheduler::BasicScheduler<P>::block_on::{{closure}}::{{closure}}::hf63dc784a7bdad88
[INFO] [stdout]                                at /opt/rustwide/cargo-home/registry/src/github.com-1ecc6299db9ec823/tokio-0.2.16/src/runtime/basic_scheduler.rs:131:58
[INFO] [stdout]   27:     0x55e8757bdb79 - tokio::coop::budget::{{closure}}::hd6bc832bb85f13e3
[INFO] [stdout]                                at /opt/rustwide/cargo-home/registry/src/github.com-1ecc6299db9ec823/tokio-0.2.16/src/coop.rs:97:9
[INFO] [stdout]   28:     0x55e87585b542 - std::thread::local::LocalKey<T>::try_with::h267cf53c56d5454a
[INFO] [stdout]                                at /rustc/53fd98ca776cb875bc9e5514f56b52eb74f9e7a9/library/std/src/thread/local.rs:399:16
[INFO] [stdout]   29:     0x55e87585b258 - std::thread::local::LocalKey<T>::with::h2f3169c97334fc39
[INFO] [stdout]                                at /rustc/53fd98ca776cb875bc9e5514f56b52eb74f9e7a9/library/std/src/thread/local.rs:375:9
[INFO] [stdout]   30:     0x55e8758d8479 - tokio::coop::budget::h27c0d44e0aba5fa7
[INFO] [stdout]                                at /opt/rustwide/cargo-home/registry/src/github.com-1ecc6299db9ec823/tokio-0.2.16/src/coop.rs:79:5
[INFO] [stdout]   31:     0x55e8758d8479 - tokio::runtime::basic_scheduler::BasicScheduler<P>::block_on::{{closure}}::he0ed136f0181862d
[INFO] [stdout]                                at /opt/rustwide/cargo-home/registry/src/github.com-1ecc6299db9ec823/tokio-0.2.16/src/runtime/basic_scheduler.rs:131:35
[INFO] [stdout]   32:     0x55e8758d8e11 - tokio::runtime::basic_scheduler::enter::{{closure}}::h20a4a130ed6259fe
[INFO] [stdout]                                at /opt/rustwide/cargo-home/registry/src/github.com-1ecc6299db9ec823/tokio-0.2.16/src/runtime/basic_scheduler.rs:213:29
[INFO] [stdout]   33:     0x55e8758ab4a0 - tokio::macros::scoped_tls::ScopedKey<T>::set::h29344a2a9e06e219
[INFO] [stdout]                                at /opt/rustwide/cargo-home/registry/src/github.com-1ecc6299db9ec823/tokio-0.2.16/src/macros/scoped_tls.rs:64:9
[INFO] [stdout]   34:     0x55e8758d8d5e - tokio::runtime::basic_scheduler::enter::h07916b9e762af136
[INFO] [stdout]                                at /opt/rustwide/cargo-home/registry/src/github.com-1ecc6299db9ec823/tokio-0.2.16/src/runtime/basic_scheduler.rs:213:5
[INFO] [stdout]   35:     0x55e8758d8250 - tokio::runtime::basic_scheduler::BasicScheduler<P>::block_on::hf87796f62c100dd2
[INFO] [stdout]                                at /opt/rustwide/cargo-home/registry/src/github.com-1ecc6299db9ec823/tokio-0.2.16/src/runtime/basic_scheduler.rs:123:9
[INFO] [stdout]   36:     0x55e8757bdcd2 - tokio::runtime::Runtime::block_on::{{closure}}::hb499ac1ddb9387cd
[INFO] [stdout]                                at /opt/rustwide/cargo-home/registry/src/github.com-1ecc6299db9ec823/tokio-0.2.16/src/runtime/mod.rs:418:34
[INFO] [stdout]   37:     0x55e8757bdd52 - tokio::runtime::context::enter::h87f88c89e42b4c81
[INFO] [stdout]                                at /opt/rustwide/cargo-home/registry/src/github.com-1ecc6299db9ec823/tokio-0.2.16/src/runtime/context.rs:72:5
[INFO] [stdout]   38:     0x55e8757ac978 - tokio::runtime::handle::Handle::enter::h4a147edc2618ba9b
[INFO] [stdout]                                at /opt/rustwide/cargo-home/registry/src/github.com-1ecc6299db9ec823/tokio-0.2.16/src/runtime/handle.rs:39:9
[INFO] [stdout]   39:     0x55e8757bdc1d - tokio::runtime::Runtime::block_on::h98278f02e06ea014
[INFO] [stdout]                                at /opt/rustwide/cargo-home/registry/src/github.com-1ecc6299db9ec823/tokio-0.2.16/src/runtime/mod.rs:415:9
[INFO] [stdout]   40:     0x55e8758ab034 - tokio::task::local::LocalSet::block_on::h1dcabfde03b6c08a
[INFO] [stdout]                                at /opt/rustwide/cargo-home/registry/src/github.com-1ecc6299db9ec823/tokio-0.2.16/src/task/local.rs:346:9
[INFO] [stdout]   41:     0x55e8758c6b21 - actix_rt::runtime::Runtime::block_on::h245dcb4451e3f61c
[INFO] [stdout]                                at /opt/rustwide/cargo-home/registry/src/github.com-1ecc6299db9ec823/actix-rt-1.0.0/src/runtime.rs:89:19
[INFO] [stdout]   42:     0x55e875889622 - actix_rt::builder::SystemRunner::block_on::hc4582acda402e9ae
[INFO] [stdout]                                at /opt/rustwide/cargo-home/registry/src/github.com-1ecc6299db9ec823/actix-rt-1.0.0/src/builder.rs:187:19
[INFO] [stdout]   43:     0x55e87586a05e - stream8::tests::first_query::h83f137299b509dc7
[INFO] [stdout]                                at /opt/rustwide/workdir/src/main.rs:104:5
[INFO] [stdout]   44:     0x55e875869ffa - stream8::tests::first_query::{{closure}}::h2732c0be34676548
[INFO] [stdout]                                at /opt/rustwide/workdir/src/main.rs:104:5
[INFO] [stdout]   45:     0x55e87587131e - core::ops::function::FnOnce::call_once::h4c7e9a938f732e1d
[INFO] [stdout]                                at /rustc/53fd98ca776cb875bc9e5514f56b52eb74f9e7a9/library/core/src/ops/function.rs:227:5
[INFO] [stdout]   46:     0x55e87594d993 - core::ops::function::FnOnce::call_once::hbb52c4519d3137b0
[INFO] [stdout]                                at /rustc/53fd98ca776cb875bc9e5514f56b52eb74f9e7a9/library/core/src/ops/function.rs:227:5
[INFO] [stdout]   47:     0x55e87594d993 - test::__rust_begin_short_backtrace::h86fe3a2a5a5121af
[INFO] [stdout]                                at /rustc/53fd98ca776cb875bc9e5514f56b52eb74f9e7a9/library/test/src/lib.rs:578:5
[INFO] [stdout]   48:     0x55e87594c448 - <alloc::boxed::Box<F,A> as core::ops::function::FnOnce<Args>>::call_once::hfd956bc3d57399be
[INFO] [stdout]                                at /rustc/53fd98ca776cb875bc9e5514f56b52eb74f9e7a9/library/alloc/src/boxed.rs:1572:9
[INFO] [stdout]   49:     0x55e87594c448 - <std::panic::AssertUnwindSafe<F> as core::ops::function::FnOnce<()>>::call_once::h40dc93e0ddb5938a
[INFO] [stdout]                                at /rustc/53fd98ca776cb875bc9e5514f56b52eb74f9e7a9/library/std/src/panic.rs:347:9
[INFO] [stdout]   50:     0x55e87594c448 - std::panicking::try::do_call::h90d07750cb47c562
[INFO] [stdout]                                at /rustc/53fd98ca776cb875bc9e5514f56b52eb74f9e7a9/library/std/src/panicking.rs:401:40
[INFO] [stdout]   51:     0x55e87594c448 - std::panicking::try::h063c84733ad2a629
[INFO] [stdout]                                at /rustc/53fd98ca776cb875bc9e5514f56b52eb74f9e7a9/library/std/src/panicking.rs:365:19
[INFO] [stdout]   52:     0x55e87594c448 - std::panic::catch_unwind::h0c464836a84e7c08
[INFO] [stdout]                                at /rustc/53fd98ca776cb875bc9e5514f56b52eb74f9e7a9/library/std/src/panic.rs:434:14
[INFO] [stdout]   53:     0x55e87594c448 - test::run_test_in_process::h5cb06ef620b157fc
[INFO] [stdout]                                at /rustc/53fd98ca776cb875bc9e5514f56b52eb74f9e7a9/library/test/src/lib.rs:601:18
[INFO] [stdout]   54:     0x55e87594c448 - test::run_test::run_test_inner::{{closure}}::h76f677f4b93f9828
[INFO] [stdout]                                at /rustc/53fd98ca776cb875bc9e5514f56b52eb74f9e7a9/library/test/src/lib.rs:493:39
[INFO] [stdout]   55:     0x55e87591abdd - test::run_test::run_test_inner::{{closure}}::h366d01fe04f4d67a
[INFO] [stdout]                                at /rustc/53fd98ca776cb875bc9e5514f56b52eb74f9e7a9/library/test/src/lib.rs:520:37
[INFO] [stdout]   56:     0x55e87591abdd - std::sys_common::backtrace::__rust_begin_short_backtrace::h7dfa0de4eb395af2
[INFO] [stdout]                                at /rustc/53fd98ca776cb875bc9e5514f56b52eb74f9e7a9/library/std/src/sys_common/backtrace.rs:125:18
[INFO] [stdout]   57:     0x55e87591f3a8 - std::thread::Builder::spawn_unchecked::{{closure}}::{{closure}}::hf0a74bb58798037f
[INFO] [stdout]                                at /rustc/53fd98ca776cb875bc9e5514f56b52eb74f9e7a9/library/std/src/thread/mod.rs:476:17
[INFO] [stdout]   58:     0x55e87591f3a8 - <std::panic::AssertUnwindSafe<F> as core::ops::function::FnOnce<()>>::call_once::hb024e854818586ac
[INFO] [stdout]                                at /rustc/53fd98ca776cb875bc9e5514f56b52eb74f9e7a9/library/std/src/panic.rs:347:9
[INFO] [stdout]   59:     0x55e87591f3a8 - std::panicking::try::do_call::hb2dd9f1d0d48e41d
[INFO] [stdout]                                at /rustc/53fd98ca776cb875bc9e5514f56b52eb74f9e7a9/library/std/src/panicking.rs:401:40
[INFO] [stdout]   60:     0x55e87591f3a8 - std::panicking::try::h4717ae7bac8b2bf3
[INFO] [stdout]                                at /rustc/53fd98ca776cb875bc9e5514f56b52eb74f9e7a9/library/std/src/panicking.rs:365:19
[INFO] [stdout]   61:     0x55e87591f3a8 - std::panic::catch_unwind::h0dc8a061326ce8d8
[INFO] [stdout]                                at /rustc/53fd98ca776cb875bc9e5514f56b52eb74f9e7a9/library/std/src/panic.rs:434:14
[INFO] [stdout]   62:     0x55e87591f3a8 - std::thread::Builder::spawn_unchecked::{{closure}}::haa369e2d6fd00aa1
[INFO] [stdout]                                at /rustc/53fd98ca776cb875bc9e5514f56b52eb74f9e7a9/library/std/src/thread/mod.rs:475:30
[INFO] [stdout]   63:     0x55e87591f3a8 - core::ops::function::FnOnce::call_once{{vtable.shim}}::h36dcf3de8b056f17
[INFO] [stdout]                                at /rustc/53fd98ca776cb875bc9e5514f56b52eb74f9e7a9/library/core/src/ops/function.rs:227:5
[INFO] [stdout]   64:     0x55e876262f97 - <alloc::boxed::Box<F,A> as core::ops::function::FnOnce<Args>>::call_once::h65c29e4642be2358
[INFO] [stdout]                                at /rustc/53fd98ca776cb875bc9e5514f56b52eb74f9e7a9/library/alloc/src/boxed.rs:1572:9
[INFO] [stdout]   65:     0x55e876262f97 - <alloc::boxed::Box<F,A> as core::ops::function::FnOnce<Args>>::call_once::hd0f8f7fbbd9fffbf
[INFO] [stdout]                                at /rustc/53fd98ca776cb875bc9e5514f56b52eb74f9e7a9/library/alloc/src/boxed.rs:1572:9
[INFO] [stdout]   66:     0x55e876262f97 - std::sys::unix::thread::Thread::new::thread_start::h2fd22fee3ca77b65
[INFO] [stdout]                                at /rustc/53fd98ca776cb875bc9e5514f56b52eb74f9e7a9/library/std/src/sys/unix/thread.rs:74:17
[INFO] [stdout]   67:     0x7fe20dbd7609 - start_thread
[INFO] [stdout]   68:     0x7fe20d9af293 - clone
[INFO] [stdout]   69:                0x0 - <unknown>
[INFO] [stdout] Panic in Arbiter thread.
[INFO] [stdout] 
[INFO] [stdout] 
[INFO] [stdout] failures:
[INFO] [stdout]     tests::first_query
[INFO] [stdout] 
[INFO] [stdout] test result: FAILED. 0 passed; 1 failed; 0 ignored; 0 measured; 0 filtered out; finished in 0.07s
[INFO] [stdout] 
[INFO] running `Command { std: "docker" "inspect" "62b1cc216e08741eea3ba659f7ad5ba8393f1ae0f022341d6e3a9b71ea495153", kill_on_drop: false }`
[INFO] running `Command { std: "docker" "rm" "-f" "62b1cc216e08741eea3ba659f7ad5ba8393f1ae0f022341d6e3a9b71ea495153", kill_on_drop: false }`
[INFO] [stdout] 62b1cc216e08741eea3ba659f7ad5ba8393f1ae0f022341d6e3a9b71ea495153
