[INFO] cloning repository https://github.com/mohammadreza-ashouri/RUST-Miner-Extractable-Value
[INFO] running `Command { std: "git" "-c" "credential.helper=" "-c" "credential.helper=/workspace/cargo-home/bin/git-credential-null" "clone" "--bare" "https://github.com/mohammadreza-ashouri/RUST-Miner-Extractable-Value" "/workspace/cache/git-repos/https%3A%2F%2Fgithub.com%2Fmohammadreza-ashouri%2FRUST-Miner-Extractable-Value", kill_on_drop: false }`
[INFO] [stderr] Cloning into bare repository '/workspace/cache/git-repos/https%3A%2F%2Fgithub.com%2Fmohammadreza-ashouri%2FRUST-Miner-Extractable-Value'...
[INFO] running `Command { std: "git" "rev-parse" "HEAD", kill_on_drop: false }`
[INFO] [stdout] 29eeab6b7e2ccc1e9131eb51c2737f3fd6d73f40
[INFO] testing mohammadreza-ashouri/RUST-Miner-Extractable-Value against beta-2021-08-01 for beta-1.55-1
[INFO] running `Command { std: "git" "clone" "/workspace/cache/git-repos/https%3A%2F%2Fgithub.com%2Fmohammadreza-ashouri%2FRUST-Miner-Extractable-Value" "/workspace/builds/worker-60/source", kill_on_drop: false }`
[INFO] [stderr] Cloning into '/workspace/builds/worker-60/source'...
[INFO] [stderr] done.
[INFO] validating manifest of git repo https://github.com/mohammadreza-ashouri/RUST-Miner-Extractable-Value on toolchain beta-2021-08-01
[INFO] running `Command { std: "/workspace/cargo-home/bin/cargo" "+beta-2021-08-01" "metadata" "--manifest-path" "Cargo.toml" "--no-deps", kill_on_drop: false }`
[INFO] started tweaking git repo https://github.com/mohammadreza-ashouri/RUST-Miner-Extractable-Value
[INFO] finished tweaking git repo https://github.com/mohammadreza-ashouri/RUST-Miner-Extractable-Value
[INFO] tweaked toml for git repo https://github.com/mohammadreza-ashouri/RUST-Miner-Extractable-Value written to /workspace/builds/worker-60/source/Cargo.toml
[INFO] crate git repo https://github.com/mohammadreza-ashouri/RUST-Miner-Extractable-Value already has a lockfile, it will not be regenerated
[INFO] running `Command { std: "/workspace/cargo-home/bin/cargo" "+beta-2021-08-01" "fetch" "--manifest-path" "Cargo.toml", kill_on_drop: false }`
[INFO] [stderr]     Blocking waiting for file lock on package cache
[INFO] [stderr]     Blocking waiting for file lock on package cache
[INFO] running `Command { std: "docker" "create" "-v" "/var/lib/crater-agent-workspace/builds/worker-60/target:/opt/rustwide/target:rw,Z" "-v" "/var/lib/crater-agent-workspace/builds/worker-60/source:/opt/rustwide/workdir:ro,Z" "-v" "/var/lib/crater-agent-workspace/cargo-home:/opt/rustwide/cargo-home:ro,Z" "-v" "/var/lib/crater-agent-workspace/rustup-home:/opt/rustwide/rustup-home:ro,Z" "-e" "SOURCE_DIR=/opt/rustwide/workdir" "-e" "CARGO_TARGET_DIR=/opt/rustwide/target" "-e" "CARGO_HOME=/opt/rustwide/cargo-home" "-e" "RUSTUP_HOME=/opt/rustwide/rustup-home" "-w" "/opt/rustwide/workdir" "-m" "1610612736" "--user" "0:0" "--network" "none" "ghcr.io/rust-lang/crates-build-env/linux@sha256:34b6a614d2c27851fe6cbf88fbd1137609cefab8b10d0615aaeb6fd47975d74e" "/opt/rustwide/cargo-home/bin/cargo" "+beta-2021-08-01" "metadata" "--no-deps" "--format-version=1", kill_on_drop: false }`
[INFO] [stdout] 3a7d6f692c436e0987de66f55d3b1a71fd28273fc579b8fb5e16da5cca1ef79c
[INFO] running `Command { std: "docker" "start" "-a" "3a7d6f692c436e0987de66f55d3b1a71fd28273fc579b8fb5e16da5cca1ef79c", kill_on_drop: false }`
[INFO] running `Command { std: "docker" "inspect" "3a7d6f692c436e0987de66f55d3b1a71fd28273fc579b8fb5e16da5cca1ef79c", kill_on_drop: false }`
[INFO] running `Command { std: "docker" "rm" "-f" "3a7d6f692c436e0987de66f55d3b1a71fd28273fc579b8fb5e16da5cca1ef79c", kill_on_drop: false }`
[INFO] [stdout] 3a7d6f692c436e0987de66f55d3b1a71fd28273fc579b8fb5e16da5cca1ef79c
[INFO] running `Command { std: "docker" "create" "-v" "/var/lib/crater-agent-workspace/builds/worker-60/target:/opt/rustwide/target:rw,Z" "-v" "/var/lib/crater-agent-workspace/builds/worker-60/source:/opt/rustwide/workdir:ro,Z" "-v" "/var/lib/crater-agent-workspace/cargo-home:/opt/rustwide/cargo-home:ro,Z" "-v" "/var/lib/crater-agent-workspace/rustup-home:/opt/rustwide/rustup-home:ro,Z" "-e" "SOURCE_DIR=/opt/rustwide/workdir" "-e" "CARGO_TARGET_DIR=/opt/rustwide/target" "-e" "CARGO_INCREMENTAL=0" "-e" "RUST_BACKTRACE=full" "-e" "RUSTFLAGS=--cap-lints=warn" "-e" "CARGO_HOME=/opt/rustwide/cargo-home" "-e" "RUSTUP_HOME=/opt/rustwide/rustup-home" "-w" "/opt/rustwide/workdir" "-m" "1610612736" "--user" "0:0" "--network" "none" "ghcr.io/rust-lang/crates-build-env/linux@sha256:34b6a614d2c27851fe6cbf88fbd1137609cefab8b10d0615aaeb6fd47975d74e" "/opt/rustwide/cargo-home/bin/cargo" "+beta-2021-08-01" "build" "--frozen" "--message-format=json", kill_on_drop: false }`
[INFO] [stdout] a49324b60f40f9e9e365c36bfe38790c9391efaa514b523831ef299ed88bb4eb
[INFO] running `Command { std: "docker" "start" "-a" "a49324b60f40f9e9e365c36bfe38790c9391efaa514b523831ef299ed88bb4eb", kill_on_drop: false }`
[INFO] [stderr]    Compiling libc v0.2.86
[INFO] [stderr]    Compiling syn v1.0.60
[INFO] [stderr]    Compiling serde_derive v1.0.123
[INFO] [stderr]    Compiling serde v1.0.123
[INFO] [stderr]    Compiling typenum v1.12.0
[INFO] [stderr]    Compiling cc v1.0.67
[INFO] [stderr]    Compiling getrandom v0.2.2
[INFO] [stderr]    Compiling once_cell v1.6.0
[INFO] [stderr]    Compiling log v0.4.14
[INFO] [stderr]    Compiling opaque-debug v0.3.0
[INFO] [stderr]    Compiling pkg-config v0.3.19
[INFO] [stderr]    Compiling block-padding v0.2.1
[INFO] [stderr]    Compiling subtle v2.4.0
[INFO] [stderr]    Compiling pin-project-lite v0.2.4
[INFO] [stderr]    Compiling funty v1.1.0
[INFO] [stderr]    Compiling byteorder v1.4.2
[INFO] [stderr]    Compiling itoa v0.4.7
[INFO] [stderr]    Compiling getrandom v0.1.16
[INFO] [stderr]    Compiling wyz v0.2.0
[INFO] [stderr]    Compiling matches v0.1.8
[INFO] [stderr]    Compiling tinyvec_macros v0.1.0
[INFO] [stderr]    Compiling proc-macro-hack v0.5.19
[INFO] [stderr]    Compiling futures-sink v0.3.12
[INFO] [stderr]    Compiling futures-core v0.3.12
[INFO] [stderr]    Compiling proc-macro-nested v0.1.7
[INFO] [stderr]    Compiling cpuid-bool v0.1.2
[INFO] [stderr]    Compiling radium v0.4.1
[INFO] [stderr]    Compiling pin-utils v0.1.0
[INFO] [stderr]    Compiling ryu v1.0.5
[INFO] [stderr]    Compiling radium v0.6.2
[INFO] [stderr]    Compiling crunchy v0.2.2
[INFO] [stderr]    Compiling futures-io v0.3.12
[INFO] [stderr]    Compiling percent-encoding v2.1.0
[INFO] [stderr]    Compiling rustc-hex v2.1.0
[INFO] [stderr]    Compiling base64 v0.13.0
[INFO] [stderr]    Compiling tap v1.0.1
[INFO] [stderr]    Compiling serde_json v1.0.62
[INFO] [stderr]    Compiling arrayvec v0.5.2
[INFO] [stderr]    Compiling static_assertions v1.1.0
[INFO] [stderr]    Compiling byte-slice-cast v1.0.0
[INFO] [stderr]    Compiling hex v0.4.2
[INFO] [stderr]    Compiling tiny-keccak v2.0.2
[INFO] [stderr]    Compiling spin v0.5.2
[INFO] [stderr]    Compiling untrusted v0.7.1
[INFO] [stderr]    Compiling keccak v0.1.0
[INFO] [stderr]    Compiling openssl-probe v0.1.2
[INFO] [stderr]    Compiling httparse v1.3.5
[INFO] [stderr]    Compiling anyhow v1.0.38
[INFO] [stderr]    Compiling zeroize v1.2.0
[INFO] [stderr]    Compiling foreign-types-shared v0.1.1
[INFO] [stderr]    Compiling openssl v0.10.32
[INFO] [stderr]    Compiling native-tls v0.2.7
[INFO] [stderr]    Compiling regex-syntax v0.6.22
[INFO] [stderr]    Compiling hashbrown v0.9.1
[INFO] [stderr]    Compiling try-lock v0.2.3
[INFO] [stderr]    Compiling base64ct v0.2.0
[INFO] [stderr]    Compiling httpdate v0.3.2
[INFO] [stderr]    Compiling encoding_rs v0.8.28
[INFO] [stderr]    Compiling curl v0.4.34
[INFO] [stderr]    Compiling tower-service v0.3.1
[INFO] [stderr]    Compiling utf-8 v0.7.5
[INFO] [stderr]    Compiling md5 v0.7.0
[INFO] [stderr]    Compiling mime v0.3.16
[INFO] [stderr]    Compiling fallible-iterator v0.2.0
[INFO] [stderr]    Compiling ipnet v2.3.0
[INFO] [stderr]    Compiling siphasher v0.3.3
[INFO] [stderr]    Compiling smallvec v1.6.1
[INFO] [stderr]    Compiling futures-timer v3.0.2
[INFO] [stderr]    Compiling generic-array v0.14.4
[INFO] [stderr]    Compiling tinyvec v1.1.1
[INFO] [stderr]    Compiling tokio v1.2.0
[INFO] [stderr]    Compiling futures-task v0.3.12
[INFO] [stderr]    Compiling tracing-core v0.1.17
[INFO] [stderr]    Compiling indexmap v1.6.1
[INFO] [stderr]    Compiling thread_local v1.1.3
[INFO] [stderr]    Compiling instant v0.1.9
[INFO] [stderr]    Compiling lock_api v0.4.2
[INFO] [stderr]    Compiling quote v1.0.9
[INFO] [stderr]    Compiling futures-channel v0.3.12
[INFO] [stderr]    Compiling unicode-bidi v0.3.4
[INFO] [stderr]    Compiling form_urlencoded v1.0.1
[INFO] [stderr]    Compiling bitvec v0.18.4
[INFO] [stderr]    Compiling want v0.3.0
[INFO] [stderr]    Compiling foreign-types v0.3.2
[INFO] [stderr]    Compiling phf_shared v0.8.0
[INFO] [stderr]    Compiling ring v0.16.20
[INFO] [stderr]    Compiling tracing v0.1.24
[INFO] [stderr]    Compiling bitvec v0.20.1
[INFO] [stderr]    Compiling proc-macro-error-attr v1.0.4
[INFO] [stderr]    Compiling uint v0.9.0
[INFO] [stderr]    Compiling num_cpus v1.13.0
[INFO] [stderr]    Compiling mio v0.7.8
[INFO] [stderr]    Compiling socket2 v0.3.19
[INFO] [stderr]    Compiling parking_lot_core v0.8.3
[INFO] [stderr]    Compiling atty v0.2.14
[INFO] [stderr]    Compiling openssl-sys v0.9.60
[INFO] [stderr]    Compiling libz-sys v1.1.2
[INFO] [stderr]    Compiling curl-sys v0.4.40+curl-7.75.0
[INFO] [stderr]    Compiling rand_core v0.6.2
[INFO] [stderr]    Compiling phf v0.8.0
[INFO] [stderr]    Compiling rand_core v0.5.1
[INFO] [stderr]    Compiling parking_lot v0.11.1
[INFO] [stderr]    Compiling rand_chacha v0.3.0
[INFO] [stderr]    Compiling password-hash v0.1.1
[INFO] [stderr]    Compiling rand_chacha v0.2.2
[INFO] [stderr]    Compiling unicode-normalization v0.1.17
[INFO] [stderr]    Compiling rand v0.7.3
[INFO] [stderr]    Compiling rand v0.8.3
[INFO] [stderr]    Compiling ff v0.8.0
[INFO] [stderr]    Compiling regex v1.4.3
[INFO] [stderr]    Compiling group v0.8.0
[INFO] [stderr]    Compiling digest v0.9.0
[INFO] [stderr]    Compiling block-buffer v0.9.0
[INFO] [stderr]    Compiling crypto-mac v0.10.0
[INFO] [stderr]    Compiling cipher v0.2.5
[INFO] [stderr]    Compiling elliptic-curve v0.9.4
[INFO] [stderr]    Compiling hmac v0.10.1
[INFO] [stderr]    Compiling signature v1.2.2
[INFO] [stderr]    Compiling elliptic-curve v0.8.5
[INFO] [stderr]    Compiling sha2 v0.9.3
[INFO] [stderr]    Compiling sha3 v0.9.1
[INFO] [stderr]    Compiling sha-1 v0.9.4
[INFO] [stderr]    Compiling idna v0.2.2
[INFO] [stderr]    Compiling stringprep v0.1.2
[INFO] [stderr]    Compiling aes-soft v0.6.4
[INFO] [stderr]    Compiling salsa20 v0.7.2
[INFO] [stderr]    Compiling ctr v0.6.0
[INFO] [stderr]    Compiling aes v0.6.0
[INFO] [stderr]    Compiling pbkdf2 v0.7.3
[INFO] [stderr]    Compiling ecdsa v0.10.2
[INFO] [stderr]    Compiling fixed-hash v0.7.0
[INFO] [stderr]    Compiling scrypt v0.6.3
[INFO] [stderr]    Compiling url v2.2.1
[INFO] [stderr]    Compiling k256 v0.7.2
[INFO] [stderr]    Compiling Inflector v0.11.4
[INFO] [stderr]    Compiling env_logger v0.7.1
[INFO] [stderr]    Compiling pretty_env_logger v0.4.0
[INFO] [stderr]    Compiling proc-macro-error v1.0.4
[INFO] [stderr]    Compiling webpki v0.21.4
[INFO] [stderr]    Compiling sct v0.6.0
[INFO] [stderr]    Compiling rustls v0.19.0
[INFO] [stderr]    Compiling webpki-roots v0.21.0
[INFO] [stderr]    Compiling futures-macro v0.3.12
[INFO] [stderr]    Compiling tokio-macros v1.1.0
[INFO] [stderr]    Compiling thiserror-impl v1.0.24
[INFO] [stderr]    Compiling pin-project-internal v1.0.5
[INFO] [stderr]    Compiling async-trait v0.1.42
[INFO] [stderr]    Compiling auto_impl v0.4.1
[INFO] [stderr]    Compiling gumdrop_derive v0.8.0
[INFO] [stderr]    Compiling futures-util v0.3.12
[INFO] [stderr]    Compiling gumdrop v0.8.0
[INFO] [stderr]    Compiling thiserror v1.0.24
[INFO] [stderr]    Compiling pin-project v1.0.5
[INFO] [stderr]    Compiling tracing-futures v0.2.5
[INFO] [stderr]    Compiling futures-executor v0.3.12
[INFO] [stderr]    Compiling futures v0.3.12
[INFO] [stderr]    Compiling bytes v1.0.1
[INFO] [stderr]    Compiling parity-scale-codec v2.0.0
[INFO] [stderr]    Compiling impl-serde v0.3.1
[INFO] [stderr]    Compiling serde_urlencoded v0.7.0
[INFO] [stderr]    Compiling uuid v0.8.2
[INFO] [stderr]    Compiling rlp v0.5.0
[INFO] [stderr]    Compiling http v0.2.3
[INFO] [stderr]    Compiling input_buffer v0.4.0
[INFO] [stderr]    Compiling postgres-protocol v0.6.0
[INFO] [stderr]    Compiling impl-rlp v0.3.0
[INFO] [stderr]    Compiling ethbloom v0.11.0
[INFO] [stderr]    Compiling postgres-types v0.2.0
[INFO] [stderr]    Compiling eth-keystore v0.2.0
[INFO] [stderr]    Compiling serde-aux v2.1.1
[INFO] [stderr]    Compiling impl-codec v0.5.0
[INFO] [stderr]    Compiling primitive-types v0.9.0
[INFO] [stderr]    Compiling http-body v0.4.0
[INFO] [stderr]    Compiling tungstenite v0.12.0
[INFO] [stderr]    Compiling ethereum-types v0.11.0
[INFO] [stderr]    Compiling tokio-util v0.6.3
[INFO] [stderr]    Compiling tokio-rustls v0.22.0
[INFO] [stderr]    Compiling tokio-native-tls v0.3.0
[INFO] [stderr]    Compiling tokio-tungstenite v0.13.0
[INFO] [stderr]    Compiling h2 v0.3.0
[INFO] [stderr]    Compiling tokio-postgres v0.7.0
[INFO] [stderr]    Compiling ethabi-next v13.1.0
[INFO] [stderr]    Compiling ethers-core v0.2.1
[INFO] [stderr]    Compiling postgres v0.19.0
[INFO] [stderr]    Compiling rust_decimal v1.10.3
[INFO] [stderr]    Compiling ethers-contract-abigen v0.2.1
[INFO] [stderr]    Compiling ethers-signers v0.2.1
[INFO] [stderr]    Compiling hyper v0.14.4
[INFO] [stderr]    Compiling ethers-contract-derive v0.2.1
[INFO] [stderr]    Compiling hyper-rustls v0.22.1
[INFO] [stderr]    Compiling reqwest v0.11.1
[INFO] [stderr]    Compiling ethers-providers v0.2.1
[INFO] [stderr]    Compiling ethers-contract v0.2.1
[INFO] [stderr]    Compiling ethers-middleware v0.2.1
[INFO] [stderr]    Compiling ethers v0.2.1
[INFO] [stderr]    Compiling mev-inspect v0.1.0 (/opt/rustwide/workdir)
[INFO] [stderr]     Finished dev [unoptimized + debuginfo] target(s) in 1m 19s
[INFO] running `Command { std: "docker" "inspect" "a49324b60f40f9e9e365c36bfe38790c9391efaa514b523831ef299ed88bb4eb", kill_on_drop: false }`
[INFO] running `Command { std: "docker" "rm" "-f" "a49324b60f40f9e9e365c36bfe38790c9391efaa514b523831ef299ed88bb4eb", kill_on_drop: false }`
[INFO] [stdout] a49324b60f40f9e9e365c36bfe38790c9391efaa514b523831ef299ed88bb4eb
[INFO] running `Command { std: "docker" "create" "-v" "/var/lib/crater-agent-workspace/builds/worker-60/target:/opt/rustwide/target:rw,Z" "-v" "/var/lib/crater-agent-workspace/builds/worker-60/source:/opt/rustwide/workdir:ro,Z" "-v" "/var/lib/crater-agent-workspace/cargo-home:/opt/rustwide/cargo-home:ro,Z" "-v" "/var/lib/crater-agent-workspace/rustup-home:/opt/rustwide/rustup-home:ro,Z" "-e" "SOURCE_DIR=/opt/rustwide/workdir" "-e" "CARGO_TARGET_DIR=/opt/rustwide/target" "-e" "CARGO_INCREMENTAL=0" "-e" "RUST_BACKTRACE=full" "-e" "RUSTFLAGS=--cap-lints=warn" "-e" "CARGO_HOME=/opt/rustwide/cargo-home" "-e" "RUSTUP_HOME=/opt/rustwide/rustup-home" "-w" "/opt/rustwide/workdir" "-m" "1610612736" "--user" "0:0" "--network" "none" "ghcr.io/rust-lang/crates-build-env/linux@sha256:34b6a614d2c27851fe6cbf88fbd1137609cefab8b10d0615aaeb6fd47975d74e" "/opt/rustwide/cargo-home/bin/cargo" "+beta-2021-08-01" "test" "--frozen" "--no-run" "--message-format=json", kill_on_drop: false }`
[INFO] [stdout] d9ae9ef246703d31c55c8f2de37fe780c4798d5566dab7b8764d0e7497587a10
[INFO] running `Command { std: "docker" "start" "-a" "d9ae9ef246703d31c55c8f2de37fe780c4798d5566dab7b8764d0e7497587a10", kill_on_drop: false }`
[INFO] [stderr]     Blocking waiting for file lock on package cache
[INFO] [stderr]     Blocking waiting for file lock on package cache
[INFO] [stderr]    Compiling mev-inspect v0.1.0 (/opt/rustwide/workdir)
[INFO] [stdout] warning: unused variable: `known`
[INFO] [stdout]    --> src/inspectors/batch.rs:541:13
[INFO] [stdout]     |
[INFO] [stdout] 541 |         let known = inspection.known();
[INFO] [stdout]     |             ^^^^^ help: if this is intentional, prefix it with an underscore: `_known`
[INFO] [stdout]     |
[INFO] [stdout]     = note: `#[warn(unused_variables)]` on by default
[INFO] [stdout] 
[INFO] [stdout] 
[INFO] [stdout] warning: 1 warning emitted
[INFO] [stdout] 
[INFO] [stdout] 
[INFO] [stderr]     Finished test [unoptimized + debuginfo] target(s) in 20.71s
[INFO] running `Command { std: "docker" "inspect" "d9ae9ef246703d31c55c8f2de37fe780c4798d5566dab7b8764d0e7497587a10", kill_on_drop: false }`
[INFO] running `Command { std: "docker" "rm" "-f" "d9ae9ef246703d31c55c8f2de37fe780c4798d5566dab7b8764d0e7497587a10", kill_on_drop: false }`
[INFO] [stdout] d9ae9ef246703d31c55c8f2de37fe780c4798d5566dab7b8764d0e7497587a10
[INFO] running `Command { std: "docker" "create" "-v" "/var/lib/crater-agent-workspace/builds/worker-60/target:/opt/rustwide/target:rw,Z" "-v" "/var/lib/crater-agent-workspace/builds/worker-60/source:/opt/rustwide/workdir:ro,Z" "-v" "/var/lib/crater-agent-workspace/cargo-home:/opt/rustwide/cargo-home:ro,Z" "-v" "/var/lib/crater-agent-workspace/rustup-home:/opt/rustwide/rustup-home:ro,Z" "-e" "SOURCE_DIR=/opt/rustwide/workdir" "-e" "CARGO_TARGET_DIR=/opt/rustwide/target" "-e" "CARGO_INCREMENTAL=0" "-e" "RUST_BACKTRACE=full" "-e" "RUSTFLAGS=--cap-lints=warn" "-e" "CARGO_HOME=/opt/rustwide/cargo-home" "-e" "RUSTUP_HOME=/opt/rustwide/rustup-home" "-w" "/opt/rustwide/workdir" "-m" "1610612736" "--user" "0:0" "--network" "none" "ghcr.io/rust-lang/crates-build-env/linux@sha256:34b6a614d2c27851fe6cbf88fbd1137609cefab8b10d0615aaeb6fd47975d74e" "/opt/rustwide/cargo-home/bin/cargo" "+beta-2021-08-01" "test" "--frozen", kill_on_drop: false }`
[INFO] [stdout] 5dbacd32835d41603fada735ec99082048981891b1e5f9f5a70a250f6e1fdf4d
[INFO] running `Command { std: "docker" "start" "-a" "5dbacd32835d41603fada735ec99082048981891b1e5f9f5a70a250f6e1fdf4d", kill_on_drop: false }`
[INFO] [stderr]     Blocking waiting for file lock on package cache
[INFO] [stderr] warning: unused variable: `known`
[INFO] [stderr]    --> src/inspectors/batch.rs:541:13
[INFO] [stderr]     |
[INFO] [stderr] 541 |         let known = inspection.known();
[INFO] [stderr]     |             ^^^^^ help: if this is intentional, prefix it with an underscore: `_known`
[INFO] [stderr]     |
[INFO] [stderr]     = note: `#[warn(unused_variables)]` on by default
[INFO] [stderr] 
[INFO] [stderr] warning: `mev-inspect` (lib test) generated 1 warning
[INFO] [stderr]     Finished test [unoptimized + debuginfo] target(s) in 1.49s
[INFO] [stderr]      Running unittests (/opt/rustwide/target/debug/deps/mev_inspect-44d452591f5d60e6)
[INFO] [stdout] 
[INFO] [stdout] running 34 tests
[INFO] [stdout] test prices::tests::check_historical_price ... ignored
[INFO] [stdout] test prices::tests::old_block_fail ... ignored
[INFO] [stdout] test tests::check ... ok
[INFO] [stdout] test reducers::trade::tests::non_continuous_transfers_ok ... ok
[INFO] [stdout] test reducers::trade::tests::two_continuous_transfers_ok ... ok
[INFO] [stdout] test reducers::liquidation::tests::to_profitable_liquidation ... ok
[INFO] [stdout] test reducers::arbitrage::tests::simple_arb ... ok
[INFO] [stdout] test inspectors::balancer::tests::bot_trade ... ok
[INFO] [stdout] test inspectors::balancer::tests::comp_collect_trade ... ok
[INFO] [stdout] test inspectors::compound::tests::liquidate ... ok
[INFO] [stdout] test inspectors::curve::tests::simple_arb ... ok
[INFO] [stdout] test inspectors::aave::tests::simple_liquidation ... ok
[INFO] [stdout] test inspectors::curve::tests::instantiate ... FAILED
[INFO] [stdout] test inspectors::compound::tests::instantiate ... FAILED
[INFO] [stdout] test inspectors::batch::tests::balancer_uni_arb ... ok
[INFO] [stdout] test inspectors::uniswap::tests::router_insufficient_amount ... ok
[INFO] [stdout] test inspectors::uniswap::tests::simple_transfers::parse_eth_for_exact_tokens ... ok
[INFO] [stdout] test inspectors::uniswap::tests::simple_transfers::parse_exact_tokens_for_tokens ... ok
[INFO] [stdout] test inspectors::uniswap::tests::simple_transfers::parse_exact_eth_for_tokens ... ok
[INFO] [stdout] test inspectors::batch::tests::balancer_uni_arb2 ... ok
[INFO] [stdout] test inspectors::uniswap::tests::arbitrages::xsp_xfi_eth_arb ... ok
[INFO] [stdout] test inspectors::uniswap::tests::arbitrages::parse_uni_sushi_arb ... ok
[INFO] [stdout] test inspectors::batch::tests::bot_selfdestruct ... ok
[INFO] [stdout] test inspectors::batch::tests::reverted_arb_positive_revenue ... ok
[INFO] [stdout] test inspectors::uniswap::tests::simple_transfers::parse_exact_tokens_for_eth ... ok
[INFO] [stdout] test inspectors::zeroex::tests::balancer_uni_zeroex ... ok
[INFO] [stdout] test inspectors::uniswap::tests::arbitrages::triangular_router_arb ... ok
[INFO] [stdout] test inspectors::uniswap::tests::bot_trade ... ok
[INFO] [stdout] test inspectors::batch::tests::zapper_no_false_positive ... ok
[INFO] [stdout] test inspectors::batch::tests::curve_arb ... ok
[INFO] [stdout] test inspectors::batch::tests::liquidation1 ... ok
[INFO] [stdout] test inspectors::batch::tests::dydx_aave_liquidation ... ok
[INFO] [stdout] test inspectors::batch::tests::aave_uni_liquidation ... ok
[INFO] [stdout] test inspectors::uniswap::tests::checked ... ok
[INFO] [stdout] 
[INFO] [stdout] failures:
[INFO] [stdout] 
[INFO] [stdout] ---- inspectors::curve::tests::instantiate stdout ----
[INFO] [stdout] thread 'inspectors::curve::tests::instantiate' panicked at 'called `Result::unwrap()` on an `Err` value: MiddlewareError(JsonRpcClientError(ReqwestError(reqwest::Error { kind: Request, url: Url { scheme: "https", username: "", password: None, host: Some(Domain("mainnet.infura.io")), port: None, path: "/v3/c60b0bb42f8a4c6481ecd229eddaca27", query: None, fragment: None }, source: hyper::Error(Connect, ConnectError("dns error", Custom { kind: Uncategorized, error: "failed to lookup address information: Temporary failure in name resolution" })) })))', src/inspectors/curve.rs:156:72
[INFO] [stdout] stack backtrace:
[INFO] [stdout]    0:     0x5596e9770320 - std::backtrace_rs::backtrace::libunwind::trace::hff4d1766e93f64f1
[INFO] [stdout]                                at /rustc/53fd98ca776cb875bc9e5514f56b52eb74f9e7a9/library/std/src/../../backtrace/src/backtrace/libunwind.rs:90:5
[INFO] [stdout]    1:     0x5596e9770320 - std::backtrace_rs::backtrace::trace_unsynchronized::h56bbc8eb78770bcb
[INFO] [stdout]                                at /rustc/53fd98ca776cb875bc9e5514f56b52eb74f9e7a9/library/std/src/../../backtrace/src/backtrace/mod.rs:66:5
[INFO] [stdout]    2:     0x5596e9770320 - std::sys_common::backtrace::_print_fmt::h5c8e75464faca780
[INFO] [stdout]                                at /rustc/53fd98ca776cb875bc9e5514f56b52eb74f9e7a9/library/std/src/sys_common/backtrace.rs:67:5
[INFO] [stdout]    3:     0x5596e9770320 - <std::sys_common::backtrace::_print::DisplayBacktrace as core::fmt::Display>::fmt::h48b88277def8b362
[INFO] [stdout]                                at /rustc/53fd98ca776cb875bc9e5514f56b52eb74f9e7a9/library/std/src/sys_common/backtrace.rs:46:22
[INFO] [stdout]    4:     0x5596e9793bcc - core::fmt::write::h3381b3176fe2b3d3
[INFO] [stdout]                                at /rustc/53fd98ca776cb875bc9e5514f56b52eb74f9e7a9/library/core/src/fmt/mod.rs:1115:17
[INFO] [stdout]    5:     0x5596e9769cd5 - std::io::Write::write_fmt::h5f34a676f60246b5
[INFO] [stdout]                                at /rustc/53fd98ca776cb875bc9e5514f56b52eb74f9e7a9/library/std/src/io/mod.rs:1665:15
[INFO] [stdout]    6:     0x5596e977250b - std::sys_common::backtrace::_print::ha537687d6c17dd0d
[INFO] [stdout]                                at /rustc/53fd98ca776cb875bc9e5514f56b52eb74f9e7a9/library/std/src/sys_common/backtrace.rs:49:5
[INFO] [stdout]    7:     0x5596e977250b - std::sys_common::backtrace::print::h61376ae57d131d72
[INFO] [stdout]                                at /rustc/53fd98ca776cb875bc9e5514f56b52eb74f9e7a9/library/std/src/sys_common/backtrace.rs:36:9
[INFO] [stdout]    8:     0x5596e977250b - std::panicking::default_hook::{{closure}}::h0f7208c0b9644a54
[INFO] [stdout]                                at /rustc/53fd98ca776cb875bc9e5514f56b52eb74f9e7a9/library/std/src/panicking.rs:208:50
[INFO] [stdout]    9:     0x5596e977201c - std::panicking::default_hook::hdac7fc06578c14ce
[INFO] [stdout]                                at /rustc/53fd98ca776cb875bc9e5514f56b52eb74f9e7a9/library/std/src/panicking.rs:222:9
[INFO] [stdout]   10:     0x5596e9772bd4 - std::panicking::rust_panic_with_hook::h72b21c283da3d1ef
[INFO] [stdout]                                at /rustc/53fd98ca776cb875bc9e5514f56b52eb74f9e7a9/library/std/src/panicking.rs:622:17
[INFO] [stdout]   11:     0x5596e97726b7 - std::panicking::begin_panic_handler::{{closure}}::he5778f1729cff84a
[INFO] [stdout]                                at /rustc/53fd98ca776cb875bc9e5514f56b52eb74f9e7a9/library/std/src/panicking.rs:519:13
[INFO] [stdout]   12:     0x5596e97707fc - std::sys_common::backtrace::__rust_end_short_backtrace::h2d11ca8b453b4b1d
[INFO] [stdout]                                at /rustc/53fd98ca776cb875bc9e5514f56b52eb74f9e7a9/library/std/src/sys_common/backtrace.rs:141:18
[INFO] [stdout]   13:     0x5596e9772619 - rust_begin_unwind
[INFO] [stdout]                                at /rustc/53fd98ca776cb875bc9e5514f56b52eb74f9e7a9/library/std/src/panicking.rs:515:5
[INFO] [stdout]   14:     0x5596e8edd741 - core::panicking::panic_fmt::hf9de31d4acbce4db
[INFO] [stdout]                                at /rustc/53fd98ca776cb875bc9e5514f56b52eb74f9e7a9/library/core/src/panicking.rs:92:14
[INFO] [stdout]   15:     0x5596e8edd833 - core::result::unwrap_failed::ha0c84e81219e5878
[INFO] [stdout]                                at /rustc/53fd98ca776cb875bc9e5514f56b52eb74f9e7a9/library/core/src/result.rs:1599:5
[INFO] [stdout]   16:     0x5596e8f78136 - core::result::Result<T,E>::unwrap::h55c83d0ba187033f
[INFO] [stdout]                                at /rustc/53fd98ca776cb875bc9e5514f56b52eb74f9e7a9/library/core/src/result.rs:1281:23
[INFO] [stdout]   17:     0x5596e8f0f252 - mev_inspect::inspectors::curve::tests::instantiate::{{closure}}::he14bb7bc8fa71936
[INFO] [stdout]                                at /opt/rustwide/workdir/src/inspectors/curve.rs:156:21
[INFO] [stdout]   18:     0x5596e8f50d8b - <core::future::from_generator::GenFuture<T> as core::future::future::Future>::poll::haa54ce48b913a541
[INFO] [stdout]                                at /rustc/53fd98ca776cb875bc9e5514f56b52eb74f9e7a9/library/core/src/future/mod.rs:80:19
[INFO] [stdout]   19:     0x5596e8f798cf - <core::pin::Pin<P> as core::future::future::Future>::poll::ha53bce476a04a73b
[INFO] [stdout]                                at /rustc/53fd98ca776cb875bc9e5514f56b52eb74f9e7a9/library/core/src/future/future.rs:119:9
[INFO] [stdout]   20:     0x5596e8f88fb0 - tokio::runtime::basic_scheduler::Inner<P>::block_on::{{closure}}::{{closure}}::h7ea90d507e3464e8
[INFO] [stdout]                                at /opt/rustwide/cargo-home/registry/src/github.com-1ecc6299db9ec823/tokio-1.2.0/src/runtime/basic_scheduler.rs:184:58
[INFO] [stdout]   21:     0x5596e8f4c69c - tokio::coop::with_budget::{{closure}}::h15866d794a6f9255
[INFO] [stdout]                                at /opt/rustwide/cargo-home/registry/src/github.com-1ecc6299db9ec823/tokio-1.2.0/src/coop.rs:121:9
[INFO] [stdout]   22:     0x5596e8f2cf61 - std::thread::local::LocalKey<T>::try_with::hc1c6f1e5d66c47f1
[INFO] [stdout]                                at /rustc/53fd98ca776cb875bc9e5514f56b52eb74f9e7a9/library/std/src/thread/local.rs:399:16
[INFO] [stdout]   23:     0x5596e8f2a2ad - std::thread::local::LocalKey<T>::with::haa913ca043ba8076
[INFO] [stdout]                                at /rustc/53fd98ca776cb875bc9e5514f56b52eb74f9e7a9/library/std/src/thread/local.rs:375:9
[INFO] [stdout]   24:     0x5596e8f84d44 - tokio::coop::with_budget::h669393ae8d93d492
[INFO] [stdout]                                at /opt/rustwide/cargo-home/registry/src/github.com-1ecc6299db9ec823/tokio-1.2.0/src/coop.rs:114:5
[INFO] [stdout]   25:     0x5596e8f84d44 - tokio::coop::budget::h222b88f12b0a9137
[INFO] [stdout]                                at /opt/rustwide/cargo-home/registry/src/github.com-1ecc6299db9ec823/tokio-1.2.0/src/coop.rs:98:5
[INFO] [stdout]   26:     0x5596e8f84d44 - tokio::runtime::basic_scheduler::Inner<P>::block_on::{{closure}}::h3857d393c299113f
[INFO] [stdout]                                at /opt/rustwide/cargo-home/registry/src/github.com-1ecc6299db9ec823/tokio-1.2.0/src/runtime/basic_scheduler.rs:184:35
[INFO] [stdout]   27:     0x5596e8f8dcc1 - tokio::runtime::basic_scheduler::enter::{{closure}}::h87789821a040e2bc
[INFO] [stdout]                                at /opt/rustwide/cargo-home/registry/src/github.com-1ecc6299db9ec823/tokio-1.2.0/src/runtime/basic_scheduler.rs:266:29
[INFO] [stdout]   28:     0x5596e8fd23fd - tokio::macros::scoped_tls::ScopedKey<T>::set::h6a2a1cb302070ef7
[INFO] [stdout]                                at /opt/rustwide/cargo-home/registry/src/github.com-1ecc6299db9ec823/tokio-1.2.0/src/macros/scoped_tls.rs:61:9
[INFO] [stdout]   29:     0x5596e8f8dafc - tokio::runtime::basic_scheduler::enter::hfc0270c05f6e87c6
[INFO] [stdout]                                at /opt/rustwide/cargo-home/registry/src/github.com-1ecc6299db9ec823/tokio-1.2.0/src/runtime/basic_scheduler.rs:266:5
[INFO] [stdout]   30:     0x5596e8f84a8b - tokio::runtime::basic_scheduler::Inner<P>::block_on::hf3b41140fe2a22bf
[INFO] [stdout]                                at /opt/rustwide/cargo-home/registry/src/github.com-1ecc6299db9ec823/tokio-1.2.0/src/runtime/basic_scheduler.rs:176:9
[INFO] [stdout]   31:     0x5596e8f8990c - tokio::runtime::basic_scheduler::InnerGuard<P>::block_on::h7716bbd91e4fcf65
[INFO] [stdout]                                at /opt/rustwide/cargo-home/registry/src/github.com-1ecc6299db9ec823/tokio-1.2.0/src/runtime/basic_scheduler.rs:405:9
[INFO] [stdout]   32:     0x5596e8f89bec - tokio::runtime::basic_scheduler::BasicScheduler<P>::block_on::h20bb1970d60c057f
[INFO] [stdout]                                at /opt/rustwide/cargo-home/registry/src/github.com-1ecc6299db9ec823/tokio-1.2.0/src/runtime/basic_scheduler.rs:136:24
[INFO] [stdout]   33:     0x5596e8fd2fbd - tokio::runtime::Runtime::block_on::ha8f3ac47a9ede883
[INFO] [stdout]                                at /opt/rustwide/cargo-home/registry/src/github.com-1ecc6299db9ec823/tokio-1.2.0/src/runtime/mod.rs:450:46
[INFO] [stdout]   34:     0x5596e8f0ef4b - mev_inspect::inspectors::curve::tests::instantiate::h0bbba0fd135ac46c
[INFO] [stdout]                                at /opt/rustwide/workdir/src/inspectors/curve.rs:151:5
[INFO] [stdout]   35:     0x5596e8f0ee7a - mev_inspect::inspectors::curve::tests::instantiate::{{closure}}::h3a725f9e6c7f808c
[INFO] [stdout]                                at /opt/rustwide/workdir/src/inspectors/curve.rs:151:5
[INFO] [stdout]   36:     0x5596e8efb40e - core::ops::function::FnOnce::call_once::h5c521cefaddd1e90
[INFO] [stdout]                                at /rustc/53fd98ca776cb875bc9e5514f56b52eb74f9e7a9/library/core/src/ops/function.rs:227:5
[INFO] [stdout]   37:     0x5596e902e103 - core::ops::function::FnOnce::call_once::hbb52c4519d3137b0
[INFO] [stdout]                                at /rustc/53fd98ca776cb875bc9e5514f56b52eb74f9e7a9/library/core/src/ops/function.rs:227:5
[INFO] [stdout]   38:     0x5596e902e103 - test::__rust_begin_short_backtrace::h86fe3a2a5a5121af
[INFO] [stdout]                                at /rustc/53fd98ca776cb875bc9e5514f56b52eb74f9e7a9/library/test/src/lib.rs:578:5
[INFO] [stdout]   39:     0x5596e902cbb8 - <alloc::boxed::Box<F,A> as core::ops::function::FnOnce<Args>>::call_once::hfd956bc3d57399be
[INFO] [stdout]                                at /rustc/53fd98ca776cb875bc9e5514f56b52eb74f9e7a9/library/alloc/src/boxed.rs:1572:9
[INFO] [stdout]   40:     0x5596e902cbb8 - <std::panic::AssertUnwindSafe<F> as core::ops::function::FnOnce<()>>::call_once::h40dc93e0ddb5938a
[INFO] [stdout]                                at /rustc/53fd98ca776cb875bc9e5514f56b52eb74f9e7a9/library/std/src/panic.rs:347:9
[INFO] [stdout]   41:     0x5596e902cbb8 - std::panicking::try::do_call::h90d07750cb47c562
[INFO] [stdout]                                at /rustc/53fd98ca776cb875bc9e5514f56b52eb74f9e7a9/library/std/src/panicking.rs:401:40
[INFO] [stdout]   42:     0x5596e902cbb8 - std::panicking::try::h063c84733ad2a629
[INFO] [stdout]                                at /rustc/53fd98ca776cb875bc9e5514f56b52eb74f9e7a9/library/std/src/panicking.rs:365:19
[INFO] [stdout]   43:     0x5596e902cbb8 - std::panic::catch_unwind::h0c464836a84e7c08
[INFO] [stdout]                                at /rustc/53fd98ca776cb875bc9e5514f56b52eb74f9e7a9/library/std/src/panic.rs:434:14
[INFO] [stdout]   44:     0x5596e902cbb8 - test::run_test_in_process::h5cb06ef620b157fc
[INFO] [stdout]                                at /rustc/53fd98ca776cb875bc9e5514f56b52eb74f9e7a9/library/test/src/lib.rs:601:18
[INFO] [stdout]   45:     0x5596e902cbb8 - test::run_test::run_test_inner::{{closure}}::h76f677f4b93f9828
[INFO] [stdout]                                at /rustc/53fd98ca776cb875bc9e5514f56b52eb74f9e7a9/library/test/src/lib.rs:493:39
[INFO] [stdout]   46:     0x5596e8ffb34d - test::run_test::run_test_inner::{{closure}}::h366d01fe04f4d67a
[INFO] [stdout]                                at /rustc/53fd98ca776cb875bc9e5514f56b52eb74f9e7a9/library/test/src/lib.rs:520:37
[INFO] [stdout]   47:     0x5596e8ffb34d - std::sys_common::backtrace::__rust_begin_short_backtrace::h7dfa0de4eb395af2
[INFO] [stdout]                                at /rustc/53fd98ca776cb875bc9e5514f56b52eb74f9e7a9/library/std/src/sys_common/backtrace.rs:125:18
[INFO] [stdout]   48:     0x5596e8fffb18 - std::thread::Builder::spawn_unchecked::{{closure}}::{{closure}}::hf0a74bb58798037f
[INFO] [stdout]                                at /rustc/53fd98ca776cb875bc9e5514f56b52eb74f9e7a9/library/std/src/thread/mod.rs:476:17
[INFO] [stdout]   49:     0x5596e8fffb18 - <std::panic::AssertUnwindSafe<F> as core::ops::function::FnOnce<()>>::call_once::hb024e854818586ac
[INFO] [stdout]                                at /rustc/53fd98ca776cb875bc9e5514f56b52eb74f9e7a9/library/std/src/panic.rs:347:9
[INFO] [stdout]   50:     0x5596e8fffb18 - std::panicking::try::do_call::hb2dd9f1d0d48e41d
[INFO] [stdout]                                at /rustc/53fd98ca776cb875bc9e5514f56b52eb74f9e7a9/library/std/src/panicking.rs:401:40
[INFO] [stdout]   51:     0x5596e8fffb18 - std::panicking::try::h4717ae7bac8b2bf3
[INFO] [stdout]                                at /rustc/53fd98ca776cb875bc9e5514f56b52eb74f9e7a9/library/std/src/panicking.rs:365:19
[INFO] [stdout]   52:     0x5596e8fffb18 - std::panic::catch_unwind::h0dc8a061326ce8d8
[INFO] [stdout]                                at /rustc/53fd98ca776cb875bc9e5514f56b52eb74f9e7a9/library/std/src/panic.rs:434:14
[INFO] [stdout]   53:     0x5596e8fffb18 - std::thread::Builder::spawn_unchecked::{{closure}}::haa369e2d6fd00aa1
[INFO] [stdout]                                at /rustc/53fd98ca776cb875bc9e5514f56b52eb74f9e7a9/library/std/src/thread/mod.rs:475:30
[INFO] [stdout]   54:     0x5596e8fffb18 - core::ops::function::FnOnce::call_once{{vtable.shim}}::h36dcf3de8b056f17
[INFO] [stdout]                                at /rustc/53fd98ca776cb875bc9e5514f56b52eb74f9e7a9/library/core/src/ops/function.rs:227:5
[INFO] [stdout]   55:     0x5596e9777fb7 - <alloc::boxed::Box<F,A> as core::ops::function::FnOnce<Args>>::call_once::h65c29e4642be2358
[INFO] [stdout]                                at /rustc/53fd98ca776cb875bc9e5514f56b52eb74f9e7a9/library/alloc/src/boxed.rs:1572:9
[INFO] [stdout]   56:     0x5596e9777fb7 - <alloc::boxed::Box<F,A> as core::ops::function::FnOnce<Args>>::call_once::hd0f8f7fbbd9fffbf
[INFO] [stdout]                                at /rustc/53fd98ca776cb875bc9e5514f56b52eb74f9e7a9/library/alloc/src/boxed.rs:1572:9
[INFO] [stdout]   57:     0x5596e9777fb7 - std::sys::unix::thread::Thread::new::thread_start::h2fd22fee3ca77b65
[INFO] [stdout]                                at /rustc/53fd98ca776cb875bc9e5514f56b52eb74f9e7a9/library/std/src/sys/unix/thread.rs:74:17
[INFO] [stdout]   58:     0x7f7e2ebb8609 - start_thread
[INFO] [stdout]   59:     0x7f7e2e988293 - clone
[INFO] [stdout]   60:                0x0 - <unknown>
[INFO] [stdout] 
[INFO] [stdout] ---- inspectors::compound::tests::instantiate stdout ----
[INFO] [stdout] thread 'inspectors::compound::tests::instantiate' panicked at 'called `Result::unwrap()` on an `Err` value: MiddlewareError(JsonRpcClientError(ReqwestError(reqwest::Error { kind: Request, url: Url { scheme: "https", username: "", password: None, host: Some(Domain("mainnet.infura.io")), port: None, path: "/v3/c60b0bb42f8a4c6481ecd229eddaca27", query: None, fragment: None }, source: hyper::Error(Connect, ConnectError("dns error", Custom { kind: Uncategorized, error: "failed to lookup address information: Temporary failure in name resolution" })) })))', src/inspectors/compound.rs:276:14
[INFO] [stdout] stack backtrace:
[INFO] [stdout]    0:     0x5596e9770320 - std::backtrace_rs::backtrace::libunwind::trace::hff4d1766e93f64f1
[INFO] [stdout]                                at /rustc/53fd98ca776cb875bc9e5514f56b52eb74f9e7a9/library/std/src/../../backtrace/src/backtrace/libunwind.rs:90:5
[INFO] [stdout]    1:     0x5596e9770320 - std::backtrace_rs::backtrace::trace_unsynchronized::h56bbc8eb78770bcb
[INFO] [stdout]                                at /rustc/53fd98ca776cb875bc9e5514f56b52eb74f9e7a9/library/std/src/../../backtrace/src/backtrace/mod.rs:66:5
[INFO] [stdout]    2:     0x5596e9770320 - std::sys_common::backtrace::_print_fmt::h5c8e75464faca780
[INFO] [stdout]                                at /rustc/53fd98ca776cb875bc9e5514f56b52eb74f9e7a9/library/std/src/sys_common/backtrace.rs:67:5
[INFO] [stdout]    3:     0x5596e9770320 - <std::sys_common::backtrace::_print::DisplayBacktrace as core::fmt::Display>::fmt::h48b88277def8b362
[INFO] [stdout]                                at /rustc/53fd98ca776cb875bc9e5514f56b52eb74f9e7a9/library/std/src/sys_common/backtrace.rs:46:22
[INFO] [stdout]    4:     0x5596e9793bcc - core::fmt::write::h3381b3176fe2b3d3
[INFO] [stdout]                                at /rustc/53fd98ca776cb875bc9e5514f56b52eb74f9e7a9/library/core/src/fmt/mod.rs:1115:17
[INFO] [stdout]    5:     0x5596e9769cd5 - std::io::Write::write_fmt::h5f34a676f60246b5
[INFO] [stdout]                                at /rustc/53fd98ca776cb875bc9e5514f56b52eb74f9e7a9/library/std/src/io/mod.rs:1665:15
[INFO] [stdout]    6:     0x5596e977250b - std::sys_common::backtrace::_print::ha537687d6c17dd0d
[INFO] [stdout]                                at /rustc/53fd98ca776cb875bc9e5514f56b52eb74f9e7a9/library/std/src/sys_common/backtrace.rs:49:5
[INFO] [stdout]    7:     0x5596e977250b - std::sys_common::backtrace::print::h61376ae57d131d72
[INFO] [stdout]                                at /rustc/53fd98ca776cb875bc9e5514f56b52eb74f9e7a9/library/std/src/sys_common/backtrace.rs:36:9
[INFO] [stdout]    8:     0x5596e977250b - std::panicking::default_hook::{{closure}}::h0f7208c0b9644a54
[INFO] [stdout]                                at /rustc/53fd98ca776cb875bc9e5514f56b52eb74f9e7a9/library/std/src/panicking.rs:208:50
[INFO] [stdout]    9:     0x5596e977201c - std::panicking::default_hook::hdac7fc06578c14ce
[INFO] [stdout]                                at /rustc/53fd98ca776cb875bc9e5514f56b52eb74f9e7a9/library/std/src/panicking.rs:222:9
[INFO] [stdout]   10:     0x5596e9772bd4 - std::panicking::rust_panic_with_hook::h72b21c283da3d1ef
[INFO] [stdout]                                at /rustc/53fd98ca776cb875bc9e5514f56b52eb74f9e7a9/library/std/src/panicking.rs:622:17
[INFO] [stdout]   11:     0x5596e97726b7 - std::panicking::begin_panic_handler::{{closure}}::he5778f1729cff84a
[INFO] [stdout]                                at /rustc/53fd98ca776cb875bc9e5514f56b52eb74f9e7a9/library/std/src/panicking.rs:519:13
[INFO] [stdout]   12:     0x5596e97707fc - std::sys_common::backtrace::__rust_end_short_backtrace::h2d11ca8b453b4b1d
[INFO] [stdout]                                at /rustc/53fd98ca776cb875bc9e5514f56b52eb74f9e7a9/library/std/src/sys_common/backtrace.rs:141:18
[INFO] [stdout]   13:     0x5596e9772619 - rust_begin_unwind
[INFO] [stdout]                                at /rustc/53fd98ca776cb875bc9e5514f56b52eb74f9e7a9/library/std/src/panicking.rs:515:5
[INFO] [stdout]   14:     0x5596e8edd741 - core::panicking::panic_fmt::hf9de31d4acbce4db
[INFO] [stdout]                                at /rustc/53fd98ca776cb875bc9e5514f56b52eb74f9e7a9/library/core/src/panicking.rs:92:14
[INFO] [stdout]   15:     0x5596e8edd833 - core::result::unwrap_failed::ha0c84e81219e5878
[INFO] [stdout]                                at /rustc/53fd98ca776cb875bc9e5514f56b52eb74f9e7a9/library/core/src/result.rs:1599:5
[INFO] [stdout]   16:     0x5596e8f787d6 - core::result::Result<T,E>::unwrap::he1f8c18084ca983b
[INFO] [stdout]                                at /rustc/53fd98ca776cb875bc9e5514f56b52eb74f9e7a9/library/core/src/result.rs:1281:23
[INFO] [stdout]   17:     0x5596e8fcd558 - mev_inspect::inspectors::compound::tests::instantiate::{{closure}}::h20a4bc2dda9c8de5
[INFO] [stdout]                                at /opt/rustwide/workdir/src/inspectors/compound.rs:274:24
[INFO] [stdout]   18:     0x5596e8f50e1b - <core::future::from_generator::GenFuture<T> as core::future::future::Future>::poll::hb14e53b8b4e4524b
[INFO] [stdout]                                at /rustc/53fd98ca776cb875bc9e5514f56b52eb74f9e7a9/library/core/src/future/mod.rs:80:19
[INFO] [stdout]   19:     0x5596e8f7960f - <core::pin::Pin<P> as core::future::future::Future>::poll::h0d74a1ab69637c91
[INFO] [stdout]                                at /rustc/53fd98ca776cb875bc9e5514f56b52eb74f9e7a9/library/core/src/future/future.rs:119:9
[INFO] [stdout]   20:     0x5596e8f89400 - tokio::runtime::basic_scheduler::Inner<P>::block_on::{{closure}}::{{closure}}::hc8a89691cf6774c3
[INFO] [stdout]                                at /opt/rustwide/cargo-home/registry/src/github.com-1ecc6299db9ec823/tokio-1.2.0/src/runtime/basic_scheduler.rs:184:58
[INFO] [stdout]   21:     0x5596e8f4c56c - tokio::coop::with_budget::{{closure}}::h127cb2218de66c0f
[INFO] [stdout]                                at /opt/rustwide/cargo-home/registry/src/github.com-1ecc6299db9ec823/tokio-1.2.0/src/coop.rs:121:9
[INFO] [stdout]   22:     0x5596e8f2cd01 - std::thread::local::LocalKey<T>::try_with::hb70c9b2f271259e2
[INFO] [stdout]                                at /rustc/53fd98ca776cb875bc9e5514f56b52eb74f9e7a9/library/std/src/thread/local.rs:399:16
[INFO] [stdout]   23:     0x5596e8f2a31d - std::thread::local::LocalKey<T>::with::hab2056423269ec41
[INFO] [stdout]                                at /rustc/53fd98ca776cb875bc9e5514f56b52eb74f9e7a9/library/std/src/thread/local.rs:375:9
[INFO] [stdout]   24:     0x5596e8f865d4 - tokio::coop::with_budget::h757e58aa81453717
[INFO] [stdout]                                at /opt/rustwide/cargo-home/registry/src/github.com-1ecc6299db9ec823/tokio-1.2.0/src/coop.rs:114:5
[INFO] [stdout]   25:     0x5596e8f865d4 - tokio::coop::budget::he9b2212d131c2b8e
[INFO] [stdout]                                at /opt/rustwide/cargo-home/registry/src/github.com-1ecc6299db9ec823/tokio-1.2.0/src/coop.rs:98:5
[INFO] [stdout]   26:     0x5596e8f865d4 - tokio::runtime::basic_scheduler::Inner<P>::block_on::{{closure}}::h758c33251895e61b
[INFO] [stdout]                                at /opt/rustwide/cargo-home/registry/src/github.com-1ecc6299db9ec823/tokio-1.2.0/src/runtime/basic_scheduler.rs:184:35
[INFO] [stdout]   27:     0x5596e8f8dd01 - tokio::runtime::basic_scheduler::enter::{{closure}}::hab1683d694be8110
[INFO] [stdout]                                at /opt/rustwide/cargo-home/registry/src/github.com-1ecc6299db9ec823/tokio-1.2.0/src/runtime/basic_scheduler.rs:266:29
[INFO] [stdout]   28:     0x5596e8fd24ed - tokio::macros::scoped_tls::ScopedKey<T>::set::h8b2b2f5441973a92
[INFO] [stdout]                                at /opt/rustwide/cargo-home/registry/src/github.com-1ecc6299db9ec823/tokio-1.2.0/src/macros/scoped_tls.rs:61:9
[INFO] [stdout]   29:     0x5596e8f8c9cc - tokio::runtime::basic_scheduler::enter::h3c2eb9326b4b32ca
[INFO] [stdout]                                at /opt/rustwide/cargo-home/registry/src/github.com-1ecc6299db9ec823/tokio-1.2.0/src/runtime/basic_scheduler.rs:266:5
[INFO] [stdout]   30:     0x5596e8f84a0b - tokio::runtime::basic_scheduler::Inner<P>::block_on::h611928fd76628c57
[INFO] [stdout]                                at /opt/rustwide/cargo-home/registry/src/github.com-1ecc6299db9ec823/tokio-1.2.0/src/runtime/basic_scheduler.rs:176:9
[INFO] [stdout]   31:     0x5596e8f89aec - tokio::runtime::basic_scheduler::InnerGuard<P>::block_on::hc5406a7a417a1e47
[INFO] [stdout]                                at /opt/rustwide/cargo-home/registry/src/github.com-1ecc6299db9ec823/tokio-1.2.0/src/runtime/basic_scheduler.rs:405:9
[INFO] [stdout]   32:     0x5596e8f8aa8c - tokio::runtime::basic_scheduler::BasicScheduler<P>::block_on::h72c96e27c74088d4
[INFO] [stdout]                                at /opt/rustwide/cargo-home/registry/src/github.com-1ecc6299db9ec823/tokio-1.2.0/src/runtime/basic_scheduler.rs:136:24
[INFO] [stdout]   33:     0x5596e8fd313d - tokio::runtime::Runtime::block_on::hae50f6fc79bb62ed
[INFO] [stdout]                                at /opt/rustwide/cargo-home/registry/src/github.com-1ecc6299db9ec823/tokio-1.2.0/src/runtime/mod.rs:450:46
[INFO] [stdout]   34:     0x5596e8fcd24b - mev_inspect::inspectors::compound::tests::instantiate::hd381e439e5e5090c
[INFO] [stdout]                                at /opt/rustwide/workdir/src/inspectors/compound.rs:269:5
[INFO] [stdout]   35:     0x5596e8fcd17a - mev_inspect::inspectors::compound::tests::instantiate::{{closure}}::hb67535cd9d3a92c3
[INFO] [stdout]                                at /opt/rustwide/workdir/src/inspectors/compound.rs:269:5
[INFO] [stdout]   36:     0x5596e8efaa9e - core::ops::function::FnOnce::call_once::h06e3490068b656c0
[INFO] [stdout]                                at /rustc/53fd98ca776cb875bc9e5514f56b52eb74f9e7a9/library/core/src/ops/function.rs:227:5
[INFO] [stdout]   37:     0x5596e902e103 - core::ops::function::FnOnce::call_once::hbb52c4519d3137b0
[INFO] [stdout]                                at /rustc/53fd98ca776cb875bc9e5514f56b52eb74f9e7a9/library/core/src/ops/function.rs:227:5
[INFO] [stdout]   38:     0x5596e902e103 - test::__rust_begin_short_backtrace::h86fe3a2a5a5121af
[INFO] [stdout]                                at /rustc/53fd98ca776cb875bc9e5514f56b52eb74f9e7a9/library/test/src/lib.rs:578:5
[INFO] [stdout]   39:     0x5596e902cbb8 - <alloc::boxed::Box<F,A> as core::ops::function::FnOnce<Args>>::call_once::hfd956bc3d57399be
[INFO] [stdout]                                at /rustc/53fd98ca776cb875bc9e5514f56b52eb74f9e7a9/library/alloc/src/boxed.rs:1572:9
[INFO] [stdout]   40:     0x5596e902cbb8 - <std::panic::AssertUnwindSafe<F> as core::ops::function::FnOnce<()>>::call_once::h40dc93e0ddb5938a
[INFO] [stdout]                                at /rustc/53fd98ca776cb875bc9e5514f56b52eb74f9e7a9/library/std/src/panic.rs:347:9
[INFO] [stdout]   41:     0x5596e902cbb8 - std::panicking::try::do_call::h90d07750cb47c562
[INFO] [stdout]                                at /rustc/53fd98ca776cb875bc9e5514f56b52eb74f9e7a9/library/std/src/panicking.rs:401:40
[INFO] [stdout]   42:     0x5596e902cbb8 - std::panicking::try::h063c84733ad2a629
[INFO] [stdout]                                at /rustc/53fd98ca776cb875bc9e5514f56b52eb74f9e7a9/library/std/src/panicking.rs:365:19
[INFO] [stdout]   43:     0x5596e902cbb8 - std::panic::catch_unwind::h0c464836a84e7c08
[INFO] [stdout]                                at /rustc/53fd98ca776cb875bc9e5514f56b52eb74f9e7a9/library/std/src/panic.rs:434:14
[INFO] [stdout]   44:     0x5596e902cbb8 - test::run_test_in_process::h5cb06ef620b157fc
[INFO] [stdout]                                at /rustc/53fd98ca776cb875bc9e5514f56b52eb74f9e7a9/library/test/src/lib.rs:601:18
[INFO] [stdout]   45:     0x5596e902cbb8 - test::run_test::run_test_inner::{{closure}}::h76f677f4b93f9828
[INFO] [stdout]                                at /rustc/53fd98ca776cb875bc9e5514f56b52eb74f9e7a9/library/test/src/lib.rs:493:39
[INFO] [stdout]   46:     0x5596e8ffb34d - test::run_test::run_test_inner::{{closure}}::h366d01fe04f4d67a
[INFO] [stdout]                                at /rustc/53fd98ca776cb875bc9e5514f56b52eb74f9e7a9/library/test/src/lib.rs:520:37
[INFO] [stdout]   47:     0x5596e8ffb34d - std::sys_common::backtrace::__rust_begin_short_backtrace::h7dfa0de4eb395af2
[INFO] [stdout]                                at /rustc/53fd98ca776cb875bc9e5514f56b52eb74f9e7a9/library/std/src/sys_common/backtrace.rs:125:18
[INFO] [stdout]   48:     0x5596e8fffb18 - std::thread::Builder::spawn_unchecked::{{closure}}::{{closure}}::hf0a74bb58798037f
[INFO] [stdout]                                at /rustc/53fd98ca776cb875bc9e5514f56b52eb74f9e7a9/library/std/src/thread/mod.rs:476:17
[INFO] [stdout]   49:     0x5596e8fffb18 - <std::panic::AssertUnwindSafe<F> as core::ops::function::FnOnce<()>>::call_once::hb024e854818586ac
[INFO] [stdout]                                at /rustc/53fd98ca776cb875bc9e5514f56b52eb74f9e7a9/library/std/src/panic.rs:347:9
[INFO] [stdout]   50:     0x5596e8fffb18 - std::panicking::try::do_call::hb2dd9f1d0d48e41d
[INFO] [stdout]                                at /rustc/53fd98ca776cb875bc9e5514f56b52eb74f9e7a9/library/std/src/panicking.rs:401:40
[INFO] [stdout]   51:     0x5596e8fffb18 - std::panicking::try::h4717ae7bac8b2bf3
[INFO] [stdout]                                at /rustc/53fd98ca776cb875bc9e5514f56b52eb74f9e7a9/library/std/src/panicking.rs:365:19
[INFO] [stdout]   52:     0x5596e8fffb18 - std::panic::catch_unwind::h0dc8a061326ce8d8
[INFO] [stdout]                                at /rustc/53fd98ca776cb875bc9e5514f56b52eb74f9e7a9/library/std/src/panic.rs:434:14
[INFO] [stdout]   53:     0x5596e8fffb18 - std::thread::Builder::spawn_unchecked::{{closure}}::haa369e2d6fd00aa1
[INFO] [stdout]                                at /rustc/53fd98ca776cb875bc9e5514f56b52eb74f9e7a9/library/std/src/thread/mod.rs:475:30
[INFO] [stdout]   54:     0x5596e8fffb18 - core::ops::function::FnOnce::call_once{{vtable.shim}}::h36dcf3de8b056f17
[INFO] [stdout]                                at /rustc/53fd98ca776cb875bc9e5514f56b52eb74f9e7a9/library/core/src/ops/function.rs:227:5
[INFO] [stdout]   55:     0x5596e9777fb7 - <alloc::boxed::Box<F,A> as core::ops::function::FnOnce<Args>>::call_once::h65c29e4642be2358
[INFO] [stdout]                                at /rustc/53fd98ca776cb875bc9e5514f56b52eb74f9e7a9/library/alloc/src/boxed.rs:1572:9
[INFO] [stdout]   56:     0x5596e9777fb7 - <alloc::boxed::Box<F,A> as core::ops::function::FnOnce<Args>>::call_once::hd0f8f7fbbd9fffbf
[INFO] [stdout]                                at /rustc/53fd98ca776cb875bc9e5514f56b52eb74f9e7a9/library/alloc/src/boxed.rs:1572:9
[INFO] [stdout]   57:     0x5596e9777fb7 - std::sys::unix::thread::Thread::new::thread_start::h2fd22fee3ca77b65
[INFO] [stdout]                                at /rustc/53fd98ca776cb875bc9e5514f56b52eb74f9e7a9/library/std/src/sys/unix/thread.rs:74:17
[INFO] [stdout]   58:     0x7f7e2ebb8609 - start_thread
[INFO] [stdout]   59:     0x7f7e2e988293 - clone
[INFO] [stdout]   60:                0x0 - <unknown>
[INFO] [stdout] 
[INFO] [stdout] 
[INFO] [stdout] failures:
[INFO] [stdout]     inspectors::compound::tests::instantiate
[INFO] [stdout]     inspectors::curve::tests::instantiate
[INFO] [stdout] 
[INFO] [stdout] test result: FAILED. 30 passed; 2 failed; 2 ignored; 0 measured; 0 filtered out; finished in 1.46s
[INFO] [stdout] 
[INFO] [stderr] error: test failed, to rerun pass '--lib'
[INFO] running `Command { std: "docker" "inspect" "5dbacd32835d41603fada735ec99082048981891b1e5f9f5a70a250f6e1fdf4d", kill_on_drop: false }`
[INFO] running `Command { std: "docker" "rm" "-f" "5dbacd32835d41603fada735ec99082048981891b1e5f9f5a70a250f6e1fdf4d", kill_on_drop: false }`
[INFO] [stdout] 5dbacd32835d41603fada735ec99082048981891b1e5f9f5a70a250f6e1fdf4d
